[INFO] fetching crate ts_opentelemetry_jaeger 0.19.0-beta.1...
[INFO] testing ts_opentelemetry_jaeger-0.19.0-beta.1 against 1.75.0 for beta-1.76-1
[INFO] extracting crate ts_opentelemetry_jaeger 0.19.0-beta.1 into /workspace/builds/worker-7-tc1/source
[INFO] validating manifest of crates.io crate ts_opentelemetry_jaeger 0.19.0-beta.1 on toolchain 1.75.0
[INFO] running `Command { std: CARGO_HOME="/workspace/cargo-home" RUSTUP_HOME="/workspace/rustup-home" "/workspace/cargo-home/bin/cargo" "+1.75.0" "metadata" "--manifest-path" "Cargo.toml" "--no-deps", kill_on_drop: false }`
[INFO] started tweaking crates.io crate ts_opentelemetry_jaeger 0.19.0-beta.1
[INFO] finished tweaking crates.io crate ts_opentelemetry_jaeger 0.19.0-beta.1
[INFO] tweaked toml for crates.io crate ts_opentelemetry_jaeger 0.19.0-beta.1 written to /workspace/builds/worker-7-tc1/source/Cargo.toml
[INFO] running `Command { std: CARGO_HOME="/workspace/cargo-home" RUSTUP_HOME="/workspace/rustup-home" "/workspace/cargo-home/bin/cargo" "+1.75.0" "generate-lockfile" "--manifest-path" "Cargo.toml", kill_on_drop: false }`
[INFO] [stderr]     Updating crates.io index
[INFO] running `Command { std: CARGO_HOME="/workspace/cargo-home" RUSTUP_HOME="/workspace/rustup-home" "/workspace/cargo-home/bin/cargo" "+1.75.0" "fetch" "--manifest-path" "Cargo.toml", kill_on_drop: false }`
[INFO] [stderr]  Downloading crates ...
[INFO] [stderr]   Downloaded ts_opentelemetry v0.20.0-beta.1
[INFO] [stderr]   Downloaded ts_opentelemetry_http v0.9.0-beta.1
[INFO] [stderr]   Downloaded ts_opentelemetry_semantic_conventions v0.12.0-beta.1
[INFO] [stderr]   Downloaded ts_opentelemetry_sdk v0.20.0-beta.1
[INFO] [stderr]   Downloaded ts_opentelemetry_api v0.20.0-beta.1
[INFO] running `Command { std: "docker" "create" "-v" "/var/lib/crater-agent-workspace/builds/worker-7-tc1/target:/opt/rustwide/target:rw,Z" "-v" "/var/lib/crater-agent-workspace/builds/worker-7-tc1/source:/opt/rustwide/workdir:ro,Z" "-v" "/var/lib/crater-agent-workspace/cargo-home:/opt/rustwide/cargo-home:ro,Z" "-v" "/var/lib/crater-agent-workspace/rustup-home:/opt/rustwide/rustup-home:ro,Z" "-e" "SOURCE_DIR=/opt/rustwide/workdir" "-e" "CARGO_TARGET_DIR=/opt/rustwide/target" "-e" "CARGO_HOME=/opt/rustwide/cargo-home" "-e" "RUSTUP_HOME=/opt/rustwide/rustup-home" "-w" "/opt/rustwide/workdir" "-m" "1610612736" "--user" "0:0" "--network" "none" "ghcr.io/rust-lang/crates-build-env/linux@sha256:2788e3201cd34a07e3172128adcd8b3090168a8e3bcc40d7c032b9dda1df7d1c" "/opt/rustwide/cargo-home/bin/cargo" "+1.75.0" "metadata" "--no-deps" "--format-version=1", kill_on_drop: false }`
[INFO] [stdout] a4f8b410dbe472c374157044457ce595f72d324b4d72ffdf14534b7a1ade93c5
[INFO] running `Command { std: "docker" "start" "-a" "a4f8b410dbe472c374157044457ce595f72d324b4d72ffdf14534b7a1ade93c5", kill_on_drop: false }`
[INFO] running `Command { std: "docker" "inspect" "a4f8b410dbe472c374157044457ce595f72d324b4d72ffdf14534b7a1ade93c5", kill_on_drop: false }`
[INFO] running `Command { std: "docker" "rm" "-f" "a4f8b410dbe472c374157044457ce595f72d324b4d72ffdf14534b7a1ade93c5", kill_on_drop: false }`
[INFO] [stdout] a4f8b410dbe472c374157044457ce595f72d324b4d72ffdf14534b7a1ade93c5
[INFO] running `Command { std: "docker" "create" "-v" "/var/lib/crater-agent-workspace/builds/worker-7-tc1/target:/opt/rustwide/target:rw,Z" "-v" "/var/lib/crater-agent-workspace/builds/worker-7-tc1/source:/opt/rustwide/workdir:ro,Z" "-v" "/var/lib/crater-agent-workspace/cargo-home:/opt/rustwide/cargo-home:ro,Z" "-v" "/var/lib/crater-agent-workspace/rustup-home:/opt/rustwide/rustup-home:ro,Z" "-e" "SOURCE_DIR=/opt/rustwide/workdir" "-e" "CARGO_TARGET_DIR=/opt/rustwide/target" "-e" "CARGO_INCREMENTAL=0" "-e" "RUST_BACKTRACE=full" "-e" "RUSTFLAGS=--cap-lints=warn" "-e" "RUSTDOCFLAGS=--cap-lints=warn" "-e" "CARGO_HOME=/opt/rustwide/cargo-home" "-e" "RUSTUP_HOME=/opt/rustwide/rustup-home" "-w" "/opt/rustwide/workdir" "-m" "1610612736" "--user" "0:0" "--network" "none" "ghcr.io/rust-lang/crates-build-env/linux@sha256:2788e3201cd34a07e3172128adcd8b3090168a8e3bcc40d7c032b9dda1df7d1c" "/opt/rustwide/cargo-home/bin/cargo" "+1.75.0" "build" "--frozen" "--message-format=json", kill_on_drop: false }`
[INFO] [stdout] 267c2090dd55c6ccb6c70a5079f161f06bf85e221a3deabec6e85ec6d582748f
[INFO] running `Command { std: "docker" "start" "-a" "267c2090dd55c6ccb6c70a5079f161f06bf85e221a3deabec6e85ec6d582748f", kill_on_drop: false }`
[INFO] [stderr]    Compiling num-traits v0.2.17
[INFO] [stderr]    Compiling futures-sink v0.3.30
[INFO] [stderr]    Compiling futures-core v0.3.30
[INFO] [stderr]    Compiling indexmap v1.9.3
[INFO] [stderr]    Compiling crossbeam-utils v0.8.18
[INFO] [stderr]    Compiling urlencoding v2.1.3
[INFO] [stderr]    Compiling integer-encoding v3.0.4
[INFO] [stderr]    Compiling syn v2.0.48
[INFO] [stderr]    Compiling threadpool v1.8.1
[INFO] [stderr]    Compiling rand v0.8.5
[INFO] [stderr]    Compiling futures-channel v0.3.30
[INFO] [stderr]    Compiling crossbeam-channel v0.5.10
[INFO] [stderr]    Compiling ordered-float v3.9.2
[INFO] [stderr]    Compiling ordered-float v2.10.1
[INFO] [stderr]    Compiling thrift v0.17.0
[INFO] [stderr]    Compiling futures-macro v0.3.30
[INFO] [stderr]    Compiling thiserror-impl v1.0.56
[INFO] [stderr]    Compiling async-trait v0.1.77
[INFO] [stderr]    Compiling futures-util v0.3.30
[INFO] [stderr]    Compiling thiserror v1.0.56
[INFO] [stderr]    Compiling futures-executor v0.3.30
[INFO] [stderr]    Compiling ts_opentelemetry_api v0.20.0-beta.1
[INFO] [stderr]    Compiling futures v0.3.30
[INFO] [stderr]    Compiling ts_opentelemetry_sdk v0.20.0-beta.1
[INFO] [stderr]    Compiling ts_opentelemetry v0.20.0-beta.1
[INFO] [stderr]    Compiling ts_opentelemetry_semantic_conventions v0.12.0-beta.1
[INFO] [stderr]    Compiling ts_opentelemetry_jaeger v0.19.0-beta.1 (/opt/rustwide/workdir)
[INFO] [stdout] warning: variable does not need to be mutable
[INFO] [stdout]    --> src/exporter/config/agent.rs:191:41
[INFO] [stdout]     |
[INFO] [stdout] 191 |         self.set_transformation_config(|mut config| {
[INFO] [stdout]     |                                         ----^^^^^^
[INFO] [stdout]     |                                         |
[INFO] [stdout]     |                                         help: remove this `mut`
[INFO] [stdout]     |
[INFO] [stdout] note: the lint level is defined here
[INFO] [stdout]    --> src/lib.rs:305:5
[INFO] [stdout]     |
[INFO] [stdout] 305 |     unused
[INFO] [stdout]     |     ^^^^^^
[INFO] [stdout]     = note: `#[warn(unused_mut)]` implied by `#[warn(unused)]`
[INFO] [stdout] 
[INFO] [stdout] 
[INFO] [stdout] warning: variable does not need to be mutable
[INFO] [stdout]    --> src/exporter/config/agent.rs:207:41
[INFO] [stdout]     |
[INFO] [stdout] 207 |         self.set_transformation_config(|mut config| {
[INFO] [stdout]     |                                         ----^^^^^^
[INFO] [stdout]     |                                         |
[INFO] [stdout]     |                                         help: remove this `mut`
[INFO] [stdout] 
[INFO] [stdout] 
[INFO] [stdout] warning: 2 warnings emitted
[INFO] [stdout] 
[INFO] [stdout] 
[INFO] [stderr]     Finished dev [unoptimized + debuginfo] target(s) in 6.11s
[INFO] running `Command { std: "docker" "inspect" "267c2090dd55c6ccb6c70a5079f161f06bf85e221a3deabec6e85ec6d582748f", kill_on_drop: false }`
[INFO] running `Command { std: "docker" "rm" "-f" "267c2090dd55c6ccb6c70a5079f161f06bf85e221a3deabec6e85ec6d582748f", kill_on_drop: false }`
[INFO] [stdout] 267c2090dd55c6ccb6c70a5079f161f06bf85e221a3deabec6e85ec6d582748f
[INFO] running `Command { std: "docker" "create" "-v" "/var/lib/crater-agent-workspace/builds/worker-7-tc1/target:/opt/rustwide/target:rw,Z" "-v" "/var/lib/crater-agent-workspace/builds/worker-7-tc1/source:/opt/rustwide/workdir:ro,Z" "-v" "/var/lib/crater-agent-workspace/cargo-home:/opt/rustwide/cargo-home:ro,Z" "-v" "/var/lib/crater-agent-workspace/rustup-home:/opt/rustwide/rustup-home:ro,Z" "-e" "SOURCE_DIR=/opt/rustwide/workdir" "-e" "CARGO_TARGET_DIR=/opt/rustwide/target" "-e" "CARGO_INCREMENTAL=0" "-e" "RUST_BACKTRACE=full" "-e" "RUSTFLAGS=--cap-lints=warn" "-e" "RUSTDOCFLAGS=--cap-lints=warn" "-e" "CARGO_HOME=/opt/rustwide/cargo-home" "-e" "RUSTUP_HOME=/opt/rustwide/rustup-home" "-w" "/opt/rustwide/workdir" "-m" "1610612736" "--user" "0:0" "--network" "none" "ghcr.io/rust-lang/crates-build-env/linux@sha256:2788e3201cd34a07e3172128adcd8b3090168a8e3bcc40d7c032b9dda1df7d1c" "/opt/rustwide/cargo-home/bin/cargo" "+1.75.0" "test" "--frozen" "--no-run" "--message-format=json", kill_on_drop: false }`
[INFO] [stdout] 7fea09b6ac10b9b8a2a2816954a89fc8a1b5761f521730ecc6f6bcd28f787e06
[INFO] running `Command { std: "docker" "start" "-a" "7fea09b6ac10b9b8a2a2816954a89fc8a1b5761f521730ecc6f6bcd28f787e06", kill_on_drop: false }`
[INFO] [stderr]    Compiling tokio v1.35.1
[INFO] [stdout] warning: variable does not need to be mutable
[INFO] [stdout]    --> src/exporter/config/agent.rs:191:41
[INFO] [stdout]     |
[INFO] [stdout] 191 |         self.set_transformation_config(|mut config| {
[INFO] [stdout]     |                                         ----^^^^^^
[INFO] [stdout]     |                                         |
[INFO] [stdout]     |                                         help: remove this `mut`
[INFO] [stdout]     |
[INFO] [stdout] note: the lint level is defined here
[INFO] [stdout]    --> src/lib.rs:305:5
[INFO] [stdout]     |
[INFO] [stdout] 305 |     unused
[INFO] [stdout]     |     ^^^^^^
[INFO] [stdout]     = note: `#[warn(unused_mut)]` implied by `#[warn(unused)]`
[INFO] [stdout] 
[INFO] [stdout] 
[INFO] [stdout] warning: variable does not need to be mutable
[INFO] [stdout]    --> src/exporter/config/agent.rs:207:41
[INFO] [stdout]     |
[INFO] [stdout] 207 |         self.set_transformation_config(|mut config| {
[INFO] [stdout]     |                                         ----^^^^^^
[INFO] [stdout]     |                                         |
[INFO] [stdout]     |                                         help: remove this `mut`
[INFO] [stdout] 
[INFO] [stdout] 
[INFO] [stdout] warning: 2 warnings emitted
[INFO] [stdout] 
[INFO] [stdout] 
[INFO] [stderr]    Compiling ts_opentelemetry_jaeger v0.19.0-beta.1 (/opt/rustwide/workdir)
[INFO] [stdout] error[E0433]: failed to resolve: could not find `testing` in `ts_opentelemetry`
[INFO] [stdout]    --> src/lib.rs:588:13
[INFO] [stdout]     |
[INFO] [stdout] 588 |             testing::trace::TestSpan,
[INFO] [stdout]     |             ^^^^^^^ could not find `testing` in `ts_opentelemetry`
[INFO] [stdout] 
[INFO] [stdout] 
[INFO] [stdout] error[E0433]: failed to resolve: could not find `test` in `tokio`
[INFO] [stdout]    --> src/exporter/config/mod.rs:109:14
[INFO] [stdout]     |
[INFO] [stdout] 109 |     #[tokio::test]
[INFO] [stdout]     |              ^^^^ could not find `test` in `tokio`
[INFO] [stdout] 
[INFO] [stdout] 
[INFO] [stdout] error[E0599]: no function or associated item named `from_u128` found for struct `TraceId` in the current scope
[INFO] [stdout]    --> src/lib.rs:608:34
[INFO] [stdout]     |
[INFO] [stdout] 608 |                         TraceId::from_u128(TRACE_ID),
[INFO] [stdout]     |                                  ^^^^^^^^^ function or associated item not found in `TraceId`
[INFO] [stdout]     |
[INFO] [stdout] note: if you're trying to build a new `TraceId` consider using one of the following associated functions:
[INFO] [stdout]       TraceId::from_bytes
[INFO] [stdout]       TraceId::from_hex
[INFO] [stdout]    --> /opt/rustwide/cargo-home/registry/src/index.crates.io-6f17d22bba15001f/ts_opentelemetry_api-0.20.0-beta.1/src/trace/span_context.rs:97:5
[INFO] [stdout]     |
[INFO] [stdout] 97  |     pub const fn from_bytes(bytes: [u8; 16]) -> Self {
[INFO] [stdout]     |     ^^^^^^^^^^^^^^^^^^^^^^^^^^^^^^^^^^^^^^^^^^^^^^^^
[INFO] [stdout] ...
[INFO] [stdout] 118 |     pub fn from_hex(hex: &str) -> Result<Self, ParseIntError> {
[INFO] [stdout]     |     ^^^^^^^^^^^^^^^^^^^^^^^^^^^^^^^^^^^^^^^^^^^^^^^^^^^^^^^^^
[INFO] [stdout] 
[INFO] [stdout] 
[INFO] [stdout] error[E0599]: no function or associated item named `from_u64` found for struct `SpanId` in the current scope
[INFO] [stdout]    --> src/lib.rs:609:33
[INFO] [stdout]     |
[INFO] [stdout] 609 |                         SpanId::from_u64(SPAN_ID),
[INFO] [stdout]     |                                 ^^^^^^^^ function or associated item not found in `SpanId`
[INFO] [stdout]     |
[INFO] [stdout] note: if you're trying to build a new `SpanId` consider using one of the following associated functions:
[INFO] [stdout]       SpanId::from_bytes
[INFO] [stdout]       SpanId::from_hex
[INFO] [stdout]    --> /opt/rustwide/cargo-home/registry/src/index.crates.io-6f17d22bba15001f/ts_opentelemetry_api-0.20.0-beta.1/src/trace/span_context.rs:158:5
[INFO] [stdout]     |
[INFO] [stdout] 158 |     pub const fn from_bytes(bytes: [u8; 8]) -> Self {
[INFO] [stdout]     |     ^^^^^^^^^^^^^^^^^^^^^^^^^^^^^^^^^^^^^^^^^^^^^^^
[INFO] [stdout] ...
[INFO] [stdout] 179 |     pub fn from_hex(hex: &str) -> Result<Self, ParseIntError> {
[INFO] [stdout]     |     ^^^^^^^^^^^^^^^^^^^^^^^^^^^^^^^^^^^^^^^^^^^^^^^^^^^^^^^^^
[INFO] [stdout] 
[INFO] [stdout] 
[INFO] [stdout] error[E0599]: no function or associated item named `from_u128` found for struct `TraceId` in the current scope
[INFO] [stdout]    --> src/lib.rs:620:34
[INFO] [stdout]     |
[INFO] [stdout] 620 |                         TraceId::from_u128(TRACE_ID),
[INFO] [stdout]     |                                  ^^^^^^^^^ function or associated item not found in `TraceId`
[INFO] [stdout]     |
[INFO] [stdout] note: if you're trying to build a new `TraceId` consider using one of the following associated functions:
[INFO] [stdout]       TraceId::from_bytes
[INFO] [stdout]       TraceId::from_hex
[INFO] [stdout]    --> /opt/rustwide/cargo-home/registry/src/index.crates.io-6f17d22bba15001f/ts_opentelemetry_api-0.20.0-beta.1/src/trace/span_context.rs:97:5
[INFO] [stdout]     |
[INFO] [stdout] 97  |     pub const fn from_bytes(bytes: [u8; 16]) -> Self {
[INFO] [stdout]     |     ^^^^^^^^^^^^^^^^^^^^^^^^^^^^^^^^^^^^^^^^^^^^^^^^
[INFO] [stdout] ...
[INFO] [stdout] 118 |     pub fn from_hex(hex: &str) -> Result<Self, ParseIntError> {
[INFO] [stdout]     |     ^^^^^^^^^^^^^^^^^^^^^^^^^^^^^^^^^^^^^^^^^^^^^^^^^^^^^^^^^
[INFO] [stdout] 
[INFO] [stdout] 
[INFO] [stdout] error[E0599]: no function or associated item named `from_u64` found for struct `SpanId` in the current scope
[INFO] [stdout]    --> src/lib.rs:621:33
[INFO] [stdout]     |
[INFO] [stdout] 621 |                         SpanId::from_u64(SPAN_ID),
[INFO] [stdout]     |                                 ^^^^^^^^ function or associated item not found in `SpanId`
[INFO] [stdout]     |
[INFO] [stdout] note: if you're trying to build a new `SpanId` consider using one of the following associated functions:
[INFO] [stdout]       SpanId::from_bytes
[INFO] [stdout]       SpanId::from_hex
[INFO] [stdout]    --> /opt/rustwide/cargo-home/registry/src/index.crates.io-6f17d22bba15001f/ts_opentelemetry_api-0.20.0-beta.1/src/trace/span_context.rs:158:5
[INFO] [stdout]     |
[INFO] [stdout] 158 |     pub const fn from_bytes(bytes: [u8; 8]) -> Self {
[INFO] [stdout]     |     ^^^^^^^^^^^^^^^^^^^^^^^^^^^^^^^^^^^^^^^^^^^^^^^
[INFO] [stdout] ...
[INFO] [stdout] 179 |     pub fn from_hex(hex: &str) -> Result<Self, ParseIntError> {
[INFO] [stdout]     |     ^^^^^^^^^^^^^^^^^^^^^^^^^^^^^^^^^^^^^^^^^^^^^^^^^^^^^^^^^
[INFO] [stdout] 
[INFO] [stdout] 
[INFO] [stdout] error[E0599]: no function or associated item named `from_u128` found for struct `TraceId` in the current scope
[INFO] [stdout]    --> src/lib.rs:632:34
[INFO] [stdout]     |
[INFO] [stdout] 632 |                         TraceId::from_u128(TRACE_ID),
[INFO] [stdout]     |                                  ^^^^^^^^^ function or associated item not found in `TraceId`
[INFO] [stdout]     |
[INFO] [stdout] note: if you're trying to build a new `TraceId` consider using one of the following associated functions:
[INFO] [stdout]       TraceId::from_bytes
[INFO] [stdout]       TraceId::from_hex
[INFO] [stdout]    --> /opt/rustwide/cargo-home/registry/src/index.crates.io-6f17d22bba15001f/ts_opentelemetry_api-0.20.0-beta.1/src/trace/span_context.rs:97:5
[INFO] [stdout]     |
[INFO] [stdout] 97  |     pub const fn from_bytes(bytes: [u8; 16]) -> Self {
[INFO] [stdout]     |     ^^^^^^^^^^^^^^^^^^^^^^^^^^^^^^^^^^^^^^^^^^^^^^^^
[INFO] [stdout] ...
[INFO] [stdout] 118 |     pub fn from_hex(hex: &str) -> Result<Self, ParseIntError> {
[INFO] [stdout]     |     ^^^^^^^^^^^^^^^^^^^^^^^^^^^^^^^^^^^^^^^^^^^^^^^^^^^^^^^^^
[INFO] [stdout] 
[INFO] [stdout] 
[INFO] [stdout] error[E0599]: no function or associated item named `from_u64` found for struct `SpanId` in the current scope
[INFO] [stdout]    --> src/lib.rs:633:33
[INFO] [stdout]     |
[INFO] [stdout] 633 |                         SpanId::from_u64(SPAN_ID),
[INFO] [stdout]     |                                 ^^^^^^^^ function or associated item not found in `SpanId`
[INFO] [stdout]     |
[INFO] [stdout] note: if you're trying to build a new `SpanId` consider using one of the following associated functions:
[INFO] [stdout]       SpanId::from_bytes
[INFO] [stdout]       SpanId::from_hex
[INFO] [stdout]    --> /opt/rustwide/cargo-home/registry/src/index.crates.io-6f17d22bba15001f/ts_opentelemetry_api-0.20.0-beta.1/src/trace/span_context.rs:158:5
[INFO] [stdout]     |
[INFO] [stdout] 158 |     pub const fn from_bytes(bytes: [u8; 8]) -> Self {
[INFO] [stdout]     |     ^^^^^^^^^^^^^^^^^^^^^^^^^^^^^^^^^^^^^^^^^^^^^^^
[INFO] [stdout] ...
[INFO] [stdout] 179 |     pub fn from_hex(hex: &str) -> Result<Self, ParseIntError> {
[INFO] [stdout]     |     ^^^^^^^^^^^^^^^^^^^^^^^^^^^^^^^^^^^^^^^^^^^^^^^^^^^^^^^^^
[INFO] [stdout] 
[INFO] [stdout] 
[INFO] [stdout] error[E0599]: no function or associated item named `from_u128` found for struct `TraceId` in the current scope
[INFO] [stdout]    --> src/lib.rs:644:34
[INFO] [stdout]     |
[INFO] [stdout] 644 |                         TraceId::from_u128(TRACE_ID),
[INFO] [stdout]     |                                  ^^^^^^^^^ function or associated item not found in `TraceId`
[INFO] [stdout]     |
[INFO] [stdout] note: if you're trying to build a new `TraceId` consider using one of the following associated functions:
[INFO] [stdout]       TraceId::from_bytes
[INFO] [stdout]       TraceId::from_hex
[INFO] [stdout]    --> /opt/rustwide/cargo-home/registry/src/index.crates.io-6f17d22bba15001f/ts_opentelemetry_api-0.20.0-beta.1/src/trace/span_context.rs:97:5
[INFO] [stdout]     |
[INFO] [stdout] 97  |     pub const fn from_bytes(bytes: [u8; 16]) -> Self {
[INFO] [stdout]     |     ^^^^^^^^^^^^^^^^^^^^^^^^^^^^^^^^^^^^^^^^^^^^^^^^
[INFO] [stdout] ...
[INFO] [stdout] 118 |     pub fn from_hex(hex: &str) -> Result<Self, ParseIntError> {
[INFO] [stdout]     |     ^^^^^^^^^^^^^^^^^^^^^^^^^^^^^^^^^^^^^^^^^^^^^^^^^^^^^^^^^
[INFO] [stdout] 
[INFO] [stdout] 
[INFO] [stdout] error[E0599]: no function or associated item named `from_u64` found for struct `SpanId` in the current scope
[INFO] [stdout]    --> src/lib.rs:645:33
[INFO] [stdout]     |
[INFO] [stdout] 645 |                         SpanId::from_u64(SPAN_ID),
[INFO] [stdout]     |                                 ^^^^^^^^ function or associated item not found in `SpanId`
[INFO] [stdout]     |
[INFO] [stdout] note: if you're trying to build a new `SpanId` consider using one of the following associated functions:
[INFO] [stdout]       SpanId::from_bytes
[INFO] [stdout]       SpanId::from_hex
[INFO] [stdout]    --> /opt/rustwide/cargo-home/registry/src/index.crates.io-6f17d22bba15001f/ts_opentelemetry_api-0.20.0-beta.1/src/trace/span_context.rs:158:5
[INFO] [stdout]     |
[INFO] [stdout] 158 |     pub const fn from_bytes(bytes: [u8; 8]) -> Self {
[INFO] [stdout]     |     ^^^^^^^^^^^^^^^^^^^^^^^^^^^^^^^^^^^^^^^^^^^^^^^
[INFO] [stdout] ...
[INFO] [stdout] 179 |     pub fn from_hex(hex: &str) -> Result<Self, ParseIntError> {
[INFO] [stdout]     |     ^^^^^^^^^^^^^^^^^^^^^^^^^^^^^^^^^^^^^^^^^^^^^^^^^^^^^^^^^
[INFO] [stdout] 
[INFO] [stdout] 
[INFO] [stdout] error[E0599]: no function or associated item named `from_u128` found for struct `TraceId` in the current scope
[INFO] [stdout]    --> src/lib.rs:656:34
[INFO] [stdout]     |
[INFO] [stdout] 656 |                         TraceId::from_u128(TRACE_ID),
[INFO] [stdout]     |                                  ^^^^^^^^^ function or associated item not found in `TraceId`
[INFO] [stdout]     |
[INFO] [stdout] note: if you're trying to build a new `TraceId` consider using one of the following associated functions:
[INFO] [stdout]       TraceId::from_bytes
[INFO] [stdout]       TraceId::from_hex
[INFO] [stdout]    --> /opt/rustwide/cargo-home/registry/src/index.crates.io-6f17d22bba15001f/ts_opentelemetry_api-0.20.0-beta.1/src/trace/span_context.rs:97:5
[INFO] [stdout]     |
[INFO] [stdout] 97  |     pub const fn from_bytes(bytes: [u8; 16]) -> Self {
[INFO] [stdout]     |     ^^^^^^^^^^^^^^^^^^^^^^^^^^^^^^^^^^^^^^^^^^^^^^^^
[INFO] [stdout] ...
[INFO] [stdout] 118 |     pub fn from_hex(hex: &str) -> Result<Self, ParseIntError> {
[INFO] [stdout]     |     ^^^^^^^^^^^^^^^^^^^^^^^^^^^^^^^^^^^^^^^^^^^^^^^^^^^^^^^^^
[INFO] [stdout] 
[INFO] [stdout] 
[INFO] [stdout] error[E0599]: no function or associated item named `from_u64` found for struct `SpanId` in the current scope
[INFO] [stdout]    --> src/lib.rs:657:33
[INFO] [stdout]     |
[INFO] [stdout] 657 |                         SpanId::from_u64(SPAN_ID),
[INFO] [stdout]     |                                 ^^^^^^^^ function or associated item not found in `SpanId`
[INFO] [stdout]     |
[INFO] [stdout] note: if you're trying to build a new `SpanId` consider using one of the following associated functions:
[INFO] [stdout]       SpanId::from_bytes
[INFO] [stdout]       SpanId::from_hex
[INFO] [stdout]    --> /opt/rustwide/cargo-home/registry/src/index.crates.io-6f17d22bba15001f/ts_opentelemetry_api-0.20.0-beta.1/src/trace/span_context.rs:158:5
[INFO] [stdout]     |
[INFO] [stdout] 158 |     pub const fn from_bytes(bytes: [u8; 8]) -> Self {
[INFO] [stdout]     |     ^^^^^^^^^^^^^^^^^^^^^^^^^^^^^^^^^^^^^^^^^^^^^^^
[INFO] [stdout] ...
[INFO] [stdout] 179 |     pub fn from_hex(hex: &str) -> Result<Self, ParseIntError> {
[INFO] [stdout]     |     ^^^^^^^^^^^^^^^^^^^^^^^^^^^^^^^^^^^^^^^^^^^^^^^^^^^^^^^^^
[INFO] [stdout] 
[INFO] [stdout] 
[INFO] [stdout] error[E0599]: no function or associated item named `from_u128` found for struct `TraceId` in the current scope
[INFO] [stdout]    --> src/lib.rs:688:34
[INFO] [stdout]     |
[INFO] [stdout] 688 |                         TraceId::from_u128(TRACE_ID),
[INFO] [stdout]     |                                  ^^^^^^^^^ function or associated item not found in `TraceId`
[INFO] [stdout]     |
[INFO] [stdout] note: if you're trying to build a new `TraceId` consider using one of the following associated functions:
[INFO] [stdout]       TraceId::from_bytes
[INFO] [stdout]       TraceId::from_hex
[INFO] [stdout]    --> /opt/rustwide/cargo-home/registry/src/index.crates.io-6f17d22bba15001f/ts_opentelemetry_api-0.20.0-beta.1/src/trace/span_context.rs:97:5
[INFO] [stdout]     |
[INFO] [stdout] 97  |     pub const fn from_bytes(bytes: [u8; 16]) -> Self {
[INFO] [stdout]     |     ^^^^^^^^^^^^^^^^^^^^^^^^^^^^^^^^^^^^^^^^^^^^^^^^
[INFO] [stdout] ...
[INFO] [stdout] 118 |     pub fn from_hex(hex: &str) -> Result<Self, ParseIntError> {
[INFO] [stdout]     |     ^^^^^^^^^^^^^^^^^^^^^^^^^^^^^^^^^^^^^^^^^^^^^^^^^^^^^^^^^
[INFO] [stdout] 
[INFO] [stdout] 
[INFO] [stdout] error[E0599]: no function or associated item named `from_u64` found for struct `SpanId` in the current scope
[INFO] [stdout]    --> src/lib.rs:689:33
[INFO] [stdout]     |
[INFO] [stdout] 689 |                         SpanId::from_u64(SPAN_ID),
[INFO] [stdout]     |                                 ^^^^^^^^ function or associated item not found in `SpanId`
[INFO] [stdout]     |
[INFO] [stdout] note: if you're trying to build a new `SpanId` consider using one of the following associated functions:
[INFO] [stdout]       SpanId::from_bytes
[INFO] [stdout]       SpanId::from_hex
[INFO] [stdout]    --> /opt/rustwide/cargo-home/registry/src/index.crates.io-6f17d22bba15001f/ts_opentelemetry_api-0.20.0-beta.1/src/trace/span_context.rs:158:5
[INFO] [stdout]     |
[INFO] [stdout] 158 |     pub const fn from_bytes(bytes: [u8; 8]) -> Self {
[INFO] [stdout]     |     ^^^^^^^^^^^^^^^^^^^^^^^^^^^^^^^^^^^^^^^^^^^^^^^
[INFO] [stdout] ...
[INFO] [stdout] 179 |     pub fn from_hex(hex: &str) -> Result<Self, ParseIntError> {
[INFO] [stdout]     |     ^^^^^^^^^^^^^^^^^^^^^^^^^^^^^^^^^^^^^^^^^^^^^^^^^^^^^^^^^
[INFO] [stdout] 
[INFO] [stdout] 
[INFO] [stdout] error[E0599]: no function or associated item named `from_u128` found for struct `TraceId` in the current scope
[INFO] [stdout]    --> src/lib.rs:698:34
[INFO] [stdout]     |
[INFO] [stdout] 698 |                         TraceId::from_u128(TRACE_ID),
[INFO] [stdout]     |                                  ^^^^^^^^^ function or associated item not found in `TraceId`
[INFO] [stdout]     |
[INFO] [stdout] note: if you're trying to build a new `TraceId` consider using one of the following associated functions:
[INFO] [stdout]       TraceId::from_bytes
[INFO] [stdout]       TraceId::from_hex
[INFO] [stdout]    --> /opt/rustwide/cargo-home/registry/src/index.crates.io-6f17d22bba15001f/ts_opentelemetry_api-0.20.0-beta.1/src/trace/span_context.rs:97:5
[INFO] [stdout]     |
[INFO] [stdout] 97  |     pub const fn from_bytes(bytes: [u8; 16]) -> Self {
[INFO] [stdout]     |     ^^^^^^^^^^^^^^^^^^^^^^^^^^^^^^^^^^^^^^^^^^^^^^^^
[INFO] [stdout] ...
[INFO] [stdout] 118 |     pub fn from_hex(hex: &str) -> Result<Self, ParseIntError> {
[INFO] [stdout]     |     ^^^^^^^^^^^^^^^^^^^^^^^^^^^^^^^^^^^^^^^^^^^^^^^^^^^^^^^^^
[INFO] [stdout] 
[INFO] [stdout] 
[INFO] [stdout] error[E0599]: no function or associated item named `from_u64` found for struct `SpanId` in the current scope
[INFO] [stdout]    --> src/lib.rs:699:33
[INFO] [stdout]     |
[INFO] [stdout] 699 |                         SpanId::from_u64(SPAN_ID),
[INFO] [stdout]     |                                 ^^^^^^^^ function or associated item not found in `SpanId`
[INFO] [stdout]     |
[INFO] [stdout] note: if you're trying to build a new `SpanId` consider using one of the following associated functions:
[INFO] [stdout]       SpanId::from_bytes
[INFO] [stdout]       SpanId::from_hex
[INFO] [stdout]    --> /opt/rustwide/cargo-home/registry/src/index.crates.io-6f17d22bba15001f/ts_opentelemetry_api-0.20.0-beta.1/src/trace/span_context.rs:158:5
[INFO] [stdout]     |
[INFO] [stdout] 158 |     pub const fn from_bytes(bytes: [u8; 8]) -> Self {
[INFO] [stdout]     |     ^^^^^^^^^^^^^^^^^^^^^^^^^^^^^^^^^^^^^^^^^^^^^^^
[INFO] [stdout] ...
[INFO] [stdout] 179 |     pub fn from_hex(hex: &str) -> Result<Self, ParseIntError> {
[INFO] [stdout]     |     ^^^^^^^^^^^^^^^^^^^^^^^^^^^^^^^^^^^^^^^^^^^^^^^^^^^^^^^^^
[INFO] [stdout] 
[INFO] [stdout] 
[INFO] [stdout] error[E0599]: no function or associated item named `from_u128` found for struct `TraceId` in the current scope
[INFO] [stdout]    --> src/lib.rs:708:34
[INFO] [stdout]     |
[INFO] [stdout] 708 |                         TraceId::from_u128(TRACE_ID),
[INFO] [stdout]     |                                  ^^^^^^^^^ function or associated item not found in `TraceId`
[INFO] [stdout]     |
[INFO] [stdout] note: if you're trying to build a new `TraceId` consider using one of the following associated functions:
[INFO] [stdout]       TraceId::from_bytes
[INFO] [stdout]       TraceId::from_hex
[INFO] [stdout]    --> /opt/rustwide/cargo-home/registry/src/index.crates.io-6f17d22bba15001f/ts_opentelemetry_api-0.20.0-beta.1/src/trace/span_context.rs:97:5
[INFO] [stdout]     |
[INFO] [stdout] 97  |     pub const fn from_bytes(bytes: [u8; 16]) -> Self {
[INFO] [stdout]     |     ^^^^^^^^^^^^^^^^^^^^^^^^^^^^^^^^^^^^^^^^^^^^^^^^
[INFO] [stdout] ...
[INFO] [stdout] 118 |     pub fn from_hex(hex: &str) -> Result<Self, ParseIntError> {
[INFO] [stdout]     |     ^^^^^^^^^^^^^^^^^^^^^^^^^^^^^^^^^^^^^^^^^^^^^^^^^^^^^^^^^
[INFO] [stdout] 
[INFO] [stdout] 
[INFO] [stdout] error[E0599]: no function or associated item named `from_u64` found for struct `SpanId` in the current scope
[INFO] [stdout]    --> src/lib.rs:709:33
[INFO] [stdout]     |
[INFO] [stdout] 709 |                         SpanId::from_u64(SPAN_ID),
[INFO] [stdout]     |                                 ^^^^^^^^ function or associated item not found in `SpanId`
[INFO] [stdout]     |
[INFO] [stdout] note: if you're trying to build a new `SpanId` consider using one of the following associated functions:
[INFO] [stdout]       SpanId::from_bytes
[INFO] [stdout]       SpanId::from_hex
[INFO] [stdout]    --> /opt/rustwide/cargo-home/registry/src/index.crates.io-6f17d22bba15001f/ts_opentelemetry_api-0.20.0-beta.1/src/trace/span_context.rs:158:5
[INFO] [stdout]     |
[INFO] [stdout] 158 |     pub const fn from_bytes(bytes: [u8; 8]) -> Self {
[INFO] [stdout]     |     ^^^^^^^^^^^^^^^^^^^^^^^^^^^^^^^^^^^^^^^^^^^^^^^
[INFO] [stdout] ...
[INFO] [stdout] 179 |     pub fn from_hex(hex: &str) -> Result<Self, ParseIntError> {
[INFO] [stdout]     |     ^^^^^^^^^^^^^^^^^^^^^^^^^^^^^^^^^^^^^^^^^^^^^^^^^^^^^^^^^
[INFO] [stdout] 
[INFO] [stdout] 
[INFO] [stdout] error[E0599]: no function or associated item named `from_u128` found for struct `TraceId` in the current scope
[INFO] [stdout]    --> src/lib.rs:811:30
[INFO] [stdout]     |
[INFO] [stdout] 811 |                     TraceId::from_u128(TRACE_ID),
[INFO] [stdout]     |                              ^^^^^^^^^ function or associated item not found in `TraceId`
[INFO] [stdout]     |
[INFO] [stdout] note: if you're trying to build a new `TraceId` consider using one of the following associated functions:
[INFO] [stdout]       TraceId::from_bytes
[INFO] [stdout]       TraceId::from_hex
[INFO] [stdout]    --> /opt/rustwide/cargo-home/registry/src/index.crates.io-6f17d22bba15001f/ts_opentelemetry_api-0.20.0-beta.1/src/trace/span_context.rs:97:5
[INFO] [stdout]     |
[INFO] [stdout] 97  |     pub const fn from_bytes(bytes: [u8; 16]) -> Self {
[INFO] [stdout]     |     ^^^^^^^^^^^^^^^^^^^^^^^^^^^^^^^^^^^^^^^^^^^^^^^^
[INFO] [stdout] ...
[INFO] [stdout] 118 |     pub fn from_hex(hex: &str) -> Result<Self, ParseIntError> {
[INFO] [stdout]     |     ^^^^^^^^^^^^^^^^^^^^^^^^^^^^^^^^^^^^^^^^^^^^^^^^^^^^^^^^^
[INFO] [stdout] 
[INFO] [stdout] 
[INFO] [stdout] error[E0599]: no function or associated item named `from_u64` found for struct `SpanId` in the current scope
[INFO] [stdout]    --> src/lib.rs:812:29
[INFO] [stdout]     |
[INFO] [stdout] 812 |                     SpanId::from_u64(SPAN_ID),
[INFO] [stdout]     |                             ^^^^^^^^ function or associated item not found in `SpanId`
[INFO] [stdout]     |
[INFO] [stdout] note: if you're trying to build a new `SpanId` consider using one of the following associated functions:
[INFO] [stdout]       SpanId::from_bytes
[INFO] [stdout]       SpanId::from_hex
[INFO] [stdout]    --> /opt/rustwide/cargo-home/registry/src/index.crates.io-6f17d22bba15001f/ts_opentelemetry_api-0.20.0-beta.1/src/trace/span_context.rs:158:5
[INFO] [stdout]     |
[INFO] [stdout] 158 |     pub const fn from_bytes(bytes: [u8; 8]) -> Self {
[INFO] [stdout]     |     ^^^^^^^^^^^^^^^^^^^^^^^^^^^^^^^^^^^^^^^^^^^^^^^
[INFO] [stdout] ...
[INFO] [stdout] 179 |     pub fn from_hex(hex: &str) -> Result<Self, ParseIntError> {
[INFO] [stdout]     |     ^^^^^^^^^^^^^^^^^^^^^^^^^^^^^^^^^^^^^^^^^^^^^^^^^^^^^^^^^
[INFO] [stdout] 
[INFO] [stdout] 
[INFO] [stdout] error: aborting due to 20 previous errors
[INFO] [stdout] 
[INFO] [stdout] 
[INFO] [stdout] Some errors have detailed explanations: E0433, E0599.
[INFO] [stdout] 
[INFO] [stdout] For more information about an error, try `rustc --explain E0433`.
[INFO] [stdout] 
[INFO] [stderr] error: could not compile `ts_opentelemetry_jaeger` (lib test) due to 21 previous errors
[INFO] running `Command { std: "docker" "inspect" "7fea09b6ac10b9b8a2a2816954a89fc8a1b5761f521730ecc6f6bcd28f787e06", kill_on_drop: false }`
[INFO] running `Command { std: "docker" "rm" "-f" "7fea09b6ac10b9b8a2a2816954a89fc8a1b5761f521730ecc6f6bcd28f787e06", kill_on_drop: false }`
[INFO] [stdout] 7fea09b6ac10b9b8a2a2816954a89fc8a1b5761f521730ecc6f6bcd28f787e06
[INFO] testing ts_opentelemetry_jaeger-0.19.0-beta.1 against beta-2023-12-22 for beta-1.76-1
[INFO] extracting crate ts_opentelemetry_jaeger 0.19.0-beta.1 into /workspace/builds/worker-7-tc2/source
[INFO] validating manifest of crates.io crate ts_opentelemetry_jaeger 0.19.0-beta.1 on toolchain beta-2023-12-22
[INFO] running `Command { std: CARGO_HOME="/workspace/cargo-home" RUSTUP_HOME="/workspace/rustup-home" "/workspace/cargo-home/bin/cargo" "+beta-2023-12-22" "metadata" "--manifest-path" "Cargo.toml" "--no-deps", kill_on_drop: false }`
[INFO] started tweaking crates.io crate ts_opentelemetry_jaeger 0.19.0-beta.1
[INFO] finished tweaking crates.io crate ts_opentelemetry_jaeger 0.19.0-beta.1
[INFO] tweaked toml for crates.io crate ts_opentelemetry_jaeger 0.19.0-beta.1 written to /workspace/builds/worker-7-tc2/source/Cargo.toml
[INFO] running `Command { std: CARGO_HOME="/workspace/cargo-home" RUSTUP_HOME="/workspace/rustup-home" "/workspace/cargo-home/bin/cargo" "+beta-2023-12-22" "generate-lockfile" "--manifest-path" "Cargo.toml", kill_on_drop: false }`
[INFO] [stderr]     Updating crates.io index
[INFO] running `Command { std: CARGO_HOME="/workspace/cargo-home" RUSTUP_HOME="/workspace/rustup-home" "/workspace/cargo-home/bin/cargo" "+beta-2023-12-22" "fetch" "--manifest-path" "Cargo.toml", kill_on_drop: false }`
[INFO] running `Command { std: "docker" "create" "-v" "/var/lib/crater-agent-workspace/builds/worker-7-tc2/target:/opt/rustwide/target:rw,Z" "-v" "/var/lib/crater-agent-workspace/builds/worker-7-tc2/source:/opt/rustwide/workdir:ro,Z" "-v" "/var/lib/crater-agent-workspace/cargo-home:/opt/rustwide/cargo-home:ro,Z" "-v" "/var/lib/crater-agent-workspace/rustup-home:/opt/rustwide/rustup-home:ro,Z" "-e" "SOURCE_DIR=/opt/rustwide/workdir" "-e" "CARGO_TARGET_DIR=/opt/rustwide/target" "-e" "CARGO_HOME=/opt/rustwide/cargo-home" "-e" "RUSTUP_HOME=/opt/rustwide/rustup-home" "-w" "/opt/rustwide/workdir" "-m" "1610612736" "--user" "0:0" "--network" "none" "ghcr.io/rust-lang/crates-build-env/linux@sha256:2788e3201cd34a07e3172128adcd8b3090168a8e3bcc40d7c032b9dda1df7d1c" "/opt/rustwide/cargo-home/bin/cargo" "+beta-2023-12-22" "metadata" "--no-deps" "--format-version=1", kill_on_drop: false }`
[INFO] [stdout] 06f375ae2ea682001fb5dc9ced7c29a0caacb52e2e66017fa1ef16218416205e
[INFO] running `Command { std: "docker" "start" "-a" "06f375ae2ea682001fb5dc9ced7c29a0caacb52e2e66017fa1ef16218416205e", kill_on_drop: false }`
[INFO] running `Command { std: "docker" "inspect" "06f375ae2ea682001fb5dc9ced7c29a0caacb52e2e66017fa1ef16218416205e", kill_on_drop: false }`
[INFO] running `Command { std: "docker" "rm" "-f" "06f375ae2ea682001fb5dc9ced7c29a0caacb52e2e66017fa1ef16218416205e", kill_on_drop: false }`
[INFO] [stdout] 06f375ae2ea682001fb5dc9ced7c29a0caacb52e2e66017fa1ef16218416205e
[INFO] running `Command { std: "docker" "create" "-v" "/var/lib/crater-agent-workspace/builds/worker-7-tc2/target:/opt/rustwide/target:rw,Z" "-v" "/var/lib/crater-agent-workspace/builds/worker-7-tc2/source:/opt/rustwide/workdir:ro,Z" "-v" "/var/lib/crater-agent-workspace/cargo-home:/opt/rustwide/cargo-home:ro,Z" "-v" "/var/lib/crater-agent-workspace/rustup-home:/opt/rustwide/rustup-home:ro,Z" "-e" "SOURCE_DIR=/opt/rustwide/workdir" "-e" "CARGO_TARGET_DIR=/opt/rustwide/target" "-e" "CARGO_INCREMENTAL=0" "-e" "RUST_BACKTRACE=full" "-e" "RUSTFLAGS=--cap-lints=warn" "-e" "RUSTDOCFLAGS=--cap-lints=warn" "-e" "CARGO_HOME=/opt/rustwide/cargo-home" "-e" "RUSTUP_HOME=/opt/rustwide/rustup-home" "-w" "/opt/rustwide/workdir" "-m" "1610612736" "--user" "0:0" "--network" "none" "ghcr.io/rust-lang/crates-build-env/linux@sha256:2788e3201cd34a07e3172128adcd8b3090168a8e3bcc40d7c032b9dda1df7d1c" "/opt/rustwide/cargo-home/bin/cargo" "+beta-2023-12-22" "build" "--frozen" "--message-format=json", kill_on_drop: false }`
[INFO] [stdout] 6516514e26399bc6cdbebc6759b0ab0c5a4982cc19240b66a864a34f81564241
[INFO] running `Command { std: "docker" "start" "-a" "6516514e26399bc6cdbebc6759b0ab0c5a4982cc19240b66a864a34f81564241", kill_on_drop: false }`
[INFO] [stderr]    Compiling num-traits v0.2.17
[INFO] [stderr]    Compiling futures-sink v0.3.30
[INFO] [stderr]    Compiling futures-core v0.3.30
[INFO] [stderr]    Compiling indexmap v1.9.3
[INFO] [stderr]    Compiling crossbeam-utils v0.8.18
[INFO] [stderr]    Compiling urlencoding v2.1.3
[INFO] [stderr]    Compiling integer-encoding v3.0.4
[INFO] [stderr]    Compiling syn v2.0.48
[INFO] [stderr]    Compiling threadpool v1.8.1
[INFO] [stderr]    Compiling rand v0.8.5
[INFO] [stderr]    Compiling futures-channel v0.3.30
[INFO] [stderr]    Compiling crossbeam-channel v0.5.10
[INFO] [stderr]    Compiling ordered-float v3.9.2
[INFO] [stderr]    Compiling ordered-float v2.10.1
[INFO] [stderr]    Compiling thrift v0.17.0
[INFO] [stderr]    Compiling futures-macro v0.3.30
[INFO] [stderr]    Compiling thiserror-impl v1.0.56
[INFO] [stderr]    Compiling async-trait v0.1.77
[INFO] [stderr]    Compiling futures-util v0.3.30
[INFO] [stderr]    Compiling thiserror v1.0.56
[INFO] [stderr]    Compiling futures-executor v0.3.30
[INFO] [stderr]    Compiling ts_opentelemetry_api v0.20.0-beta.1
[INFO] [stderr]    Compiling futures v0.3.30
[INFO] [stderr]    Compiling ts_opentelemetry_sdk v0.20.0-beta.1
[INFO] [stderr]    Compiling ts_opentelemetry v0.20.0-beta.1
[INFO] [stderr]    Compiling ts_opentelemetry_semantic_conventions v0.12.0-beta.1
[INFO] [stderr]    Compiling ts_opentelemetry_jaeger v0.19.0-beta.1 (/opt/rustwide/workdir)
[INFO] [stdout] warning: variable does not need to be mutable
[INFO] [stdout]    --> src/exporter/config/agent.rs:191:41
[INFO] [stdout]     |
[INFO] [stdout] 191 |         self.set_transformation_config(|mut config| {
[INFO] [stdout]     |                                         ----^^^^^^
[INFO] [stdout]     |                                         |
[INFO] [stdout]     |                                         help: remove this `mut`
[INFO] [stdout]     |
[INFO] [stdout] note: the lint level is defined here
[INFO] [stdout]    --> src/lib.rs:305:5
[INFO] [stdout]     |
[INFO] [stdout] 305 |     unused
[INFO] [stdout]     |     ^^^^^^
[INFO] [stdout]     = note: `#[warn(unused_mut)]` implied by `#[warn(unused)]`
[INFO] [stdout] 
[INFO] [stdout] 
[INFO] [stdout] warning: variable does not need to be mutable
[INFO] [stdout]    --> src/exporter/config/agent.rs:207:41
[INFO] [stdout]     |
[INFO] [stdout] 207 |         self.set_transformation_config(|mut config| {
[INFO] [stdout]     |                                         ----^^^^^^
[INFO] [stdout]     |                                         |
[INFO] [stdout]     |                                         help: remove this `mut`
[INFO] [stdout] 
[INFO] [stdout] 
[INFO] [stdout] warning: 2 warnings emitted
[INFO] [stdout] 
[INFO] [stdout] 
[INFO] [stderr]     Finished dev [unoptimized + debuginfo] target(s) in 8.38s
[INFO] running `Command { std: "docker" "inspect" "6516514e26399bc6cdbebc6759b0ab0c5a4982cc19240b66a864a34f81564241", kill_on_drop: false }`
[INFO] running `Command { std: "docker" "rm" "-f" "6516514e26399bc6cdbebc6759b0ab0c5a4982cc19240b66a864a34f81564241", kill_on_drop: false }`
[INFO] [stdout] 6516514e26399bc6cdbebc6759b0ab0c5a4982cc19240b66a864a34f81564241
[INFO] running `Command { std: "docker" "create" "-v" "/var/lib/crater-agent-workspace/builds/worker-7-tc2/target:/opt/rustwide/target:rw,Z" "-v" "/var/lib/crater-agent-workspace/builds/worker-7-tc2/source:/opt/rustwide/workdir:ro,Z" "-v" "/var/lib/crater-agent-workspace/cargo-home:/opt/rustwide/cargo-home:ro,Z" "-v" "/var/lib/crater-agent-workspace/rustup-home:/opt/rustwide/rustup-home:ro,Z" "-e" "SOURCE_DIR=/opt/rustwide/workdir" "-e" "CARGO_TARGET_DIR=/opt/rustwide/target" "-e" "CARGO_INCREMENTAL=0" "-e" "RUST_BACKTRACE=full" "-e" "RUSTFLAGS=--cap-lints=warn" "-e" "RUSTDOCFLAGS=--cap-lints=warn" "-e" "CARGO_HOME=/opt/rustwide/cargo-home" "-e" "RUSTUP_HOME=/opt/rustwide/rustup-home" "-w" "/opt/rustwide/workdir" "-m" "1610612736" "--user" "0:0" "--network" "none" "ghcr.io/rust-lang/crates-build-env/linux@sha256:2788e3201cd34a07e3172128adcd8b3090168a8e3bcc40d7c032b9dda1df7d1c" "/opt/rustwide/cargo-home/bin/cargo" "+beta-2023-12-22" "test" "--frozen" "--no-run" "--message-format=json", kill_on_drop: false }`
[INFO] [stdout] e1a22a2c5679c7c9f2aa34c3500c71ecae7d2dbc087a475667fc16a74785b328
[INFO] running `Command { std: "docker" "start" "-a" "e1a22a2c5679c7c9f2aa34c3500c71ecae7d2dbc087a475667fc16a74785b328", kill_on_drop: false }`
[INFO] [stderr]    Compiling tokio v1.35.1
[INFO] [stdout] warning: variable does not need to be mutable
[INFO] [stdout]    --> src/exporter/config/agent.rs:191:41
[INFO] [stdout]     |
[INFO] [stdout] 191 |         self.set_transformation_config(|mut config| {
[INFO] [stdout]     |                                         ----^^^^^^
[INFO] [stdout]     |                                         |
[INFO] [stdout]     |                                         help: remove this `mut`
[INFO] [stdout]     |
[INFO] [stdout] note: the lint level is defined here
[INFO] [stdout]    --> src/lib.rs:305:5
[INFO] [stdout]     |
[INFO] [stdout] 305 |     unused
[INFO] [stdout]     |     ^^^^^^
[INFO] [stdout]     = note: `#[warn(unused_mut)]` implied by `#[warn(unused)]`
[INFO] [stdout] 
[INFO] [stdout] 
[INFO] [stdout] warning: variable does not need to be mutable
[INFO] [stdout]    --> src/exporter/config/agent.rs:207:41
[INFO] [stdout]     |
[INFO] [stdout] 207 |         self.set_transformation_config(|mut config| {
[INFO] [stdout]     |                                         ----^^^^^^
[INFO] [stdout]     |                                         |
[INFO] [stdout]     |                                         help: remove this `mut`
[INFO] [stdout] 
[INFO] [stdout] 
[INFO] [stdout] warning: 2 warnings emitted
[INFO] [stdout] 
[INFO] [stdout] 
[INFO] [stderr]    Compiling ts_opentelemetry_jaeger v0.19.0-beta.1 (/opt/rustwide/workdir)
[INFO] [stdout] error[E0433]: failed to resolve: could not find `testing` in `ts_opentelemetry`
[INFO] [stdout]    --> src/lib.rs:588:13
[INFO] [stdout]     |
[INFO] [stdout] 588 |             testing::trace::TestSpan,
[INFO] [stdout]     |             ^^^^^^^ could not find `testing` in `ts_opentelemetry`
[INFO] [stdout] 
[INFO] [stdout] 
[INFO] [stdout] error[E0433]: failed to resolve: could not find `test` in `tokio`
[INFO] [stdout]    --> src/exporter/config/mod.rs:109:14
[INFO] [stdout]     |
[INFO] [stdout] 109 |     #[tokio::test]
[INFO] [stdout]     |              ^^^^ could not find `test` in `tokio`
[INFO] [stdout] 
[INFO] [stdout] 
[INFO] [stdout] error[E0599]: no function or associated item named `from_u128` found for struct `TraceId` in the current scope
[INFO] [stdout]    --> src/lib.rs:608:34
[INFO] [stdout]     |
[INFO] [stdout] 608 |                         TraceId::from_u128(TRACE_ID),
[INFO] [stdout]     |                                  ^^^^^^^^^ function or associated item not found in `TraceId`
[INFO] [stdout]     |
[INFO] [stdout] note: if you're trying to build a new `TraceId` consider using one of the following associated functions:
[INFO] [stdout]       TraceId::from_bytes
[INFO] [stdout]       TraceId::from_hex
[INFO] [stdout]    --> /opt/rustwide/cargo-home/registry/src/index.crates.io-6f17d22bba15001f/ts_opentelemetry_api-0.20.0-beta.1/src/trace/span_context.rs:97:5
[INFO] [stdout]     |
[INFO] [stdout] 97  |     pub const fn from_bytes(bytes: [u8; 16]) -> Self {
[INFO] [stdout]     |     ^^^^^^^^^^^^^^^^^^^^^^^^^^^^^^^^^^^^^^^^^^^^^^^^
[INFO] [stdout] ...
[INFO] [stdout] 118 |     pub fn from_hex(hex: &str) -> Result<Self, ParseIntError> {
[INFO] [stdout]     |     ^^^^^^^^^^^^^^^^^^^^^^^^^^^^^^^^^^^^^^^^^^^^^^^^^^^^^^^^^
[INFO] [stdout] 
[INFO] [stdout] 
[INFO] [stdout] error[E0599]: no function or associated item named `from_u64` found for struct `SpanId` in the current scope
[INFO] [stdout]    --> src/lib.rs:609:33
[INFO] [stdout]     |
[INFO] [stdout] 609 |                         SpanId::from_u64(SPAN_ID),
[INFO] [stdout]     |                                 ^^^^^^^^ function or associated item not found in `SpanId`
[INFO] [stdout]     |
[INFO] [stdout] note: if you're trying to build a new `SpanId` consider using one of the following associated functions:
[INFO] [stdout]       SpanId::from_bytes
[INFO] [stdout]       SpanId::from_hex
[INFO] [stdout]    --> /opt/rustwide/cargo-home/registry/src/index.crates.io-6f17d22bba15001f/ts_opentelemetry_api-0.20.0-beta.1/src/trace/span_context.rs:158:5
[INFO] [stdout]     |
[INFO] [stdout] 158 |     pub const fn from_bytes(bytes: [u8; 8]) -> Self {
[INFO] [stdout]     |     ^^^^^^^^^^^^^^^^^^^^^^^^^^^^^^^^^^^^^^^^^^^^^^^
[INFO] [stdout] ...
[INFO] [stdout] 179 |     pub fn from_hex(hex: &str) -> Result<Self, ParseIntError> {
[INFO] [stdout]     |     ^^^^^^^^^^^^^^^^^^^^^^^^^^^^^^^^^^^^^^^^^^^^^^^^^^^^^^^^^
[INFO] [stdout] 
[INFO] [stdout] 
[INFO] [stdout] error[E0599]: no function or associated item named `from_u128` found for struct `TraceId` in the current scope
[INFO] [stdout]    --> src/lib.rs:620:34
[INFO] [stdout]     |
[INFO] [stdout] 620 |                         TraceId::from_u128(TRACE_ID),
[INFO] [stdout]     |                                  ^^^^^^^^^ function or associated item not found in `TraceId`
[INFO] [stdout]     |
[INFO] [stdout] note: if you're trying to build a new `TraceId` consider using one of the following associated functions:
[INFO] [stdout]       TraceId::from_bytes
[INFO] [stdout]       TraceId::from_hex
[INFO] [stdout]    --> /opt/rustwide/cargo-home/registry/src/index.crates.io-6f17d22bba15001f/ts_opentelemetry_api-0.20.0-beta.1/src/trace/span_context.rs:97:5
[INFO] [stdout]     |
[INFO] [stdout] 97  |     pub const fn from_bytes(bytes: [u8; 16]) -> Self {
[INFO] [stdout]     |     ^^^^^^^^^^^^^^^^^^^^^^^^^^^^^^^^^^^^^^^^^^^^^^^^
[INFO] [stdout] ...
[INFO] [stdout] 118 |     pub fn from_hex(hex: &str) -> Result<Self, ParseIntError> {
[INFO] [stdout]     |     ^^^^^^^^^^^^^^^^^^^^^^^^^^^^^^^^^^^^^^^^^^^^^^^^^^^^^^^^^
[INFO] [stdout] 
[INFO] [stdout] 
[INFO] [stdout] error[E0599]: no function or associated item named `from_u64` found for struct `SpanId` in the current scope
[INFO] [stdout]    --> src/lib.rs:621:33
[INFO] [stdout]     |
[INFO] [stdout] 621 |                         SpanId::from_u64(SPAN_ID),
[INFO] [stdout]     |                                 ^^^^^^^^ function or associated item not found in `SpanId`
[INFO] [stdout]     |
[INFO] [stdout] note: if you're trying to build a new `SpanId` consider using one of the following associated functions:
[INFO] [stdout]       SpanId::from_bytes
[INFO] [stdout]       SpanId::from_hex
[INFO] [stdout]    --> /opt/rustwide/cargo-home/registry/src/index.crates.io-6f17d22bba15001f/ts_opentelemetry_api-0.20.0-beta.1/src/trace/span_context.rs:158:5
[INFO] [stdout]     |
[INFO] [stdout] 158 |     pub const fn from_bytes(bytes: [u8; 8]) -> Self {
[INFO] [stdout]     |     ^^^^^^^^^^^^^^^^^^^^^^^^^^^^^^^^^^^^^^^^^^^^^^^
[INFO] [stdout] ...
[INFO] [stdout] 179 |     pub fn from_hex(hex: &str) -> Result<Self, ParseIntError> {
[INFO] [stdout]     |     ^^^^^^^^^^^^^^^^^^^^^^^^^^^^^^^^^^^^^^^^^^^^^^^^^^^^^^^^^
[INFO] [stdout] 
[INFO] [stdout] 
[INFO] [stdout] error[E0599]: no function or associated item named `from_u128` found for struct `TraceId` in the current scope
[INFO] [stdout]    --> src/lib.rs:632:34
[INFO] [stdout]     |
[INFO] [stdout] 632 |                         TraceId::from_u128(TRACE_ID),
[INFO] [stdout]     |                                  ^^^^^^^^^ function or associated item not found in `TraceId`
[INFO] [stdout]     |
[INFO] [stdout] note: if you're trying to build a new `TraceId` consider using one of the following associated functions:
[INFO] [stdout]       TraceId::from_bytes
[INFO] [stdout]       TraceId::from_hex
[INFO] [stdout]    --> /opt/rustwide/cargo-home/registry/src/index.crates.io-6f17d22bba15001f/ts_opentelemetry_api-0.20.0-beta.1/src/trace/span_context.rs:97:5
[INFO] [stdout]     |
[INFO] [stdout] 97  |     pub const fn from_bytes(bytes: [u8; 16]) -> Self {
[INFO] [stdout]     |     ^^^^^^^^^^^^^^^^^^^^^^^^^^^^^^^^^^^^^^^^^^^^^^^^
[INFO] [stdout] ...
[INFO] [stdout] 118 |     pub fn from_hex(hex: &str) -> Result<Self, ParseIntError> {
[INFO] [stdout]     |     ^^^^^^^^^^^^^^^^^^^^^^^^^^^^^^^^^^^^^^^^^^^^^^^^^^^^^^^^^
[INFO] [stdout] 
[INFO] [stdout] 
[INFO] [stdout] error[E0599]: no function or associated item named `from_u64` found for struct `SpanId` in the current scope
[INFO] [stdout]    --> src/lib.rs:633:33
[INFO] [stdout]     |
[INFO] [stdout] 633 |                         SpanId::from_u64(SPAN_ID),
[INFO] [stdout]     |                                 ^^^^^^^^ function or associated item not found in `SpanId`
[INFO] [stdout]     |
[INFO] [stdout] note: if you're trying to build a new `SpanId` consider using one of the following associated functions:
[INFO] [stdout]       SpanId::from_bytes
[INFO] [stdout]       SpanId::from_hex
[INFO] [stdout]    --> /opt/rustwide/cargo-home/registry/src/index.crates.io-6f17d22bba15001f/ts_opentelemetry_api-0.20.0-beta.1/src/trace/span_context.rs:158:5
[INFO] [stdout]     |
[INFO] [stdout] 158 |     pub const fn from_bytes(bytes: [u8; 8]) -> Self {
[INFO] [stdout]     |     ^^^^^^^^^^^^^^^^^^^^^^^^^^^^^^^^^^^^^^^^^^^^^^^
[INFO] [stdout] ...
[INFO] [stdout] 179 |     pub fn from_hex(hex: &str) -> Result<Self, ParseIntError> {
[INFO] [stdout]     |     ^^^^^^^^^^^^^^^^^^^^^^^^^^^^^^^^^^^^^^^^^^^^^^^^^^^^^^^^^
[INFO] [stdout] 
[INFO] [stdout] 
[INFO] [stdout] error[E0599]: no function or associated item named `from_u128` found for struct `TraceId` in the current scope
[INFO] [stdout]    --> src/lib.rs:644:34
[INFO] [stdout]     |
[INFO] [stdout] 644 |                         TraceId::from_u128(TRACE_ID),
[INFO] [stdout]     |                                  ^^^^^^^^^ function or associated item not found in `TraceId`
[INFO] [stdout]     |
[INFO] [stdout] note: if you're trying to build a new `TraceId` consider using one of the following associated functions:
[INFO] [stdout]       TraceId::from_bytes
[INFO] [stdout]       TraceId::from_hex
[INFO] [stdout]    --> /opt/rustwide/cargo-home/registry/src/index.crates.io-6f17d22bba15001f/ts_opentelemetry_api-0.20.0-beta.1/src/trace/span_context.rs:97:5
[INFO] [stdout]     |
[INFO] [stdout] 97  |     pub const fn from_bytes(bytes: [u8; 16]) -> Self {
[INFO] [stdout]     |     ^^^^^^^^^^^^^^^^^^^^^^^^^^^^^^^^^^^^^^^^^^^^^^^^
[INFO] [stdout] ...
[INFO] [stdout] 118 |     pub fn from_hex(hex: &str) -> Result<Self, ParseIntError> {
[INFO] [stdout]     |     ^^^^^^^^^^^^^^^^^^^^^^^^^^^^^^^^^^^^^^^^^^^^^^^^^^^^^^^^^
[INFO] [stdout] 
[INFO] [stdout] 
[INFO] [stdout] error[E0599]: no function or associated item named `from_u64` found for struct `SpanId` in the current scope
[INFO] [stdout]    --> src/lib.rs:645:33
[INFO] [stdout]     |
[INFO] [stdout] 645 |                         SpanId::from_u64(SPAN_ID),
[INFO] [stdout]     |                                 ^^^^^^^^ function or associated item not found in `SpanId`
[INFO] [stdout]     |
[INFO] [stdout] note: if you're trying to build a new `SpanId` consider using one of the following associated functions:
[INFO] [stdout]       SpanId::from_bytes
[INFO] [stdout]       SpanId::from_hex
[INFO] [stdout]    --> /opt/rustwide/cargo-home/registry/src/index.crates.io-6f17d22bba15001f/ts_opentelemetry_api-0.20.0-beta.1/src/trace/span_context.rs:158:5
[INFO] [stdout]     |
[INFO] [stdout] 158 |     pub const fn from_bytes(bytes: [u8; 8]) -> Self {
[INFO] [stdout]     |     ^^^^^^^^^^^^^^^^^^^^^^^^^^^^^^^^^^^^^^^^^^^^^^^
[INFO] [stdout] ...
[INFO] [stdout] 179 |     pub fn from_hex(hex: &str) -> Result<Self, ParseIntError> {
[INFO] [stdout]     |     ^^^^^^^^^^^^^^^^^^^^^^^^^^^^^^^^^^^^^^^^^^^^^^^^^^^^^^^^^
[INFO] [stdout] 
[INFO] [stdout] 
[INFO] [stdout] error[E0599]: no function or associated item named `from_u128` found for struct `TraceId` in the current scope
[INFO] [stdout]    --> src/lib.rs:656:34
[INFO] [stdout]     |
[INFO] [stdout] 656 |                         TraceId::from_u128(TRACE_ID),
[INFO] [stdout]     |                                  ^^^^^^^^^ function or associated item not found in `TraceId`
[INFO] [stdout]     |
[INFO] [stdout] note: if you're trying to build a new `TraceId` consider using one of the following associated functions:
[INFO] [stdout]       TraceId::from_bytes
[INFO] [stdout]       TraceId::from_hex
[INFO] [stdout]    --> /opt/rustwide/cargo-home/registry/src/index.crates.io-6f17d22bba15001f/ts_opentelemetry_api-0.20.0-beta.1/src/trace/span_context.rs:97:5
[INFO] [stdout]     |
[INFO] [stdout] 97  |     pub const fn from_bytes(bytes: [u8; 16]) -> Self {
[INFO] [stdout]     |     ^^^^^^^^^^^^^^^^^^^^^^^^^^^^^^^^^^^^^^^^^^^^^^^^
[INFO] [stdout] ...
[INFO] [stdout] 118 |     pub fn from_hex(hex: &str) -> Result<Self, ParseIntError> {
[INFO] [stdout]     |     ^^^^^^^^^^^^^^^^^^^^^^^^^^^^^^^^^^^^^^^^^^^^^^^^^^^^^^^^^
[INFO] [stdout] 
[INFO] [stdout] 
[INFO] [stdout] error[E0599]: no function or associated item named `from_u64` found for struct `SpanId` in the current scope
[INFO] [stdout]    --> src/lib.rs:657:33
[INFO] [stdout]     |
[INFO] [stdout] 657 |                         SpanId::from_u64(SPAN_ID),
[INFO] [stdout]     |                                 ^^^^^^^^ function or associated item not found in `SpanId`
[INFO] [stdout]     |
[INFO] [stdout] note: if you're trying to build a new `SpanId` consider using one of the following associated functions:
[INFO] [stdout]       SpanId::from_bytes
[INFO] [stdout]       SpanId::from_hex
[INFO] [stdout]    --> /opt/rustwide/cargo-home/registry/src/index.crates.io-6f17d22bba15001f/ts_opentelemetry_api-0.20.0-beta.1/src/trace/span_context.rs:158:5
[INFO] [stdout]     |
[INFO] [stdout] 158 |     pub const fn from_bytes(bytes: [u8; 8]) -> Self {
[INFO] [stdout]     |     ^^^^^^^^^^^^^^^^^^^^^^^^^^^^^^^^^^^^^^^^^^^^^^^
[INFO] [stdout] ...
[INFO] [stdout] 179 |     pub fn from_hex(hex: &str) -> Result<Self, ParseIntError> {
[INFO] [stdout]     |     ^^^^^^^^^^^^^^^^^^^^^^^^^^^^^^^^^^^^^^^^^^^^^^^^^^^^^^^^^
[INFO] [stdout] 
[INFO] [stdout] 
[INFO] [stdout] error[E0599]: no function or associated item named `from_u128` found for struct `TraceId` in the current scope
[INFO] [stdout]    --> src/lib.rs:688:34
[INFO] [stdout]     |
[INFO] [stdout] 688 |                         TraceId::from_u128(TRACE_ID),
[INFO] [stdout]     |                                  ^^^^^^^^^ function or associated item not found in `TraceId`
[INFO] [stdout]     |
[INFO] [stdout] note: if you're trying to build a new `TraceId` consider using one of the following associated functions:
[INFO] [stdout]       TraceId::from_bytes
[INFO] [stdout]       TraceId::from_hex
[INFO] [stdout]    --> /opt/rustwide/cargo-home/registry/src/index.crates.io-6f17d22bba15001f/ts_opentelemetry_api-0.20.0-beta.1/src/trace/span_context.rs:97:5
[INFO] [stdout]     |
[INFO] [stdout] 97  |     pub const fn from_bytes(bytes: [u8; 16]) -> Self {
[INFO] [stdout]     |     ^^^^^^^^^^^^^^^^^^^^^^^^^^^^^^^^^^^^^^^^^^^^^^^^
[INFO] [stdout] ...
[INFO] [stdout] 118 |     pub fn from_hex(hex: &str) -> Result<Self, ParseIntError> {
[INFO] [stdout]     |     ^^^^^^^^^^^^^^^^^^^^^^^^^^^^^^^^^^^^^^^^^^^^^^^^^^^^^^^^^
[INFO] [stdout] 
[INFO] [stdout] 
[INFO] [stdout] error[E0599]: no function or associated item named `from_u64` found for struct `SpanId` in the current scope
[INFO] [stdout]    --> src/lib.rs:689:33
[INFO] [stdout]     |
[INFO] [stdout] 689 |                         SpanId::from_u64(SPAN_ID),
[INFO] [stdout]     |                                 ^^^^^^^^ function or associated item not found in `SpanId`
[INFO] [stdout]     |
[INFO] [stdout] note: if you're trying to build a new `SpanId` consider using one of the following associated functions:
[INFO] [stdout]       SpanId::from_bytes
[INFO] [stdout]       SpanId::from_hex
[INFO] [stdout]    --> /opt/rustwide/cargo-home/registry/src/index.crates.io-6f17d22bba15001f/ts_opentelemetry_api-0.20.0-beta.1/src/trace/span_context.rs:158:5
[INFO] [stdout]     |
[INFO] [stdout] 158 |     pub const fn from_bytes(bytes: [u8; 8]) -> Self {
[INFO] [stdout]     |     ^^^^^^^^^^^^^^^^^^^^^^^^^^^^^^^^^^^^^^^^^^^^^^^
[INFO] [stdout] ...
[INFO] [stdout] 179 |     pub fn from_hex(hex: &str) -> Result<Self, ParseIntError> {
[INFO] [stdout]     |     ^^^^^^^^^^^^^^^^^^^^^^^^^^^^^^^^^^^^^^^^^^^^^^^^^^^^^^^^^
[INFO] [stdout] 
[INFO] [stdout] 
[INFO] [stdout] error[E0599]: no function or associated item named `from_u128` found for struct `TraceId` in the current scope
[INFO] [stdout]    --> src/lib.rs:698:34
[INFO] [stdout]     |
[INFO] [stdout] 698 |                         TraceId::from_u128(TRACE_ID),
[INFO] [stdout]     |                                  ^^^^^^^^^ function or associated item not found in `TraceId`
[INFO] [stdout]     |
[INFO] [stdout] note: if you're trying to build a new `TraceId` consider using one of the following associated functions:
[INFO] [stdout]       TraceId::from_bytes
[INFO] [stdout]       TraceId::from_hex
[INFO] [stdout]    --> /opt/rustwide/cargo-home/registry/src/index.crates.io-6f17d22bba15001f/ts_opentelemetry_api-0.20.0-beta.1/src/trace/span_context.rs:97:5
[INFO] [stdout]     |
[INFO] [stdout] 97  |     pub const fn from_bytes(bytes: [u8; 16]) -> Self {
[INFO] [stdout]     |     ^^^^^^^^^^^^^^^^^^^^^^^^^^^^^^^^^^^^^^^^^^^^^^^^
[INFO] [stdout] ...
[INFO] [stdout] 118 |     pub fn from_hex(hex: &str) -> Result<Self, ParseIntError> {
[INFO] [stdout]     |     ^^^^^^^^^^^^^^^^^^^^^^^^^^^^^^^^^^^^^^^^^^^^^^^^^^^^^^^^^
[INFO] [stdout] 
[INFO] [stdout] 
[INFO] [stdout] error[E0599]: no function or associated item named `from_u64` found for struct `SpanId` in the current scope
[INFO] [stdout]    --> src/lib.rs:699:33
[INFO] [stdout]     |
[INFO] [stdout] 699 |                         SpanId::from_u64(SPAN_ID),
[INFO] [stdout]     |                                 ^^^^^^^^ function or associated item not found in `SpanId`
[INFO] [stdout]     |
[INFO] [stdout] note: if you're trying to build a new `SpanId` consider using one of the following associated functions:
[INFO] [stdout]       SpanId::from_bytes
[INFO] [stdout]       SpanId::from_hex
[INFO] [stdout]    --> /opt/rustwide/cargo-home/registry/src/index.crates.io-6f17d22bba15001f/ts_opentelemetry_api-0.20.0-beta.1/src/trace/span_context.rs:158:5
[INFO] [stdout]     |
[INFO] [stdout] 158 |     pub const fn from_bytes(bytes: [u8; 8]) -> Self {
[INFO] [stdout]     |     ^^^^^^^^^^^^^^^^^^^^^^^^^^^^^^^^^^^^^^^^^^^^^^^
[INFO] [stdout] ...
[INFO] [stdout] 179 |     pub fn from_hex(hex: &str) -> Result<Self, ParseIntError> {
[INFO] [stdout]     |     ^^^^^^^^^^^^^^^^^^^^^^^^^^^^^^^^^^^^^^^^^^^^^^^^^^^^^^^^^
[INFO] [stdout] 
[INFO] [stdout] 
[INFO] [stdout] error[E0599]: no function or associated item named `from_u128` found for struct `TraceId` in the current scope
[INFO] [stdout]    --> src/lib.rs:708:34
[INFO] [stdout]     |
[INFO] [stdout] 708 |                         TraceId::from_u128(TRACE_ID),
[INFO] [stdout]     |                                  ^^^^^^^^^ function or associated item not found in `TraceId`
[INFO] [stdout]     |
[INFO] [stdout] note: if you're trying to build a new `TraceId` consider using one of the following associated functions:
[INFO] [stdout]       TraceId::from_bytes
[INFO] [stdout]       TraceId::from_hex
[INFO] [stdout]    --> /opt/rustwide/cargo-home/registry/src/index.crates.io-6f17d22bba15001f/ts_opentelemetry_api-0.20.0-beta.1/src/trace/span_context.rs:97:5
[INFO] [stdout]     |
[INFO] [stdout] 97  |     pub const fn from_bytes(bytes: [u8; 16]) -> Self {
[INFO] [stdout]     |     ^^^^^^^^^^^^^^^^^^^^^^^^^^^^^^^^^^^^^^^^^^^^^^^^
[INFO] [stdout] ...
[INFO] [stdout] 118 |     pub fn from_hex(hex: &str) -> Result<Self, ParseIntError> {
[INFO] [stdout]     |     ^^^^^^^^^^^^^^^^^^^^^^^^^^^^^^^^^^^^^^^^^^^^^^^^^^^^^^^^^
[INFO] [stdout] 
[INFO] [stdout] 
[INFO] [stdout] error[E0599]: no function or associated item named `from_u64` found for struct `SpanId` in the current scope
[INFO] [stdout]    --> src/lib.rs:709:33
[INFO] [stdout]     |
[INFO] [stdout] 709 |                         SpanId::from_u64(SPAN_ID),
[INFO] [stdout]     |                                 ^^^^^^^^ function or associated item not found in `SpanId`
[INFO] [stdout]     |
[INFO] [stdout] note: if you're trying to build a new `SpanId` consider using one of the following associated functions:
[INFO] [stdout]       SpanId::from_bytes
[INFO] [stdout]       SpanId::from_hex
[INFO] [stdout]    --> /opt/rustwide/cargo-home/registry/src/index.crates.io-6f17d22bba15001f/ts_opentelemetry_api-0.20.0-beta.1/src/trace/span_context.rs:158:5
[INFO] [stdout]     |
[INFO] [stdout] 158 |     pub const fn from_bytes(bytes: [u8; 8]) -> Self {
[INFO] [stdout]     |     ^^^^^^^^^^^^^^^^^^^^^^^^^^^^^^^^^^^^^^^^^^^^^^^
[INFO] [stdout] ...
[INFO] [stdout] 179 |     pub fn from_hex(hex: &str) -> Result<Self, ParseIntError> {
[INFO] [stdout]     |     ^^^^^^^^^^^^^^^^^^^^^^^^^^^^^^^^^^^^^^^^^^^^^^^^^^^^^^^^^
[INFO] [stdout] 
[INFO] [stdout] 
[INFO] [stdout] error[E0599]: no function or associated item named `from_u128` found for struct `TraceId` in the current scope
[INFO] [stdout]    --> src/lib.rs:811:30
[INFO] [stdout]     |
[INFO] [stdout] 811 |                     TraceId::from_u128(TRACE_ID),
[INFO] [stdout]     |                              ^^^^^^^^^ function or associated item not found in `TraceId`
[INFO] [stdout]     |
[INFO] [stdout] note: if you're trying to build a new `TraceId` consider using one of the following associated functions:
[INFO] [stdout]       TraceId::from_bytes
[INFO] [stdout]       TraceId::from_hex
[INFO] [stdout]    --> /opt/rustwide/cargo-home/registry/src/index.crates.io-6f17d22bba15001f/ts_opentelemetry_api-0.20.0-beta.1/src/trace/span_context.rs:97:5
[INFO] [stdout]     |
[INFO] [stdout] 97  |     pub const fn from_bytes(bytes: [u8; 16]) -> Self {
[INFO] [stdout]     |     ^^^^^^^^^^^^^^^^^^^^^^^^^^^^^^^^^^^^^^^^^^^^^^^^
[INFO] [stdout] ...
[INFO] [stdout] 118 |     pub fn from_hex(hex: &str) -> Result<Self, ParseIntError> {
[INFO] [stdout]     |     ^^^^^^^^^^^^^^^^^^^^^^^^^^^^^^^^^^^^^^^^^^^^^^^^^^^^^^^^^
[INFO] [stdout] 
[INFO] [stdout] 
[INFO] [stdout] error[E0599]: no function or associated item named `from_u64` found for struct `SpanId` in the current scope
[INFO] [stdout]    --> src/lib.rs:812:29
[INFO] [stdout]     |
[INFO] [stdout] 812 |                     SpanId::from_u64(SPAN_ID),
[INFO] [stdout]     |                             ^^^^^^^^ function or associated item not found in `SpanId`
[INFO] [stdout]     |
[INFO] [stdout] note: if you're trying to build a new `SpanId` consider using one of the following associated functions:
[INFO] [stdout]       SpanId::from_bytes
[INFO] [stdout]       SpanId::from_hex
[INFO] [stdout]    --> /opt/rustwide/cargo-home/registry/src/index.crates.io-6f17d22bba15001f/ts_opentelemetry_api-0.20.0-beta.1/src/trace/span_context.rs:158:5
[INFO] [stdout]     |
[INFO] [stdout] 158 |     pub const fn from_bytes(bytes: [u8; 8]) -> Self {
[INFO] [stdout]     |     ^^^^^^^^^^^^^^^^^^^^^^^^^^^^^^^^^^^^^^^^^^^^^^^
[INFO] [stdout] ...
[INFO] [stdout] 179 |     pub fn from_hex(hex: &str) -> Result<Self, ParseIntError> {
[INFO] [stdout]     |     ^^^^^^^^^^^^^^^^^^^^^^^^^^^^^^^^^^^^^^^^^^^^^^^^^^^^^^^^^
[INFO] [stdout] 
[INFO] [stdout] 
[INFO] [stdout] error: aborting due to 20 previous errors
[INFO] [stdout] 
[INFO] [stdout] 
[INFO] [stdout] Some errors have detailed explanations: E0433, E0599.
[INFO] [stdout] 
[INFO] [stdout] For more information about an error, try `rustc --explain E0433`.
[INFO] [stdout] 
[INFO] [stderr] error: could not compile `ts_opentelemetry_jaeger` (lib test) due to 21 previous errors
[INFO] running `Command { std: "docker" "inspect" "e1a22a2c5679c7c9f2aa34c3500c71ecae7d2dbc087a475667fc16a74785b328", kill_on_drop: false }`
[INFO] running `Command { std: "docker" "rm" "-f" "e1a22a2c5679c7c9f2aa34c3500c71ecae7d2dbc087a475667fc16a74785b328", kill_on_drop: false }`
[INFO] [stdout] e1a22a2c5679c7c9f2aa34c3500c71ecae7d2dbc087a475667fc16a74785b328
