[INFO] fetching crate ts-rs-json-value 7.0.3...
[INFO] testing ts-rs-json-value-7.0.3 against 1.75.0 for beta-1.76-1
[INFO] extracting crate ts-rs-json-value 7.0.3 into /workspace/builds/worker-2-tc1/source
[INFO] validating manifest of crates.io crate ts-rs-json-value 7.0.3 on toolchain 1.75.0
[INFO] running `Command { std: CARGO_HOME="/workspace/cargo-home" RUSTUP_HOME="/workspace/rustup-home" "/workspace/cargo-home/bin/cargo" "+1.75.0" "metadata" "--manifest-path" "Cargo.toml" "--no-deps", kill_on_drop: false }`
[INFO] started tweaking crates.io crate ts-rs-json-value 7.0.3
[INFO] finished tweaking crates.io crate ts-rs-json-value 7.0.3
[INFO] tweaked toml for crates.io crate ts-rs-json-value 7.0.3 written to /workspace/builds/worker-2-tc1/source/Cargo.toml
[INFO] running `Command { std: CARGO_HOME="/workspace/cargo-home" RUSTUP_HOME="/workspace/rustup-home" "/workspace/cargo-home/bin/cargo" "+1.75.0" "generate-lockfile" "--manifest-path" "Cargo.toml", kill_on_drop: false }`
[INFO] [stderr]     Blocking waiting for file lock on package cache
[INFO] [stderr]     Updating crates.io index
[INFO] running `Command { std: CARGO_HOME="/workspace/cargo-home" RUSTUP_HOME="/workspace/rustup-home" "/workspace/cargo-home/bin/cargo" "+1.75.0" "fetch" "--manifest-path" "Cargo.toml", kill_on_drop: false }`
[INFO] [stderr]  Downloading crates ...
[INFO] [stderr]   Downloaded string_enum v0.4.0
[INFO] [stderr]   Downloaded swc_visit_macros v0.5.7
[INFO] [stderr]   Downloaded dprint-swc-ext v0.10.0
[INFO] [stderr]   Downloaded from_variant v0.1.5
[INFO] [stderr]   Downloaded swc_ecma_ast v0.104.5
[INFO] [stderr]   Downloaded swc_config_macro v0.1.1
[INFO] [stderr]   Downloaded swc_eq_ignore_macros v0.1.1
[INFO] [stderr]   Downloaded ast_node v0.9.4
[INFO] [stderr]   Downloaded deno_ast v0.27.3
[INFO] [stderr]   Downloaded swc_ecma_parser v0.134.12
[INFO] [stderr]   Downloaded swc_macros_common v0.3.7
[INFO] [stderr]   Downloaded swc_atoms v0.5.6
[INFO] [stderr]   Downloaded swc_visit v0.5.6
[INFO] [stderr]   Downloaded deno_media_type v0.1.2
[INFO] [stderr]   Downloaded swc_common v0.31.12
[INFO] [stderr]   Downloaded text_lines v0.6.0
[INFO] [stderr]   Downloaded swc_config v0.1.5
[INFO] [stderr]   Downloaded ts-rs-macros-serde-json v7.0.1
[INFO] [stderr]   Downloaded dprint-plugin-typescript v0.85.1
[INFO] running `Command { std: "docker" "create" "-v" "/var/lib/crater-agent-workspace/builds/worker-2-tc1/target:/opt/rustwide/target:rw,Z" "-v" "/var/lib/crater-agent-workspace/builds/worker-2-tc1/source:/opt/rustwide/workdir:ro,Z" "-v" "/var/lib/crater-agent-workspace/cargo-home:/opt/rustwide/cargo-home:ro,Z" "-v" "/var/lib/crater-agent-workspace/rustup-home:/opt/rustwide/rustup-home:ro,Z" "-e" "SOURCE_DIR=/opt/rustwide/workdir" "-e" "CARGO_TARGET_DIR=/opt/rustwide/target" "-e" "CARGO_HOME=/opt/rustwide/cargo-home" "-e" "RUSTUP_HOME=/opt/rustwide/rustup-home" "-w" "/opt/rustwide/workdir" "-m" "1610612736" "--user" "0:0" "--network" "none" "ghcr.io/rust-lang/crates-build-env/linux@sha256:2788e3201cd34a07e3172128adcd8b3090168a8e3bcc40d7c032b9dda1df7d1c" "/opt/rustwide/cargo-home/bin/cargo" "+1.75.0" "metadata" "--no-deps" "--format-version=1", kill_on_drop: false }`
[INFO] [stdout] 21d191b2d2a8a1c6177695d21df650cc2892d6c2ab8d78fb767bad4d31fc1643
[INFO] running `Command { std: "docker" "start" "-a" "21d191b2d2a8a1c6177695d21df650cc2892d6c2ab8d78fb767bad4d31fc1643", kill_on_drop: false }`
[INFO] running `Command { std: "docker" "inspect" "21d191b2d2a8a1c6177695d21df650cc2892d6c2ab8d78fb767bad4d31fc1643", kill_on_drop: false }`
[INFO] running `Command { std: "docker" "rm" "-f" "21d191b2d2a8a1c6177695d21df650cc2892d6c2ab8d78fb767bad4d31fc1643", kill_on_drop: false }`
[INFO] [stdout] 21d191b2d2a8a1c6177695d21df650cc2892d6c2ab8d78fb767bad4d31fc1643
[INFO] running `Command { std: "docker" "create" "-v" "/var/lib/crater-agent-workspace/builds/worker-2-tc1/target:/opt/rustwide/target:rw,Z" "-v" "/var/lib/crater-agent-workspace/builds/worker-2-tc1/source:/opt/rustwide/workdir:ro,Z" "-v" "/var/lib/crater-agent-workspace/cargo-home:/opt/rustwide/cargo-home:ro,Z" "-v" "/var/lib/crater-agent-workspace/rustup-home:/opt/rustwide/rustup-home:ro,Z" "-e" "SOURCE_DIR=/opt/rustwide/workdir" "-e" "CARGO_TARGET_DIR=/opt/rustwide/target" "-e" "CARGO_INCREMENTAL=0" "-e" "RUST_BACKTRACE=full" "-e" "RUSTFLAGS=--cap-lints=warn" "-e" "RUSTDOCFLAGS=--cap-lints=warn" "-e" "CARGO_HOME=/opt/rustwide/cargo-home" "-e" "RUSTUP_HOME=/opt/rustwide/rustup-home" "-w" "/opt/rustwide/workdir" "-m" "1610612736" "--user" "0:0" "--network" "none" "ghcr.io/rust-lang/crates-build-env/linux@sha256:2788e3201cd34a07e3172128adcd8b3090168a8e3bcc40d7c032b9dda1df7d1c" "/opt/rustwide/cargo-home/bin/cargo" "+1.75.0" "build" "--frozen" "--message-format=json", kill_on_drop: false }`
[INFO] [stdout] d0799362831eaa2457021fa8e1380a0b5e98ae6eaa7d1d5e4147fda3f3c59368
[INFO] running `Command { std: "docker" "start" "-a" "d0799362831eaa2457021fa8e1380a0b5e98ae6eaa7d1d5e4147fda3f3c59368", kill_on_drop: false }`
[INFO] [stderr]    Compiling proc-macro2 v1.0.75
[INFO] [stderr]    Compiling unicode-ident v1.0.12
[INFO] [stderr]    Compiling thiserror v1.0.56
[INFO] [stderr]    Compiling Inflector v0.11.4
[INFO] [stderr]    Compiling termcolor v1.4.0
[INFO] [stderr]    Compiling quote v1.0.35
[INFO] [stderr]    Compiling syn v2.0.48
[INFO] [stderr]    Compiling thiserror-impl v1.0.56
[INFO] [stderr]    Compiling ts-rs-macros-serde-json v7.0.1
[INFO] [stderr]    Compiling ts-rs-json-value v7.0.3 (/opt/rustwide/workdir)
[INFO] [stderr]     Finished dev [unoptimized + debuginfo] target(s) in 4.82s
[INFO] running `Command { std: "docker" "inspect" "d0799362831eaa2457021fa8e1380a0b5e98ae6eaa7d1d5e4147fda3f3c59368", kill_on_drop: false }`
[INFO] running `Command { std: "docker" "rm" "-f" "d0799362831eaa2457021fa8e1380a0b5e98ae6eaa7d1d5e4147fda3f3c59368", kill_on_drop: false }`
[INFO] [stdout] d0799362831eaa2457021fa8e1380a0b5e98ae6eaa7d1d5e4147fda3f3c59368
[INFO] running `Command { std: "docker" "create" "-v" "/var/lib/crater-agent-workspace/builds/worker-2-tc1/target:/opt/rustwide/target:rw,Z" "-v" "/var/lib/crater-agent-workspace/builds/worker-2-tc1/source:/opt/rustwide/workdir:ro,Z" "-v" "/var/lib/crater-agent-workspace/cargo-home:/opt/rustwide/cargo-home:ro,Z" "-v" "/var/lib/crater-agent-workspace/rustup-home:/opt/rustwide/rustup-home:ro,Z" "-e" "SOURCE_DIR=/opt/rustwide/workdir" "-e" "CARGO_TARGET_DIR=/opt/rustwide/target" "-e" "CARGO_INCREMENTAL=0" "-e" "RUST_BACKTRACE=full" "-e" "RUSTFLAGS=--cap-lints=warn" "-e" "RUSTDOCFLAGS=--cap-lints=warn" "-e" "CARGO_HOME=/opt/rustwide/cargo-home" "-e" "RUSTUP_HOME=/opt/rustwide/rustup-home" "-w" "/opt/rustwide/workdir" "-m" "1610612736" "--user" "0:0" "--network" "none" "ghcr.io/rust-lang/crates-build-env/linux@sha256:2788e3201cd34a07e3172128adcd8b3090168a8e3bcc40d7c032b9dda1df7d1c" "/opt/rustwide/cargo-home/bin/cargo" "+1.75.0" "test" "--frozen" "--no-run" "--message-format=json", kill_on_drop: false }`
[INFO] [stdout] b64eaad7b2c5ff5a5e7ca2fb74dbb12d5b271f3a696949f33f620d6de038de17
[INFO] running `Command { std: "docker" "start" "-a" "b64eaad7b2c5ff5a5e7ca2fb74dbb12d5b271f3a696949f33f620d6de038de17", kill_on_drop: false }`
[INFO] [stderr]    Compiling serde v1.0.194
[INFO] [stderr]    Compiling serde_derive v1.0.194
[INFO] [stderr]    Compiling chrono v0.4.31
[INFO] [stderr]    Compiling ts-rs-json-value v7.0.3 (/opt/rustwide/workdir)
[INFO] [stdout] error[E0432]: unresolved import `ts_rs`
[INFO] [stdout]  --> tests/ranges.rs:3:5
[INFO] [stdout]   |
[INFO] [stdout] 3 | use ts_rs::{Dependency, TS};
[INFO] [stdout]   |     ^^^^^ use of undeclared crate or module `ts_rs`
[INFO] [stdout] 
[INFO] [stdout] 
[INFO] [stdout] error[E0432]: unresolved import `ts_rs`
[INFO] [stdout]  --> tests/flatten.rs:3:5
[INFO] [stdout]   |
[INFO] [stdout] 3 | use ts_rs::TS;
[INFO] [stdout]   |     ^^^^^ use of undeclared crate or module `ts_rs`
[INFO] [stdout] 
[INFO] [stdout] 
[INFO] [stdout] error[E0432]: unresolved import `ts_rs`
[INFO] [stdout]  --> tests/field_rename.rs:3:5
[INFO] [stdout]   |
[INFO] [stdout] 3 | use ts_rs::TS;
[INFO] [stdout]   |     ^^^^^ use of undeclared crate or module `ts_rs`
[INFO] [stdout] 
[INFO] [stdout] 
[INFO] [stdout] error: cannot determine resolution for the derive macro `TS`
[INFO] [stdout]  --> tests/ranges.rs:5:10
[INFO] [stdout]   |
[INFO] [stdout] 5 | #[derive(TS)]
[INFO] [stdout]   |          ^^
[INFO] [stdout]   |
[INFO] [stdout]   = note: import resolution is stuck, try simplifying macro imports
[INFO] [stdout] 
[INFO] [stdout] 
[INFO] [stdout] error: cannot determine resolution for the derive macro `TS`
[INFO] [stdout]  --> tests/ranges.rs:8:10
[INFO] [stdout]   |
[INFO] [stdout] 8 | #[derive(TS)]
[INFO] [stdout]   |          ^^
[INFO] [stdout]   |
[INFO] [stdout]   = note: import resolution is stuck, try simplifying macro imports
[INFO] [stdout] 
[INFO] [stdout] 
[INFO] [stdout] error: cannot determine resolution for the derive macro `TS`
[INFO] [stdout]  --> tests/flatten.rs:5:10
[INFO] [stdout]   |
[INFO] [stdout] 5 | #[derive(TS)]
[INFO] [stdout]   |          ^^
[INFO] [stdout]   |
[INFO] [stdout]   = note: import resolution is stuck, try simplifying macro imports
[INFO] [stdout] 
[INFO] [stdout] 
[INFO] [stdout] error: cannot determine resolution for the derive macro `TS`
[INFO] [stdout]   --> tests/flatten.rs:11:10
[INFO] [stdout]    |
[INFO] [stdout] 11 | #[derive(TS)]
[INFO] [stdout]    |          ^^
[INFO] [stdout]    |
[INFO] [stdout]    = note: import resolution is stuck, try simplifying macro imports
[INFO] [stdout] 
[INFO] [stdout] 
[INFO] [stdout] error[E0432]: unresolved import `ts_rs`
[INFO] [stdout]  --> tests/list.rs:1:5
[INFO] [stdout]   |
[INFO] [stdout] 1 | use ts_rs::TS;
[INFO] [stdout]   |     ^^^^^ use of undeclared crate or module `ts_rs`
[INFO] [stdout] 
[INFO] [stdout] 
[INFO] [stdout] error: cannot determine resolution for the derive macro `TS`
[INFO] [stdout]  --> tests/field_rename.rs:5:10
[INFO] [stdout]   |
[INFO] [stdout] 5 | #[derive(TS)]
[INFO] [stdout]   |          ^^
[INFO] [stdout]   |
[INFO] [stdout]   = note: import resolution is stuck, try simplifying macro imports
[INFO] [stdout] 
[INFO] [stdout] 
[INFO] [stdout] error[E0432]: unresolved import `ts_rs`
[INFO] [stdout]  --> tests/struct_rename.rs:3:5
[INFO] [stdout]   |
[INFO] [stdout] 3 | use ts_rs::TS;
[INFO] [stdout]   |     ^^^^^ use of undeclared crate or module `ts_rs`
[INFO] [stdout] 
[INFO] [stdout] 
[INFO] [stdout] error: cannot determine resolution for the derive macro `TS`
[INFO] [stdout]  --> tests/struct_rename.rs:7:14
[INFO] [stdout]   |
[INFO] [stdout] 7 |     #[derive(TS)]
[INFO] [stdout]   |              ^^
[INFO] [stdout]   |
[INFO] [stdout]   = note: import resolution is stuck, try simplifying macro imports
[INFO] [stdout] 
[INFO] [stdout] 
[INFO] [stdout] error[E0432]: unresolved import `ts_rs`
[INFO] [stdout]  --> tests/unit.rs:1:5
[INFO] [stdout]   |
[INFO] [stdout] 1 | use ts_rs::TS;
[INFO] [stdout]   |     ^^^^^ use of undeclared crate or module `ts_rs`
[INFO] [stdout] 
[INFO] [stdout] 
[INFO] [stdout] error[E0432]: unresolved import `ts_rs`
[INFO] [stdout]  --> tests/raw_idents.rs:1:5
[INFO] [stdout]   |
[INFO] [stdout] 1 | use ts_rs::TS;
[INFO] [stdout]   |     ^^^^^ use of undeclared crate or module `ts_rs`
[INFO] [stdout] 
[INFO] [stdout] 
[INFO] [stdout] error: cannot find attribute `ts` in this scope
[INFO] [stdout]  --> tests/field_rename.rs:8:7
[INFO] [stdout]   |
[INFO] [stdout] 8 |     #[ts(rename = "bb")]
[INFO] [stdout]   |       ^^
[INFO] [stdout] 
[INFO] [stdout] 
[INFO] [stdout] error: cannot determine resolution for the derive macro `TS`
[INFO] [stdout]  --> tests/list.rs:5:14
[INFO] [stdout]   |
[INFO] [stdout] 5 |     #[derive(TS)]
[INFO] [stdout]   |              ^^
[INFO] [stdout]   |
[INFO] [stdout]   = note: import resolution is stuck, try simplifying macro imports
[INFO] [stdout] 
[INFO] [stdout] 
[INFO] [stdout] error: cannot determine resolution for the derive macro `TS`
[INFO] [stdout]  --> tests/raw_idents.rs:4:10
[INFO] [stdout]   |
[INFO] [stdout] 4 | #[derive(TS)]
[INFO] [stdout]   |          ^^
[INFO] [stdout]   |
[INFO] [stdout]   = note: import resolution is stuck, try simplifying macro imports
[INFO] [stdout] 
[INFO] [stdout] 
[INFO] [stdout] error: cannot find attribute `ts` in this scope
[INFO] [stdout]   --> tests/flatten.rs:13:7
[INFO] [stdout]    |
[INFO] [stdout] 13 |     #[ts(flatten)]
[INFO] [stdout]    |       ^^
[INFO] [stdout] 
[INFO] [stdout] 
[INFO] [stdout] error: cannot determine resolution for the derive macro `TS`
[INFO] [stdout]   --> tests/flatten.rs:18:10
[INFO] [stdout]    |
[INFO] [stdout] 18 | #[derive(TS)]
[INFO] [stdout]    |          ^^
[INFO] [stdout]    |
[INFO] [stdout]    = note: import resolution is stuck, try simplifying macro imports
[INFO] [stdout] 
[INFO] [stdout] 
[INFO] [stdout] error: cannot find attribute `ts` in this scope
[INFO] [stdout]   --> tests/flatten.rs:20:7
[INFO] [stdout]    |
[INFO] [stdout] 20 |     #[ts(inline)]
[INFO] [stdout]    |       ^^
[INFO] [stdout] 
[INFO] [stdout] 
[INFO] [stdout] error: cannot determine resolution for the derive macro `TS`
[INFO] [stdout]  --> tests/unit.rs:4:10
[INFO] [stdout]   |
[INFO] [stdout] 4 | #[derive(TS)]
[INFO] [stdout]   |          ^^
[INFO] [stdout]   |
[INFO] [stdout]   = note: import resolution is stuck, try simplifying macro imports
[INFO] [stdout] 
[INFO] [stdout] 
[INFO] [stdout] error: cannot determine resolution for the derive macro `TS`
[INFO] [stdout]  --> tests/unit.rs:9:10
[INFO] [stdout]   |
[INFO] [stdout] 9 | #[derive(TS)]
[INFO] [stdout]   |          ^^
[INFO] [stdout]   |
[INFO] [stdout]   = note: import resolution is stuck, try simplifying macro imports
[INFO] [stdout] 
[INFO] [stdout] 
[INFO] [stdout] error: cannot determine resolution for the derive macro `TS`
[INFO] [stdout]   --> tests/unit.rs:14:10
[INFO] [stdout]    |
[INFO] [stdout] 14 | #[derive(TS)]
[INFO] [stdout]    |          ^^
[INFO] [stdout]    |
[INFO] [stdout]    = note: import resolution is stuck, try simplifying macro imports
[INFO] [stdout] 
[INFO] [stdout] 
[INFO] [stdout] error: cannot determine resolution for the derive macro `TS`
[INFO] [stdout]   --> tests/unit.rs:18:10
[INFO] [stdout]    |
[INFO] [stdout] 18 | #[derive(TS)]
[INFO] [stdout]    |          ^^
[INFO] [stdout]    |
[INFO] [stdout]    = note: import resolution is stuck, try simplifying macro imports
[INFO] [stdout] 
[INFO] [stdout] 
[INFO] [stdout] error[E0432]: unresolved import `ts_rs`
[INFO] [stdout]  --> tests/imports.rs:2:5
[INFO] [stdout]   |
[INFO] [stdout] 2 | use ts_rs::TS;
[INFO] [stdout]   |     ^^^^^ use of undeclared crate or module `ts_rs`
[INFO] [stdout] 
[INFO] [stdout] 
[INFO] [stdout] error[E0432]: unresolved import `ts_rs`
[INFO] [stdout]  --> tests/type_override.rs:5:5
[INFO] [stdout]   |
[INFO] [stdout] 5 | use ts_rs::TS;
[INFO] [stdout]   |     ^^^^^ use of undeclared crate or module `ts_rs`
[INFO] [stdout] 
[INFO] [stdout] 
[INFO] [stdout] error: cannot determine resolution for the derive macro `TS`
[INFO] [stdout]   --> tests/imports.rs:18:10
[INFO] [stdout]    |
[INFO] [stdout] 18 | #[derive(TS)]
[INFO] [stdout]    |          ^^
[INFO] [stdout]    |
[INFO] [stdout]    = note: import resolution is stuck, try simplifying macro imports
[INFO] [stdout] 
[INFO] [stdout] 
[INFO] [stdout] error: aborting due to 2 previous errors
[INFO] [stdout] 
[INFO] [stdout] 
[INFO] [stdout] For more information about this error, try `rustc --explain E0432`.
[INFO] [stdout] 
[INFO] [stdout] error[E0432]: unresolved import `ts_rs`
[INFO] [stdout]  --> tests/arrays.rs:1:5
[INFO] [stdout]   |
[INFO] [stdout] 1 | use ts_rs::TS;
[INFO] [stdout]   |     ^^^^^ use of undeclared crate or module `ts_rs`
[INFO] [stdout] 
[INFO] [stdout] 
[INFO] [stdout] error[E0599]: no function or associated item named `decl` found for struct `RangeTest` in the current scope
[INFO] [stdout]   --> tests/ranges.rs:21:20
[INFO] [stdout]    |
[INFO] [stdout] 10 | struct RangeTest {
[INFO] [stdout]    | ---------------- function or associated item `decl` not found for this struct
[INFO] [stdout] ...
[INFO] [stdout] 21 |         RangeTest::decl(),
[INFO] [stdout]    |                    ^^^^ function or associated item not found in `RangeTest`
[INFO] [stdout]    |
[INFO] [stdout]    = help: items from traits can only be used if the trait is implemented and in scope
[INFO] [stdout]    = note: the following trait defines an item `decl`, perhaps you need to implement it:
[INFO] [stdout]            candidate #1: `ts_rs_json_value::TS`
[INFO] [stdout] 
[INFO] [stdout] 
[INFO] [stdout] error[E0599]: no function or associated item named `dependencies` found for struct `RangeTest` in the current scope
[INFO] [stdout]   --> tests/ranges.rs:25:20
[INFO] [stdout]    |
[INFO] [stdout] 10 | struct RangeTest {
[INFO] [stdout]    | ---------------- function or associated item `dependencies` not found for this struct
[INFO] [stdout] ...
[INFO] [stdout] 25 |         RangeTest::dependencies(),
[INFO] [stdout]    |                    ^^^^^^^^^^^^ function or associated item not found in `RangeTest`
[INFO] [stdout]    |
[INFO] [stdout]    = help: items from traits can only be used if the trait is implemented and in scope
[INFO] [stdout]    = note: the following trait defines an item `dependencies`, perhaps you need to implement it:
[INFO] [stdout]            candidate #1: `ts_rs_json_value::TS`
[INFO] [stdout] 
[INFO] [stdout] 
[INFO] [stdout] error[E0599]: no function or associated item named `decl` found for struct `List` in the current scope
[INFO] [stdout]   --> tests/list.rs:12:15
[INFO] [stdout]    |
[INFO] [stdout] 6  |     struct List {
[INFO] [stdout]    |     ----------- function or associated item `decl` not found for this struct
[INFO] [stdout] ...
[INFO] [stdout] 12 |         List::decl(),
[INFO] [stdout]    |               ^^^^ function or associated item not found in `List`
[INFO] [stdout]    |
[INFO] [stdout]    = help: items from traits can only be used if the trait is implemented and in scope
[INFO] [stdout]    = note: the following trait defines an item `decl`, perhaps you need to implement it:
[INFO] [stdout]            candidate #1: `ts_rs_json_value::TS`
[INFO] [stdout] 
[INFO] [stdout] 
[INFO] [stdout] error[E0599]: no function or associated item named `inline` found for struct `Rename` in the current scope
[INFO] [stdout]   --> tests/field_rename.rs:14:24
[INFO] [stdout]    |
[INFO] [stdout] 6  | struct Rename {
[INFO] [stdout]    | ------------- function or associated item `inline` not found for this struct
[INFO] [stdout] ...
[INFO] [stdout] 14 |     assert_eq!(Rename::inline(), "{ a: number, bb: number, }")
[INFO] [stdout]    |                        ^^^^^^ function or associated item not found in `Rename`
[INFO] [stdout]    |
[INFO] [stdout]    = help: items from traits can only be used if the trait is implemented and in scope
[INFO] [stdout]    = note: the following trait defines an item `inline`, perhaps you need to implement it:
[INFO] [stdout]            candidate #1: `ts_rs_json_value::TS`
[INFO] [stdout] 
[INFO] [stdout] 
[INFO] [stdout] error[E0599]: no function or associated item named `inline` found for struct `C` in the current scope
[INFO] [stdout]   --> tests/flatten.rs:28:12
[INFO] [stdout]    |
[INFO] [stdout] 19 | struct C {
[INFO] [stdout]    | -------- function or associated item `inline` not found for this struct
[INFO] [stdout] ...
[INFO] [stdout] 28 |         C::inline(),
[INFO] [stdout]    |            ^^^^^^ function or associated item not found in `C`
[INFO] [stdout]    |
[INFO] [stdout]    = help: items from traits can only be used if the trait is implemented and in scope
[INFO] [stdout]    = note: the following trait defines an item `inline`, perhaps you need to implement it:
[INFO] [stdout]            candidate #1: `ts_rs_json_value::TS`
[INFO] [stdout] 
[INFO] [stdout] 
[INFO] [stdout] error[E0599]: no function or associated item named `decl` found for struct `Unit` in the current scope
[INFO] [stdout]   --> tests/unit.rs:23:43
[INFO] [stdout]    |
[INFO] [stdout] 5  | struct Unit;
[INFO] [stdout]    | ----------- function or associated item `decl` not found for this struct
[INFO] [stdout] ...
[INFO] [stdout] 23 |     assert_eq!("type Unit = null;", Unit::decl());
[INFO] [stdout]    |                                           ^^^^ function or associated item not found in `Unit`
[INFO] [stdout]    |
[INFO] [stdout]    = help: items from traits can only be used if the trait is implemented and in scope
[INFO] [stdout]    = note: the following trait defines an item `decl`, perhaps you need to implement it:
[INFO] [stdout]            candidate #1: `ts_rs_json_value::TS`
[INFO] [stdout] 
[INFO] [stdout] 
[INFO] [stdout] error: cannot find attribute `ts` in this scope
[INFO] [stdout]  --> tests/struct_rename.rs:8:7
[INFO] [stdout]   |
[INFO] [stdout] 8 |     #[ts(rename_all = "UPPERCASE")]
[INFO] [stdout]   |       ^^
[INFO] [stdout] 
[INFO] [stdout] 
[INFO] [stdout] error: cannot determine resolution for the derive macro `TS`
[INFO] [stdout]   --> tests/struct_rename.rs:20:32
[INFO] [stdout]    |
[INFO] [stdout] 20 |     #[derive(serde::Serialize, TS)]
[INFO] [stdout]    |                                ^^
[INFO] [stdout]    |
[INFO] [stdout]    = note: import resolution is stuck, try simplifying macro imports
[INFO] [stdout] 
[INFO] [stdout] 
[INFO] [stdout] error: aborting due to 7 previous errors
[INFO] [stdout] 
[INFO] [stdout] 
[INFO] [stdout] Some errors have detailed explanations: E0432, E0599.
[INFO] [stdout] 
[INFO] [stdout] For more information about an error, try `rustc --explain E0432`.
[INFO] [stdout] 
[INFO] [stdout] error: cannot find attribute `ts` in this scope
[INFO] [stdout]   --> tests/imports.rs:19:3
[INFO] [stdout]    |
[INFO] [stdout] 19 | #[ts(export_to = "/tmp/ts_rs_test_enum.ts")]
[INFO] [stdout]    |   ^^
[INFO] [stdout] 
[INFO] [stdout] 
[INFO] [stdout] error: cannot determine resolution for the derive macro `TS`
[INFO] [stdout]   --> tests/imports.rs:11:10
[INFO] [stdout]    |
[INFO] [stdout] 11 | #[derive(TS)]
[INFO] [stdout]    |          ^^
[INFO] [stdout]    |
[INFO] [stdout]    = note: import resolution is stuck, try simplifying macro imports
[INFO] [stdout] 
[INFO] [stdout] 
[INFO] [stdout] error: aborting due to 4 previous errors
[INFO] [stdout] 
[INFO] [stdout] 
[INFO] [stdout] Some errors have detailed explanations: E0432, E0599.
[INFO] [stdout] 
[INFO] [stdout] For more information about an error, try `rustc --explain E0432`.
[INFO] [stdout] 
[INFO] [stdout] error[E0599]: no function or associated item named `decl` found for struct `Unit2` in the current scope
[INFO] [stdout]   --> tests/unit.rs:24:62
[INFO] [stdout]    |
[INFO] [stdout] 10 | struct Unit2 {}
[INFO] [stdout]    | ------------ function or associated item `decl` not found for this struct
[INFO] [stdout] ...
[INFO] [stdout] 24 |     assert_eq!("type Unit2 = Record<string, never>;", Unit2::decl());
[INFO] [stdout]    |                                                              ^^^^ function or associated item not found in `Unit2`
[INFO] [stdout]    |
[INFO] [stdout]    = help: items from traits can only be used if the trait is implemented and in scope
[INFO] [stdout]    = note: the following trait defines an item `decl`, perhaps you need to implement it:
[INFO] [stdout]            candidate #1: `ts_rs_json_value::TS`
[INFO] [stdout] 
[INFO] [stdout] 
[INFO] [stdout] error: cannot find attribute `ts` in this scope
[INFO] [stdout]   --> tests/imports.rs:12:3
[INFO] [stdout]    |
[INFO] [stdout] 12 | #[ts(export)]
[INFO] [stdout]    |   ^^
[INFO] [stdout] 
[INFO] [stdout] 
[INFO] [stdout] error[E0599]: no function or associated item named `decl` found for struct `Unit3` in the current scope
[INFO] [stdout]   --> tests/unit.rs:25:48
[INFO] [stdout]    |
[INFO] [stdout] 15 | struct Unit3();
[INFO] [stdout]    | ------------ function or associated item `decl` not found for this struct
[INFO] [stdout] ...
[INFO] [stdout] 25 |     assert_eq!("type Unit3 = never[];", Unit3::decl());
[INFO] [stdout]    |                                                ^^^^ function or associated item not found in `Unit3`
[INFO] [stdout]    |
[INFO] [stdout]    = help: items from traits can only be used if the trait is implemented and in scope
[INFO] [stdout]    = note: the following trait defines an item `decl`, perhaps you need to implement it:
[INFO] [stdout]            candidate #1: `ts_rs_json_value::TS`
[INFO] [stdout] 
[INFO] [stdout] 
[INFO] [stdout] error: cannot find attribute `ts` in this scope
[INFO] [stdout]   --> tests/imports.rs:13:3
[INFO] [stdout]    |
[INFO] [stdout] 13 | #[ts(export_to = "/tmp/ts_rs_test_type_b.ts")]
[INFO] [stdout]    |   ^^
[INFO] [stdout] 
[INFO] [stdout] 
[INFO] [stdout] error: cannot determine resolution for the derive macro `TS`
[INFO] [stdout]  --> tests/imports.rs:4:10
[INFO] [stdout]   |
[INFO] [stdout] 4 | #[derive(TS)]
[INFO] [stdout]   |          ^^
[INFO] [stdout]   |
[INFO] [stdout]   = note: import resolution is stuck, try simplifying macro imports
[INFO] [stdout] 
[INFO] [stdout] 
[INFO] [stderr] error: could not compile `ts-rs-json-value` (test "raw_idents") due to 3 previous errors
[INFO] [stderr] warning: build failed, waiting for other jobs to finish...
[INFO] [stdout] error: cannot find attribute `ts` in this scope
[INFO] [stdout]  --> tests/imports.rs:5:3
[INFO] [stdout]   |
[INFO] [stdout] 5 | #[ts(export)]
[INFO] [stdout]   |   ^^
[INFO] [stdout] 
[INFO] [stdout] 
[INFO] [stdout] error[E0599]: no function or associated item named `decl` found for struct `Unit4` in the current scope
[INFO] [stdout]   --> tests/unit.rs:26:45
[INFO] [stdout]    |
[INFO] [stdout] 19 | struct Unit4(());
[INFO] [stdout]    | ------------ function or associated item `decl` not found for this struct
[INFO] [stdout] ...
[INFO] [stdout] 26 |     assert_eq!("type Unit4 = null;", Unit4::decl());
[INFO] [stdout]    |                                             ^^^^ function or associated item not found in `Unit4`
[INFO] [stdout]    |
[INFO] [stdout]    = help: items from traits can only be used if the trait is implemented and in scope
[INFO] [stdout]    = note: the following trait defines an item `decl`, perhaps you need to implement it:
[INFO] [stdout]            candidate #1: `ts_rs_json_value::TS`
[INFO] [stdout] 
[INFO] [stdout] 
[INFO] [stdout] error: cannot find attribute `ts` in this scope
[INFO] [stdout]  --> tests/imports.rs:6:3
[INFO] [stdout]   |
[INFO] [stdout] 6 | #[ts(export_to = "/tmp/ts_rs_test_type_a.ts")]
[INFO] [stdout]   |   ^^
[INFO] [stdout] 
[INFO] [stdout] 
[INFO] [stdout] error: cannot determine resolution for the derive macro `TS`
[INFO] [stdout]   --> tests/arrays.rs:10:14
[INFO] [stdout]    |
[INFO] [stdout] 10 |     #[derive(TS)]
[INFO] [stdout]    |              ^^
[INFO] [stdout]    |
[INFO] [stdout]    = note: import resolution is stuck, try simplifying macro imports
[INFO] [stdout] 
[INFO] [stdout] 
[INFO] [stdout] error: aborting due to 9 previous errors
[INFO] [stdout] 
[INFO] [stdout] 
[INFO] [stdout] error: aborting due to 5 previous errors
[INFO] [stdout] 
[INFO] [stdout] 
[INFO] [stdout] Some errors have detailed explanations: E0432, E0599.
[INFO] [stdout] 
[INFO] [stdout] Some errors have detailed explanations: E0432, E0599.
[INFO] [stdout] 
[INFO] [stdout] For more information about an error, try `rustc --explain E0432`.
[INFO] [stdout] 
[INFO] [stdout] For more information about an error, try `rustc --explain E0432`.
[INFO] [stdout] 
[INFO] [stdout] error: cannot determine resolution for the derive macro `TS`
[INFO] [stdout]   --> tests/type_override.rs:58:14
[INFO] [stdout]    |
[INFO] [stdout] 58 |     #[derive(TS, Serialize)]
[INFO] [stdout]    |              ^^
[INFO] [stdout]    |
[INFO] [stdout]    = note: import resolution is stuck, try simplifying macro imports
[INFO] [stdout] 
[INFO] [stdout] 
[INFO] [stdout] error: aborting due to 9 previous errors
[INFO] [stdout] 
[INFO] [stdout] 
[INFO] [stdout] For more information about this error, try `rustc --explain E0432`.
[INFO] [stdout] 
[INFO] [stdout] error: aborting due to 3 previous errors
[INFO] [stdout] 
[INFO] [stdout] 
[INFO] [stderr] error: could not compile `ts-rs-json-value` (test "flatten") due to 8 previous errors
[INFO] [stdout] Some errors have detailed explanations: E0432, E0599.
[INFO] [stdout] 
[INFO] [stdout] For more information about an error, try `rustc --explain E0432`.
[INFO] [stdout] 
[INFO] [stdout] error: cannot determine resolution for the derive macro `TS`
[INFO] [stdout]   --> tests/arrays.rs:21:14
[INFO] [stdout]    |
[INFO] [stdout] 21 |     #[derive(TS)]
[INFO] [stdout]    |              ^^
[INFO] [stdout]    |
[INFO] [stdout]    = note: import resolution is stuck, try simplifying macro imports
[INFO] [stdout] 
[INFO] [stdout] 
[INFO] [stderr] error: could not compile `ts-rs-json-value` (test "ranges") due to 6 previous errors
[INFO] [stderr] error: could not compile `ts-rs-json-value` (test "unit") due to 10 previous errors
[INFO] [stderr] error: could not compile `ts-rs-json-value` (test "imports") due to 10 previous errors
[INFO] [stdout] error: cannot find attribute `ts` in this scope
[INFO] [stdout]   --> tests/type_override.rs:61:19
[INFO] [stdout]    |
[INFO] [stdout] 61 |         Newtype(#[ts(type = "unknown")] S),
[INFO] [stdout]    |                   ^^
[INFO] [stdout] 
[INFO] [stdout] 
[INFO] [stderr] error: could not compile `ts-rs-json-value` (test "list") due to 4 previous errors
[INFO] [stdout] error: cannot determine resolution for the derive macro `TS`
[INFO] [stdout]   --> tests/type_override.rs:52:14
[INFO] [stdout]    |
[INFO] [stdout] 52 |     #[derive(TS, Serialize)]
[INFO] [stdout]    |              ^^
[INFO] [stdout]    |
[INFO] [stdout]    = note: import resolution is stuck, try simplifying macro imports
[INFO] [stdout] 
[INFO] [stdout] 
[INFO] [stdout] error[E0432]: unresolved import `ts_rs`
[INFO] [stdout]  --> tests/lifetimes.rs:1:5
[INFO] [stdout]   |
[INFO] [stdout] 1 | use ts_rs::TS;
[INFO] [stdout]   |     ^^^^^ use of undeclared crate or module `ts_rs`
[INFO] [stdout] 
[INFO] [stdout] 
[INFO] [stdout] error: cannot find attribute `ts` in this scope
[INFO] [stdout]   --> tests/type_override.rs:55:19
[INFO] [stdout]    |
[INFO] [stdout] 55 |         Newtype(#[ts(type = "unknown")] S),
[INFO] [stdout]    |                   ^^
[INFO] [stdout] 
[INFO] [stdout] 
[INFO] [stdout] error: cannot determine resolution for the derive macro `TS`
[INFO] [stdout]   --> tests/type_override.rs:35:14
[INFO] [stdout]    |
[INFO] [stdout] 35 |     #[derive(TS)]
[INFO] [stdout]    |              ^^
[INFO] [stdout]    |
[INFO] [stdout]    = note: import resolution is stuck, try simplifying macro imports
[INFO] [stdout] 
[INFO] [stdout] 
[INFO] [stdout] error: cannot find attribute `ts` in this scope
[INFO] [stdout]   --> tests/type_override.rs:36:19
[INFO] [stdout]    |
[INFO] [stdout] 36 |     struct New2(#[ts(type = "string | null")] Unsupported<Unsupported2>);
[INFO] [stdout]    |                   ^^
[INFO] [stdout] 
[INFO] [stdout] 
[INFO] [stdout] error: cannot determine resolution for the derive macro `TS`
[INFO] [stdout]   --> tests/type_override.rs:33:14
[INFO] [stdout]    |
[INFO] [stdout] 33 |     #[derive(TS)]
[INFO] [stdout]    |              ^^
[INFO] [stdout]    |
[INFO] [stdout]    = note: import resolution is stuck, try simplifying macro imports
[INFO] [stdout] 
[INFO] [stdout] 
[INFO] [stderr] error: could not compile `ts-rs-json-value` (test "field_rename") due to 5 previous errors
[INFO] [stdout] error: cannot find attribute `ts` in this scope
[INFO] [stdout]   --> tests/type_override.rs:34:19
[INFO] [stdout]    |
[INFO] [stdout] 34 |     struct New1(#[ts(type = "string")] Unsupported2);
[INFO] [stdout]    |                   ^^
[INFO] [stdout] 
[INFO] [stdout] 
[INFO] [stdout] error: cannot determine resolution for the derive macro `TS`
[INFO] [stdout]   --> tests/type_override.rs:12:14
[INFO] [stdout]    |
[INFO] [stdout] 12 |     #[derive(TS)]
[INFO] [stdout]    |              ^^
[INFO] [stdout]    |
[INFO] [stdout]    = note: import resolution is stuck, try simplifying macro imports
[INFO] [stdout] 
[INFO] [stdout] 
[INFO] [stdout] error[E0432]: unresolved import `ts_rs`
[INFO] [stdout]  --> tests/union.rs:3:5
[INFO] [stdout]   |
[INFO] [stdout] 3 | use ts_rs::TS;
[INFO] [stdout]   |     ^^^^^ use of undeclared crate or module `ts_rs`
[INFO] [stdout] 
[INFO] [stdout] 
[INFO] [stdout] error: cannot find attribute `ts` in this scope
[INFO] [stdout]   --> tests/type_override.rs:15:11
[INFO] [stdout]    |
[INFO] [stdout] 15 |         #[ts(type = "0 | 1 | 2")]
[INFO] [stdout]    |           ^^
[INFO] [stdout] 
[INFO] [stdout] 
[INFO] [stdout] error: cannot find attribute `ts` in this scope
[INFO] [stdout]   --> tests/type_override.rs:17:11
[INFO] [stdout]    |
[INFO] [stdout] 17 |         #[ts(type = "string")]
[INFO] [stdout]    |           ^^
[INFO] [stdout] 
[INFO] [stdout] 
[INFO] [stdout] error: cannot find attribute `ts` in this scope
[INFO] [stdout]   --> tests/type_override.rs:19:11
[INFO] [stdout]    |
[INFO] [stdout] 19 |         #[ts(type = "string")]
[INFO] [stdout]    |           ^^
[INFO] [stdout] 
[INFO] [stdout] 
[INFO] [stdout] error: cannot find attribute `ts` in this scope
[INFO] [stdout]   --> tests/type_override.rs:21:11
[INFO] [stdout]    |
[INFO] [stdout] 21 |         #[ts(type = "string | null")]
[INFO] [stdout]    |           ^^
[INFO] [stdout] 
[INFO] [stdout] 
[INFO] [stdout] error[E0432]: unresolved import `ts_rs`
[INFO] [stdout]  --> tests/tuple.rs:3:5
[INFO] [stdout]   |
[INFO] [stdout] 3 | use ts_rs::TS;
[INFO] [stdout]   |     ^^^^^ use of undeclared crate or module `ts_rs`
[INFO] [stdout] 
[INFO] [stdout] 
[INFO] [stdout] error[E0432]: unresolved import `ts_rs`
[INFO] [stdout]  --> tests/issue-80.rs:1:5
[INFO] [stdout]   |
[INFO] [stdout] 1 | use ts_rs::TS;
[INFO] [stdout]   |     ^^^^^ use of undeclared crate or module `ts_rs`
[INFO] [stdout] 
[INFO] [stdout] 
[INFO] [stdout] error: cannot determine resolution for the derive macro `TS`
[INFO] [stdout]  --> tests/union.rs:5:10
[INFO] [stdout]   |
[INFO] [stdout] 5 | #[derive(TS)]
[INFO] [stdout]   |          ^^
[INFO] [stdout]   |
[INFO] [stdout]   = note: import resolution is stuck, try simplifying macro imports
[INFO] [stdout] 
[INFO] [stdout] 
[INFO] [stdout] error: cannot determine resolution for the derive macro `TS`
[INFO] [stdout]   --> tests/tuple.rs:20:14
[INFO] [stdout]    |
[INFO] [stdout] 20 |     #[derive(TS)]
[INFO] [stdout]    |              ^^
[INFO] [stdout]    |
[INFO] [stdout]    = note: import resolution is stuck, try simplifying macro imports
[INFO] [stdout] 
[INFO] [stdout] 
[INFO] [stdout] error: cannot determine resolution for the derive macro `TS`
[INFO] [stdout]   --> tests/tuple.rs:28:14
[INFO] [stdout]    |
[INFO] [stdout] 28 |     #[derive(TS)]
[INFO] [stdout]    |              ^^
[INFO] [stdout]    |
[INFO] [stdout]    = note: import resolution is stuck, try simplifying macro imports
[INFO] [stdout] 
[INFO] [stdout] 
[INFO] [stdout] error[E0432]: unresolved import `ts_rs`
[INFO] [stdout]  --> tests/skip.rs:3:5
[INFO] [stdout]   |
[INFO] [stdout] 3 | use ts_rs::TS;
[INFO] [stdout]   |     ^^^^^ use of undeclared crate or module `ts_rs`
[INFO] [stdout] 
[INFO] [stdout] 
[INFO] [stdout] error[E0599]: no function or associated item named `inline` found for array `[String; 10]` in the current scope
[INFO] [stdout]  --> tests/arrays.rs:5:32
[INFO] [stdout]   |
[INFO] [stdout] 5 |     assert_eq!(<[String; 10]>::inline(), "Array<string>")
[INFO] [stdout]   |                                ^^^^^^ function or associated item not found in `[String; 10]`
[INFO] [stdout]   |
[INFO] [stdout]   = help: items from traits can only be used if the trait is in scope
[INFO] [stdout] help: the following trait is implemented but not in scope; perhaps add a `use` for it:
[INFO] [stdout]   |
[INFO] [stdout] 1 + use ts_rs_json_value::TS;
[INFO] [stdout]   |
[INFO] [stdout] 
[INFO] [stdout] 
[INFO] [stdout] error: cannot determine resolution for the derive macro `TS`
[INFO] [stdout]  --> tests/issue-80.rs:4:10
[INFO] [stdout]   |
[INFO] [stdout] 4 | #[derive(TS, Serialize)]
[INFO] [stdout]   |          ^^
[INFO] [stdout]   |
[INFO] [stdout]   = note: import resolution is stuck, try simplifying macro imports
[INFO] [stdout] 
[INFO] [stdout] 
[INFO] [stdout] error[E0599]: no function or associated item named `inline` found for struct `Interface` in the current scope
[INFO] [stdout]   --> tests/arrays.rs:16:27
[INFO] [stdout]    |
[INFO] [stdout] 11 |     struct Interface {
[INFO] [stdout]    |     ---------------- function or associated item `inline` not found for this struct
[INFO] [stdout] ...
[INFO] [stdout] 16 |     assert_eq!(Interface::inline(), "{ a: Array<number>, }")
[INFO] [stdout]    |                           ^^^^^^ function or associated item not found in `Interface`
[INFO] [stdout]    |
[INFO] [stdout]    = help: items from traits can only be used if the trait is implemented and in scope
[INFO] [stdout]    = note: the following trait defines an item `inline`, perhaps you need to implement it:
[INFO] [stdout]            candidate #1: `ts_rs_json_value::TS`
[INFO] [stdout] 
[INFO] [stdout] 
[INFO] [stdout] error[E0599]: no function or associated item named `inline` found for struct `Override` in the current scope
[INFO] [stdout]   --> tests/type_override.rs:26:19
[INFO] [stdout]    |
[INFO] [stdout] 13 |     struct Override {
[INFO] [stdout]    |     --------------- function or associated item `inline` not found for this struct
[INFO] [stdout] ...
[INFO] [stdout] 26 |         Override::inline(),
[INFO] [stdout]    |                   ^^^^^^ function or associated item not found in `Override`
[INFO] [stdout]    |
[INFO] [stdout]    = help: items from traits can only be used if the trait is implemented and in scope
[INFO] [stdout]    = note: the following trait defines an item `inline`, perhaps you need to implement it:
[INFO] [stdout]            candidate #1: `ts_rs_json_value::TS`
[INFO] [stdout] 
[INFO] [stdout] 
[INFO] [stdout] error: cannot determine resolution for the derive macro `TS`
[INFO] [stdout]  --> tests/lifetimes.rs:5:14
[INFO] [stdout]   |
[INFO] [stdout] 5 |     #[derive(TS)]
[INFO] [stdout]   |              ^^
[INFO] [stdout]   |
[INFO] [stdout]   = note: import resolution is stuck, try simplifying macro imports
[INFO] [stdout] 
[INFO] [stdout] 
[INFO] [stdout] error[E0599]: no function or associated item named `inline` found for struct `Newtype` in the current scope
[INFO] [stdout]   --> tests/arrays.rs:24:25
[INFO] [stdout]    |
[INFO] [stdout] 22 |     struct Newtype(#[allow(dead_code)] [i32; 10]);
[INFO] [stdout]    |     -------------- function or associated item `inline` not found for this struct
[INFO] [stdout] 23 |
[INFO] [stdout] 24 |     assert_eq!(Newtype::inline(), "Array<number>")
[INFO] [stdout]    |                         ^^^^^^ function or associated item not found in `Newtype`
[INFO] [stdout]    |
[INFO] [stdout]    = help: items from traits can only be used if the trait is implemented and in scope
[INFO] [stdout]    = note: the following trait defines an item `inline`, perhaps you need to implement it:
[INFO] [stdout]            candidate #1: `ts_rs_json_value::TS`
[INFO] [stdout] 
[INFO] [stdout] 
[INFO] [stdout] error[E0599]: no function or associated item named `inline` found for struct `New1` in the current scope
[INFO] [stdout]   --> tests/type_override.rs:38:22
[INFO] [stdout]    |
[INFO] [stdout] 34 |     struct New1(#[ts(type = "string")] Unsupported2);
[INFO] [stdout]    |     ----------- function or associated item `inline` not found for this struct
[INFO] [stdout] ...
[INFO] [stdout] 38 |     assert_eq!(New1::inline(), r#"string"#);
[INFO] [stdout]    |                      ^^^^^^ function or associated item not found in `New1`
[INFO] [stdout]    |
[INFO] [stdout]    = help: items from traits can only be used if the trait is implemented and in scope
[INFO] [stdout]    = note: the following trait defines an item `inline`, perhaps you need to implement it:
[INFO] [stdout]            candidate #1: `ts_rs_json_value::TS`
[INFO] [stdout] 
[INFO] [stdout] 
[INFO] [stdout] error[E0599]: no function or associated item named `inline` found for struct `New2` in the current scope
[INFO] [stdout]   --> tests/type_override.rs:39:22
[INFO] [stdout]    |
[INFO] [stdout] 36 |     struct New2(#[ts(type = "string | null")] Unsupported<Unsupported2>);
[INFO] [stdout]    |     ----------- function or associated item `inline` not found for this struct
[INFO] [stdout] ...
[INFO] [stdout] 39 |     assert_eq!(New2::inline(), r#"string | null"#);
[INFO] [stdout]    |                      ^^^^^^ function or associated item not found in `New2`
[INFO] [stdout]    |
[INFO] [stdout]    = help: items from traits can only be used if the trait is implemented and in scope
[INFO] [stdout]    = note: the following trait defines an item `inline`, perhaps you need to implement it:
[INFO] [stdout]            candidate #1: `ts_rs_json_value::TS`
[INFO] [stdout] 
[INFO] [stdout] 
[INFO] [stdout] error[E0599]: no variant or associated item named `inline` found for enum `Internal` in the current scope
[INFO] [stdout]   --> tests/type_override.rs:64:26
[INFO] [stdout]    |
[INFO] [stdout] 54 |     enum Internal {
[INFO] [stdout]    |     ------------- variant or associated item `inline` not found for this enum
[INFO] [stdout] ...
[INFO] [stdout] 64 |     assert_eq!(Internal::inline(), r#"{ "t": "Newtype" } & unknown"#);
[INFO] [stdout]    |                          ^^^^^^ variant or associated item not found in `Internal`
[INFO] [stdout]    |
[INFO] [stdout]    = help: items from traits can only be used if the trait is implemented and in scope
[INFO] [stdout]    = note: the following trait defines an item `inline`, perhaps you need to implement it:
[INFO] [stdout]            candidate #1: `ts_rs_json_value::TS`
[INFO] [stdout] 
[INFO] [stdout] 
[INFO] [stdout] error: aborting due to 6 previous errors
[INFO] [stdout] 
[INFO] [stdout] 
[INFO] [stdout] Some errors have detailed explanations: E0432, E0599.
[INFO] [stdout] 
[INFO] [stdout] For more information about an error, try `rustc --explain E0432`.
[INFO] [stdout] 
[INFO] [stdout] error: cannot determine resolution for the derive macro `TS`
[INFO] [stdout]  --> tests/skip.rs:5:10
[INFO] [stdout]   |
[INFO] [stdout] 5 | #[derive(TS)]
[INFO] [stdout]   |          ^^
[INFO] [stdout]   |
[INFO] [stdout]   = note: import resolution is stuck, try simplifying macro imports
[INFO] [stdout] 
[INFO] [stdout] 
[INFO] [stdout] error[E0599]: no variant or associated item named `inline` found for enum `Adjacent` in the current scope
[INFO] [stdout]   --> tests/type_override.rs:65:26
[INFO] [stdout]    |
[INFO] [stdout] 60 |     enum Adjacent {
[INFO] [stdout]    |     ------------- variant or associated item `inline` not found for this enum
[INFO] [stdout] ...
[INFO] [stdout] 65 |     assert_eq!(Adjacent::inline(), r#"{ "t": "Newtype", "c": unknown }"#);
[INFO] [stdout]    |                          ^^^^^^ variant or associated item not found in `Adjacent`
[INFO] [stdout]    |
[INFO] [stdout]    = help: items from traits can only be used if the trait is implemented and in scope
[INFO] [stdout]    = note: the following trait defines an item `inline`, perhaps you need to implement it:
[INFO] [stdout]            candidate #1: `ts_rs_json_value::TS`
[INFO] [stdout] 
[INFO] [stdout] 
[INFO] [stdout] error[E0599]: no function or associated item named `inline` found for struct `Rename` in the current scope
[INFO] [stdout]   --> tests/struct_rename.rs:14:24
[INFO] [stdout]    |
[INFO] [stdout] 9  |     struct Rename {
[INFO] [stdout]    |     ------------- function or associated item `inline` not found for this struct
[INFO] [stdout] ...
[INFO] [stdout] 14 |     assert_eq!(Rename::inline(), "{ A: number, B: number, }");
[INFO] [stdout]    |                        ^^^^^^ function or associated item not found in `Rename`
[INFO] [stdout]    |
[INFO] [stdout]    = help: items from traits can only be used if the trait is implemented and in scope
[INFO] [stdout]    = note: the following trait defines an item `inline`, perhaps you need to implement it:
[INFO] [stdout]            candidate #1: `ts_rs_json_value::TS`
[INFO] [stdout] 
[INFO] [stdout] 
[INFO] [stdout] error[E0599]: no function or associated item named `inline` found for struct `RenameSerdeSpecialChar` in the current scope
[INFO] [stdout]   --> tests/struct_rename.rs:26:40
[INFO] [stdout]    |
[INFO] [stdout] 21 |     struct RenameSerdeSpecialChar {
[INFO] [stdout]    |     ----------------------------- function or associated item `inline` not found for this struct
[INFO] [stdout] ...
[INFO] [stdout] 26 |     assert_eq!(RenameSerdeSpecialChar::inline(), r#"{ "a/b": number, }"#);
[INFO] [stdout]    |                                        ^^^^^^ function or associated item not found in `RenameSerdeSpecialChar`
[INFO] [stdout]    |
[INFO] [stdout]    = help: items from traits can only be used if the trait is implemented and in scope
[INFO] [stdout]    = note: the following trait defines an item `inline`, perhaps you need to implement it:
[INFO] [stdout]            candidate #1: `ts_rs_json_value::TS`
[INFO] [stdout] 
[INFO] [stdout] 
[INFO] [stderr] error: could not compile `ts-rs-json-value` (test "arrays") due to 7 previous errors
[INFO] [stdout] error: aborting due to 19 previous errors
[INFO] [stdout] 
[INFO] [stdout] 
[INFO] [stdout] Some errors have detailed explanations: E0432, E0599.
[INFO] [stdout] 
[INFO] [stdout] For more information about an error, try `rustc --explain E0432`.
[INFO] [stdout] 
[INFO] [stdout] error: aborting due to 6 previous errors
[INFO] [stdout] 
[INFO] [stdout] 
[INFO] [stdout] Some errors have detailed explanations: E0432, E0599.
[INFO] [stdout] 
[INFO] [stdout] For more information about an error, try `rustc --explain E0432`.
[INFO] [stdout] 
[INFO] [stderr] error: could not compile `ts-rs-json-value` (test "type_override") due to 20 previous errors
[INFO] [stdout] error: cannot find attribute `ts` in this scope
[INFO] [stdout]  --> tests/union.rs:7:7
[INFO] [stdout]   |
[INFO] [stdout] 7 |     #[ts(rename = "asdf")]
[INFO] [stdout]   |       ^^
[INFO] [stdout] 
[INFO] [stdout] 
[INFO] [stdout] error: cannot determine resolution for the derive macro `TS`
[INFO] [stdout]   --> tests/union.rs:15:14
[INFO] [stdout]    |
[INFO] [stdout] 15 |     #[derive(TS)]
[INFO] [stdout]    |              ^^
[INFO] [stdout]    |
[INFO] [stdout]    = note: import resolution is stuck, try simplifying macro imports
[INFO] [stdout] 
[INFO] [stdout] 
[INFO] [stderr] error: could not compile `ts-rs-json-value` (test "struct_rename") due to 7 previous errors
[INFO] [stdout] error[E0599]: no function or associated item named `name` found for tuple `(String, i32, (i32, i32))` in the current scope
[INFO] [stdout]  --> tests/tuple.rs:8:61
[INFO] [stdout]   |
[INFO] [stdout] 8 |     assert_eq!("[string, number, [number, number]]", Tuple::name());
[INFO] [stdout]   |                                                             ^^^^ function or associated item not found in `(String, i32, (i32, i32))`
[INFO] [stdout]   |
[INFO] [stdout]   = help: items from traits can only be used if the trait is in scope
[INFO] [stdout] help: the following trait is implemented but not in scope; perhaps add a `use` for it:
[INFO] [stdout]   |
[INFO] [stdout] 3 + use ts_rs_json_value::TS;
[INFO] [stdout]   |
[INFO] [stdout] 
[INFO] [stdout] 
[INFO] [stdout] error[E0599]: no function or associated item named `decl` found for tuple `(String, i32, (i32, i32))` in the current scope
[INFO] [stdout]   --> tests/tuple.rs:15:20
[INFO] [stdout]    |
[INFO] [stdout] 15 |     let _ = Tuple::decl();
[INFO] [stdout]    |                    ^^^^ function or associated item not found in `(String, i32, (i32, i32))`
[INFO] [stdout]    |
[INFO] [stdout]    = help: items from traits can only be used if the trait is in scope
[INFO] [stdout] help: the following trait is implemented but not in scope; perhaps add a `use` for it:
[INFO] [stdout]    |
[INFO] [stdout] 3  + use ts_rs_json_value::TS;
[INFO] [stdout]    |
[INFO] [stdout] 
[INFO] [stdout] 
[INFO] [stdout] error[E0599]: no function or associated item named `decl` found for struct `NewType` in the current scope
[INFO] [stdout]   --> tests/tuple.rs:23:51
[INFO] [stdout]    |
[INFO] [stdout] 21 |     struct NewType(String);
[INFO] [stdout]    |     -------------- function or associated item `decl` not found for this struct
[INFO] [stdout] 22 |
[INFO] [stdout] 23 |     assert_eq!("type NewType = string;", NewType::decl());
[INFO] [stdout]    |                                                   ^^^^ function or associated item not found in `NewType`
[INFO] [stdout]    |
[INFO] [stdout]    = help: items from traits can only be used if the trait is implemented and in scope
[INFO] [stdout]    = note: the following trait defines an item `decl`, perhaps you need to implement it:
[INFO] [stdout]            candidate #1: `ts_rs_json_value::TS`
[INFO] [stdout] 
[INFO] [stdout] 
[INFO] [stdout] error[E0599]: no variant or associated item named `decl` found for enum `test_empty::Empty` in the current scope
[INFO] [stdout]   --> tests/union.rs:18:23
[INFO] [stdout]    |
[INFO] [stdout] 16 |     enum Empty {}
[INFO] [stdout]    |     ---------- variant or associated item `decl` not found for this enum
[INFO] [stdout] 17 |
[INFO] [stdout] 18 |     assert_eq!(Empty::decl(), "type Empty = never;")
[INFO] [stdout]    |                       ^^^^ variant or associated item not found in `Empty`
[INFO] [stdout]    |
[INFO] [stdout]    = help: items from traits can only be used if the trait is implemented and in scope
[INFO] [stdout]    = note: the following trait defines an item `decl`, perhaps you need to implement it:
[INFO] [stdout]            candidate #1: `ts_rs_json_value::TS`
[INFO] [stdout] 
[INFO] [stdout] 
[INFO] [stdout] error[E0599]: no function or associated item named `decl` found for struct `TupleNewType` in the current scope
[INFO] [stdout]   --> tests/tuple.rs:32:23
[INFO] [stdout]    |
[INFO] [stdout] 29 |     struct TupleNewType(String, i32, (i32, i32));
[INFO] [stdout]    |     ------------------- function or associated item `decl` not found for this struct
[INFO] [stdout] ...
[INFO] [stdout] 32 |         TupleNewType::decl()
[INFO] [stdout]    |                       ^^^^ function or associated item not found in `TupleNewType`
[INFO] [stdout]    |
[INFO] [stdout]    = help: items from traits can only be used if the trait is implemented and in scope
[INFO] [stdout]    = note: the following trait defines an item `decl`, perhaps you need to implement it:
[INFO] [stdout]            candidate #1: `ts_rs_json_value::TS`
[INFO] [stdout] 
[INFO] [stdout] 
[INFO] [stdout] error: cannot find attribute `ts` in this scope
[INFO] [stdout]  --> tests/issue-80.rs:5:3
[INFO] [stdout]   |
[INFO] [stdout] 5 | #[ts(export)]
[INFO] [stdout]   |   ^^
[INFO] [stdout] 
[INFO] [stdout] 
[INFO] [stdout] error: cannot find attribute `ts` in this scope
[INFO] [stdout]  --> tests/issue-80.rs:9:11
[INFO] [stdout]   |
[INFO] [stdout] 9 |         #[ts(skip)]
[INFO] [stdout]   |           ^^
[INFO] [stdout] 
[INFO] [stdout] 
[INFO] [stdout] error: aborting due to 7 previous errors
[INFO] [stdout] 
[INFO] [stdout] 
[INFO] [stdout] Some errors have detailed explanations: E0432, E0599.
[INFO] [stdout] 
[INFO] [stdout] For more information about an error, try `rustc --explain E0432`.
[INFO] [stdout] 
[INFO] [stdout] error[E0599]: no function or associated item named `decl` found for struct `S` in the current scope
[INFO] [stdout]   --> tests/lifetimes.rs:11:19
[INFO] [stdout]    |
[INFO] [stdout] 7  |     struct S<'a> {
[INFO] [stdout]    |     ------------ function or associated item `decl` not found for this struct
[INFO] [stdout] ...
[INFO] [stdout] 11 |     assert_eq!(S::decl(), "interface S { s: string, }")
[INFO] [stdout]    |                   ^^^^ function or associated item not found in `S<'_>`
[INFO] [stdout]    |
[INFO] [stdout]    = help: items from traits can only be used if the trait is implemented and in scope
[INFO] [stdout]    = note: the following trait defines an item `decl`, perhaps you need to implement it:
[INFO] [stdout]            candidate #1: `ts_rs_json_value::TS`
[INFO] [stdout] 
[INFO] [stdout] 
[INFO] [stdout] error[E0599]: no variant or associated item named `decl` found for enum `SimpleEnum` in the current scope
[INFO] [stdout]   --> tests/union.rs:24:21
[INFO] [stdout]    |
[INFO] [stdout] 6  | enum SimpleEnum {
[INFO] [stdout]    | --------------- variant or associated item `decl` not found for this enum
[INFO] [stdout] ...
[INFO] [stdout] 24 |         SimpleEnum::decl(),
[INFO] [stdout]    |                     ^^^^ variant or associated item not found in `SimpleEnum`
[INFO] [stdout]    |
[INFO] [stdout]    = help: items from traits can only be used if the trait is implemented and in scope
[INFO] [stdout]    = note: the following trait defines an item `decl`, perhaps you need to implement it:
[INFO] [stdout]            candidate #1: `ts_rs_json_value::TS`
[INFO] [stdout] 
[INFO] [stdout] 
[INFO] [stdout] error: cannot find attribute `ts` in this scope
[INFO] [stdout]  --> tests/skip.rs:9:7
[INFO] [stdout]   |
[INFO] [stdout] 9 |     #[ts(skip)]
[INFO] [stdout]   |       ^^
[INFO] [stdout] 
[INFO] [stdout] 
[INFO] [stdout] error: aborting due to 3 previous errors
[INFO] [stdout] 
[INFO] [stdout] 
[INFO] [stdout] Some errors have detailed explanations: E0432, E0599.
[INFO] [stdout] 
[INFO] [stdout] For more information about an error, try `rustc --explain E0432`.
[INFO] [stdout] 
[INFO] [stderr] error: could not compile `ts-rs-json-value` (test "tuple") due to 8 previous errors
[INFO] [stdout] error: aborting due to 6 previous errors
[INFO] [stdout] 
[INFO] [stdout] 
[INFO] [stdout] Some errors have detailed explanations: E0432, E0599.
[INFO] [stdout] 
[INFO] [stdout] For more information about an error, try `rustc --explain E0432`.
[INFO] [stdout] 
[INFO] [stdout] error[E0599]: no function or associated item named `inline` found for struct `Skip` in the current scope
[INFO] [stdout]   --> tests/skip.rs:15:22
[INFO] [stdout]    |
[INFO] [stdout] 6  | struct Skip {
[INFO] [stdout]    | ----------- function or associated item `inline` not found for this struct
[INFO] [stdout] ...
[INFO] [stdout] 15 |     assert_eq!(Skip::inline(), "{ a: number, b: number, }");
[INFO] [stdout]    |                      ^^^^^^ function or associated item not found in `Skip`
[INFO] [stdout]    |
[INFO] [stdout]    = help: items from traits can only be used if the trait is implemented and in scope
[INFO] [stdout]    = note: the following trait defines an item `inline`, perhaps you need to implement it:
[INFO] [stdout]            candidate #1: `ts_rs_json_value::TS`
[INFO] [stdout] 
[INFO] [stdout] 
[INFO] [stderr] error: could not compile `ts-rs-json-value` (test "lifetimes") due to 4 previous errors
[INFO] [stderr] error: could not compile `ts-rs-json-value` (test "union") due to 7 previous errors
[INFO] [stdout] error[E0599]: no variant or associated item named `inline` found for enum `SomeTypeList` in the current scope
[INFO] [stdout]   --> tests/issue-80.rs:17:28
[INFO] [stdout]    |
[INFO] [stdout] 6  | pub enum SomeTypeList {
[INFO] [stdout]    | --------------------- variant or associated item `inline` not found for this enum
[INFO] [stdout] ...
[INFO] [stdout] 17 |     let ty = SomeTypeList::inline();
[INFO] [stdout]    |                            ^^^^^^ variant or associated item not found in `SomeTypeList`
[INFO] [stdout]    |
[INFO] [stdout]    = help: items from traits can only be used if the trait is implemented and in scope
[INFO] [stdout]    = note: the following trait defines an item `inline`, perhaps you need to implement it:
[INFO] [stdout]            candidate #1: `ts_rs_json_value::TS`
[INFO] [stdout] 
[INFO] [stdout] 
[INFO] [stdout] error: aborting due to 4 previous errors
[INFO] [stdout] 
[INFO] [stdout] 
[INFO] [stdout] Some errors have detailed explanations: E0432, E0599.
[INFO] [stdout] 
[INFO] [stdout] For more information about an error, try `rustc --explain E0432`.
[INFO] [stdout] 
[INFO] [stdout] error: aborting due to 5 previous errors
[INFO] [stdout] 
[INFO] [stdout] 
[INFO] [stdout] Some errors have detailed explanations: E0432, E0599.
[INFO] [stdout] 
[INFO] [stdout] For more information about an error, try `rustc --explain E0432`.
[INFO] [stdout] 
[INFO] [stderr] error: could not compile `ts-rs-json-value` (test "skip") due to 5 previous errors
[INFO] [stderr] error: could not compile `ts-rs-json-value` (test "issue-80") due to 6 previous errors
[INFO] running `Command { std: "docker" "inspect" "b64eaad7b2c5ff5a5e7ca2fb74dbb12d5b271f3a696949f33f620d6de038de17", kill_on_drop: false }`
[INFO] running `Command { std: "docker" "rm" "-f" "b64eaad7b2c5ff5a5e7ca2fb74dbb12d5b271f3a696949f33f620d6de038de17", kill_on_drop: false }`
[INFO] [stdout] b64eaad7b2c5ff5a5e7ca2fb74dbb12d5b271f3a696949f33f620d6de038de17
