[INFO] fetching crate trillium-prometheus 0.1.0...
[INFO] testing trillium-prometheus-0.1.0 against 1.75.0 for beta-1.76-1
[INFO] extracting crate trillium-prometheus 0.1.0 into /workspace/builds/worker-2-tc1/source
[INFO] validating manifest of crates.io crate trillium-prometheus 0.1.0 on toolchain 1.75.0
[INFO] running `Command { std: CARGO_HOME="/workspace/cargo-home" RUSTUP_HOME="/workspace/rustup-home" "/workspace/cargo-home/bin/cargo" "+1.75.0" "metadata" "--manifest-path" "Cargo.toml" "--no-deps", kill_on_drop: false }`
[INFO] started tweaking crates.io crate trillium-prometheus 0.1.0
[INFO] finished tweaking crates.io crate trillium-prometheus 0.1.0
[INFO] tweaked toml for crates.io crate trillium-prometheus 0.1.0 written to /workspace/builds/worker-2-tc1/source/Cargo.toml
[INFO] running `Command { std: CARGO_HOME="/workspace/cargo-home" RUSTUP_HOME="/workspace/rustup-home" "/workspace/cargo-home/bin/cargo" "+1.75.0" "generate-lockfile" "--manifest-path" "Cargo.toml", kill_on_drop: false }`
[INFO] [stderr]     Updating crates.io index
[INFO] running `Command { std: CARGO_HOME="/workspace/cargo-home" RUSTUP_HOME="/workspace/rustup-home" "/workspace/cargo-home/bin/cargo" "+1.75.0" "fetch" "--manifest-path" "Cargo.toml", kill_on_drop: false }`
[INFO] [stderr]  Downloading crates ...
[INFO] [stderr]   Downloaded stopper v0.2.3
[INFO] [stderr]   Downloaded signal-hook-async-std v0.2.2
[INFO] [stderr]   Downloaded smartcow v0.2.1
[INFO] [stderr]   Downloaded trillium v0.2.13
[INFO] [stderr]   Downloaded trillium-macros v0.0.5
[INFO] [stderr]   Downloaded trillium-tls-common v0.1.0
[INFO] [stderr]   Downloaded rlimit v0.9.1
[INFO] [stderr]   Downloaded memmem v0.1.1
[INFO] [stderr]   Downloaded trillium-http v0.3.11
[INFO] [stderr]   Downloaded routefinder v0.5.3
[INFO] [stderr]   Downloaded trillium-server-common v0.3.1
[INFO] [stderr]   Downloaded trillium-router v0.3.6
[INFO] [stderr]   Downloaded trillium-smol v0.2.1
[INFO] [stderr]   Downloaded trillium-testing v0.4.2
[INFO] [stderr]   Downloaded trillium-http v0.2.14
[INFO] running `Command { std: "docker" "create" "-v" "/var/lib/crater-agent-workspace/builds/worker-2-tc1/target:/opt/rustwide/target:rw,Z" "-v" "/var/lib/crater-agent-workspace/builds/worker-2-tc1/source:/opt/rustwide/workdir:ro,Z" "-v" "/var/lib/crater-agent-workspace/cargo-home:/opt/rustwide/cargo-home:ro,Z" "-v" "/var/lib/crater-agent-workspace/rustup-home:/opt/rustwide/rustup-home:ro,Z" "-e" "SOURCE_DIR=/opt/rustwide/workdir" "-e" "CARGO_TARGET_DIR=/opt/rustwide/target" "-e" "CARGO_HOME=/opt/rustwide/cargo-home" "-e" "RUSTUP_HOME=/opt/rustwide/rustup-home" "-w" "/opt/rustwide/workdir" "-m" "1610612736" "--user" "0:0" "--network" "none" "ghcr.io/rust-lang/crates-build-env/linux@sha256:2788e3201cd34a07e3172128adcd8b3090168a8e3bcc40d7c032b9dda1df7d1c" "/opt/rustwide/cargo-home/bin/cargo" "+1.75.0" "metadata" "--no-deps" "--format-version=1", kill_on_drop: false }`
[INFO] [stdout] 9831a9c272e819d130552a78e88fa5051c011cdb2ab4e54471b88219749efabe
[INFO] running `Command { std: "docker" "start" "-a" "9831a9c272e819d130552a78e88fa5051c011cdb2ab4e54471b88219749efabe", kill_on_drop: false }`
[INFO] running `Command { std: "docker" "inspect" "9831a9c272e819d130552a78e88fa5051c011cdb2ab4e54471b88219749efabe", kill_on_drop: false }`
[INFO] running `Command { std: "docker" "rm" "-f" "9831a9c272e819d130552a78e88fa5051c011cdb2ab4e54471b88219749efabe", kill_on_drop: false }`
[INFO] [stdout] 9831a9c272e819d130552a78e88fa5051c011cdb2ab4e54471b88219749efabe
[INFO] running `Command { std: "docker" "create" "-v" "/var/lib/crater-agent-workspace/builds/worker-2-tc1/target:/opt/rustwide/target:rw,Z" "-v" "/var/lib/crater-agent-workspace/builds/worker-2-tc1/source:/opt/rustwide/workdir:ro,Z" "-v" "/var/lib/crater-agent-workspace/cargo-home:/opt/rustwide/cargo-home:ro,Z" "-v" "/var/lib/crater-agent-workspace/rustup-home:/opt/rustwide/rustup-home:ro,Z" "-e" "SOURCE_DIR=/opt/rustwide/workdir" "-e" "CARGO_TARGET_DIR=/opt/rustwide/target" "-e" "CARGO_INCREMENTAL=0" "-e" "RUST_BACKTRACE=full" "-e" "RUSTFLAGS=--cap-lints=warn" "-e" "RUSTDOCFLAGS=--cap-lints=warn" "-e" "CARGO_HOME=/opt/rustwide/cargo-home" "-e" "RUSTUP_HOME=/opt/rustwide/rustup-home" "-w" "/opt/rustwide/workdir" "-m" "1610612736" "--user" "0:0" "--network" "none" "ghcr.io/rust-lang/crates-build-env/linux@sha256:2788e3201cd34a07e3172128adcd8b3090168a8e3bcc40d7c032b9dda1df7d1c" "/opt/rustwide/cargo-home/bin/cargo" "+1.75.0" "build" "--frozen" "--message-format=json", kill_on_drop: false }`
[INFO] [stdout] 7d7252cd6048d8ff5d84687a5f05bbb2d14b55250169bbf5a9fe0d6279bcba05
[INFO] running `Command { std: "docker" "start" "-a" "7d7252cd6048d8ff5d84687a5f05bbb2d14b55250169bbf5a9fe0d6279bcba05", kill_on_drop: false }`
[INFO] [stderr]    Compiling crossbeam-utils v0.8.18
[INFO] [stderr]    Compiling smartstring v1.0.1
[INFO] [stderr]    Compiling ahash v0.8.7
[INFO] [stderr]    Compiling parking v2.2.0
[INFO] [stderr]    Compiling futures-io v0.3.30
[INFO] [stderr]    Compiling fastrand v2.0.1
[INFO] [stderr]    Compiling futures-core v0.3.30
[INFO] [stderr]    Compiling syn v2.0.48
[INFO] [stderr]    Compiling zerocopy v0.7.32
[INFO] [stderr]    Compiling httparse v1.8.0
[INFO] [stderr]    Compiling async-trait v0.1.77
[INFO] [stderr]    Compiling futures-lite v2.1.0
[INFO] [stderr]    Compiling allocator-api2 v0.2.16
[INFO] [stderr]    Compiling parking_lot_core v0.9.9
[INFO] [stderr]    Compiling encoding_rs v0.8.33
[INFO] [stderr]    Compiling concurrent-queue v2.4.0
[INFO] [stderr]    Compiling hashbrown v0.14.3
[INFO] [stderr]    Compiling httpdate v1.0.3
[INFO] [stderr]    Compiling smartcow v0.2.1
[INFO] [stderr]    Compiling event-listener v4.0.2
[INFO] [stderr]    Compiling mime v0.3.17
[INFO] [stderr]    Compiling prometheus v0.13.3
[INFO] [stderr]    Compiling routefinder v0.5.3
[INFO] [stderr]    Compiling stopper v0.2.3
[INFO] [stderr]    Compiling parking_lot v0.12.1
[INFO] [stderr]    Compiling tracing-core v0.1.32
[INFO] [stderr]    Compiling tracing v0.1.40
[INFO] [stderr]    Compiling thiserror-impl v1.0.56
[INFO] [stderr]    Compiling trillium-macros v0.0.5
[INFO] [stderr]    Compiling thiserror v1.0.56
[INFO] [stderr]    Compiling trillium-http v0.3.11
[INFO] [stderr]    Compiling trillium v0.2.13
[INFO] [stderr]    Compiling trillium-router v0.3.6
[INFO] [stderr]    Compiling trillium-prometheus v0.1.0 (/opt/rustwide/workdir)
[INFO] [stderr]     Finished dev [unoptimized + debuginfo] target(s) in 10.16s
[INFO] running `Command { std: "docker" "inspect" "7d7252cd6048d8ff5d84687a5f05bbb2d14b55250169bbf5a9fe0d6279bcba05", kill_on_drop: false }`
[INFO] running `Command { std: "docker" "rm" "-f" "7d7252cd6048d8ff5d84687a5f05bbb2d14b55250169bbf5a9fe0d6279bcba05", kill_on_drop: false }`
[INFO] [stdout] 7d7252cd6048d8ff5d84687a5f05bbb2d14b55250169bbf5a9fe0d6279bcba05
[INFO] running `Command { std: "docker" "create" "-v" "/var/lib/crater-agent-workspace/builds/worker-2-tc1/target:/opt/rustwide/target:rw,Z" "-v" "/var/lib/crater-agent-workspace/builds/worker-2-tc1/source:/opt/rustwide/workdir:ro,Z" "-v" "/var/lib/crater-agent-workspace/cargo-home:/opt/rustwide/cargo-home:ro,Z" "-v" "/var/lib/crater-agent-workspace/rustup-home:/opt/rustwide/rustup-home:ro,Z" "-e" "SOURCE_DIR=/opt/rustwide/workdir" "-e" "CARGO_TARGET_DIR=/opt/rustwide/target" "-e" "CARGO_INCREMENTAL=0" "-e" "RUST_BACKTRACE=full" "-e" "RUSTFLAGS=--cap-lints=warn" "-e" "RUSTDOCFLAGS=--cap-lints=warn" "-e" "CARGO_HOME=/opt/rustwide/cargo-home" "-e" "RUSTUP_HOME=/opt/rustwide/rustup-home" "-w" "/opt/rustwide/workdir" "-m" "1610612736" "--user" "0:0" "--network" "none" "ghcr.io/rust-lang/crates-build-env/linux@sha256:2788e3201cd34a07e3172128adcd8b3090168a8e3bcc40d7c032b9dda1df7d1c" "/opt/rustwide/cargo-home/bin/cargo" "+1.75.0" "test" "--frozen" "--no-run" "--message-format=json", kill_on_drop: false }`
[INFO] [stdout] 9a17c74718ed76dae1968deb5ac5b31a6d31df12a1560876fb521dc02293ab74
[INFO] running `Command { std: "docker" "start" "-a" "9a17c74718ed76dae1968deb5ac5b31a6d31df12a1560876fb521dc02293ab74", kill_on_drop: false }`
[INFO] [stderr]    Compiling fastrand v2.0.1
[INFO] [stderr]    Compiling concurrent-queue v2.4.0
[INFO] [stderr]    Compiling ahash v0.8.7
[INFO] [stderr]    Compiling waker-fn v1.1.1
[INFO] [stderr]    Compiling fastrand v1.9.0
[INFO] [stderr]    Compiling io-lifetimes v1.0.11
[INFO] [stderr]    Compiling polling v2.8.0
[INFO] [stderr]    Compiling rustix v0.37.27
[INFO] [stderr]    Compiling atomic-waker v1.1.2
[INFO] [stderr]    Compiling event-listener v4.0.2
[INFO] [stderr]    Compiling futures-lite v2.1.0
[INFO] [stderr]    Compiling futures-lite v1.13.0
[INFO] [stderr]    Compiling hashbrown v0.14.3
[INFO] [stderr]    Compiling event-listener-strategy v0.4.0
[INFO] [stderr]    Compiling rustix v0.38.28
[INFO] [stderr]    Compiling async-lock v3.2.0
[INFO] [stderr]    Compiling unicode-normalization v0.1.22
[INFO] [stderr]    Compiling async-io v1.13.0
[INFO] [stderr]    Compiling async-task v4.7.0
[INFO] [stderr]    Compiling unicode-bidi v0.3.14
[INFO] [stderr]    Compiling linux-raw-sys v0.4.12
[INFO] [stderr]    Compiling stopper v0.2.3
[INFO] [stderr]    Compiling bitflags v2.4.1
[INFO] [stderr]    Compiling linux-raw-sys v0.3.8
[INFO] [stderr]    Compiling trillium-http v0.3.11
[INFO] [stderr]    Compiling async-lock v2.8.0
[INFO] [stderr]    Compiling async-channel v2.1.1
[INFO] [stderr]    Compiling piper v0.2.1
[INFO] [stderr]    Compiling idna v0.5.0
[INFO] [stderr]    Compiling socket2 v0.4.10
[INFO] [stderr]    Compiling signal-hook v0.3.17
[INFO] [stderr]    Compiling blocking v1.5.1
[INFO] [stderr]    Compiling hashbrown v0.13.2
[INFO] [stderr]    Compiling trillium v0.2.13
[INFO] [stderr]    Compiling url v2.5.0
[INFO] [stderr]    Compiling signal-hook-registry v1.4.1
[INFO] [stderr]    Compiling memmem v0.1.1
[INFO] [stderr]    Compiling trillium-tls-common v0.1.0
[INFO] [stderr]    Compiling trillium-http v0.2.14
[INFO] [stderr]    Compiling async-executor v1.8.0
[INFO] [stderr]    Compiling rlimit v0.9.1
[INFO] [stderr]    Compiling rand v0.8.5
[INFO] [stderr]    Compiling async-dup v1.2.4
[INFO] [stderr]    Compiling async-channel v1.9.0
[INFO] [stderr]    Compiling portpicker v0.1.1
[INFO] [stderr]    Compiling trillium-server-common v0.3.1
[INFO] [stderr]    Compiling trillium-router v0.3.6
[INFO] [stderr]    Compiling signal-hook-async-std v0.2.2
[INFO] [stderr]    Compiling async-net v1.8.0
[INFO] [stdout] error[E0277]: the trait bound `trillium::Conn: std::convert::From<trillium_http::Conn<<AcceptorType as Acceptor<<ServerType as server::Server>::Transport>>::Output>>` is not satisfied
[INFO] [stdout]    --> /opt/rustwide/cargo-home/registry/src/index.crates.io-6f17d22bba15001f/trillium-server-common-0.3.1/src/config_ext.rs:175:41
[INFO] [stdout]     |
[INFO] [stdout] 175 |             let conn = handler.run(conn.into()).await;
[INFO] [stdout]     |                                         ^^^^ the trait `std::convert::From<trillium_http::Conn<<AcceptorType as Acceptor<<ServerType as server::Server>::Transport>>::Output>>` is not implemented for `trillium::Conn`
[INFO] [stdout]     |
[INFO] [stdout]     = help: the trait `std::convert::From<trillium_http::conn::Conn<_>>` is implemented for `trillium::Conn`
[INFO] [stdout]     = help: for that trait implementation, expected `trillium_http::conn::Conn<_>`, found `trillium_http::Conn<<AcceptorType as Acceptor<<ServerType as server::Server>::Transport>>::Output>`
[INFO] [stdout]     = note: required for `trillium_http::Conn<<AcceptorType as Acceptor<<ServerType as server::Server>::Transport>>::Output>` to implement `Into<trillium::Conn>`
[INFO] [stdout] 
[INFO] [stdout] 
[INFO] [stdout] error[E0271]: expected `{async block@/opt/rustwide/cargo-home/registry/src/index.crates.io-6f17d22bba15001f/trillium-server-common-0.3.1/src/config_ext.rs:173:77: 179:10}` to be a future that resolves to `Conn<<AcceptorType as Acceptor<<ServerType as Server>::Transport>>::Output>`, but it resolves to `Conn<_>`
[INFO] [stdout]    --> /opt/rustwide/cargo-home/registry/src/index.crates.io-6f17d22bba15001f/trillium-server-common-0.3.1/src/config_ext.rs:173:22
[INFO] [stdout]     |
[INFO] [stdout] 173 |         let result = HttpConn::map(stream, self.stopper.clone(), |mut conn| async {
[INFO] [stdout]     |                      ^^^^^^^^^^^^^ expected `Conn<<... as Acceptor<...>>::Output>`, found `Conn<_>`
[INFO] [stdout]     |
[INFO] [stdout]     = note: `trillium_http::conn::Conn<_>` and `Conn<<... as Acceptor<...>>::Output>` have similar names, but are actually distinct types
[INFO] [stdout] note: `trillium_http::conn::Conn<_>` is defined in crate `trillium_http`
[INFO] [stdout]    --> /opt/rustwide/cargo-home/registry/src/index.crates.io-6f17d22bba15001f/trillium-http-0.3.11/src/conn.rs:33:1
[INFO] [stdout]     |
[INFO] [stdout] 33  | pub struct Conn<Transport> {
[INFO] [stdout]     | ^^^^^^^^^^^^^^^^^^^^^^^^^^
[INFO] [stdout] note: `Conn<<... as Acceptor<...>>::Output>` is defined in crate `trillium_http`
[INFO] [stdout]    --> /opt/rustwide/cargo-home/registry/src/index.crates.io-6f17d22bba15001f/trillium-http-0.2.14/src/conn.rs:83:1
[INFO] [stdout]     |
[INFO] [stdout] 83  | pub struct Conn<Transport> {
[INFO] [stdout]     | ^^^^^^^^^^^^^^^^^^^^^^^^^^
[INFO] [stdout]     = note: perhaps two different versions of crate `trillium_http` are being used?
[INFO] [stdout] note: required by a bound in `trillium_http::Conn::<Transport>::map`
[INFO] [stdout]    --> /opt/rustwide/cargo-home/registry/src/index.crates.io-6f17d22bba15001f/trillium-http-0.2.14/src/conn.rs:159:21
[INFO] [stdout]     |
[INFO] [stdout] 152 |     pub async fn map<F, Fut>(
[INFO] [stdout]     |                  --- required by a bound in this associated function
[INFO] [stdout] ...
[INFO] [stdout] 159 |         Fut: Future<Output = Conn<Transport>> + Send,
[INFO] [stdout]     |                     ^^^^^^^^^^^^^^^^^^^^^^^^ required by this bound in `Conn::<Transport>::map`
[INFO] [stdout] 
[INFO] [stdout] 
[INFO] [stdout] error[E0308]: mismatched types
[INFO] [stdout]    --> /opt/rustwide/cargo-home/registry/src/index.crates.io-6f17d22bba15001f/trillium-server-common-0.3.1/src/config_ext.rs:185:40
[INFO] [stdout]     |
[INFO] [stdout] 185 |                 if handler.has_upgrade(&upgrade) {
[INFO] [stdout]     |                            ----------- ^^^^^^^^ expected `Upgrade<BoxedTransport>`, found a different `Upgrade<BoxedTransport>`
[INFO] [stdout]     |                            |
[INFO] [stdout]     |                            arguments to this method are incorrect
[INFO] [stdout]     |
[INFO] [stdout]     = note: `Upgrade<BoxedTransport>` and `Upgrade<BoxedTransport>` have similar names, but are actually distinct types
[INFO] [stdout] note: `Upgrade<BoxedTransport>` is defined in crate `trillium_http`
[INFO] [stdout]    --> /opt/rustwide/cargo-home/registry/src/index.crates.io-6f17d22bba15001f/trillium-http-0.2.14/src/upgrade.rs:22:1
[INFO] [stdout]     |
[INFO] [stdout] 22  | pub struct Upgrade<Transport> {
[INFO] [stdout]     | ^^^^^^^^^^^^^^^^^^^^^^^^^^^^^
[INFO] [stdout] note: `Upgrade<BoxedTransport>` is defined in crate `trillium_http`
[INFO] [stdout]    --> /opt/rustwide/cargo-home/registry/src/index.crates.io-6f17d22bba15001f/trillium-http-0.3.11/src/upgrade.rs:24:1
[INFO] [stdout]     |
[INFO] [stdout] 24  | pub struct Upgrade<Transport> {
[INFO] [stdout]     | ^^^^^^^^^^^^^^^^^^^^^^^^^^^^^
[INFO] [stdout]     = note: perhaps two different versions of crate `trillium_http` are being used?
[INFO] [stdout] note: method defined here
[INFO] [stdout]    --> /opt/rustwide/cargo-home/registry/src/index.crates.io-6f17d22bba15001f/trillium-0.2.13/src/handler.rs:141:8
[INFO] [stdout]     |
[INFO] [stdout] 141 |     fn has_upgrade(&self, _upgrade: &Upgrade) -> bool {
[INFO] [stdout]     |        ^^^^^^^^^^^
[INFO] [stdout] 
[INFO] [stdout] 
[INFO] [stdout] error[E0308]: mismatched types
[INFO] [stdout]    --> /opt/rustwide/cargo-home/registry/src/index.crates.io-6f17d22bba15001f/trillium-server-common-0.3.1/src/config_ext.rs:187:37
[INFO] [stdout]     |
[INFO] [stdout] 187 |                     handler.upgrade(upgrade).await;
[INFO] [stdout]     |                             ------- ^^^^^^^ expected `Upgrade<BoxedTransport>`, found a different `Upgrade<BoxedTransport>`
[INFO] [stdout]     |                             |
[INFO] [stdout]     |                             arguments to this method are incorrect
[INFO] [stdout]     |
[INFO] [stdout]     = note: `Upgrade<BoxedTransport>` and `Upgrade<BoxedTransport>` have similar names, but are actually distinct types
[INFO] [stdout] note: `Upgrade<BoxedTransport>` is defined in crate `trillium_http`
[INFO] [stdout]    --> /opt/rustwide/cargo-home/registry/src/index.crates.io-6f17d22bba15001f/trillium-http-0.2.14/src/upgrade.rs:22:1
[INFO] [stdout]     |
[INFO] [stdout] 22  | pub struct Upgrade<Transport> {
[INFO] [stdout]     | ^^^^^^^^^^^^^^^^^^^^^^^^^^^^^
[INFO] [stdout] note: `Upgrade<BoxedTransport>` is defined in crate `trillium_http`
[INFO] [stdout]    --> /opt/rustwide/cargo-home/registry/src/index.crates.io-6f17d22bba15001f/trillium-http-0.3.11/src/upgrade.rs:24:1
[INFO] [stdout]     |
[INFO] [stdout] 24  | pub struct Upgrade<Transport> {
[INFO] [stdout]     | ^^^^^^^^^^^^^^^^^^^^^^^^^^^^^
[INFO] [stdout]     = note: perhaps two different versions of crate `trillium_http` are being used?
[INFO] [stdout] note: method defined here
[INFO] [stdout]    --> /opt/rustwide/cargo-home/registry/src/index.crates.io-6f17d22bba15001f/trillium-0.2.13/src/handler.rs:157:14
[INFO] [stdout]     |
[INFO] [stdout] 157 |     async fn upgrade(&self, _upgrade: Upgrade) {
[INFO] [stdout]     |              ^^^^^^^
[INFO] [stdout] 
[INFO] [stdout] 
[INFO] [stderr]    Compiling trillium-prometheus v0.1.0 (/opt/rustwide/workdir)
[INFO] [stdout] error: aborting due to 4 previous errors
[INFO] [stdout] 
[INFO] [stdout] 
[INFO] [stdout] Some errors have detailed explanations: E0271, E0277, E0308.
[INFO] [stdout] 
[INFO] [stdout] For more information about an error, try `rustc --explain E0271`.
[INFO] [stdout] 
[INFO] [stderr] error: could not compile `trillium-server-common` (lib) due to 5 previous errors
[INFO] [stderr] warning: build failed, waiting for other jobs to finish...
[INFO] running `Command { std: "docker" "inspect" "9a17c74718ed76dae1968deb5ac5b31a6d31df12a1560876fb521dc02293ab74", kill_on_drop: false }`
[INFO] running `Command { std: "docker" "rm" "-f" "9a17c74718ed76dae1968deb5ac5b31a6d31df12a1560876fb521dc02293ab74", kill_on_drop: false }`
[INFO] [stdout] 9a17c74718ed76dae1968deb5ac5b31a6d31df12a1560876fb521dc02293ab74
