[INFO] fetching crate trillium-channels 0.3.0...
[INFO] testing trillium-channels-0.3.0 against 1.75.0 for beta-1.76-1
[INFO] extracting crate trillium-channels 0.3.0 into /workspace/builds/worker-4-tc1/source
[INFO] validating manifest of crates.io crate trillium-channels 0.3.0 on toolchain 1.75.0
[INFO] running `Command { std: CARGO_HOME="/workspace/cargo-home" RUSTUP_HOME="/workspace/rustup-home" "/workspace/cargo-home/bin/cargo" "+1.75.0" "metadata" "--manifest-path" "Cargo.toml" "--no-deps", kill_on_drop: false }`
[INFO] started tweaking crates.io crate trillium-channels 0.3.0
[INFO] finished tweaking crates.io crate trillium-channels 0.3.0
[INFO] tweaked toml for crates.io crate trillium-channels 0.3.0 written to /workspace/builds/worker-4-tc1/source/Cargo.toml
[INFO] crate crates.io crate trillium-channels 0.3.0 already has a lockfile, it will not be regenerated
[INFO] running `Command { std: CARGO_HOME="/workspace/cargo-home" RUSTUP_HOME="/workspace/rustup-home" "/workspace/cargo-home/bin/cargo" "+1.75.0" "fetch" "--manifest-path" "Cargo.toml", kill_on_drop: false }`
[INFO] [stderr]     Updating crates.io index
[INFO] [stderr]  Downloading crates ...
[INFO] [stderr]   Downloaded smartcow v0.2.1
[INFO] [stderr]   Downloaded stopper v0.2.0
[INFO] [stderr]   Downloaded memmem v0.1.1
[INFO] [stderr]   Downloaded trillium v0.2.9
[INFO] [stderr]   Downloaded waker-set v0.2.0
[INFO] [stderr]   Downloaded trillium-macros v0.0.4
[INFO] [stderr]   Downloaded querystrong v0.3.0
[INFO] [stderr]   Downloaded trillium-websockets v0.5.2
[INFO] [stderr]   Downloaded trillium-http v0.3.0
[INFO] [stderr]   Downloaded async-tungstenite v0.21.0
[INFO] running `Command { std: "docker" "create" "-v" "/var/lib/crater-agent-workspace/builds/worker-4-tc1/target:/opt/rustwide/target:rw,Z" "-v" "/var/lib/crater-agent-workspace/builds/worker-4-tc1/source:/opt/rustwide/workdir:ro,Z" "-v" "/var/lib/crater-agent-workspace/cargo-home:/opt/rustwide/cargo-home:ro,Z" "-v" "/var/lib/crater-agent-workspace/rustup-home:/opt/rustwide/rustup-home:ro,Z" "-e" "SOURCE_DIR=/opt/rustwide/workdir" "-e" "CARGO_TARGET_DIR=/opt/rustwide/target" "-e" "CARGO_HOME=/opt/rustwide/cargo-home" "-e" "RUSTUP_HOME=/opt/rustwide/rustup-home" "-w" "/opt/rustwide/workdir" "-m" "1610612736" "--user" "0:0" "--network" "none" "ghcr.io/rust-lang/crates-build-env/linux@sha256:2788e3201cd34a07e3172128adcd8b3090168a8e3bcc40d7c032b9dda1df7d1c" "/opt/rustwide/cargo-home/bin/cargo" "+1.75.0" "metadata" "--no-deps" "--format-version=1", kill_on_drop: false }`
[INFO] [stdout] 2e483b44cb198186df79e94b01521f6adabbdabb63bc5f230930b286a72063ae
[INFO] running `Command { std: "docker" "start" "-a" "2e483b44cb198186df79e94b01521f6adabbdabb63bc5f230930b286a72063ae", kill_on_drop: false }`
[INFO] running `Command { std: "docker" "inspect" "2e483b44cb198186df79e94b01521f6adabbdabb63bc5f230930b286a72063ae", kill_on_drop: false }`
[INFO] running `Command { std: "docker" "rm" "-f" "2e483b44cb198186df79e94b01521f6adabbdabb63bc5f230930b286a72063ae", kill_on_drop: false }`
[INFO] [stdout] 2e483b44cb198186df79e94b01521f6adabbdabb63bc5f230930b286a72063ae
[INFO] running `Command { std: "docker" "create" "-v" "/var/lib/crater-agent-workspace/builds/worker-4-tc1/target:/opt/rustwide/target:rw,Z" "-v" "/var/lib/crater-agent-workspace/builds/worker-4-tc1/source:/opt/rustwide/workdir:ro,Z" "-v" "/var/lib/crater-agent-workspace/cargo-home:/opt/rustwide/cargo-home:ro,Z" "-v" "/var/lib/crater-agent-workspace/rustup-home:/opt/rustwide/rustup-home:ro,Z" "-e" "SOURCE_DIR=/opt/rustwide/workdir" "-e" "CARGO_TARGET_DIR=/opt/rustwide/target" "-e" "CARGO_INCREMENTAL=0" "-e" "RUST_BACKTRACE=full" "-e" "RUSTFLAGS=--cap-lints=warn" "-e" "RUSTDOCFLAGS=--cap-lints=warn" "-e" "CARGO_HOME=/opt/rustwide/cargo-home" "-e" "RUSTUP_HOME=/opt/rustwide/rustup-home" "-w" "/opt/rustwide/workdir" "-m" "1610612736" "--user" "0:0" "--network" "none" "ghcr.io/rust-lang/crates-build-env/linux@sha256:2788e3201cd34a07e3172128adcd8b3090168a8e3bcc40d7c032b9dda1df7d1c" "/opt/rustwide/cargo-home/bin/cargo" "+1.75.0" "build" "--frozen" "--message-format=json", kill_on_drop: false }`
[INFO] [stdout] cd8c08e67eb5961e5de59256f5808ee9050f9aca66ee924f86afcf0ff75c8412
[INFO] running `Command { std: "docker" "start" "-a" "cd8c08e67eb5961e5de59256f5808ee9050f9aca66ee924f86afcf0ff75c8412", kill_on_drop: false }`
[INFO] [stderr]    Compiling proc-macro2 v1.0.56
[INFO] [stderr]    Compiling quote v1.0.26
[INFO] [stderr]    Compiling unicode-ident v1.0.8
[INFO] [stderr]    Compiling libc v0.2.142
[INFO] [stderr]    Compiling futures-core v0.3.28
[INFO] [stderr]    Compiling typenum v1.16.0
[INFO] [stderr]    Compiling crossbeam-utils v0.8.15
[INFO] [stderr]    Compiling thiserror v1.0.40
[INFO] [stderr]    Compiling httparse v1.8.0
[INFO] [stderr]    Compiling generic-array v0.14.7
[INFO] [stderr]    Compiling slab v0.4.8
[INFO] [stderr]    Compiling ahash v0.8.3
[INFO] [stderr]    Compiling smartstring v1.0.1
[INFO] [stderr]    Compiling futures-io v0.3.28
[INFO] [stderr]    Compiling once_cell v1.17.1
[INFO] [stderr]    Compiling percent-encoding v2.2.0
[INFO] [stderr]    Compiling itoa v1.0.6
[INFO] [stderr]    Compiling parking v2.1.0
[INFO] [stderr]    Compiling fastrand v1.9.0
[INFO] [stderr]    Compiling futures-task v0.3.28
[INFO] [stderr]    Compiling cpufeatures v0.2.7
[INFO] [stderr]    Compiling unicode-bidi v0.3.13
[INFO] [stderr]    Compiling smallvec v1.10.0
[INFO] [stderr]    Compiling form_urlencoded v1.1.0
[INFO] [stderr]    Compiling serde_derive v1.0.160
[INFO] [stderr]    Compiling futures-lite v1.13.0
[INFO] [stderr]    Compiling bytes v1.4.0
[INFO] [stderr]    Compiling fnv v1.0.7
[INFO] [stderr]    Compiling async-trait v0.1.68
[INFO] [stderr]    Compiling idna v0.3.0
[INFO] [stderr]    Compiling futures-util v0.3.28
[INFO] [stderr]    Compiling smartcow v0.2.1
[INFO] [stderr]    Compiling hashbrown v0.13.2
[INFO] [stderr]    Compiling waker-set v0.2.0
[INFO] [stderr]    Compiling lock_api v0.4.9
[INFO] [stderr]    Compiling encoding_rs v0.8.32
[INFO] [stderr]    Compiling syn v2.0.15
[INFO] [stderr]    Compiling syn v1.0.109
[INFO] [stderr]    Compiling http v0.2.9
[INFO] [stderr]    Compiling parking_lot_core v0.9.7
[INFO] [stderr]    Compiling futures-sink v0.3.28
[INFO] [stderr]    Compiling utf-8 v0.7.6
[INFO] [stderr]    Compiling serde v1.0.160
[INFO] [stderr]    Compiling getrandom v0.2.9
[INFO] [stderr]    Compiling memmem v0.1.1
[INFO] [stderr]    Compiling mime v0.3.17
[INFO] [stderr]    Compiling httpdate v1.0.2
[INFO] [stderr]    Compiling data-encoding v2.3.3
[INFO] [stderr]    Compiling rand_core v0.6.4
[INFO] [stderr]    Compiling url v2.3.1
[INFO] [stderr]    Compiling event-listener v2.5.3
[INFO] [stderr]    Compiling serde_json v1.0.96
[INFO] [stderr]    Compiling rand_chacha v0.3.1
[INFO] [stderr]    Compiling concurrent-queue v2.2.0
[INFO] [stderr]    Compiling ryu v1.0.13
[INFO] [stderr]    Compiling base64 v0.21.0
[INFO] [stderr]    Compiling hashbrown v0.12.3
[INFO] [stderr]    Compiling rand v0.8.5
[INFO] [stderr]    Compiling async-channel v1.8.0
[INFO] [stderr]    Compiling async-broadcast v0.5.1
[INFO] [stderr]    Compiling block-buffer v0.10.4
[INFO] [stderr]    Compiling crypto-common v0.1.6
[INFO] [stderr]    Compiling dashmap v5.4.0
[INFO] [stderr]    Compiling digest v0.10.6
[INFO] [stderr]    Compiling sha1 v0.10.5
[INFO] [stderr]    Compiling sha-1 v0.10.1
[INFO] [stderr]    Compiling pin-project-internal v1.0.12
[INFO] [stderr]    Compiling thiserror-impl v1.0.40
[INFO] [stderr]    Compiling trillium-macros v0.0.4
[INFO] [stderr]    Compiling futures-macro v0.3.28
[INFO] [stderr]    Compiling pin-project v1.0.12
[INFO] [stderr]    Compiling stopper v0.2.0
[INFO] [stderr]    Compiling trillium-http v0.3.0
[INFO] [stderr]    Compiling tungstenite v0.19.0
[INFO] [stderr]    Compiling querystrong v0.3.0
[INFO] [stderr]    Compiling trillium v0.2.9
[INFO] [stderr]    Compiling async-tungstenite v0.21.0
[INFO] [stderr]    Compiling trillium-websockets v0.5.2
[INFO] [stderr]    Compiling trillium-channels v0.3.0 (/opt/rustwide/workdir)
[INFO] [stderr]     Finished dev [unoptimized + debuginfo] target(s) in 13.27s
[INFO] running `Command { std: "docker" "inspect" "cd8c08e67eb5961e5de59256f5808ee9050f9aca66ee924f86afcf0ff75c8412", kill_on_drop: false }`
[INFO] running `Command { std: "docker" "rm" "-f" "cd8c08e67eb5961e5de59256f5808ee9050f9aca66ee924f86afcf0ff75c8412", kill_on_drop: false }`
[INFO] [stdout] cd8c08e67eb5961e5de59256f5808ee9050f9aca66ee924f86afcf0ff75c8412
[INFO] running `Command { std: "docker" "create" "-v" "/var/lib/crater-agent-workspace/builds/worker-4-tc1/target:/opt/rustwide/target:rw,Z" "-v" "/var/lib/crater-agent-workspace/builds/worker-4-tc1/source:/opt/rustwide/workdir:ro,Z" "-v" "/var/lib/crater-agent-workspace/cargo-home:/opt/rustwide/cargo-home:ro,Z" "-v" "/var/lib/crater-agent-workspace/rustup-home:/opt/rustwide/rustup-home:ro,Z" "-e" "SOURCE_DIR=/opt/rustwide/workdir" "-e" "CARGO_TARGET_DIR=/opt/rustwide/target" "-e" "CARGO_INCREMENTAL=0" "-e" "RUST_BACKTRACE=full" "-e" "RUSTFLAGS=--cap-lints=warn" "-e" "RUSTDOCFLAGS=--cap-lints=warn" "-e" "CARGO_HOME=/opt/rustwide/cargo-home" "-e" "RUSTUP_HOME=/opt/rustwide/rustup-home" "-w" "/opt/rustwide/workdir" "-m" "1610612736" "--user" "0:0" "--network" "none" "ghcr.io/rust-lang/crates-build-env/linux@sha256:2788e3201cd34a07e3172128adcd8b3090168a8e3bcc40d7c032b9dda1df7d1c" "/opt/rustwide/cargo-home/bin/cargo" "+1.75.0" "test" "--frozen" "--no-run" "--message-format=json", kill_on_drop: false }`
[INFO] [stdout] 6719f7824c5e0d16145b76dcaa478ae877f9d4b7c8cc09ab091ace10dfee91ce
[INFO] running `Command { std: "docker" "start" "-a" "6719f7824c5e0d16145b76dcaa478ae877f9d4b7c8cc09ab091ace10dfee91ce", kill_on_drop: false }`
[INFO] [stderr]    Compiling trillium-channels v0.3.0 (/opt/rustwide/workdir)
[INFO] [stdout] error[E0432]: unresolved import `trillium_api`
[INFO] [stdout]  --> examples/channels.rs:4:5
[INFO] [stdout]   |
[INFO] [stdout] 4 | use trillium_api::{api, Json, State};
[INFO] [stdout]   |     ^^^^^^^^^^^^ use of undeclared crate or module `trillium_api`
[INFO] [stdout]   |
[INFO] [stdout] help: there is a crate or module with a similar name
[INFO] [stdout]   |
[INFO] [stdout] 4 | use trillium::{api, Json, State};
[INFO] [stdout]   |     ~~~~~~~~
[INFO] [stdout] 
[INFO] [stdout] 
[INFO] [stdout] error[E0432]: unresolved import `trillium_caching_headers`
[INFO] [stdout]  --> examples/channels.rs:5:5
[INFO] [stdout]   |
[INFO] [stdout] 5 | use trillium_caching_headers::caching_headers;
[INFO] [stdout]   |     ^^^^^^^^^^^^^^^^^^^^^^^^ use of undeclared crate or module `trillium_caching_headers`
[INFO] [stdout] 
[INFO] [stdout] 
[INFO] [stdout] error[E0432]: unresolved import `trillium_conn_id`
[INFO] [stdout]  --> examples/channels.rs:7:5
[INFO] [stdout]   |
[INFO] [stdout] 7 | use trillium_conn_id::{conn_id, log_formatter};
[INFO] [stdout]   |     ^^^^^^^^^^^^^^^^ use of undeclared crate or module `trillium_conn_id`
[INFO] [stdout]   |
[INFO] [stdout] help: there is a crate or module with a similar name
[INFO] [stdout]   |
[INFO] [stdout] 7 | use trillium_channels::{conn_id, log_formatter};
[INFO] [stdout]   |     ~~~~~~~~~~~~~~~~~
[INFO] [stdout] 
[INFO] [stdout] 
[INFO] [stdout] error[E0432]: unresolved import `trillium_logger`
[INFO] [stdout]  --> examples/channels.rs:8:5
[INFO] [stdout]   |
[INFO] [stdout] 8 | use trillium_logger::{apache_common, logger};
[INFO] [stdout]   |     ^^^^^^^^^^^^^^^ use of undeclared crate or module `trillium_logger`
[INFO] [stdout] 
[INFO] [stdout] 
[INFO] [stdout] error[E0432]: unresolved import `trillium_router`
[INFO] [stdout]  --> examples/channels.rs:9:5
[INFO] [stdout]   |
[INFO] [stdout] 9 | use trillium_router::router;
[INFO] [stdout]   |     ^^^^^^^^^^^^^^^ use of undeclared crate or module `trillium_router`
[INFO] [stdout] 
[INFO] [stdout] 
[INFO] [stdout] error[E0432]: unresolved import `trillium_static_compiled`
[INFO] [stdout]   --> examples/channels.rs:10:5
[INFO] [stdout]    |
[INFO] [stdout] 10 | use trillium_static_compiled::static_compiled;
[INFO] [stdout]    |     ^^^^^^^^^^^^^^^^^^^^^^^^ use of undeclared crate or module `trillium_static_compiled`
[INFO] [stdout] 
[INFO] [stdout] 
[INFO] [stdout] error: cannot determine resolution for the macro `static_compiled`
[INFO] [stdout]   --> examples/channels.rs:56:9
[INFO] [stdout]    |
[INFO] [stdout] 56 |         static_compiled!("$CARGO_MANIFEST_DIR/examples/files").with_index_file("index.html"),
[INFO] [stdout]    |         ^^^^^^^^^^^^^^^
[INFO] [stdout]    |
[INFO] [stdout]    = note: import resolution is stuck, try simplifying macro imports
[INFO] [stdout] 
[INFO] [stdout] 
[INFO] [stdout] error[E0433]: failed to resolve: use of undeclared crate or module `trillium_smol`
[INFO] [stdout]   --> examples/channels.rs:30:5
[INFO] [stdout]    |
[INFO] [stdout] 30 |     trillium_smol::async_global_executor::spawn(async move {
[INFO] [stdout]    |     ^^^^^^^^^^^^^ use of undeclared crate or module `trillium_smol`
[INFO] [stdout] 
[INFO] [stdout] 
[INFO] [stdout] error[E0433]: failed to resolve: use of undeclared crate or module `trillium_smol`
[INFO] [stdout]   --> examples/simple_channels.rs:21:5
[INFO] [stdout]    |
[INFO] [stdout] 21 |     trillium_smol::run(channel(ChatChannel));
[INFO] [stdout]    |     ^^^^^^^^^^^^^ use of undeclared crate or module `trillium_smol`
[INFO] [stdout] 
[INFO] [stdout] 
[INFO] [stdout] error: aborting due to previous error
[INFO] [stdout] 
[INFO] [stdout] 
[INFO] [stdout] For more information about this error, try `rustc --explain E0433`.
[INFO] [stdout] 
[INFO] [stderr] error: could not compile `trillium-channels` (example "simple_channels") due to 2 previous errors
[INFO] [stderr] warning: build failed, waiting for other jobs to finish...
[INFO] [stdout] error[E0433]: failed to resolve: use of undeclared crate or module `trillium_smol`
[INFO] [stdout]   --> examples/channels.rs:52:5
[INFO] [stdout]    |
[INFO] [stdout] 52 |     trillium_smol::run((
[INFO] [stdout]    |     ^^^^^^^^^^^^^ use of undeclared crate or module `trillium_smol`
[INFO] [stdout] 
[INFO] [stdout] 
[INFO] [stdout] error: aborting due to 9 previous errors
[INFO] [stdout] 
[INFO] [stdout] 
[INFO] [stdout] Some errors have detailed explanations: E0432, E0433.
[INFO] [stdout] 
[INFO] [stdout] For more information about an error, try `rustc --explain E0432`.
[INFO] [stdout] 
[INFO] [stderr] error: could not compile `trillium-channels` (example "channels") due to 10 previous errors
[INFO] running `Command { std: "docker" "inspect" "6719f7824c5e0d16145b76dcaa478ae877f9d4b7c8cc09ab091ace10dfee91ce", kill_on_drop: false }`
[INFO] running `Command { std: "docker" "rm" "-f" "6719f7824c5e0d16145b76dcaa478ae877f9d4b7c8cc09ab091ace10dfee91ce", kill_on_drop: false }`
[INFO] [stdout] 6719f7824c5e0d16145b76dcaa478ae877f9d4b7c8cc09ab091ace10dfee91ce
[INFO] testing trillium-channels-0.3.0 against beta-2023-12-22 for beta-1.76-1
[INFO] extracting crate trillium-channels 0.3.0 into /workspace/builds/worker-4-tc2/source
[INFO] validating manifest of crates.io crate trillium-channels 0.3.0 on toolchain beta-2023-12-22
[INFO] running `Command { std: CARGO_HOME="/workspace/cargo-home" RUSTUP_HOME="/workspace/rustup-home" "/workspace/cargo-home/bin/cargo" "+beta-2023-12-22" "metadata" "--manifest-path" "Cargo.toml" "--no-deps", kill_on_drop: false }`
[INFO] started tweaking crates.io crate trillium-channels 0.3.0
[INFO] finished tweaking crates.io crate trillium-channels 0.3.0
[INFO] tweaked toml for crates.io crate trillium-channels 0.3.0 written to /workspace/builds/worker-4-tc2/source/Cargo.toml
[INFO] crate crates.io crate trillium-channels 0.3.0 already has a lockfile, it will not be regenerated
[INFO] running `Command { std: CARGO_HOME="/workspace/cargo-home" RUSTUP_HOME="/workspace/rustup-home" "/workspace/cargo-home/bin/cargo" "+beta-2023-12-22" "fetch" "--manifest-path" "Cargo.toml", kill_on_drop: false }`
[INFO] running `Command { std: "docker" "create" "-v" "/var/lib/crater-agent-workspace/builds/worker-4-tc2/target:/opt/rustwide/target:rw,Z" "-v" "/var/lib/crater-agent-workspace/builds/worker-4-tc2/source:/opt/rustwide/workdir:ro,Z" "-v" "/var/lib/crater-agent-workspace/cargo-home:/opt/rustwide/cargo-home:ro,Z" "-v" "/var/lib/crater-agent-workspace/rustup-home:/opt/rustwide/rustup-home:ro,Z" "-e" "SOURCE_DIR=/opt/rustwide/workdir" "-e" "CARGO_TARGET_DIR=/opt/rustwide/target" "-e" "CARGO_HOME=/opt/rustwide/cargo-home" "-e" "RUSTUP_HOME=/opt/rustwide/rustup-home" "-w" "/opt/rustwide/workdir" "-m" "1610612736" "--user" "0:0" "--network" "none" "ghcr.io/rust-lang/crates-build-env/linux@sha256:2788e3201cd34a07e3172128adcd8b3090168a8e3bcc40d7c032b9dda1df7d1c" "/opt/rustwide/cargo-home/bin/cargo" "+beta-2023-12-22" "metadata" "--no-deps" "--format-version=1", kill_on_drop: false }`
[INFO] [stdout] f6cf68ea4d5cae86ca8ee2f1ebccc72512816588f7e2b1fa70e520771621917d
[INFO] running `Command { std: "docker" "start" "-a" "f6cf68ea4d5cae86ca8ee2f1ebccc72512816588f7e2b1fa70e520771621917d", kill_on_drop: false }`
[INFO] running `Command { std: "docker" "inspect" "f6cf68ea4d5cae86ca8ee2f1ebccc72512816588f7e2b1fa70e520771621917d", kill_on_drop: false }`
[INFO] running `Command { std: "docker" "rm" "-f" "f6cf68ea4d5cae86ca8ee2f1ebccc72512816588f7e2b1fa70e520771621917d", kill_on_drop: false }`
[INFO] [stdout] f6cf68ea4d5cae86ca8ee2f1ebccc72512816588f7e2b1fa70e520771621917d
[INFO] running `Command { std: "docker" "create" "-v" "/var/lib/crater-agent-workspace/builds/worker-4-tc2/target:/opt/rustwide/target:rw,Z" "-v" "/var/lib/crater-agent-workspace/builds/worker-4-tc2/source:/opt/rustwide/workdir:ro,Z" "-v" "/var/lib/crater-agent-workspace/cargo-home:/opt/rustwide/cargo-home:ro,Z" "-v" "/var/lib/crater-agent-workspace/rustup-home:/opt/rustwide/rustup-home:ro,Z" "-e" "SOURCE_DIR=/opt/rustwide/workdir" "-e" "CARGO_TARGET_DIR=/opt/rustwide/target" "-e" "CARGO_INCREMENTAL=0" "-e" "RUST_BACKTRACE=full" "-e" "RUSTFLAGS=--cap-lints=warn" "-e" "RUSTDOCFLAGS=--cap-lints=warn" "-e" "CARGO_HOME=/opt/rustwide/cargo-home" "-e" "RUSTUP_HOME=/opt/rustwide/rustup-home" "-w" "/opt/rustwide/workdir" "-m" "1610612736" "--user" "0:0" "--network" "none" "ghcr.io/rust-lang/crates-build-env/linux@sha256:2788e3201cd34a07e3172128adcd8b3090168a8e3bcc40d7c032b9dda1df7d1c" "/opt/rustwide/cargo-home/bin/cargo" "+beta-2023-12-22" "build" "--frozen" "--message-format=json", kill_on_drop: false }`
[INFO] [stdout] 8d53d471932ef317db328753448c200e97062ccccc50d72f7e46eacb4311e65f
[INFO] running `Command { std: "docker" "start" "-a" "8d53d471932ef317db328753448c200e97062ccccc50d72f7e46eacb4311e65f", kill_on_drop: false }`
[INFO] [stderr]    Compiling proc-macro2 v1.0.56
[INFO] [stderr]    Compiling unicode-ident v1.0.8
[INFO] [stderr]    Compiling quote v1.0.26
[INFO] [stderr]    Compiling futures-core v0.3.28
[INFO] [stderr]    Compiling libc v0.2.142
[INFO] [stderr]    Compiling typenum v1.16.0
[INFO] [stderr]    Compiling crossbeam-utils v0.8.15
[INFO] [stderr]    Compiling thiserror v1.0.40
[INFO] [stderr]    Compiling generic-array v0.14.7
[INFO] [stderr]    Compiling slab v0.4.8
[INFO] [stderr]    Compiling httparse v1.8.0
[INFO] [stderr]    Compiling ahash v0.8.3
[INFO] [stderr]    Compiling smartstring v1.0.1
[INFO] [stderr]    Compiling once_cell v1.17.1
[INFO] [stderr]    Compiling futures-io v0.3.28
[INFO] [stderr]    Compiling percent-encoding v2.2.0
[INFO] [stderr]    Compiling unicode-bidi v0.3.13
[INFO] [stderr]    Compiling parking v2.1.0
[INFO] [stderr]    Compiling smallvec v1.10.0
[INFO] [stderr]    Compiling fastrand v1.9.0
[INFO] [stderr]    Compiling itoa v1.0.6
[INFO] [stderr]    Compiling futures-task v0.3.28
[INFO] [stderr]    Compiling cpufeatures v0.2.7
[INFO] [stderr]    Compiling form_urlencoded v1.1.0
[INFO] [stderr]    Compiling idna v0.3.0
[INFO] [stderr]    Compiling bytes v1.4.0
[INFO] [stderr]    Compiling fnv v1.0.7
[INFO] [stderr]    Compiling futures-lite v1.13.0
[INFO] [stderr]    Compiling serde_derive v1.0.160
[INFO] [stderr]    Compiling async-trait v0.1.68
[INFO] [stderr]    Compiling futures-util v0.3.28
[INFO] [stderr]    Compiling encoding_rs v0.8.32
[INFO] [stderr]    Compiling hashbrown v0.13.2
[INFO] [stderr]    Compiling waker-set v0.2.0
[INFO] [stderr]    Compiling http v0.2.9
[INFO] [stderr]    Compiling smartcow v0.2.1
[INFO] [stderr]    Compiling lock_api v0.4.9
[INFO] [stderr]    Compiling futures-sink v0.3.28
[INFO] [stderr]    Compiling data-encoding v2.3.3
[INFO] [stderr]    Compiling parking_lot_core v0.9.7
[INFO] [stderr]    Compiling syn v2.0.15
[INFO] [stderr]    Compiling syn v1.0.109
[INFO] [stderr]    Compiling url v2.3.1
[INFO] [stderr]    Compiling httpdate v1.0.2
[INFO] [stderr]    Compiling mime v0.3.17
[INFO] [stderr]    Compiling memmem v0.1.1
[INFO] [stderr]    Compiling utf-8 v0.7.6
[INFO] [stderr]    Compiling getrandom v0.2.9
[INFO] [stderr]    Compiling serde v1.0.160
[INFO] [stderr]    Compiling event-listener v2.5.3
[INFO] [stderr]    Compiling serde_json v1.0.96
[INFO] [stderr]    Compiling rand_core v0.6.4
[INFO] [stderr]    Compiling concurrent-queue v2.2.0
[INFO] [stderr]    Compiling base64 v0.21.0
[INFO] [stderr]    Compiling rand_chacha v0.3.1
[INFO] [stderr]    Compiling ryu v1.0.13
[INFO] [stderr]    Compiling hashbrown v0.12.3
[INFO] [stderr]    Compiling async-channel v1.8.0
[INFO] [stderr]    Compiling async-broadcast v0.5.1
[INFO] [stderr]    Compiling rand v0.8.5
[INFO] [stderr]    Compiling dashmap v5.4.0
[INFO] [stderr]    Compiling crypto-common v0.1.6
[INFO] [stderr]    Compiling block-buffer v0.10.4
[INFO] [stderr]    Compiling digest v0.10.6
[INFO] [stderr]    Compiling sha1 v0.10.5
[INFO] [stderr]    Compiling sha-1 v0.10.1
[INFO] [stderr]    Compiling pin-project-internal v1.0.12
[INFO] [stderr]    Compiling thiserror-impl v1.0.40
[INFO] [stderr]    Compiling futures-macro v0.3.28
[INFO] [stderr]    Compiling trillium-macros v0.0.4
[INFO] [stderr]    Compiling pin-project v1.0.12
[INFO] [stderr]    Compiling stopper v0.2.0
[INFO] [stderr]    Compiling trillium-http v0.3.0
[INFO] [stderr]    Compiling tungstenite v0.19.0
[INFO] [stderr]    Compiling querystrong v0.3.0
[INFO] [stderr]    Compiling trillium v0.2.9
[INFO] [stderr]    Compiling async-tungstenite v0.21.0
[INFO] [stderr]    Compiling trillium-websockets v0.5.2
[INFO] [stderr]    Compiling trillium-channels v0.3.0 (/opt/rustwide/workdir)
[INFO] [stderr]     Finished dev [unoptimized + debuginfo] target(s) in 12.17s
[INFO] running `Command { std: "docker" "inspect" "8d53d471932ef317db328753448c200e97062ccccc50d72f7e46eacb4311e65f", kill_on_drop: false }`
[INFO] running `Command { std: "docker" "rm" "-f" "8d53d471932ef317db328753448c200e97062ccccc50d72f7e46eacb4311e65f", kill_on_drop: false }`
[INFO] [stdout] 8d53d471932ef317db328753448c200e97062ccccc50d72f7e46eacb4311e65f
[INFO] running `Command { std: "docker" "create" "-v" "/var/lib/crater-agent-workspace/builds/worker-4-tc2/target:/opt/rustwide/target:rw,Z" "-v" "/var/lib/crater-agent-workspace/builds/worker-4-tc2/source:/opt/rustwide/workdir:ro,Z" "-v" "/var/lib/crater-agent-workspace/cargo-home:/opt/rustwide/cargo-home:ro,Z" "-v" "/var/lib/crater-agent-workspace/rustup-home:/opt/rustwide/rustup-home:ro,Z" "-e" "SOURCE_DIR=/opt/rustwide/workdir" "-e" "CARGO_TARGET_DIR=/opt/rustwide/target" "-e" "CARGO_INCREMENTAL=0" "-e" "RUST_BACKTRACE=full" "-e" "RUSTFLAGS=--cap-lints=warn" "-e" "RUSTDOCFLAGS=--cap-lints=warn" "-e" "CARGO_HOME=/opt/rustwide/cargo-home" "-e" "RUSTUP_HOME=/opt/rustwide/rustup-home" "-w" "/opt/rustwide/workdir" "-m" "1610612736" "--user" "0:0" "--network" "none" "ghcr.io/rust-lang/crates-build-env/linux@sha256:2788e3201cd34a07e3172128adcd8b3090168a8e3bcc40d7c032b9dda1df7d1c" "/opt/rustwide/cargo-home/bin/cargo" "+beta-2023-12-22" "test" "--frozen" "--no-run" "--message-format=json", kill_on_drop: false }`
[INFO] [stdout] 9791aa760b9ef1d03a59dde40970b4bf575447e016e7cca400fe32aa98b58cc6
[INFO] running `Command { std: "docker" "start" "-a" "9791aa760b9ef1d03a59dde40970b4bf575447e016e7cca400fe32aa98b58cc6", kill_on_drop: false }`
[INFO] [stderr]    Compiling trillium-channels v0.3.0 (/opt/rustwide/workdir)
[INFO] [stdout] error[E0432]: unresolved import `trillium_api`
[INFO] [stdout]  --> examples/channels.rs:4:5
[INFO] [stdout]   |
[INFO] [stdout] 4 | use trillium_api::{api, Json, State};
[INFO] [stdout]   |     ^^^^^^^^^^^^ use of undeclared crate or module `trillium_api`
[INFO] [stdout]   |
[INFO] [stdout] help: there is a crate or module with a similar name
[INFO] [stdout]   |
[INFO] [stdout] 4 | use trillium::{api, Json, State};
[INFO] [stdout]   |     ~~~~~~~~
[INFO] [stdout] 
[INFO] [stdout] 
[INFO] [stdout] error[E0432]: unresolved import `trillium_caching_headers`
[INFO] [stdout]  --> examples/channels.rs:5:5
[INFO] [stdout]   |
[INFO] [stdout] 5 | use trillium_caching_headers::caching_headers;
[INFO] [stdout]   |     ^^^^^^^^^^^^^^^^^^^^^^^^ use of undeclared crate or module `trillium_caching_headers`
[INFO] [stdout] 
[INFO] [stdout] 
[INFO] [stdout] error[E0432]: unresolved import `trillium_conn_id`
[INFO] [stdout]  --> examples/channels.rs:7:5
[INFO] [stdout]   |
[INFO] [stdout] 7 | use trillium_conn_id::{conn_id, log_formatter};
[INFO] [stdout]   |     ^^^^^^^^^^^^^^^^ use of undeclared crate or module `trillium_conn_id`
[INFO] [stdout]   |
[INFO] [stdout] help: there is a crate or module with a similar name
[INFO] [stdout]   |
[INFO] [stdout] 7 | use trillium_channels::{conn_id, log_formatter};
[INFO] [stdout]   |     ~~~~~~~~~~~~~~~~~
[INFO] [stdout] 
[INFO] [stdout] 
[INFO] [stdout] error[E0432]: unresolved import `trillium_logger`
[INFO] [stdout]  --> examples/channels.rs:8:5
[INFO] [stdout]   |
[INFO] [stdout] 8 | use trillium_logger::{apache_common, logger};
[INFO] [stdout]   |     ^^^^^^^^^^^^^^^ use of undeclared crate or module `trillium_logger`
[INFO] [stdout] 
[INFO] [stdout] 
[INFO] [stdout] error[E0432]: unresolved import `trillium_router`
[INFO] [stdout]  --> examples/channels.rs:9:5
[INFO] [stdout]   |
[INFO] [stdout] 9 | use trillium_router::router;
[INFO] [stdout]   |     ^^^^^^^^^^^^^^^ use of undeclared crate or module `trillium_router`
[INFO] [stdout] 
[INFO] [stdout] 
[INFO] [stdout] error[E0432]: unresolved import `trillium_static_compiled`
[INFO] [stdout]   --> examples/channels.rs:10:5
[INFO] [stdout]    |
[INFO] [stdout] 10 | use trillium_static_compiled::static_compiled;
[INFO] [stdout]    |     ^^^^^^^^^^^^^^^^^^^^^^^^ use of undeclared crate or module `trillium_static_compiled`
[INFO] [stdout] 
[INFO] [stdout] 
[INFO] [stdout] error: cannot determine resolution for the macro `static_compiled`
[INFO] [stdout]   --> examples/channels.rs:56:9
[INFO] [stdout]    |
[INFO] [stdout] 56 |         static_compiled!("$CARGO_MANIFEST_DIR/examples/files").with_index_file("index.html"),
[INFO] [stdout]    |         ^^^^^^^^^^^^^^^
[INFO] [stdout]    |
[INFO] [stdout]    = note: import resolution is stuck, try simplifying macro imports
[INFO] [stdout] 
[INFO] [stdout] 
[INFO] [stdout] error[E0433]: failed to resolve: use of undeclared crate or module `trillium_smol`
[INFO] [stdout]   --> examples/channels.rs:30:5
[INFO] [stdout]    |
[INFO] [stdout] 30 |     trillium_smol::async_global_executor::spawn(async move {
[INFO] [stdout]    |     ^^^^^^^^^^^^^ use of undeclared crate or module `trillium_smol`
[INFO] [stdout] 
[INFO] [stdout] 
[INFO] [stdout] error[E0433]: failed to resolve: use of undeclared crate or module `trillium_smol`
[INFO] [stdout]   --> examples/simple_channels.rs:21:5
[INFO] [stdout]    |
[INFO] [stdout] 21 |     trillium_smol::run(channel(ChatChannel));
[INFO] [stdout]    |     ^^^^^^^^^^^^^ use of undeclared crate or module `trillium_smol`
[INFO] [stdout] 
[INFO] [stdout] 
[INFO] [stdout] error: aborting due to 1 previous error
[INFO] [stdout] 
[INFO] [stdout] 
[INFO] [stdout] For more information about this error, try `rustc --explain E0433`.
[INFO] [stdout] 
[INFO] [stderr] error: could not compile `trillium-channels` (example "simple_channels") due to 2 previous errors
[INFO] [stderr] warning: build failed, waiting for other jobs to finish...
[INFO] [stdout] error[E0433]: failed to resolve: use of undeclared crate or module `trillium_smol`
[INFO] [stdout]   --> examples/channels.rs:52:5
[INFO] [stdout]    |
[INFO] [stdout] 52 |     trillium_smol::run((
[INFO] [stdout]    |     ^^^^^^^^^^^^^ use of undeclared crate or module `trillium_smol`
[INFO] [stdout] 
[INFO] [stdout] 
[INFO] [stdout] error: aborting due to 9 previous errors
[INFO] [stdout] 
[INFO] [stdout] 
[INFO] [stdout] Some errors have detailed explanations: E0432, E0433.
[INFO] [stdout] 
[INFO] [stdout] For more information about an error, try `rustc --explain E0432`.
[INFO] [stdout] 
[INFO] [stderr] error: could not compile `trillium-channels` (example "channels") due to 10 previous errors
[INFO] running `Command { std: "docker" "inspect" "9791aa760b9ef1d03a59dde40970b4bf575447e016e7cca400fe32aa98b58cc6", kill_on_drop: false }`
[INFO] running `Command { std: "docker" "rm" "-f" "9791aa760b9ef1d03a59dde40970b4bf575447e016e7cca400fe32aa98b58cc6", kill_on_drop: false }`
[INFO] [stdout] 9791aa760b9ef1d03a59dde40970b4bf575447e016e7cca400fe32aa98b58cc6
