[INFO] fetching crate trillium-api 0.2.0-rc.7...
[INFO] testing trillium-api-0.2.0-rc.7 against 1.75.0 for beta-1.76-1
[INFO] extracting crate trillium-api 0.2.0-rc.7 into /workspace/builds/worker-4-tc1/source
[INFO] validating manifest of crates.io crate trillium-api 0.2.0-rc.7 on toolchain 1.75.0
[INFO] running `Command { std: CARGO_HOME="/workspace/cargo-home" RUSTUP_HOME="/workspace/rustup-home" "/workspace/cargo-home/bin/cargo" "+1.75.0" "metadata" "--manifest-path" "Cargo.toml" "--no-deps", kill_on_drop: false }`
[INFO] started tweaking crates.io crate trillium-api 0.2.0-rc.7
[INFO] finished tweaking crates.io crate trillium-api 0.2.0-rc.7
[INFO] tweaked toml for crates.io crate trillium-api 0.2.0-rc.7 written to /workspace/builds/worker-4-tc1/source/Cargo.toml
[INFO] crate crates.io crate trillium-api 0.2.0-rc.7 already has a lockfile, it will not be regenerated
[INFO] running `Command { std: CARGO_HOME="/workspace/cargo-home" RUSTUP_HOME="/workspace/rustup-home" "/workspace/cargo-home/bin/cargo" "+1.75.0" "fetch" "--manifest-path" "Cargo.toml", kill_on_drop: false }`
[INFO] [stderr]     Updating crates.io index
[INFO] [stderr]  Downloading crates ...
[INFO] [stderr]   Downloaded trillium v0.2.11
[INFO] [stderr]   Downloaded futures-lite v2.0.0
[INFO] [stderr]   Downloaded smartcow v0.2.1
[INFO] [stderr]   Downloaded stopper v0.2.2
[INFO] [stderr]   Downloaded trillium-macros v0.0.4
[INFO] [stderr]   Downloaded trillium-http v0.3.5
[INFO] running `Command { std: "docker" "create" "-v" "/var/lib/crater-agent-workspace/builds/worker-4-tc1/target:/opt/rustwide/target:rw,Z" "-v" "/var/lib/crater-agent-workspace/builds/worker-4-tc1/source:/opt/rustwide/workdir:ro,Z" "-v" "/var/lib/crater-agent-workspace/cargo-home:/opt/rustwide/cargo-home:ro,Z" "-v" "/var/lib/crater-agent-workspace/rustup-home:/opt/rustwide/rustup-home:ro,Z" "-e" "SOURCE_DIR=/opt/rustwide/workdir" "-e" "CARGO_TARGET_DIR=/opt/rustwide/target" "-e" "CARGO_HOME=/opt/rustwide/cargo-home" "-e" "RUSTUP_HOME=/opt/rustwide/rustup-home" "-w" "/opt/rustwide/workdir" "-m" "1610612736" "--user" "0:0" "--network" "none" "ghcr.io/rust-lang/crates-build-env/linux@sha256:2788e3201cd34a07e3172128adcd8b3090168a8e3bcc40d7c032b9dda1df7d1c" "/opt/rustwide/cargo-home/bin/cargo" "+1.75.0" "metadata" "--no-deps" "--format-version=1", kill_on_drop: false }`
[INFO] [stdout] 9fd2c12630e9834b68e2231f779181f70a0e776e41d3aab402ddfac85b43266b
[INFO] running `Command { std: "docker" "start" "-a" "9fd2c12630e9834b68e2231f779181f70a0e776e41d3aab402ddfac85b43266b", kill_on_drop: false }`
[INFO] running `Command { std: "docker" "inspect" "9fd2c12630e9834b68e2231f779181f70a0e776e41d3aab402ddfac85b43266b", kill_on_drop: false }`
[INFO] running `Command { std: "docker" "rm" "-f" "9fd2c12630e9834b68e2231f779181f70a0e776e41d3aab402ddfac85b43266b", kill_on_drop: false }`
[INFO] [stdout] 9fd2c12630e9834b68e2231f779181f70a0e776e41d3aab402ddfac85b43266b
[INFO] running `Command { std: "docker" "create" "-v" "/var/lib/crater-agent-workspace/builds/worker-4-tc1/target:/opt/rustwide/target:rw,Z" "-v" "/var/lib/crater-agent-workspace/builds/worker-4-tc1/source:/opt/rustwide/workdir:ro,Z" "-v" "/var/lib/crater-agent-workspace/cargo-home:/opt/rustwide/cargo-home:ro,Z" "-v" "/var/lib/crater-agent-workspace/rustup-home:/opt/rustwide/rustup-home:ro,Z" "-e" "SOURCE_DIR=/opt/rustwide/workdir" "-e" "CARGO_TARGET_DIR=/opt/rustwide/target" "-e" "CARGO_INCREMENTAL=0" "-e" "RUST_BACKTRACE=full" "-e" "RUSTFLAGS=--cap-lints=warn" "-e" "RUSTDOCFLAGS=--cap-lints=warn" "-e" "CARGO_HOME=/opt/rustwide/cargo-home" "-e" "RUSTUP_HOME=/opt/rustwide/rustup-home" "-w" "/opt/rustwide/workdir" "-m" "1610612736" "--user" "0:0" "--network" "none" "ghcr.io/rust-lang/crates-build-env/linux@sha256:2788e3201cd34a07e3172128adcd8b3090168a8e3bcc40d7c032b9dda1df7d1c" "/opt/rustwide/cargo-home/bin/cargo" "+1.75.0" "build" "--frozen" "--message-format=json", kill_on_drop: false }`
[INFO] [stdout] fd49fef2e9beb71ddc6af92e3fa917ff214f0179d182d5089a093c088b3f54f6
[INFO] running `Command { std: "docker" "start" "-a" "fd49fef2e9beb71ddc6af92e3fa917ff214f0179d182d5089a093c088b3f54f6", kill_on_drop: false }`
[INFO] [stderr]    Compiling proc-macro2 v1.0.69
[INFO] [stderr]    Compiling unicode-ident v1.0.12
[INFO] [stderr]    Compiling version_check v0.9.4
[INFO] [stderr]    Compiling cfg-if v1.0.0
[INFO] [stderr]    Compiling crossbeam-utils v0.8.16
[INFO] [stderr]    Compiling autocfg v1.1.0
[INFO] [stderr]    Compiling futures-core v0.3.29
[INFO] [stderr]    Compiling parking v2.2.0
[INFO] [stderr]    Compiling pin-project-lite v0.2.13
[INFO] [stderr]    Compiling serde v1.0.190
[INFO] [stderr]    Compiling fastrand v2.0.1
[INFO] [stderr]    Compiling httparse v1.8.0
[INFO] [stderr]    Compiling thiserror v1.0.50
[INFO] [stderr]    Compiling waker-fn v1.1.1
[INFO] [stderr]    Compiling static_assertions v1.1.0
[INFO] [stderr]    Compiling zerocopy v0.7.15
[INFO] [stderr]    Compiling memchr v2.6.4
[INFO] [stderr]    Compiling futures-io v0.3.29
[INFO] [stderr]    Compiling once_cell v1.18.0
[INFO] [stderr]    Compiling allocator-api2 v0.2.16
[INFO] [stderr]    Compiling async-trait v0.1.74
[INFO] [stderr]    Compiling itoa v1.0.9
[INFO] [stderr]    Compiling encoding_rs v0.8.33
[INFO] [stderr]    Compiling log v0.4.20
[INFO] [stderr]    Compiling httpdate v1.0.3
[INFO] [stderr]    Compiling serde_json v1.0.107
[INFO] [stderr]    Compiling percent-encoding v2.3.0
[INFO] [stderr]    Compiling ahash v0.8.6
[INFO] [stderr]    Compiling smartstring v1.0.1
[INFO] [stderr]    Compiling mime v0.3.17
[INFO] [stderr]    Compiling ryu v1.0.15
[INFO] [stderr]    Compiling smallvec v1.11.1
[INFO] [stderr]    Compiling form_urlencoded v1.2.0
[INFO] [stderr]    Compiling concurrent-queue v2.3.0
[INFO] [stderr]    Compiling futures-lite v2.0.0
[INFO] [stderr]    Compiling event-listener v3.0.0
[INFO] [stderr]    Compiling quote v1.0.33
[INFO] [stderr]    Compiling hashbrown v0.14.2
[INFO] [stderr]    Compiling smartcow v0.2.1
[INFO] [stderr]    Compiling syn v2.0.38
[INFO] [stderr]    Compiling stopper v0.2.2
[INFO] [stderr]    Compiling serde_derive v1.0.190
[INFO] [stderr]    Compiling thiserror-impl v1.0.50
[INFO] [stderr]    Compiling trillium-macros v0.0.4
[INFO] [stderr]    Compiling trillium-http v0.3.5
[INFO] [stderr]    Compiling trillium v0.2.11
[INFO] [stderr]    Compiling serde_urlencoded v0.7.1
[INFO] [stderr]    Compiling serde_path_to_error v0.1.14
[INFO] [stderr]    Compiling trillium-api v0.2.0-rc.7 (/opt/rustwide/workdir)
[INFO] [stderr]     Finished dev [unoptimized + debuginfo] target(s) in 11.66s
[INFO] running `Command { std: "docker" "inspect" "fd49fef2e9beb71ddc6af92e3fa917ff214f0179d182d5089a093c088b3f54f6", kill_on_drop: false }`
[INFO] running `Command { std: "docker" "rm" "-f" "fd49fef2e9beb71ddc6af92e3fa917ff214f0179d182d5089a093c088b3f54f6", kill_on_drop: false }`
[INFO] [stdout] fd49fef2e9beb71ddc6af92e3fa917ff214f0179d182d5089a093c088b3f54f6
[INFO] running `Command { std: "docker" "create" "-v" "/var/lib/crater-agent-workspace/builds/worker-4-tc1/target:/opt/rustwide/target:rw,Z" "-v" "/var/lib/crater-agent-workspace/builds/worker-4-tc1/source:/opt/rustwide/workdir:ro,Z" "-v" "/var/lib/crater-agent-workspace/cargo-home:/opt/rustwide/cargo-home:ro,Z" "-v" "/var/lib/crater-agent-workspace/rustup-home:/opt/rustwide/rustup-home:ro,Z" "-e" "SOURCE_DIR=/opt/rustwide/workdir" "-e" "CARGO_TARGET_DIR=/opt/rustwide/target" "-e" "CARGO_INCREMENTAL=0" "-e" "RUST_BACKTRACE=full" "-e" "RUSTFLAGS=--cap-lints=warn" "-e" "RUSTDOCFLAGS=--cap-lints=warn" "-e" "CARGO_HOME=/opt/rustwide/cargo-home" "-e" "RUSTUP_HOME=/opt/rustwide/rustup-home" "-w" "/opt/rustwide/workdir" "-m" "1610612736" "--user" "0:0" "--network" "none" "ghcr.io/rust-lang/crates-build-env/linux@sha256:2788e3201cd34a07e3172128adcd8b3090168a8e3bcc40d7c032b9dda1df7d1c" "/opt/rustwide/cargo-home/bin/cargo" "+1.75.0" "test" "--frozen" "--no-run" "--message-format=json", kill_on_drop: false }`
[INFO] [stdout] 6a5aec8778972859268cb777746ae13c72fb36951852fea4afd9b99c7abcfb5e
[INFO] running `Command { std: "docker" "start" "-a" "6a5aec8778972859268cb777746ae13c72fb36951852fea4afd9b99c7abcfb5e", kill_on_drop: false }`
[INFO] [stderr]    Compiling log v0.4.20
[INFO] [stderr]    Compiling rustix v0.38.21
[INFO] [stderr]    Compiling aho-corasick v1.1.2
[INFO] [stderr]    Compiling bitflags v2.4.1
[INFO] [stderr]    Compiling linux-raw-sys v0.4.10
[INFO] [stderr]    Compiling regex-syntax v0.8.2
[INFO] [stderr]    Compiling humantime v2.1.0
[INFO] [stderr]    Compiling termcolor v1.3.0
[INFO] [stderr]    Compiling trillium-http v0.3.5
[INFO] [stderr]    Compiling trillium v0.2.11
[INFO] [stderr]    Compiling is-terminal v0.4.9
[INFO] [stderr]    Compiling regex-automata v0.4.3
[INFO] [stderr]    Compiling trillium-api v0.2.0-rc.7 (/opt/rustwide/workdir)
[INFO] [stderr]    Compiling regex v1.10.2
[INFO] [stderr]    Compiling env_logger v0.10.0
[INFO] [stdout] error[E0432]: unresolved import `trillium_logger`
[INFO] [stdout]  --> examples/api.rs:4:5
[INFO] [stdout]   |
[INFO] [stdout] 4 | use trillium_logger::logger;
[INFO] [stdout]   |     ^^^^^^^^^^^^^^^ use of undeclared crate or module `trillium_logger`
[INFO] [stdout] 
[INFO] [stdout] 
[INFO] [stdout] error[E0432]: unresolved import `trillium_router`
[INFO] [stdout]  --> examples/api.rs:5:5
[INFO] [stdout]   |
[INFO] [stdout] 5 | use trillium_router::router;
[INFO] [stdout]   |     ^^^^^^^^^^^^^^^ use of undeclared crate or module `trillium_router`
[INFO] [stdout] 
[INFO] [stdout] 
[INFO] [stdout] error[E0433]: failed to resolve: use of undeclared crate or module `trillium_testing`
[INFO] [stdout]  --> tests/tests.rs:5:5
[INFO] [stdout]   |
[INFO] [stdout] 5 | use trillium_testing::prelude::*;
[INFO] [stdout]   |     ^^^^^^^^^^^^^^^^ use of undeclared crate or module `trillium_testing`
[INFO] [stdout] 
[INFO] [stdout] 
[INFO] [stdout] error: cannot find macro `assert_ok` in this scope
[INFO] [stdout]   --> tests/tests.rs:29:5
[INFO] [stdout]    |
[INFO] [stdout] 29 |     assert_ok!(
[INFO] [stdout]    |     ^^^^^^^^^ help: a macro with a similar name exists: `assert_eq`
[INFO] [stdout]   --> /rustc/82e1608dfa6e0b5569232559e3d385fea5a93112/library/core/src/macros/mod.rs:36:1
[INFO] [stdout]    |
[INFO] [stdout]    = note: similarly named macro `assert_eq` defined here
[INFO] [stdout] 
[INFO] [stdout] 
[INFO] [stdout] error: cannot find macro `assert_ok` in this scope
[INFO] [stdout]   --> tests/tests.rs:40:5
[INFO] [stdout]    |
[INFO] [stdout] 40 |     assert_ok!(
[INFO] [stdout]    |     ^^^^^^^^^ help: a macro with a similar name exists: `assert_eq`
[INFO] [stdout]   --> /rustc/82e1608dfa6e0b5569232559e3d385fea5a93112/library/core/src/macros/mod.rs:36:1
[INFO] [stdout]    |
[INFO] [stdout]    = note: similarly named macro `assert_eq` defined here
[INFO] [stdout] 
[INFO] [stdout] 
[INFO] [stdout] error: cannot find macro `assert_response` in this scope
[INFO] [stdout]   --> tests/tests.rs:51:5
[INFO] [stdout]    |
[INFO] [stdout] 51 |     assert_response!(
[INFO] [stdout]    |     ^^^^^^^^^^^^^^^
[INFO] [stdout] 
[INFO] [stdout] 
[INFO] [stdout] error: cannot find macro `assert_ok` in this scope
[INFO] [stdout]   --> tests/tests.rs:67:5
[INFO] [stdout]    |
[INFO] [stdout] 67 |     assert_ok!(
[INFO] [stdout]    |     ^^^^^^^^^ help: a macro with a similar name exists: `assert_eq`
[INFO] [stdout]   --> /rustc/82e1608dfa6e0b5569232559e3d385fea5a93112/library/core/src/macros/mod.rs:36:1
[INFO] [stdout]    |
[INFO] [stdout]    = note: similarly named macro `assert_eq` defined here
[INFO] [stdout] 
[INFO] [stdout] 
[INFO] [stdout] error: cannot find macro `assert_ok` in this scope
[INFO] [stdout]   --> tests/tests.rs:76:5
[INFO] [stdout]    |
[INFO] [stdout] 76 |     assert_ok!(
[INFO] [stdout]    |     ^^^^^^^^^ help: a macro with a similar name exists: `assert_eq`
[INFO] [stdout]   --> /rustc/82e1608dfa6e0b5569232559e3d385fea5a93112/library/core/src/macros/mod.rs:36:1
[INFO] [stdout]    |
[INFO] [stdout]    = note: similarly named macro `assert_eq` defined here
[INFO] [stdout] 
[INFO] [stdout] 
[INFO] [stdout] error: cannot find macro `assert_status` in this scope
[INFO] [stdout]   --> tests/tests.rs:92:5
[INFO] [stdout]    |
[INFO] [stdout] 92 |     assert_status!(
[INFO] [stdout]    |     ^^^^^^^^^^^^^
[INFO] [stdout] 
[INFO] [stdout] 
[INFO] [stdout] error: cannot find macro `assert_ok` in this scope
[INFO] [stdout]    --> tests/tests.rs:100:5
[INFO] [stdout]     |
[INFO] [stdout] 100 |     assert_ok!(get("/")
[INFO] [stdout]     |     ^^^^^^^^^ help: a macro with a similar name exists: `assert_eq`
[INFO] [stdout]    --> /rustc/82e1608dfa6e0b5569232559e3d385fea5a93112/library/core/src/macros/mod.rs:36:1
[INFO] [stdout]     |
[INFO] [stdout]     = note: similarly named macro `assert_eq` defined here
[INFO] [stdout] 
[INFO] [stdout] 
[INFO] [stdout] error: cannot find macro `assert_response` in this scope
[INFO] [stdout]    --> tests/tests.rs:121:5
[INFO] [stdout]     |
[INFO] [stdout] 121 |     assert_response!(
[INFO] [stdout]     |     ^^^^^^^^^^^^^^^
[INFO] [stdout] 
[INFO] [stdout] 
[INFO] [stdout] warning: unused imports: `Headers`, `KnownHeaderName`, `Status`
[INFO] [stdout]  --> tests/tests.rs:3:31
[INFO] [stdout]   |
[INFO] [stdout] 3 | use trillium::{Conn, Handler, Headers, KnownHeaderName, Status};
[INFO] [stdout]   |                               ^^^^^^^  ^^^^^^^^^^^^^^^  ^^^^^^
[INFO] [stdout]   |
[INFO] [stdout]   = note: `#[warn(unused_imports)]` on by default
[INFO] [stdout] 
[INFO] [stdout] 
[INFO] [stdout] error[E0433]: failed to resolve: use of undeclared crate or module `trillium_smol`
[INFO] [stdout]   --> examples/api.rs:41:5
[INFO] [stdout]    |
[INFO] [stdout] 41 |     trillium_smol::run((
[INFO] [stdout]    |     ^^^^^^^^^^^^^ use of undeclared crate or module `trillium_smol`
[INFO] [stdout]    |
[INFO] [stdout] help: there is a crate or module with a similar name
[INFO] [stdout]    |
[INFO] [stdout] 41 |     trillium_api::run((
[INFO] [stdout]    |     ~~~~~~~~~~~~
[INFO] [stdout] 
[INFO] [stdout] 
[INFO] [stdout] error: aborting due to 3 previous errors
[INFO] [stdout] 
[INFO] [stdout] 
[INFO] [stdout] Some errors have detailed explanations: E0432, E0433.
[INFO] [stdout] 
[INFO] [stdout] For more information about an error, try `rustc --explain E0432`.
[INFO] [stdout] 
[INFO] [stderr] error: could not compile `trillium-api` (example "api") due to 4 previous errors
[INFO] [stderr] warning: build failed, waiting for other jobs to finish...
[INFO] [stdout] error: aborting due to 9 previous errors; 1 warning emitted
[INFO] [stdout] 
[INFO] [stdout] 
[INFO] [stdout] For more information about this error, try `rustc --explain E0433`.
[INFO] [stdout] 
[INFO] [stderr] error: could not compile `trillium-api` (test "tests") due to 10 previous errors; 1 warning emitted
[INFO] running `Command { std: "docker" "inspect" "6a5aec8778972859268cb777746ae13c72fb36951852fea4afd9b99c7abcfb5e", kill_on_drop: false }`
[INFO] running `Command { std: "docker" "rm" "-f" "6a5aec8778972859268cb777746ae13c72fb36951852fea4afd9b99c7abcfb5e", kill_on_drop: false }`
[INFO] [stdout] 6a5aec8778972859268cb777746ae13c72fb36951852fea4afd9b99c7abcfb5e
[INFO] testing trillium-api-0.2.0-rc.7 against beta-2023-12-22 for beta-1.76-1
[INFO] extracting crate trillium-api 0.2.0-rc.7 into /workspace/builds/worker-4-tc2/source
[INFO] validating manifest of crates.io crate trillium-api 0.2.0-rc.7 on toolchain beta-2023-12-22
[INFO] running `Command { std: CARGO_HOME="/workspace/cargo-home" RUSTUP_HOME="/workspace/rustup-home" "/workspace/cargo-home/bin/cargo" "+beta-2023-12-22" "metadata" "--manifest-path" "Cargo.toml" "--no-deps", kill_on_drop: false }`
[INFO] started tweaking crates.io crate trillium-api 0.2.0-rc.7
[INFO] finished tweaking crates.io crate trillium-api 0.2.0-rc.7
[INFO] tweaked toml for crates.io crate trillium-api 0.2.0-rc.7 written to /workspace/builds/worker-4-tc2/source/Cargo.toml
[INFO] crate crates.io crate trillium-api 0.2.0-rc.7 already has a lockfile, it will not be regenerated
[INFO] running `Command { std: CARGO_HOME="/workspace/cargo-home" RUSTUP_HOME="/workspace/rustup-home" "/workspace/cargo-home/bin/cargo" "+beta-2023-12-22" "fetch" "--manifest-path" "Cargo.toml", kill_on_drop: false }`
[INFO] running `Command { std: "docker" "create" "-v" "/var/lib/crater-agent-workspace/builds/worker-4-tc2/target:/opt/rustwide/target:rw,Z" "-v" "/var/lib/crater-agent-workspace/builds/worker-4-tc2/source:/opt/rustwide/workdir:ro,Z" "-v" "/var/lib/crater-agent-workspace/cargo-home:/opt/rustwide/cargo-home:ro,Z" "-v" "/var/lib/crater-agent-workspace/rustup-home:/opt/rustwide/rustup-home:ro,Z" "-e" "SOURCE_DIR=/opt/rustwide/workdir" "-e" "CARGO_TARGET_DIR=/opt/rustwide/target" "-e" "CARGO_HOME=/opt/rustwide/cargo-home" "-e" "RUSTUP_HOME=/opt/rustwide/rustup-home" "-w" "/opt/rustwide/workdir" "-m" "1610612736" "--user" "0:0" "--network" "none" "ghcr.io/rust-lang/crates-build-env/linux@sha256:2788e3201cd34a07e3172128adcd8b3090168a8e3bcc40d7c032b9dda1df7d1c" "/opt/rustwide/cargo-home/bin/cargo" "+beta-2023-12-22" "metadata" "--no-deps" "--format-version=1", kill_on_drop: false }`
[INFO] [stdout] 519eb162f9bd5e6b1e1114190ee8db80654b97572be723898e886b6b7f628f88
[INFO] running `Command { std: "docker" "start" "-a" "519eb162f9bd5e6b1e1114190ee8db80654b97572be723898e886b6b7f628f88", kill_on_drop: false }`
[INFO] running `Command { std: "docker" "inspect" "519eb162f9bd5e6b1e1114190ee8db80654b97572be723898e886b6b7f628f88", kill_on_drop: false }`
[INFO] running `Command { std: "docker" "rm" "-f" "519eb162f9bd5e6b1e1114190ee8db80654b97572be723898e886b6b7f628f88", kill_on_drop: false }`
[INFO] [stdout] 519eb162f9bd5e6b1e1114190ee8db80654b97572be723898e886b6b7f628f88
[INFO] running `Command { std: "docker" "create" "-v" "/var/lib/crater-agent-workspace/builds/worker-4-tc2/target:/opt/rustwide/target:rw,Z" "-v" "/var/lib/crater-agent-workspace/builds/worker-4-tc2/source:/opt/rustwide/workdir:ro,Z" "-v" "/var/lib/crater-agent-workspace/cargo-home:/opt/rustwide/cargo-home:ro,Z" "-v" "/var/lib/crater-agent-workspace/rustup-home:/opt/rustwide/rustup-home:ro,Z" "-e" "SOURCE_DIR=/opt/rustwide/workdir" "-e" "CARGO_TARGET_DIR=/opt/rustwide/target" "-e" "CARGO_INCREMENTAL=0" "-e" "RUST_BACKTRACE=full" "-e" "RUSTFLAGS=--cap-lints=warn" "-e" "RUSTDOCFLAGS=--cap-lints=warn" "-e" "CARGO_HOME=/opt/rustwide/cargo-home" "-e" "RUSTUP_HOME=/opt/rustwide/rustup-home" "-w" "/opt/rustwide/workdir" "-m" "1610612736" "--user" "0:0" "--network" "none" "ghcr.io/rust-lang/crates-build-env/linux@sha256:2788e3201cd34a07e3172128adcd8b3090168a8e3bcc40d7c032b9dda1df7d1c" "/opt/rustwide/cargo-home/bin/cargo" "+beta-2023-12-22" "build" "--frozen" "--message-format=json", kill_on_drop: false }`
[INFO] [stdout] 1888119c74cbb7775791b12cfeede881d1fd1e1c85e1c0a41e3d8db82824a0ee
[INFO] running `Command { std: "docker" "start" "-a" "1888119c74cbb7775791b12cfeede881d1fd1e1c85e1c0a41e3d8db82824a0ee", kill_on_drop: false }`
[INFO] [stderr]    Compiling proc-macro2 v1.0.69
[INFO] [stderr]    Compiling unicode-ident v1.0.12
[INFO] [stderr]    Compiling version_check v0.9.4
[INFO] [stderr]    Compiling cfg-if v1.0.0
[INFO] [stderr]    Compiling crossbeam-utils v0.8.16
[INFO] [stderr]    Compiling autocfg v1.1.0
[INFO] [stderr]    Compiling futures-core v0.3.29
[INFO] [stderr]    Compiling serde v1.0.190
[INFO] [stderr]    Compiling pin-project-lite v0.2.13
[INFO] [stderr]    Compiling parking v2.2.0
[INFO] [stderr]    Compiling memchr v2.6.4
[INFO] [stderr]    Compiling waker-fn v1.1.1
[INFO] [stderr]    Compiling static_assertions v1.1.0
[INFO] [stderr]    Compiling thiserror v1.0.50
[INFO] [stderr]    Compiling fastrand v2.0.1
[INFO] [stderr]    Compiling once_cell v1.18.0
[INFO] [stderr]    Compiling httparse v1.8.0
[INFO] [stderr]    Compiling zerocopy v0.7.15
[INFO] [stderr]    Compiling futures-io v0.3.29
[INFO] [stderr]    Compiling itoa v1.0.9
[INFO] [stderr]    Compiling async-trait v0.1.74
[INFO] [stderr]    Compiling allocator-api2 v0.2.16
[INFO] [stderr]    Compiling encoding_rs v0.8.33
[INFO] [stderr]    Compiling mime v0.3.17
[INFO] [stderr]    Compiling ryu v1.0.15
[INFO] [stderr]    Compiling smallvec v1.11.1
[INFO] [stderr]    Compiling httpdate v1.0.3
[INFO] [stderr]    Compiling log v0.4.20
[INFO] [stderr]    Compiling ahash v0.8.6
[INFO] [stderr]    Compiling percent-encoding v2.3.0
[INFO] [stderr]    Compiling serde_json v1.0.107
[INFO] [stderr]    Compiling smartstring v1.0.1
[INFO] [stderr]    Compiling form_urlencoded v1.2.0
[INFO] [stderr]    Compiling concurrent-queue v2.3.0
[INFO] [stderr]    Compiling event-listener v3.0.0
[INFO] [stderr]    Compiling hashbrown v0.14.2
[INFO] [stderr]    Compiling futures-lite v2.0.0
[INFO] [stderr]    Compiling quote v1.0.33
[INFO] [stderr]    Compiling syn v2.0.38
[INFO] [stderr]    Compiling smartcow v0.2.1
[INFO] [stderr]    Compiling stopper v0.2.2
[INFO] [stderr]    Compiling serde_derive v1.0.190
[INFO] [stderr]    Compiling thiserror-impl v1.0.50
[INFO] [stderr]    Compiling trillium-macros v0.0.4
[INFO] [stderr]    Compiling trillium-http v0.3.5
[INFO] [stderr]    Compiling trillium v0.2.11
[INFO] [stderr]    Compiling serde_path_to_error v0.1.14
[INFO] [stderr]    Compiling serde_urlencoded v0.7.1
[INFO] [stderr]    Compiling trillium-api v0.2.0-rc.7 (/opt/rustwide/workdir)
[INFO] [stderr]     Finished dev [unoptimized + debuginfo] target(s) in 13.40s
[INFO] running `Command { std: "docker" "inspect" "1888119c74cbb7775791b12cfeede881d1fd1e1c85e1c0a41e3d8db82824a0ee", kill_on_drop: false }`
[INFO] running `Command { std: "docker" "rm" "-f" "1888119c74cbb7775791b12cfeede881d1fd1e1c85e1c0a41e3d8db82824a0ee", kill_on_drop: false }`
[INFO] [stdout] 1888119c74cbb7775791b12cfeede881d1fd1e1c85e1c0a41e3d8db82824a0ee
[INFO] running `Command { std: "docker" "create" "-v" "/var/lib/crater-agent-workspace/builds/worker-4-tc2/target:/opt/rustwide/target:rw,Z" "-v" "/var/lib/crater-agent-workspace/builds/worker-4-tc2/source:/opt/rustwide/workdir:ro,Z" "-v" "/var/lib/crater-agent-workspace/cargo-home:/opt/rustwide/cargo-home:ro,Z" "-v" "/var/lib/crater-agent-workspace/rustup-home:/opt/rustwide/rustup-home:ro,Z" "-e" "SOURCE_DIR=/opt/rustwide/workdir" "-e" "CARGO_TARGET_DIR=/opt/rustwide/target" "-e" "CARGO_INCREMENTAL=0" "-e" "RUST_BACKTRACE=full" "-e" "RUSTFLAGS=--cap-lints=warn" "-e" "RUSTDOCFLAGS=--cap-lints=warn" "-e" "CARGO_HOME=/opt/rustwide/cargo-home" "-e" "RUSTUP_HOME=/opt/rustwide/rustup-home" "-w" "/opt/rustwide/workdir" "-m" "1610612736" "--user" "0:0" "--network" "none" "ghcr.io/rust-lang/crates-build-env/linux@sha256:2788e3201cd34a07e3172128adcd8b3090168a8e3bcc40d7c032b9dda1df7d1c" "/opt/rustwide/cargo-home/bin/cargo" "+beta-2023-12-22" "test" "--frozen" "--no-run" "--message-format=json", kill_on_drop: false }`
[INFO] [stdout] 16fd2427f8f250c89aadcc4adc846bde698b7505757da8e60b3858ea39ba3652
[INFO] running `Command { std: "docker" "start" "-a" "16fd2427f8f250c89aadcc4adc846bde698b7505757da8e60b3858ea39ba3652", kill_on_drop: false }`
[INFO] [stderr]    Compiling log v0.4.20
[INFO] [stderr]    Compiling rustix v0.38.21
[INFO] [stderr]    Compiling aho-corasick v1.1.2
[INFO] [stderr]    Compiling bitflags v2.4.1
[INFO] [stderr]    Compiling regex-syntax v0.8.2
[INFO] [stderr]    Compiling linux-raw-sys v0.4.10
[INFO] [stderr]    Compiling humantime v2.1.0
[INFO] [stderr]    Compiling termcolor v1.3.0
[INFO] [stderr]    Compiling trillium-http v0.3.5
[INFO] [stderr]    Compiling trillium v0.2.11
[INFO] [stderr]    Compiling is-terminal v0.4.9
[INFO] [stderr]    Compiling regex-automata v0.4.3
[INFO] [stderr]    Compiling trillium-api v0.2.0-rc.7 (/opt/rustwide/workdir)
[INFO] [stderr]    Compiling regex v1.10.2
[INFO] [stderr]    Compiling env_logger v0.10.0
[INFO] [stdout] error[E0433]: failed to resolve: use of undeclared crate or module `trillium_testing`
[INFO] [stdout]  --> tests/tests.rs:5:5
[INFO] [stdout]   |
[INFO] [stdout] 5 | use trillium_testing::prelude::*;
[INFO] [stdout]   |     ^^^^^^^^^^^^^^^^ use of undeclared crate or module `trillium_testing`
[INFO] [stdout] 
[INFO] [stdout] 
[INFO] [stdout] error[E0432]: unresolved import `trillium_logger`
[INFO] [stdout]  --> examples/api.rs:4:5
[INFO] [stdout]   |
[INFO] [stdout] 4 | use trillium_logger::logger;
[INFO] [stdout]   |     ^^^^^^^^^^^^^^^ use of undeclared crate or module `trillium_logger`
[INFO] [stdout] 
[INFO] [stdout] 
[INFO] [stdout] error[E0432]: unresolved import `trillium_router`
[INFO] [stdout]  --> examples/api.rs:5:5
[INFO] [stdout]   |
[INFO] [stdout] 5 | use trillium_router::router;
[INFO] [stdout]   |     ^^^^^^^^^^^^^^^ use of undeclared crate or module `trillium_router`
[INFO] [stdout] 
[INFO] [stdout] 
[INFO] [stdout] error: cannot find macro `assert_ok` in this scope
[INFO] [stdout]   --> tests/tests.rs:29:5
[INFO] [stdout]    |
[INFO] [stdout] 29 |     assert_ok!(
[INFO] [stdout]    |     ^^^^^^^^^ help: a macro with a similar name exists: `assert_eq`
[INFO] [stdout]   --> /rustc/0e09125c6c3c2fd70d7de961bcf0e51575235fad/library/core/src/macros/mod.rs:36:1
[INFO] [stdout]    |
[INFO] [stdout]    = note: similarly named macro `assert_eq` defined here
[INFO] [stdout] 
[INFO] [stdout] 
[INFO] [stdout] error: cannot find macro `assert_ok` in this scope
[INFO] [stdout]   --> tests/tests.rs:40:5
[INFO] [stdout]    |
[INFO] [stdout] 40 |     assert_ok!(
[INFO] [stdout]    |     ^^^^^^^^^ help: a macro with a similar name exists: `assert_eq`
[INFO] [stdout]   --> /rustc/0e09125c6c3c2fd70d7de961bcf0e51575235fad/library/core/src/macros/mod.rs:36:1
[INFO] [stdout]    |
[INFO] [stdout]    = note: similarly named macro `assert_eq` defined here
[INFO] [stdout] 
[INFO] [stdout] 
[INFO] [stdout] error: cannot find macro `assert_response` in this scope
[INFO] [stdout]   --> tests/tests.rs:51:5
[INFO] [stdout]    |
[INFO] [stdout] 51 |     assert_response!(
[INFO] [stdout]    |     ^^^^^^^^^^^^^^^
[INFO] [stdout] 
[INFO] [stdout] 
[INFO] [stdout] error: cannot find macro `assert_ok` in this scope
[INFO] [stdout]   --> tests/tests.rs:67:5
[INFO] [stdout]    |
[INFO] [stdout] 67 |     assert_ok!(
[INFO] [stdout]    |     ^^^^^^^^^ help: a macro with a similar name exists: `assert_eq`
[INFO] [stdout]   --> /rustc/0e09125c6c3c2fd70d7de961bcf0e51575235fad/library/core/src/macros/mod.rs:36:1
[INFO] [stdout]    |
[INFO] [stdout]    = note: similarly named macro `assert_eq` defined here
[INFO] [stdout] 
[INFO] [stdout] 
[INFO] [stdout] error: cannot find macro `assert_ok` in this scope
[INFO] [stdout]   --> tests/tests.rs:76:5
[INFO] [stdout]    |
[INFO] [stdout] 76 |     assert_ok!(
[INFO] [stdout]    |     ^^^^^^^^^ help: a macro with a similar name exists: `assert_eq`
[INFO] [stdout]   --> /rustc/0e09125c6c3c2fd70d7de961bcf0e51575235fad/library/core/src/macros/mod.rs:36:1
[INFO] [stdout]    |
[INFO] [stdout]    = note: similarly named macro `assert_eq` defined here
[INFO] [stdout] 
[INFO] [stdout] 
[INFO] [stdout] error: cannot find macro `assert_status` in this scope
[INFO] [stdout]   --> tests/tests.rs:92:5
[INFO] [stdout]    |
[INFO] [stdout] 92 |     assert_status!(
[INFO] [stdout]    |     ^^^^^^^^^^^^^
[INFO] [stdout] 
[INFO] [stdout] 
[INFO] [stdout] error: cannot find macro `assert_ok` in this scope
[INFO] [stdout]    --> tests/tests.rs:100:5
[INFO] [stdout]     |
[INFO] [stdout] 100 |     assert_ok!(get("/")
[INFO] [stdout]     |     ^^^^^^^^^ help: a macro with a similar name exists: `assert_eq`
[INFO] [stdout]    --> /rustc/0e09125c6c3c2fd70d7de961bcf0e51575235fad/library/core/src/macros/mod.rs:36:1
[INFO] [stdout]     |
[INFO] [stdout]     = note: similarly named macro `assert_eq` defined here
[INFO] [stdout] 
[INFO] [stdout] 
[INFO] [stdout] error: cannot find macro `assert_response` in this scope
[INFO] [stdout]    --> tests/tests.rs:121:5
[INFO] [stdout]     |
[INFO] [stdout] 121 |     assert_response!(
[INFO] [stdout]     |     ^^^^^^^^^^^^^^^
[INFO] [stdout] 
[INFO] [stdout] 
[INFO] [stdout] warning: unused imports: `Headers`, `KnownHeaderName`, `Status`
[INFO] [stdout]  --> tests/tests.rs:3:31
[INFO] [stdout]   |
[INFO] [stdout] 3 | use trillium::{Conn, Handler, Headers, KnownHeaderName, Status};
[INFO] [stdout]   |                               ^^^^^^^  ^^^^^^^^^^^^^^^  ^^^^^^
[INFO] [stdout]   |
[INFO] [stdout]   = note: `#[warn(unused_imports)]` on by default
[INFO] [stdout] 
[INFO] [stdout] 
[INFO] [stdout] error: aborting due to 9 previous errors; 1 warning emitted
[INFO] [stdout] 
[INFO] [stdout] 
[INFO] [stdout] For more information about this error, try `rustc --explain E0433`.
[INFO] [stdout] 
[INFO] [stdout] error[E0433]: failed to resolve: use of undeclared crate or module `trillium_smol`
[INFO] [stdout]   --> examples/api.rs:41:5
[INFO] [stdout]    |
[INFO] [stdout] 41 |     trillium_smol::run((
[INFO] [stdout]    |     ^^^^^^^^^^^^^ use of undeclared crate or module `trillium_smol`
[INFO] [stdout]    |
[INFO] [stdout] help: there is a crate or module with a similar name
[INFO] [stdout]    |
[INFO] [stdout] 41 |     trillium_api::run((
[INFO] [stdout]    |     ~~~~~~~~~~~~
[INFO] [stdout] 
[INFO] [stdout] 
[INFO] [stderr] error: could not compile `trillium-api` (test "tests") due to 10 previous errors; 1 warning emitted
[INFO] [stderr] warning: build failed, waiting for other jobs to finish...
[INFO] [stdout] error: aborting due to 3 previous errors
[INFO] [stdout] 
[INFO] [stdout] 
[INFO] [stdout] Some errors have detailed explanations: E0432, E0433.
[INFO] [stdout] 
[INFO] [stdout] For more information about an error, try `rustc --explain E0432`.
[INFO] [stdout] 
[INFO] [stderr] error: could not compile `trillium-api` (example "api") due to 4 previous errors
[INFO] running `Command { std: "docker" "inspect" "16fd2427f8f250c89aadcc4adc846bde698b7505757da8e60b3858ea39ba3652", kill_on_drop: false }`
[INFO] running `Command { std: "docker" "rm" "-f" "16fd2427f8f250c89aadcc4adc846bde698b7505757da8e60b3858ea39ba3652", kill_on_drop: false }`
[INFO] [stdout] 16fd2427f8f250c89aadcc4adc846bde698b7505757da8e60b3858ea39ba3652
