[INFO] fetching crate triforce_rs 0.0.2...
[INFO] testing triforce_rs-0.0.2 against 1.75.0 for beta-1.76-1
[INFO] extracting crate triforce_rs 0.0.2 into /workspace/builds/worker-7-tc1/source
[INFO] validating manifest of crates.io crate triforce_rs 0.0.2 on toolchain 1.75.0
[INFO] running `Command { std: CARGO_HOME="/workspace/cargo-home" RUSTUP_HOME="/workspace/rustup-home" "/workspace/cargo-home/bin/cargo" "+1.75.0" "metadata" "--manifest-path" "Cargo.toml" "--no-deps", kill_on_drop: false }`
[INFO] started tweaking crates.io crate triforce_rs 0.0.2
[INFO] finished tweaking crates.io crate triforce_rs 0.0.2
[INFO] tweaked toml for crates.io crate triforce_rs 0.0.2 written to /workspace/builds/worker-7-tc1/source/Cargo.toml
[INFO] running `Command { std: CARGO_HOME="/workspace/cargo-home" RUSTUP_HOME="/workspace/rustup-home" "/workspace/cargo-home/bin/cargo" "+1.75.0" "generate-lockfile" "--manifest-path" "Cargo.toml", kill_on_drop: false }`
[INFO] [stderr]     Updating crates.io index
[INFO] running `Command { std: CARGO_HOME="/workspace/cargo-home" RUSTUP_HOME="/workspace/rustup-home" "/workspace/cargo-home/bin/cargo" "+1.75.0" "fetch" "--manifest-path" "Cargo.toml", kill_on_drop: false }`
[INFO] running `Command { std: "docker" "create" "-v" "/var/lib/crater-agent-workspace/builds/worker-7-tc1/target:/opt/rustwide/target:rw,Z" "-v" "/var/lib/crater-agent-workspace/builds/worker-7-tc1/source:/opt/rustwide/workdir:ro,Z" "-v" "/var/lib/crater-agent-workspace/cargo-home:/opt/rustwide/cargo-home:ro,Z" "-v" "/var/lib/crater-agent-workspace/rustup-home:/opt/rustwide/rustup-home:ro,Z" "-e" "SOURCE_DIR=/opt/rustwide/workdir" "-e" "CARGO_TARGET_DIR=/opt/rustwide/target" "-e" "CARGO_HOME=/opt/rustwide/cargo-home" "-e" "RUSTUP_HOME=/opt/rustwide/rustup-home" "-w" "/opt/rustwide/workdir" "-m" "1610612736" "--user" "0:0" "--network" "none" "ghcr.io/rust-lang/crates-build-env/linux@sha256:2788e3201cd34a07e3172128adcd8b3090168a8e3bcc40d7c032b9dda1df7d1c" "/opt/rustwide/cargo-home/bin/cargo" "+1.75.0" "metadata" "--no-deps" "--format-version=1", kill_on_drop: false }`
[INFO] [stdout] 7e83adb7d0a1b879cefd07e30ac1d3043f0bc851a0f76dbc46dc5ede10588085
[INFO] running `Command { std: "docker" "start" "-a" "7e83adb7d0a1b879cefd07e30ac1d3043f0bc851a0f76dbc46dc5ede10588085", kill_on_drop: false }`
[INFO] running `Command { std: "docker" "inspect" "7e83adb7d0a1b879cefd07e30ac1d3043f0bc851a0f76dbc46dc5ede10588085", kill_on_drop: false }`
[INFO] running `Command { std: "docker" "rm" "-f" "7e83adb7d0a1b879cefd07e30ac1d3043f0bc851a0f76dbc46dc5ede10588085", kill_on_drop: false }`
[INFO] [stdout] 7e83adb7d0a1b879cefd07e30ac1d3043f0bc851a0f76dbc46dc5ede10588085
[INFO] running `Command { std: "docker" "create" "-v" "/var/lib/crater-agent-workspace/builds/worker-7-tc1/target:/opt/rustwide/target:rw,Z" "-v" "/var/lib/crater-agent-workspace/builds/worker-7-tc1/source:/opt/rustwide/workdir:ro,Z" "-v" "/var/lib/crater-agent-workspace/cargo-home:/opt/rustwide/cargo-home:ro,Z" "-v" "/var/lib/crater-agent-workspace/rustup-home:/opt/rustwide/rustup-home:ro,Z" "-e" "SOURCE_DIR=/opt/rustwide/workdir" "-e" "CARGO_TARGET_DIR=/opt/rustwide/target" "-e" "CARGO_INCREMENTAL=0" "-e" "RUST_BACKTRACE=full" "-e" "RUSTFLAGS=--cap-lints=warn" "-e" "RUSTDOCFLAGS=--cap-lints=warn" "-e" "CARGO_HOME=/opt/rustwide/cargo-home" "-e" "RUSTUP_HOME=/opt/rustwide/rustup-home" "-w" "/opt/rustwide/workdir" "-m" "1610612736" "--user" "0:0" "--network" "none" "ghcr.io/rust-lang/crates-build-env/linux@sha256:2788e3201cd34a07e3172128adcd8b3090168a8e3bcc40d7c032b9dda1df7d1c" "/opt/rustwide/cargo-home/bin/cargo" "+1.75.0" "build" "--frozen" "--message-format=json", kill_on_drop: false }`
[INFO] [stdout] 325dfb1cd63645ef452a728745eaa4f4c455ad9eef3fe822657071b59f0a19eb
[INFO] running `Command { std: "docker" "start" "-a" "325dfb1cd63645ef452a728745eaa4f4c455ad9eef3fe822657071b59f0a19eb", kill_on_drop: false }`
[INFO] [stderr]    Compiling syn v1.0.109
[INFO] [stderr]    Compiling pq-sys v0.4.8
[INFO] [stderr]    Compiling bitflags v1.3.2
[INFO] [stderr]    Compiling byteorder v1.5.0
[INFO] [stderr]    Compiling diesel_derives v1.4.1
[INFO] [stderr]    Compiling diesel v1.4.8
[INFO] [stderr]    Compiling triforce_rs v0.0.2 (/opt/rustwide/workdir)
[INFO] [stdout] warning: ambiguous glob re-exports
[INFO] [stdout]   --> src/lib.rs:12:9
[INFO] [stdout]    |
[INFO] [stdout] 12 | pub use functions::*;
[INFO] [stdout]    |         ^^^^^^^^^^^^ the name `Similarity` in the type namespace is first re-exported here
[INFO] [stdout] 13 | pub use predicates::*;
[INFO] [stdout]    |         ------------- but the name `Similarity` in the type namespace is also re-exported here
[INFO] [stdout]    |
[INFO] [stdout]    = note: `#[warn(ambiguous_glob_reexports)]` on by default
[INFO] [stdout] 
[INFO] [stdout] 
[INFO] [stdout] warning: 1 warning emitted
[INFO] [stdout] 
[INFO] [stdout] 
[INFO] [stderr]     Finished dev [unoptimized + debuginfo] target(s) in 12.14s
[INFO] running `Command { std: "docker" "inspect" "325dfb1cd63645ef452a728745eaa4f4c455ad9eef3fe822657071b59f0a19eb", kill_on_drop: false }`
[INFO] running `Command { std: "docker" "rm" "-f" "325dfb1cd63645ef452a728745eaa4f4c455ad9eef3fe822657071b59f0a19eb", kill_on_drop: false }`
[INFO] [stdout] 325dfb1cd63645ef452a728745eaa4f4c455ad9eef3fe822657071b59f0a19eb
[INFO] running `Command { std: "docker" "create" "-v" "/var/lib/crater-agent-workspace/builds/worker-7-tc1/target:/opt/rustwide/target:rw,Z" "-v" "/var/lib/crater-agent-workspace/builds/worker-7-tc1/source:/opt/rustwide/workdir:ro,Z" "-v" "/var/lib/crater-agent-workspace/cargo-home:/opt/rustwide/cargo-home:ro,Z" "-v" "/var/lib/crater-agent-workspace/rustup-home:/opt/rustwide/rustup-home:ro,Z" "-e" "SOURCE_DIR=/opt/rustwide/workdir" "-e" "CARGO_TARGET_DIR=/opt/rustwide/target" "-e" "CARGO_INCREMENTAL=0" "-e" "RUST_BACKTRACE=full" "-e" "RUSTFLAGS=--cap-lints=warn" "-e" "RUSTDOCFLAGS=--cap-lints=warn" "-e" "CARGO_HOME=/opt/rustwide/cargo-home" "-e" "RUSTUP_HOME=/opt/rustwide/rustup-home" "-w" "/opt/rustwide/workdir" "-m" "1610612736" "--user" "0:0" "--network" "none" "ghcr.io/rust-lang/crates-build-env/linux@sha256:2788e3201cd34a07e3172128adcd8b3090168a8e3bcc40d7c032b9dda1df7d1c" "/opt/rustwide/cargo-home/bin/cargo" "+1.75.0" "test" "--frozen" "--no-run" "--message-format=json", kill_on_drop: false }`
[INFO] [stdout] 2ae7e455f4ad7072df5d0779a9672930950b9ca7637c60afaf7fe8c882fdca30
[INFO] running `Command { std: "docker" "start" "-a" "2ae7e455f4ad7072df5d0779a9672930950b9ca7637c60afaf7fe8c882fdca30", kill_on_drop: false }`
[INFO] [stdout] warning: ambiguous glob re-exports
[INFO] [stdout]   --> src/lib.rs:12:9
[INFO] [stdout]    |
[INFO] [stdout] 12 | pub use functions::*;
[INFO] [stdout]    |         ^^^^^^^^^^^^ the name `Similarity` in the type namespace is first re-exported here
[INFO] [stdout] 13 | pub use predicates::*;
[INFO] [stdout]    |         ------------- but the name `Similarity` in the type namespace is also re-exported here
[INFO] [stdout]    |
[INFO] [stdout]    = note: `#[warn(ambiguous_glob_reexports)]` on by default
[INFO] [stdout] 
[INFO] [stdout] 
[INFO] [stderr]    Compiling triforce_rs v0.0.2 (/opt/rustwide/workdir)
[INFO] [stdout] warning: 1 warning emitted
[INFO] [stdout] 
[INFO] [stdout] 
[INFO] [stdout] error[E0583]: file not found for module `schema`
[INFO] [stdout]   --> src/lib.rs:26:1
[INFO] [stdout]    |
[INFO] [stdout] 26 | pub mod schema;
[INFO] [stdout]    | ^^^^^^^^^^^^^^^
[INFO] [stdout]    |
[INFO] [stdout]    = help: to create the module `schema`, create file "src/schema.rs" or "src/schema/mod.rs"
[INFO] [stdout]    = note: if there is a `mod schema` elsewhere in the crate already, import it with `use crate::...` instead
[INFO] [stdout] 
[INFO] [stdout] 
[INFO] [stdout] error[E0433]: failed to resolve: could not find `test_similarity` in `schema`
[INFO] [stdout]   --> src/similar.rs:53:22
[INFO] [stdout]    |
[INFO] [stdout] 53 |   use crate::schema::test_similarity::dsl::*;
[INFO] [stdout]    |                      ^^^^^^^^^^^^^^^ could not find `test_similarity` in `schema`
[INFO] [stdout] 
[INFO] [stdout] 
[INFO] [stdout] error[E0433]: failed to resolve: could not find `test_similarity` in `schema`
[INFO] [stdout]   --> src/similar.rs:72:22
[INFO] [stdout]    |
[INFO] [stdout] 72 |   use crate::schema::test_similarity::dsl::*;
[INFO] [stdout]    |                      ^^^^^^^^^^^^^^^ could not find `test_similarity` in `schema`
[INFO] [stdout] 
[INFO] [stdout] 
[INFO] [stdout] error[E0433]: failed to resolve: could not find `test_similarity_arr` in `schema`
[INFO] [stdout]   --> src/similar.rs:92:22
[INFO] [stdout]    |
[INFO] [stdout] 92 |   use crate::schema::test_similarity_arr::dsl::*;
[INFO] [stdout]    |                      ^^^^^^^^^^^^^^^^^^^ could not find `test_similarity_arr` in `schema`
[INFO] [stdout] 
[INFO] [stdout] 
[INFO] [stdout] error[E0433]: failed to resolve: could not find `test_similarity_arr` in `schema`
[INFO] [stdout]    --> src/similar.rs:115:22
[INFO] [stdout]     |
[INFO] [stdout] 115 |   use crate::schema::test_similarity_arr::dsl::*;
[INFO] [stdout]     |                      ^^^^^^^^^^^^^^^^^^^ could not find `test_similarity_arr` in `schema`
[INFO] [stdout] 
[INFO] [stdout] 
[INFO] [stdout] error[E0433]: failed to resolve: could not find `test_similarity` in `schema`
[INFO] [stdout]    --> src/similar.rs:135:22
[INFO] [stdout]     |
[INFO] [stdout] 135 |   use crate::schema::test_similarity::dsl::*;
[INFO] [stdout]     |                      ^^^^^^^^^^^^^^^ could not find `test_similarity` in `schema`
[INFO] [stdout] 
[INFO] [stdout] 
[INFO] [stdout] error[E0432]: unresolved imports `crate::schema::test_similarity`, `crate::schema::test_similarity_arr`
[INFO] [stdout]  --> src/test_utils.rs:4:21
[INFO] [stdout]   |
[INFO] [stdout] 4 | use crate::schema::{test_similarity, test_similarity_arr};
[INFO] [stdout]   |                     ^^^^^^^^^^^^^^^  ^^^^^^^^^^^^^^^^^^^ no `test_similarity_arr` in `schema`
[INFO] [stdout]   |                     |
[INFO] [stdout]   |                     no `test_similarity` in `schema`
[INFO] [stdout] 
[INFO] [stdout] 
[INFO] [stdout] error[E0425]: cannot find value `test_similarity` in this scope
[INFO] [stdout]   --> src/similar.rs:59:21
[INFO] [stdout]    |
[INFO] [stdout] 59 |   let res: Vec<_> = test_similarity
[INFO] [stdout]    |                     ^^^^^^^^^^^^^^^ not found in this scope
[INFO] [stdout] 
[INFO] [stdout] 
[INFO] [stdout] error[E0423]: expected value, found attribute macro `test_case`
[INFO] [stdout]   --> src/similar.rs:60:13
[INFO] [stdout]    |
[INFO] [stdout] 60 |     .filter(test_case.similar_to(test_string))
[INFO] [stdout]    |             ^^^^^^^^^ not a value
[INFO] [stdout] 
[INFO] [stdout] 
[INFO] [stdout] error[E0425]: cannot find value `test_similarity` in this scope
[INFO] [stdout]   --> src/similar.rs:78:21
[INFO] [stdout]    |
[INFO] [stdout] 52 | fn similarity_test() {
[INFO] [stdout]    | -------------------- similarly named function `similarity_test` defined here
[INFO] [stdout] ...
[INFO] [stdout] 78 |   let res: Vec<_> = test_similarity
[INFO] [stdout]    |                     ^^^^^^^^^^^^^^^ help: a function with a similar name exists: `similarity_test`
[INFO] [stdout] 
[INFO] [stdout] 
[INFO] [stdout] error[E0423]: expected value, found attribute macro `test_case`
[INFO] [stdout]   --> src/similar.rs:79:15
[INFO] [stdout]    |
[INFO] [stdout] 79 |     .order_by(test_case.distance(test_string))
[INFO] [stdout]    |               ^^^^^^^^^ not a value
[INFO] [stdout] 
[INFO] [stdout] 
[INFO] [stdout] error[E0425]: cannot find value `test_similarity_arr` in this scope
[INFO] [stdout]    --> src/similar.rs:98:21
[INFO] [stdout]     |
[INFO] [stdout] 98  |   let res: Vec<_> = test_similarity_arr
[INFO] [stdout]     |                     ^^^^^^^^^^^^^^^^^^^ help: a function with a similar name exists: `similarity_test_arr`
[INFO] [stdout] ...
[INFO] [stdout] 134 | fn similarity_test_arr() {
[INFO] [stdout]     | ------------------------ similarly named function `similarity_test_arr` defined here
[INFO] [stdout] 
[INFO] [stdout] 
[INFO] [stdout] error[E0423]: expected value, found attribute macro `test_case`
[INFO] [stdout]   --> src/similar.rs:99:13
[INFO] [stdout]    |
[INFO] [stdout] 99 |     .filter(test_case.similar_to_any(test_string))
[INFO] [stdout]    |             ^^^^^^^^^ not a value
[INFO] [stdout] 
[INFO] [stdout] 
[INFO] [stdout] error[E0425]: cannot find value `test_similarity_arr` in this scope
[INFO] [stdout]    --> src/similar.rs:121:21
[INFO] [stdout]     |
[INFO] [stdout] 121 |   let res: Vec<_> = test_similarity_arr
[INFO] [stdout]     |                     ^^^^^^^^^^^^^^^^^^^ help: a function with a similar name exists: `similarity_test_arr`
[INFO] [stdout] ...
[INFO] [stdout] 134 | fn similarity_test_arr() {
[INFO] [stdout]     | ------------------------ similarly named function `similarity_test_arr` defined here
[INFO] [stdout] 
[INFO] [stdout] 
[INFO] [stdout] error[E0423]: expected value, found attribute macro `test_case`
[INFO] [stdout]    --> src/similar.rs:122:34
[INFO] [stdout]     |
[INFO] [stdout] 122 |     .filter(array_to_string(" ", test_case).similar_to(test_string))
[INFO] [stdout]     |                                  ^^^^^^^^^ not a value
[INFO] [stdout] 
[INFO] [stdout] 
[INFO] [stdout] error[E0425]: cannot find value `test_similarity` in this scope
[INFO] [stdout]    --> src/similar.rs:141:21
[INFO] [stdout]     |
[INFO] [stdout] 52  | fn similarity_test() {
[INFO] [stdout]     | -------------------- similarly named function `similarity_test` defined here
[INFO] [stdout] ...
[INFO] [stdout] 141 |   let res: Vec<_> = test_similarity
[INFO] [stdout]     |                     ^^^^^^^^^^^^^^^ help: a function with a similar name exists: `similarity_test`
[INFO] [stdout] 
[INFO] [stdout] 
[INFO] [stdout] error[E0423]: expected value, found attribute macro `test_case`
[INFO] [stdout]    --> src/similar.rs:142:15
[INFO] [stdout]     |
[INFO] [stdout] 142 |     .order_by(test_case.distance_arr(&test_string))
[INFO] [stdout]     |               ^^^^^^^^^ not a value
[INFO] [stdout] 
[INFO] [stdout] 
[INFO] [stdout] warning: ambiguous glob re-exports
[INFO] [stdout]   --> src/lib.rs:12:9
[INFO] [stdout]    |
[INFO] [stdout] 12 | pub use functions::*;
[INFO] [stdout]    |         ^^^^^^^^^^^^ the name `Similarity` in the type namespace is first re-exported here
[INFO] [stdout] 13 | pub use predicates::*;
[INFO] [stdout]    |         ------------- but the name `Similarity` in the type namespace is also re-exported here
[INFO] [stdout]    |
[INFO] [stdout]    = note: `#[warn(ambiguous_glob_reexports)]` on by default
[INFO] [stdout] 
[INFO] [stdout] 
[INFO] [stdout] error: aborting due to 17 previous errors; 1 warning emitted
[INFO] [stdout] 
[INFO] [stdout] 
[INFO] [stdout] Some errors have detailed explanations: E0423, E0425, E0432, E0433, E0583.
[INFO] [stdout] 
[INFO] [stdout] For more information about an error, try `rustc --explain E0423`.
[INFO] [stdout] 
[INFO] [stderr] error: could not compile `triforce_rs` (lib test) due to 18 previous errors; 1 warning emitted
[INFO] running `Command { std: "docker" "inspect" "2ae7e455f4ad7072df5d0779a9672930950b9ca7637c60afaf7fe8c882fdca30", kill_on_drop: false }`
[INFO] running `Command { std: "docker" "rm" "-f" "2ae7e455f4ad7072df5d0779a9672930950b9ca7637c60afaf7fe8c882fdca30", kill_on_drop: false }`
[INFO] [stdout] 2ae7e455f4ad7072df5d0779a9672930950b9ca7637c60afaf7fe8c882fdca30
[INFO] testing triforce_rs-0.0.2 against beta-2023-12-22 for beta-1.76-1
[INFO] extracting crate triforce_rs 0.0.2 into /workspace/builds/worker-7-tc2/source
[INFO] validating manifest of crates.io crate triforce_rs 0.0.2 on toolchain beta-2023-12-22
[INFO] running `Command { std: CARGO_HOME="/workspace/cargo-home" RUSTUP_HOME="/workspace/rustup-home" "/workspace/cargo-home/bin/cargo" "+beta-2023-12-22" "metadata" "--manifest-path" "Cargo.toml" "--no-deps", kill_on_drop: false }`
[INFO] started tweaking crates.io crate triforce_rs 0.0.2
[INFO] finished tweaking crates.io crate triforce_rs 0.0.2
[INFO] tweaked toml for crates.io crate triforce_rs 0.0.2 written to /workspace/builds/worker-7-tc2/source/Cargo.toml
[INFO] running `Command { std: CARGO_HOME="/workspace/cargo-home" RUSTUP_HOME="/workspace/rustup-home" "/workspace/cargo-home/bin/cargo" "+beta-2023-12-22" "generate-lockfile" "--manifest-path" "Cargo.toml", kill_on_drop: false }`
[INFO] [stderr]     Blocking waiting for file lock on package cache
[INFO] [stderr]     Updating crates.io index
[INFO] running `Command { std: CARGO_HOME="/workspace/cargo-home" RUSTUP_HOME="/workspace/rustup-home" "/workspace/cargo-home/bin/cargo" "+beta-2023-12-22" "fetch" "--manifest-path" "Cargo.toml", kill_on_drop: false }`
[INFO] running `Command { std: "docker" "create" "-v" "/var/lib/crater-agent-workspace/builds/worker-7-tc2/target:/opt/rustwide/target:rw,Z" "-v" "/var/lib/crater-agent-workspace/builds/worker-7-tc2/source:/opt/rustwide/workdir:ro,Z" "-v" "/var/lib/crater-agent-workspace/cargo-home:/opt/rustwide/cargo-home:ro,Z" "-v" "/var/lib/crater-agent-workspace/rustup-home:/opt/rustwide/rustup-home:ro,Z" "-e" "SOURCE_DIR=/opt/rustwide/workdir" "-e" "CARGO_TARGET_DIR=/opt/rustwide/target" "-e" "CARGO_HOME=/opt/rustwide/cargo-home" "-e" "RUSTUP_HOME=/opt/rustwide/rustup-home" "-w" "/opt/rustwide/workdir" "-m" "1610612736" "--user" "0:0" "--network" "none" "ghcr.io/rust-lang/crates-build-env/linux@sha256:2788e3201cd34a07e3172128adcd8b3090168a8e3bcc40d7c032b9dda1df7d1c" "/opt/rustwide/cargo-home/bin/cargo" "+beta-2023-12-22" "metadata" "--no-deps" "--format-version=1", kill_on_drop: false }`
[INFO] [stdout] 23aaacedefd9bfc4f44c3a4c5fe32afc6b0d393417473a8e5fb433ff2076a73c
[INFO] running `Command { std: "docker" "start" "-a" "23aaacedefd9bfc4f44c3a4c5fe32afc6b0d393417473a8e5fb433ff2076a73c", kill_on_drop: false }`
[INFO] running `Command { std: "docker" "inspect" "23aaacedefd9bfc4f44c3a4c5fe32afc6b0d393417473a8e5fb433ff2076a73c", kill_on_drop: false }`
[INFO] running `Command { std: "docker" "rm" "-f" "23aaacedefd9bfc4f44c3a4c5fe32afc6b0d393417473a8e5fb433ff2076a73c", kill_on_drop: false }`
[INFO] [stdout] 23aaacedefd9bfc4f44c3a4c5fe32afc6b0d393417473a8e5fb433ff2076a73c
[INFO] running `Command { std: "docker" "create" "-v" "/var/lib/crater-agent-workspace/builds/worker-7-tc2/target:/opt/rustwide/target:rw,Z" "-v" "/var/lib/crater-agent-workspace/builds/worker-7-tc2/source:/opt/rustwide/workdir:ro,Z" "-v" "/var/lib/crater-agent-workspace/cargo-home:/opt/rustwide/cargo-home:ro,Z" "-v" "/var/lib/crater-agent-workspace/rustup-home:/opt/rustwide/rustup-home:ro,Z" "-e" "SOURCE_DIR=/opt/rustwide/workdir" "-e" "CARGO_TARGET_DIR=/opt/rustwide/target" "-e" "CARGO_INCREMENTAL=0" "-e" "RUST_BACKTRACE=full" "-e" "RUSTFLAGS=--cap-lints=warn" "-e" "RUSTDOCFLAGS=--cap-lints=warn" "-e" "CARGO_HOME=/opt/rustwide/cargo-home" "-e" "RUSTUP_HOME=/opt/rustwide/rustup-home" "-w" "/opt/rustwide/workdir" "-m" "1610612736" "--user" "0:0" "--network" "none" "ghcr.io/rust-lang/crates-build-env/linux@sha256:2788e3201cd34a07e3172128adcd8b3090168a8e3bcc40d7c032b9dda1df7d1c" "/opt/rustwide/cargo-home/bin/cargo" "+beta-2023-12-22" "build" "--frozen" "--message-format=json", kill_on_drop: false }`
[INFO] [stdout] d7b3c816a599e4d3b18904ca30c20823bab2d39398083d1723772845b0ac9642
[INFO] running `Command { std: "docker" "start" "-a" "d7b3c816a599e4d3b18904ca30c20823bab2d39398083d1723772845b0ac9642", kill_on_drop: false }`
[INFO] [stderr]    Compiling syn v1.0.109
[INFO] [stderr]    Compiling pq-sys v0.4.8
[INFO] [stderr]    Compiling bitflags v1.3.2
[INFO] [stderr]    Compiling byteorder v1.5.0
[INFO] [stderr]    Compiling diesel_derives v1.4.1
[INFO] [stderr]    Compiling diesel v1.4.8
[INFO] [stderr]    Compiling triforce_rs v0.0.2 (/opt/rustwide/workdir)
[INFO] [stdout] warning: ambiguous glob re-exports
[INFO] [stdout]   --> src/lib.rs:12:9
[INFO] [stdout]    |
[INFO] [stdout] 12 | pub use functions::*;
[INFO] [stdout]    |         ^^^^^^^^^^^^ the name `Similarity` in the type namespace is first re-exported here
[INFO] [stdout] 13 | pub use predicates::*;
[INFO] [stdout]    |         ------------- but the name `Similarity` in the type namespace is also re-exported here
[INFO] [stdout]    |
[INFO] [stdout]    = note: `#[warn(ambiguous_glob_reexports)]` on by default
[INFO] [stdout] 
[INFO] [stdout] 
[INFO] [stdout] warning: 1 warning emitted
[INFO] [stdout] 
[INFO] [stdout] 
[INFO] [stderr]     Finished dev [unoptimized + debuginfo] target(s) in 15.90s
[INFO] running `Command { std: "docker" "inspect" "d7b3c816a599e4d3b18904ca30c20823bab2d39398083d1723772845b0ac9642", kill_on_drop: false }`
[INFO] running `Command { std: "docker" "rm" "-f" "d7b3c816a599e4d3b18904ca30c20823bab2d39398083d1723772845b0ac9642", kill_on_drop: false }`
[INFO] [stdout] d7b3c816a599e4d3b18904ca30c20823bab2d39398083d1723772845b0ac9642
[INFO] running `Command { std: "docker" "create" "-v" "/var/lib/crater-agent-workspace/builds/worker-7-tc2/target:/opt/rustwide/target:rw,Z" "-v" "/var/lib/crater-agent-workspace/builds/worker-7-tc2/source:/opt/rustwide/workdir:ro,Z" "-v" "/var/lib/crater-agent-workspace/cargo-home:/opt/rustwide/cargo-home:ro,Z" "-v" "/var/lib/crater-agent-workspace/rustup-home:/opt/rustwide/rustup-home:ro,Z" "-e" "SOURCE_DIR=/opt/rustwide/workdir" "-e" "CARGO_TARGET_DIR=/opt/rustwide/target" "-e" "CARGO_INCREMENTAL=0" "-e" "RUST_BACKTRACE=full" "-e" "RUSTFLAGS=--cap-lints=warn" "-e" "RUSTDOCFLAGS=--cap-lints=warn" "-e" "CARGO_HOME=/opt/rustwide/cargo-home" "-e" "RUSTUP_HOME=/opt/rustwide/rustup-home" "-w" "/opt/rustwide/workdir" "-m" "1610612736" "--user" "0:0" "--network" "none" "ghcr.io/rust-lang/crates-build-env/linux@sha256:2788e3201cd34a07e3172128adcd8b3090168a8e3bcc40d7c032b9dda1df7d1c" "/opt/rustwide/cargo-home/bin/cargo" "+beta-2023-12-22" "test" "--frozen" "--no-run" "--message-format=json", kill_on_drop: false }`
[INFO] [stdout] 524b89b7e73fb9a6ce9185f3a2c3e77520504b96496ab934c2f4bab195e655eb
[INFO] running `Command { std: "docker" "start" "-a" "524b89b7e73fb9a6ce9185f3a2c3e77520504b96496ab934c2f4bab195e655eb", kill_on_drop: false }`
[INFO] [stdout] warning: ambiguous glob re-exports
[INFO] [stdout]   --> src/lib.rs:12:9
[INFO] [stdout]    |
[INFO] [stdout] 12 | pub use functions::*;
[INFO] [stdout]    |         ^^^^^^^^^^^^ the name `Similarity` in the type namespace is first re-exported here
[INFO] [stdout] 13 | pub use predicates::*;
[INFO] [stdout]    |         ------------- but the name `Similarity` in the type namespace is also re-exported here
[INFO] [stdout]    |
[INFO] [stdout]    = note: `#[warn(ambiguous_glob_reexports)]` on by default
[INFO] [stdout] 
[INFO] [stdout] 
[INFO] [stderr]    Compiling triforce_rs v0.0.2 (/opt/rustwide/workdir)
[INFO] [stdout] warning: 1 warning emitted
[INFO] [stdout] 
[INFO] [stdout] 
[INFO] [stdout] error[E0583]: file not found for module `schema`
[INFO] [stdout]   --> src/lib.rs:26:1
[INFO] [stdout]    |
[INFO] [stdout] 26 | pub mod schema;
[INFO] [stdout]    | ^^^^^^^^^^^^^^^
[INFO] [stdout]    |
[INFO] [stdout]    = help: to create the module `schema`, create file "src/schema.rs" or "src/schema/mod.rs"
[INFO] [stdout]    = note: if there is a `mod schema` elsewhere in the crate already, import it with `use crate::...` instead
[INFO] [stdout] 
[INFO] [stdout] 
[INFO] [stdout] error[E0433]: failed to resolve: could not find `test_similarity` in `schema`
[INFO] [stdout]   --> src/similar.rs:53:22
[INFO] [stdout]    |
[INFO] [stdout] 53 |   use crate::schema::test_similarity::dsl::*;
[INFO] [stdout]    |                      ^^^^^^^^^^^^^^^ could not find `test_similarity` in `schema`
[INFO] [stdout] 
[INFO] [stdout] 
[INFO] [stdout] error[E0433]: failed to resolve: could not find `test_similarity` in `schema`
[INFO] [stdout]   --> src/similar.rs:72:22
[INFO] [stdout]    |
[INFO] [stdout] 72 |   use crate::schema::test_similarity::dsl::*;
[INFO] [stdout]    |                      ^^^^^^^^^^^^^^^ could not find `test_similarity` in `schema`
[INFO] [stdout] 
[INFO] [stdout] 
[INFO] [stdout] error[E0433]: failed to resolve: could not find `test_similarity_arr` in `schema`
[INFO] [stdout]   --> src/similar.rs:92:22
[INFO] [stdout]    |
[INFO] [stdout] 92 |   use crate::schema::test_similarity_arr::dsl::*;
[INFO] [stdout]    |                      ^^^^^^^^^^^^^^^^^^^ could not find `test_similarity_arr` in `schema`
[INFO] [stdout] 
[INFO] [stdout] 
[INFO] [stdout] error[E0433]: failed to resolve: could not find `test_similarity_arr` in `schema`
[INFO] [stdout]    --> src/similar.rs:115:22
[INFO] [stdout]     |
[INFO] [stdout] 115 |   use crate::schema::test_similarity_arr::dsl::*;
[INFO] [stdout]     |                      ^^^^^^^^^^^^^^^^^^^ could not find `test_similarity_arr` in `schema`
[INFO] [stdout] 
[INFO] [stdout] 
[INFO] [stdout] error[E0433]: failed to resolve: could not find `test_similarity` in `schema`
[INFO] [stdout]    --> src/similar.rs:135:22
[INFO] [stdout]     |
[INFO] [stdout] 135 |   use crate::schema::test_similarity::dsl::*;
[INFO] [stdout]     |                      ^^^^^^^^^^^^^^^ could not find `test_similarity` in `schema`
[INFO] [stdout] 
[INFO] [stdout] 
[INFO] [stdout] error[E0432]: unresolved imports `crate::schema::test_similarity`, `crate::schema::test_similarity_arr`
[INFO] [stdout]  --> src/test_utils.rs:4:21
[INFO] [stdout]   |
[INFO] [stdout] 4 | use crate::schema::{test_similarity, test_similarity_arr};
[INFO] [stdout]   |                     ^^^^^^^^^^^^^^^  ^^^^^^^^^^^^^^^^^^^ no `test_similarity_arr` in `schema`
[INFO] [stdout]   |                     |
[INFO] [stdout]   |                     no `test_similarity` in `schema`
[INFO] [stdout] 
[INFO] [stdout] 
[INFO] [stdout] error[E0425]: cannot find value `test_similarity` in this scope
[INFO] [stdout]   --> src/similar.rs:59:21
[INFO] [stdout]    |
[INFO] [stdout] 59 |   let res: Vec<_> = test_similarity
[INFO] [stdout]    |                     ^^^^^^^^^^^^^^^ not found in this scope
[INFO] [stdout] 
[INFO] [stdout] 
[INFO] [stdout] error[E0423]: expected value, found attribute macro `test_case`
[INFO] [stdout]   --> src/similar.rs:60:13
[INFO] [stdout]    |
[INFO] [stdout] 60 |     .filter(test_case.similar_to(test_string))
[INFO] [stdout]    |             ^^^^^^^^^ not a value
[INFO] [stdout] 
[INFO] [stdout] 
[INFO] [stdout] error[E0425]: cannot find value `test_similarity` in this scope
[INFO] [stdout]   --> src/similar.rs:78:21
[INFO] [stdout]    |
[INFO] [stdout] 52 | fn similarity_test() {
[INFO] [stdout]    | -------------------- similarly named function `similarity_test` defined here
[INFO] [stdout] ...
[INFO] [stdout] 78 |   let res: Vec<_> = test_similarity
[INFO] [stdout]    |                     ^^^^^^^^^^^^^^^ help: a function with a similar name exists: `similarity_test`
[INFO] [stdout] 
[INFO] [stdout] 
[INFO] [stdout] error[E0423]: expected value, found attribute macro `test_case`
[INFO] [stdout]   --> src/similar.rs:79:15
[INFO] [stdout]    |
[INFO] [stdout] 79 |     .order_by(test_case.distance(test_string))
[INFO] [stdout]    |               ^^^^^^^^^ not a value
[INFO] [stdout] 
[INFO] [stdout] 
[INFO] [stdout] error[E0425]: cannot find value `test_similarity_arr` in this scope
[INFO] [stdout]    --> src/similar.rs:98:21
[INFO] [stdout]     |
[INFO] [stdout] 98  |   let res: Vec<_> = test_similarity_arr
[INFO] [stdout]     |                     ^^^^^^^^^^^^^^^^^^^ help: a function with a similar name exists: `similarity_test_arr`
[INFO] [stdout] ...
[INFO] [stdout] 134 | fn similarity_test_arr() {
[INFO] [stdout]     | ------------------------ similarly named function `similarity_test_arr` defined here
[INFO] [stdout] 
[INFO] [stdout] 
[INFO] [stdout] error[E0423]: expected value, found attribute macro `test_case`
[INFO] [stdout]   --> src/similar.rs:99:13
[INFO] [stdout]    |
[INFO] [stdout] 99 |     .filter(test_case.similar_to_any(test_string))
[INFO] [stdout]    |             ^^^^^^^^^ not a value
[INFO] [stdout] 
[INFO] [stdout] 
[INFO] [stdout] error[E0425]: cannot find value `test_similarity_arr` in this scope
[INFO] [stdout]    --> src/similar.rs:121:21
[INFO] [stdout]     |
[INFO] [stdout] 121 |   let res: Vec<_> = test_similarity_arr
[INFO] [stdout]     |                     ^^^^^^^^^^^^^^^^^^^ help: a function with a similar name exists: `similarity_test_arr`
[INFO] [stdout] ...
[INFO] [stdout] 134 | fn similarity_test_arr() {
[INFO] [stdout]     | ------------------------ similarly named function `similarity_test_arr` defined here
[INFO] [stdout] 
[INFO] [stdout] 
[INFO] [stdout] error[E0423]: expected value, found attribute macro `test_case`
[INFO] [stdout]    --> src/similar.rs:122:34
[INFO] [stdout]     |
[INFO] [stdout] 122 |     .filter(array_to_string(" ", test_case).similar_to(test_string))
[INFO] [stdout]     |                                  ^^^^^^^^^ not a value
[INFO] [stdout] 
[INFO] [stdout] 
[INFO] [stdout] error[E0425]: cannot find value `test_similarity` in this scope
[INFO] [stdout]    --> src/similar.rs:141:21
[INFO] [stdout]     |
[INFO] [stdout] 52  | fn similarity_test() {
[INFO] [stdout]     | -------------------- similarly named function `similarity_test` defined here
[INFO] [stdout] ...
[INFO] [stdout] 141 |   let res: Vec<_> = test_similarity
[INFO] [stdout]     |                     ^^^^^^^^^^^^^^^ help: a function with a similar name exists: `similarity_test`
[INFO] [stdout] 
[INFO] [stdout] 
[INFO] [stdout] error[E0423]: expected value, found attribute macro `test_case`
[INFO] [stdout]    --> src/similar.rs:142:15
[INFO] [stdout]     |
[INFO] [stdout] 142 |     .order_by(test_case.distance_arr(&test_string))
[INFO] [stdout]     |               ^^^^^^^^^ not a value
[INFO] [stdout] 
[INFO] [stdout] 
[INFO] [stdout] warning: ambiguous glob re-exports
[INFO] [stdout]   --> src/lib.rs:12:9
[INFO] [stdout]    |
[INFO] [stdout] 12 | pub use functions::*;
[INFO] [stdout]    |         ^^^^^^^^^^^^ the name `Similarity` in the type namespace is first re-exported here
[INFO] [stdout] 13 | pub use predicates::*;
[INFO] [stdout]    |         ------------- but the name `Similarity` in the type namespace is also re-exported here
[INFO] [stdout]    |
[INFO] [stdout]    = note: `#[warn(ambiguous_glob_reexports)]` on by default
[INFO] [stdout] 
[INFO] [stdout] 
[INFO] [stdout] error: aborting due to 17 previous errors; 1 warning emitted
[INFO] [stdout] 
[INFO] [stdout] 
[INFO] [stdout] Some errors have detailed explanations: E0423, E0425, E0432, E0433, E0583.
[INFO] [stdout] 
[INFO] [stdout] For more information about an error, try `rustc --explain E0423`.
[INFO] [stdout] 
[INFO] [stderr] error: could not compile `triforce_rs` (lib test) due to 18 previous errors; 1 warning emitted
[INFO] running `Command { std: "docker" "inspect" "524b89b7e73fb9a6ce9185f3a2c3e77520504b96496ab934c2f4bab195e655eb", kill_on_drop: false }`
[INFO] running `Command { std: "docker" "rm" "-f" "524b89b7e73fb9a6ce9185f3a2c3e77520504b96496ab934c2f4bab195e655eb", kill_on_drop: false }`
[INFO] [stdout] 524b89b7e73fb9a6ce9185f3a2c3e77520504b96496ab934c2f4bab195e655eb
