[INFO] fetching crate triangle-from-scratch 0.1.0...
[INFO] testing triangle-from-scratch-0.1.0 against 1.75.0 for beta-1.76-1
[INFO] extracting crate triangle-from-scratch 0.1.0 into /workspace/builds/worker-2-tc1/source
[INFO] validating manifest of crates.io crate triangle-from-scratch 0.1.0 on toolchain 1.75.0
[INFO] running `Command { std: CARGO_HOME="/workspace/cargo-home" RUSTUP_HOME="/workspace/rustup-home" "/workspace/cargo-home/bin/cargo" "+1.75.0" "metadata" "--manifest-path" "Cargo.toml" "--no-deps", kill_on_drop: false }`
[INFO] started tweaking crates.io crate triangle-from-scratch 0.1.0
[INFO] finished tweaking crates.io crate triangle-from-scratch 0.1.0
[INFO] tweaked toml for crates.io crate triangle-from-scratch 0.1.0 written to /workspace/builds/worker-2-tc1/source/Cargo.toml
[INFO] crate crates.io crate triangle-from-scratch 0.1.0 already has a lockfile, it will not be regenerated
[INFO] running `Command { std: CARGO_HOME="/workspace/cargo-home" RUSTUP_HOME="/workspace/rustup-home" "/workspace/cargo-home/bin/cargo" "+1.75.0" "fetch" "--manifest-path" "Cargo.toml", kill_on_drop: false }`
[INFO] running `Command { std: "docker" "create" "-v" "/var/lib/crater-agent-workspace/builds/worker-2-tc1/target:/opt/rustwide/target:rw,Z" "-v" "/var/lib/crater-agent-workspace/builds/worker-2-tc1/source:/opt/rustwide/workdir:ro,Z" "-v" "/var/lib/crater-agent-workspace/cargo-home:/opt/rustwide/cargo-home:ro,Z" "-v" "/var/lib/crater-agent-workspace/rustup-home:/opt/rustwide/rustup-home:ro,Z" "-e" "SOURCE_DIR=/opt/rustwide/workdir" "-e" "CARGO_TARGET_DIR=/opt/rustwide/target" "-e" "CARGO_HOME=/opt/rustwide/cargo-home" "-e" "RUSTUP_HOME=/opt/rustwide/rustup-home" "-w" "/opt/rustwide/workdir" "-m" "1610612736" "--user" "0:0" "--network" "none" "ghcr.io/rust-lang/crates-build-env/linux@sha256:2788e3201cd34a07e3172128adcd8b3090168a8e3bcc40d7c032b9dda1df7d1c" "/opt/rustwide/cargo-home/bin/cargo" "+1.75.0" "metadata" "--no-deps" "--format-version=1", kill_on_drop: false }`
[INFO] [stdout] 2cb07e675f8cfdf51e32af19ff836ef93053f7b2efba67fe20be5f9418685e2e
[INFO] running `Command { std: "docker" "start" "-a" "2cb07e675f8cfdf51e32af19ff836ef93053f7b2efba67fe20be5f9418685e2e", kill_on_drop: false }`
[INFO] running `Command { std: "docker" "inspect" "2cb07e675f8cfdf51e32af19ff836ef93053f7b2efba67fe20be5f9418685e2e", kill_on_drop: false }`
[INFO] running `Command { std: "docker" "rm" "-f" "2cb07e675f8cfdf51e32af19ff836ef93053f7b2efba67fe20be5f9418685e2e", kill_on_drop: false }`
[INFO] [stdout] 2cb07e675f8cfdf51e32af19ff836ef93053f7b2efba67fe20be5f9418685e2e
[INFO] running `Command { std: "docker" "create" "-v" "/var/lib/crater-agent-workspace/builds/worker-2-tc1/target:/opt/rustwide/target:rw,Z" "-v" "/var/lib/crater-agent-workspace/builds/worker-2-tc1/source:/opt/rustwide/workdir:ro,Z" "-v" "/var/lib/crater-agent-workspace/cargo-home:/opt/rustwide/cargo-home:ro,Z" "-v" "/var/lib/crater-agent-workspace/rustup-home:/opt/rustwide/rustup-home:ro,Z" "-e" "SOURCE_DIR=/opt/rustwide/workdir" "-e" "CARGO_TARGET_DIR=/opt/rustwide/target" "-e" "CARGO_INCREMENTAL=0" "-e" "RUST_BACKTRACE=full" "-e" "RUSTFLAGS=--cap-lints=warn" "-e" "RUSTDOCFLAGS=--cap-lints=warn" "-e" "CARGO_HOME=/opt/rustwide/cargo-home" "-e" "RUSTUP_HOME=/opt/rustwide/rustup-home" "-w" "/opt/rustwide/workdir" "-m" "1610612736" "--user" "0:0" "--network" "none" "ghcr.io/rust-lang/crates-build-env/linux@sha256:2788e3201cd34a07e3172128adcd8b3090168a8e3bcc40d7c032b9dda1df7d1c" "/opt/rustwide/cargo-home/bin/cargo" "+1.75.0" "build" "--frozen" "--message-format=json", kill_on_drop: false }`
[INFO] [stdout] 4e165f6b8aa1fe5d6bce3701823da63ba4d89821d7b2f45c147911ac4503c8fc
[INFO] running `Command { std: "docker" "start" "-a" "4e165f6b8aa1fe5d6bce3701823da63ba4d89821d7b2f45c147911ac4503c8fc", kill_on_drop: false }`
[INFO] [stderr]    Compiling triangle-from-scratch v0.1.0 (/opt/rustwide/workdir)
[INFO] [stdout] error[E0412]: cannot find type `c_uint` in this scope
[INFO] [stdout]  --> src/gl.rs:6:23
[INFO] [stdout]   |
[INFO] [stdout] 6 | pub type GLbitfield = c_uint;
[INFO] [stdout]   |                       ^^^^^^ not found in this scope
[INFO] [stdout]   |
[INFO] [stdout] help: consider importing one of these items
[INFO] [stdout]   |
[INFO] [stdout] 3 + use core::ffi::c_uint;
[INFO] [stdout]   |
[INFO] [stdout] 3 + use std::ffi::c_uint;
[INFO] [stdout]   |
[INFO] [stdout] 3 + use std::os::raw::c_uint;
[INFO] [stdout]   |
[INFO] [stdout] 
[INFO] [stdout] 
[INFO] [stdout] error[E0412]: cannot find type `c_float` in this scope
[INFO] [stdout]  --> src/gl.rs:9:20
[INFO] [stdout]   |
[INFO] [stdout] 9 | pub type GLfloat = c_float;
[INFO] [stdout]   |                    ^^^^^^^ not found in this scope
[INFO] [stdout]   |
[INFO] [stdout] help: consider importing one of these items
[INFO] [stdout]   |
[INFO] [stdout] 3 + use core::ffi::c_float;
[INFO] [stdout]   |
[INFO] [stdout] 3 + use std::ffi::c_float;
[INFO] [stdout]   |
[INFO] [stdout] 3 + use std::os::raw::c_float;
[INFO] [stdout]   |
[INFO] [stdout] 
[INFO] [stdout] 
[INFO] [stdout] warning: unused import: `super::*`
[INFO] [stdout]  --> src/gl.rs:3:5
[INFO] [stdout]   |
[INFO] [stdout] 3 | use super::*;
[INFO] [stdout]   |     ^^^^^^^^
[INFO] [stdout]   |
[INFO] [stdout]   = note: `#[warn(unused_imports)]` on by default
[INFO] [stdout] 
[INFO] [stdout] 
[INFO] [stdout] error: aborting due to 2 previous errors; 1 warning emitted
[INFO] [stdout] 
[INFO] [stdout] 
[INFO] [stdout] For more information about this error, try `rustc --explain E0412`.
[INFO] [stdout] 
[INFO] [stderr] error: could not compile `triangle-from-scratch` (lib) due to 3 previous errors; 1 warning emitted
[INFO] running `Command { std: "docker" "inspect" "4e165f6b8aa1fe5d6bce3701823da63ba4d89821d7b2f45c147911ac4503c8fc", kill_on_drop: false }`
[INFO] running `Command { std: "docker" "rm" "-f" "4e165f6b8aa1fe5d6bce3701823da63ba4d89821d7b2f45c147911ac4503c8fc", kill_on_drop: false }`
[INFO] [stdout] 4e165f6b8aa1fe5d6bce3701823da63ba4d89821d7b2f45c147911ac4503c8fc
[INFO] testing triangle-from-scratch-0.1.0 against beta-2023-12-22 for beta-1.76-1
[INFO] extracting crate triangle-from-scratch 0.1.0 into /workspace/builds/worker-2-tc2/source
[INFO] validating manifest of crates.io crate triangle-from-scratch 0.1.0 on toolchain beta-2023-12-22
[INFO] running `Command { std: CARGO_HOME="/workspace/cargo-home" RUSTUP_HOME="/workspace/rustup-home" "/workspace/cargo-home/bin/cargo" "+beta-2023-12-22" "metadata" "--manifest-path" "Cargo.toml" "--no-deps", kill_on_drop: false }`
[INFO] started tweaking crates.io crate triangle-from-scratch 0.1.0
[INFO] finished tweaking crates.io crate triangle-from-scratch 0.1.0
[INFO] tweaked toml for crates.io crate triangle-from-scratch 0.1.0 written to /workspace/builds/worker-2-tc2/source/Cargo.toml
[INFO] crate crates.io crate triangle-from-scratch 0.1.0 already has a lockfile, it will not be regenerated
[INFO] running `Command { std: CARGO_HOME="/workspace/cargo-home" RUSTUP_HOME="/workspace/rustup-home" "/workspace/cargo-home/bin/cargo" "+beta-2023-12-22" "fetch" "--manifest-path" "Cargo.toml", kill_on_drop: false }`
[INFO] running `Command { std: "docker" "create" "-v" "/var/lib/crater-agent-workspace/builds/worker-2-tc2/target:/opt/rustwide/target:rw,Z" "-v" "/var/lib/crater-agent-workspace/builds/worker-2-tc2/source:/opt/rustwide/workdir:ro,Z" "-v" "/var/lib/crater-agent-workspace/cargo-home:/opt/rustwide/cargo-home:ro,Z" "-v" "/var/lib/crater-agent-workspace/rustup-home:/opt/rustwide/rustup-home:ro,Z" "-e" "SOURCE_DIR=/opt/rustwide/workdir" "-e" "CARGO_TARGET_DIR=/opt/rustwide/target" "-e" "CARGO_HOME=/opt/rustwide/cargo-home" "-e" "RUSTUP_HOME=/opt/rustwide/rustup-home" "-w" "/opt/rustwide/workdir" "-m" "1610612736" "--user" "0:0" "--network" "none" "ghcr.io/rust-lang/crates-build-env/linux@sha256:2788e3201cd34a07e3172128adcd8b3090168a8e3bcc40d7c032b9dda1df7d1c" "/opt/rustwide/cargo-home/bin/cargo" "+beta-2023-12-22" "metadata" "--no-deps" "--format-version=1", kill_on_drop: false }`
[INFO] [stdout] 6043db0e24cfe21dbbd08d3f45b3f043679a62f7ed9c137a817e1f51dff575f8
[INFO] running `Command { std: "docker" "start" "-a" "6043db0e24cfe21dbbd08d3f45b3f043679a62f7ed9c137a817e1f51dff575f8", kill_on_drop: false }`
[INFO] running `Command { std: "docker" "inspect" "6043db0e24cfe21dbbd08d3f45b3f043679a62f7ed9c137a817e1f51dff575f8", kill_on_drop: false }`
[INFO] running `Command { std: "docker" "rm" "-f" "6043db0e24cfe21dbbd08d3f45b3f043679a62f7ed9c137a817e1f51dff575f8", kill_on_drop: false }`
[INFO] [stdout] 6043db0e24cfe21dbbd08d3f45b3f043679a62f7ed9c137a817e1f51dff575f8
[INFO] running `Command { std: "docker" "create" "-v" "/var/lib/crater-agent-workspace/builds/worker-2-tc2/target:/opt/rustwide/target:rw,Z" "-v" "/var/lib/crater-agent-workspace/builds/worker-2-tc2/source:/opt/rustwide/workdir:ro,Z" "-v" "/var/lib/crater-agent-workspace/cargo-home:/opt/rustwide/cargo-home:ro,Z" "-v" "/var/lib/crater-agent-workspace/rustup-home:/opt/rustwide/rustup-home:ro,Z" "-e" "SOURCE_DIR=/opt/rustwide/workdir" "-e" "CARGO_TARGET_DIR=/opt/rustwide/target" "-e" "CARGO_INCREMENTAL=0" "-e" "RUST_BACKTRACE=full" "-e" "RUSTFLAGS=--cap-lints=warn" "-e" "RUSTDOCFLAGS=--cap-lints=warn" "-e" "CARGO_HOME=/opt/rustwide/cargo-home" "-e" "RUSTUP_HOME=/opt/rustwide/rustup-home" "-w" "/opt/rustwide/workdir" "-m" "1610612736" "--user" "0:0" "--network" "none" "ghcr.io/rust-lang/crates-build-env/linux@sha256:2788e3201cd34a07e3172128adcd8b3090168a8e3bcc40d7c032b9dda1df7d1c" "/opt/rustwide/cargo-home/bin/cargo" "+beta-2023-12-22" "build" "--frozen" "--message-format=json", kill_on_drop: false }`
[INFO] [stdout] 00a9b91fda405df93ca5991056002c0218178763913c425e400154b6fed794e3
[INFO] running `Command { std: "docker" "start" "-a" "00a9b91fda405df93ca5991056002c0218178763913c425e400154b6fed794e3", kill_on_drop: false }`
[INFO] [stderr]    Compiling triangle-from-scratch v0.1.0 (/opt/rustwide/workdir)
[INFO] [stdout] error[E0412]: cannot find type `c_uint` in this scope
[INFO] [stdout]  --> src/gl.rs:6:23
[INFO] [stdout]   |
[INFO] [stdout] 6 | pub type GLbitfield = c_uint;
[INFO] [stdout]   |                       ^^^^^^ not found in this scope
[INFO] [stdout]   |
[INFO] [stdout] help: consider importing one of these items
[INFO] [stdout]   |
[INFO] [stdout] 3 + use core::ffi::c_uint;
[INFO] [stdout]   |
[INFO] [stdout] 3 + use std::ffi::c_uint;
[INFO] [stdout]   |
[INFO] [stdout] 3 + use std::os::raw::c_uint;
[INFO] [stdout]   |
[INFO] [stdout] 
[INFO] [stdout] 
[INFO] [stdout] error[E0412]: cannot find type `c_float` in this scope
[INFO] [stdout]  --> src/gl.rs:9:20
[INFO] [stdout]   |
[INFO] [stdout] 9 | pub type GLfloat = c_float;
[INFO] [stdout]   |                    ^^^^^^^ not found in this scope
[INFO] [stdout]   |
[INFO] [stdout] help: consider importing one of these items
[INFO] [stdout]   |
[INFO] [stdout] 3 + use core::ffi::c_float;
[INFO] [stdout]   |
[INFO] [stdout] 3 + use std::ffi::c_float;
[INFO] [stdout]   |
[INFO] [stdout] 3 + use std::os::raw::c_float;
[INFO] [stdout]   |
[INFO] [stdout] 
[INFO] [stdout] 
[INFO] [stdout] warning: unused import: `super::*`
[INFO] [stdout]  --> src/gl.rs:3:5
[INFO] [stdout]   |
[INFO] [stdout] 3 | use super::*;
[INFO] [stdout]   |     ^^^^^^^^
[INFO] [stdout]   |
[INFO] [stdout]   = note: `#[warn(unused_imports)]` on by default
[INFO] [stdout] 
[INFO] [stdout] 
[INFO] [stdout] error: aborting due to 2 previous errors; 1 warning emitted
[INFO] [stdout] 
[INFO] [stdout] 
[INFO] [stdout] For more information about this error, try `rustc --explain E0412`.
[INFO] [stdout] 
[INFO] [stderr] error: could not compile `triangle-from-scratch` (lib) due to 3 previous errors; 1 warning emitted
[INFO] running `Command { std: "docker" "inspect" "00a9b91fda405df93ca5991056002c0218178763913c425e400154b6fed794e3", kill_on_drop: false }`
[INFO] running `Command { std: "docker" "rm" "-f" "00a9b91fda405df93ca5991056002c0218178763913c425e400154b6fed794e3", kill_on_drop: false }`
[INFO] [stdout] 00a9b91fda405df93ca5991056002c0218178763913c425e400154b6fed794e3
