[INFO] fetching crate treewalk 0.1.4...
[INFO] testing treewalk-0.1.4 against 1.75.0 for beta-1.76-1
[INFO] extracting crate treewalk 0.1.4 into /workspace/builds/worker-4-tc1/source
[INFO] validating manifest of crates.io crate treewalk 0.1.4 on toolchain 1.75.0
[INFO] running `Command { std: CARGO_HOME="/workspace/cargo-home" RUSTUP_HOME="/workspace/rustup-home" "/workspace/cargo-home/bin/cargo" "+1.75.0" "metadata" "--manifest-path" "Cargo.toml" "--no-deps", kill_on_drop: false }`
[INFO] started tweaking crates.io crate treewalk 0.1.4
[INFO] finished tweaking crates.io crate treewalk 0.1.4
[INFO] tweaked toml for crates.io crate treewalk 0.1.4 written to /workspace/builds/worker-4-tc1/source/Cargo.toml
[INFO] crate crates.io crate treewalk 0.1.4 already has a lockfile, it will not be regenerated
[INFO] running `Command { std: CARGO_HOME="/workspace/cargo-home" RUSTUP_HOME="/workspace/rustup-home" "/workspace/cargo-home/bin/cargo" "+1.75.0" "fetch" "--manifest-path" "Cargo.toml", kill_on_drop: false }`
[INFO] running `Command { std: "docker" "create" "-v" "/var/lib/crater-agent-workspace/builds/worker-4-tc1/target:/opt/rustwide/target:rw,Z" "-v" "/var/lib/crater-agent-workspace/builds/worker-4-tc1/source:/opt/rustwide/workdir:ro,Z" "-v" "/var/lib/crater-agent-workspace/cargo-home:/opt/rustwide/cargo-home:ro,Z" "-v" "/var/lib/crater-agent-workspace/rustup-home:/opt/rustwide/rustup-home:ro,Z" "-e" "SOURCE_DIR=/opt/rustwide/workdir" "-e" "CARGO_TARGET_DIR=/opt/rustwide/target" "-e" "CARGO_HOME=/opt/rustwide/cargo-home" "-e" "RUSTUP_HOME=/opt/rustwide/rustup-home" "-w" "/opt/rustwide/workdir" "-m" "1610612736" "--user" "0:0" "--network" "none" "ghcr.io/rust-lang/crates-build-env/linux@sha256:2788e3201cd34a07e3172128adcd8b3090168a8e3bcc40d7c032b9dda1df7d1c" "/opt/rustwide/cargo-home/bin/cargo" "+1.75.0" "metadata" "--no-deps" "--format-version=1", kill_on_drop: false }`
[INFO] [stdout] 5f223f53f4fb98f21a7ec56fc586eba03912981374a6559e5074c24ac493bb1e
[INFO] running `Command { std: "docker" "start" "-a" "5f223f53f4fb98f21a7ec56fc586eba03912981374a6559e5074c24ac493bb1e", kill_on_drop: false }`
[INFO] running `Command { std: "docker" "inspect" "5f223f53f4fb98f21a7ec56fc586eba03912981374a6559e5074c24ac493bb1e", kill_on_drop: false }`
[INFO] running `Command { std: "docker" "rm" "-f" "5f223f53f4fb98f21a7ec56fc586eba03912981374a6559e5074c24ac493bb1e", kill_on_drop: false }`
[INFO] [stdout] 5f223f53f4fb98f21a7ec56fc586eba03912981374a6559e5074c24ac493bb1e
[INFO] running `Command { std: "docker" "create" "-v" "/var/lib/crater-agent-workspace/builds/worker-4-tc1/target:/opt/rustwide/target:rw,Z" "-v" "/var/lib/crater-agent-workspace/builds/worker-4-tc1/source:/opt/rustwide/workdir:ro,Z" "-v" "/var/lib/crater-agent-workspace/cargo-home:/opt/rustwide/cargo-home:ro,Z" "-v" "/var/lib/crater-agent-workspace/rustup-home:/opt/rustwide/rustup-home:ro,Z" "-e" "SOURCE_DIR=/opt/rustwide/workdir" "-e" "CARGO_TARGET_DIR=/opt/rustwide/target" "-e" "CARGO_INCREMENTAL=0" "-e" "RUST_BACKTRACE=full" "-e" "RUSTFLAGS=--cap-lints=warn" "-e" "RUSTDOCFLAGS=--cap-lints=warn" "-e" "CARGO_HOME=/opt/rustwide/cargo-home" "-e" "RUSTUP_HOME=/opt/rustwide/rustup-home" "-w" "/opt/rustwide/workdir" "-m" "1610612736" "--user" "0:0" "--network" "none" "ghcr.io/rust-lang/crates-build-env/linux@sha256:2788e3201cd34a07e3172128adcd8b3090168a8e3bcc40d7c032b9dda1df7d1c" "/opt/rustwide/cargo-home/bin/cargo" "+1.75.0" "build" "--frozen" "--message-format=json", kill_on_drop: false }`
[INFO] [stdout] c631912df2eb6cbbc0e24d8a5709e80e3fbe953ff40f5210249832b9a7202cb2
[INFO] running `Command { std: "docker" "start" "-a" "c631912df2eb6cbbc0e24d8a5709e80e3fbe953ff40f5210249832b9a7202cb2", kill_on_drop: false }`
[INFO] [stderr]    Compiling treewalk v0.1.4 (/opt/rustwide/workdir)
[INFO] [stdout] warning: associated function `new` is never used
[INFO] [stdout]   --> src/walk/comparison.rs:17:8
[INFO] [stdout]    |
[INFO] [stdout] 16 | impl SizeQuery {
[INFO] [stdout]    | -------------- associated function in this implementation
[INFO] [stdout] 17 |     fn new(name: Option<PathBuf>, size: u64, unique: bool) -> Self {
[INFO] [stdout]    |        ^^^
[INFO] [stdout]    |
[INFO] [stdout]    = note: `#[warn(dead_code)]` on by default
[INFO] [stdout] 
[INFO] [stdout] 
[INFO] [stdout] warning: 1 warning emitted
[INFO] [stdout] 
[INFO] [stdout] 
[INFO] [stdout] warning: unused import: `format::Units`
[INFO] [stdout]  --> src/main.rs:1:5
[INFO] [stdout]   |
[INFO] [stdout] 1 | use format::Units;
[INFO] [stdout]   |     ^^^^^^^^^^^^^
[INFO] [stdout]   |
[INFO] [stdout]   = note: `#[warn(unused_imports)]` on by default
[INFO] [stdout] 
[INFO] [stdout] 
[INFO] [stdout] warning: unused import: `std::env`
[INFO] [stdout]  --> src/main.rs:2:5
[INFO] [stdout]   |
[INFO] [stdout] 2 | use std::env;
[INFO] [stdout]   |     ^^^^^^^^
[INFO] [stdout] 
[INFO] [stdout] 
[INFO] [stdout] warning: unused imports: `PathBuf`, `Path`
[INFO] [stdout]  --> src/main.rs:3:17
[INFO] [stdout]   |
[INFO] [stdout] 3 | use std::path::{Path, PathBuf};
[INFO] [stdout]   |                 ^^^^  ^^^^^^^
[INFO] [stdout] 
[INFO] [stdout] 
[INFO] [stdout] warning: unused imports: `comparison`, `lineage`, `utils`
[INFO] [stdout]  --> src/main.rs:4:22
[INFO] [stdout]   |
[INFO] [stdout] 4 | use treewalk::walk::{comparison, format, lineage, utils};
[INFO] [stdout]   |                      ^^^^^^^^^^          ^^^^^^^  ^^^^^
[INFO] [stdout] 
[INFO] [stdout] 
[INFO] [stdout] warning: 4 warnings emitted
[INFO] [stdout] 
[INFO] [stdout] 
[INFO] [stderr]     Finished dev [unoptimized + debuginfo] target(s) in 0.29s
[INFO] running `Command { std: "docker" "inspect" "c631912df2eb6cbbc0e24d8a5709e80e3fbe953ff40f5210249832b9a7202cb2", kill_on_drop: false }`
[INFO] running `Command { std: "docker" "rm" "-f" "c631912df2eb6cbbc0e24d8a5709e80e3fbe953ff40f5210249832b9a7202cb2", kill_on_drop: false }`
[INFO] [stdout] c631912df2eb6cbbc0e24d8a5709e80e3fbe953ff40f5210249832b9a7202cb2
[INFO] running `Command { std: "docker" "create" "-v" "/var/lib/crater-agent-workspace/builds/worker-4-tc1/target:/opt/rustwide/target:rw,Z" "-v" "/var/lib/crater-agent-workspace/builds/worker-4-tc1/source:/opt/rustwide/workdir:ro,Z" "-v" "/var/lib/crater-agent-workspace/cargo-home:/opt/rustwide/cargo-home:ro,Z" "-v" "/var/lib/crater-agent-workspace/rustup-home:/opt/rustwide/rustup-home:ro,Z" "-e" "SOURCE_DIR=/opt/rustwide/workdir" "-e" "CARGO_TARGET_DIR=/opt/rustwide/target" "-e" "CARGO_INCREMENTAL=0" "-e" "RUST_BACKTRACE=full" "-e" "RUSTFLAGS=--cap-lints=warn" "-e" "RUSTDOCFLAGS=--cap-lints=warn" "-e" "CARGO_HOME=/opt/rustwide/cargo-home" "-e" "RUSTUP_HOME=/opt/rustwide/rustup-home" "-w" "/opt/rustwide/workdir" "-m" "1610612736" "--user" "0:0" "--network" "none" "ghcr.io/rust-lang/crates-build-env/linux@sha256:2788e3201cd34a07e3172128adcd8b3090168a8e3bcc40d7c032b9dda1df7d1c" "/opt/rustwide/cargo-home/bin/cargo" "+1.75.0" "test" "--frozen" "--no-run" "--message-format=json", kill_on_drop: false }`
[INFO] [stdout] 8da1a1f3f9e2d3f87537a2e911464e87961b4a754b57e980dcea8bb990bf8845
[INFO] running `Command { std: "docker" "start" "-a" "8da1a1f3f9e2d3f87537a2e911464e87961b4a754b57e980dcea8bb990bf8845", kill_on_drop: false }`
[INFO] [stdout] warning: associated function `new` is never used
[INFO] [stdout]   --> src/walk/comparison.rs:17:8
[INFO] [stdout]    |
[INFO] [stdout] 16 | impl SizeQuery {
[INFO] [stdout]    | -------------- associated function in this implementation
[INFO] [stdout] 17 |     fn new(name: Option<PathBuf>, size: u64, unique: bool) -> Self {
[INFO] [stdout]    |        ^^^
[INFO] [stdout]    |
[INFO] [stdout]    = note: `#[warn(dead_code)]` on by default
[INFO] [stdout] 
[INFO] [stdout] 
[INFO] [stdout] warning: 1 warning emitted
[INFO] [stdout] 
[INFO] [stdout] 
[INFO] [stdout] warning: unused import: `format::Units`
[INFO] [stdout]  --> src/main.rs:1:5
[INFO] [stdout]   |
[INFO] [stdout] 1 | use format::Units;
[INFO] [stdout]   |     ^^^^^^^^^^^^^
[INFO] [stdout]   |
[INFO] [stdout]   = note: `#[warn(unused_imports)]` on by default
[INFO] [stdout] 
[INFO] [stdout] 
[INFO] [stdout] warning: unused import: `std::env`
[INFO] [stdout]  --> src/main.rs:2:5
[INFO] [stdout]   |
[INFO] [stdout] 2 | use std::env;
[INFO] [stdout]   |     ^^^^^^^^
[INFO] [stdout] 
[INFO] [stdout] 
[INFO] [stderr]    Compiling treewalk v0.1.4 (/opt/rustwide/workdir)
[INFO] [stdout] warning: unused imports: `PathBuf`, `Path`
[INFO] [stdout]  --> src/main.rs:3:17
[INFO] [stdout]   |
[INFO] [stdout] 3 | use std::path::{Path, PathBuf};
[INFO] [stdout]   |                 ^^^^  ^^^^^^^
[INFO] [stdout] 
[INFO] [stdout] 
[INFO] [stdout] warning: unused imports: `comparison`, `lineage`, `utils`
[INFO] [stdout]  --> src/main.rs:4:22
[INFO] [stdout]   |
[INFO] [stdout] 4 | use treewalk::walk::{comparison, format, lineage, utils};
[INFO] [stdout]   |                      ^^^^^^^^^^          ^^^^^^^  ^^^^^
[INFO] [stdout] 
[INFO] [stdout] 
[INFO] [stdout] warning: 4 warnings emitted
[INFO] [stdout] 
[INFO] [stdout] 
[INFO] [stdout] warning: unused import: `format::Units`
[INFO] [stdout]  --> src/main.rs:1:5
[INFO] [stdout]   |
[INFO] [stdout] 1 | use format::Units;
[INFO] [stdout]   |     ^^^^^^^^^^^^^
[INFO] [stdout]   |
[INFO] [stdout]   = note: `#[warn(unused_imports)]` on by default
[INFO] [stdout] 
[INFO] [stdout] 
[INFO] [stdout] warning: unused import: `std::env`
[INFO] [stdout]  --> src/main.rs:2:5
[INFO] [stdout]   |
[INFO] [stdout] 2 | use std::env;
[INFO] [stdout]   |     ^^^^^^^^
[INFO] [stdout] 
[INFO] [stdout] 
[INFO] [stdout] warning: unused imports: `PathBuf`, `Path`
[INFO] [stdout]  --> src/main.rs:3:17
[INFO] [stdout]   |
[INFO] [stdout] 3 | use std::path::{Path, PathBuf};
[INFO] [stdout]   |                 ^^^^  ^^^^^^^
[INFO] [stdout] 
[INFO] [stdout] 
[INFO] [stdout] warning: unused imports: `comparison`, `lineage`, `utils`
[INFO] [stdout]  --> src/main.rs:4:22
[INFO] [stdout]   |
[INFO] [stdout] 4 | use treewalk::walk::{comparison, format, lineage, utils};
[INFO] [stdout]   |                      ^^^^^^^^^^          ^^^^^^^  ^^^^^
[INFO] [stdout] 
[INFO] [stdout] 
[INFO] [stdout] warning: associated function `new` is never used
[INFO] [stdout]   --> src/walk/comparison.rs:17:8
[INFO] [stdout]    |
[INFO] [stdout] 16 | impl SizeQuery {
[INFO] [stdout]    | -------------- associated function in this implementation
[INFO] [stdout] 17 |     fn new(name: Option<PathBuf>, size: u64, unique: bool) -> Self {
[INFO] [stdout]    |        ^^^
[INFO] [stdout]    |
[INFO] [stdout]    = note: `#[warn(dead_code)]` on by default
[INFO] [stdout] 
[INFO] [stdout] 
[INFO] [stdout] error[E0308]: mismatched types
[INFO] [stdout]   --> tests/walk.rs:32:13
[INFO] [stdout]    |
[INFO] [stdout] 31 |         let children_children: Vec<PathBuf> =
[INFO] [stdout]    |                                ------------ expected due to this
[INFO] [stdout] 32 |             lineage::get_all_children(&PathBuf::from("./tests/test_files/children"));
[INFO] [stdout]    |             ^^^^^^^^^^^^^^^^^^^^^^^^^^^^^^^^^^^^^^^^^^^^^^^^^^^^^^^^^^^^^^^^^^^^^^^^ expected `Vec<PathBuf>`, found `Result<Vec<PathBuf>, Error>`
[INFO] [stdout]    |
[INFO] [stdout]    = note: expected struct `Vec<_>`
[INFO] [stdout]                 found enum `Result<Vec<_>, std::io::Error>`
[INFO] [stdout] help: consider using `Result::expect` to unwrap the `Result<Vec<PathBuf>, std::io::Error>` value, panicking if the value is a `Result::Err`
[INFO] [stdout]    |
[INFO] [stdout] 32 |             lineage::get_all_children(&PathBuf::from("./tests/test_files/children")).expect("REASON");
[INFO] [stdout]    |                                                                                     +++++++++++++++++
[INFO] [stdout] 
[INFO] [stdout] 
[INFO] [stdout] error[E0308]: mismatched types
[INFO] [stdout]   --> tests/walk.rs:60:13
[INFO] [stdout]    |
[INFO] [stdout] 59 |         let comparison_children: Vec<PathBuf> =
[INFO] [stdout]    |                                  ------------ expected due to this
[INFO] [stdout] 60 |             lineage::get_all_children(&test_comparison_directory);
[INFO] [stdout]    |             ^^^^^^^^^^^^^^^^^^^^^^^^^^^^^^^^^^^^^^^^^^^^^^^^^^^^^ expected `Vec<PathBuf>`, found `Result<Vec<PathBuf>, Error>`
[INFO] [stdout]    |
[INFO] [stdout]    = note: expected struct `Vec<_>`
[INFO] [stdout]                 found enum `Result<Vec<_>, std::io::Error>`
[INFO] [stdout] help: consider using `Result::expect` to unwrap the `Result<Vec<PathBuf>, std::io::Error>` value, panicking if the value is a `Result::Err`
[INFO] [stdout]    |
[INFO] [stdout] 60 |             lineage::get_all_children(&test_comparison_directory).expect("REASON");
[INFO] [stdout]    |                                                                  +++++++++++++++++
[INFO] [stdout] 
[INFO] [stdout] 
[INFO] [stdout] error: aborting due to 2 previous errors
[INFO] [stdout] 
[INFO] [stdout] 
[INFO] [stdout] For more information about this error, try `rustc --explain E0308`.
[INFO] [stdout] 
[INFO] [stderr] error: could not compile `treewalk` (test "walk") due to 3 previous errors
[INFO] [stderr] warning: build failed, waiting for other jobs to finish...
[INFO] [stdout] warning: 4 warnings emitted
[INFO] [stdout] 
[INFO] [stdout] 
[INFO] [stdout] warning: 1 warning emitted
[INFO] [stdout] 
[INFO] [stdout] 
[INFO] running `Command { std: "docker" "inspect" "8da1a1f3f9e2d3f87537a2e911464e87961b4a754b57e980dcea8bb990bf8845", kill_on_drop: false }`
[INFO] running `Command { std: "docker" "rm" "-f" "8da1a1f3f9e2d3f87537a2e911464e87961b4a754b57e980dcea8bb990bf8845", kill_on_drop: false }`
[INFO] [stdout] 8da1a1f3f9e2d3f87537a2e911464e87961b4a754b57e980dcea8bb990bf8845
[INFO] testing treewalk-0.1.4 against beta-2023-12-22 for beta-1.76-1
[INFO] extracting crate treewalk 0.1.4 into /workspace/builds/worker-4-tc2/source
[INFO] validating manifest of crates.io crate treewalk 0.1.4 on toolchain beta-2023-12-22
[INFO] running `Command { std: CARGO_HOME="/workspace/cargo-home" RUSTUP_HOME="/workspace/rustup-home" "/workspace/cargo-home/bin/cargo" "+beta-2023-12-22" "metadata" "--manifest-path" "Cargo.toml" "--no-deps", kill_on_drop: false }`
[INFO] started tweaking crates.io crate treewalk 0.1.4
[INFO] finished tweaking crates.io crate treewalk 0.1.4
[INFO] tweaked toml for crates.io crate treewalk 0.1.4 written to /workspace/builds/worker-4-tc2/source/Cargo.toml
[INFO] crate crates.io crate treewalk 0.1.4 already has a lockfile, it will not be regenerated
[INFO] running `Command { std: CARGO_HOME="/workspace/cargo-home" RUSTUP_HOME="/workspace/rustup-home" "/workspace/cargo-home/bin/cargo" "+beta-2023-12-22" "fetch" "--manifest-path" "Cargo.toml", kill_on_drop: false }`
[INFO] [stderr]     Blocking waiting for file lock on package cache
[INFO] [stderr]     Blocking waiting for file lock on package cache
[INFO] running `Command { std: "docker" "create" "-v" "/var/lib/crater-agent-workspace/builds/worker-4-tc2/target:/opt/rustwide/target:rw,Z" "-v" "/var/lib/crater-agent-workspace/builds/worker-4-tc2/source:/opt/rustwide/workdir:ro,Z" "-v" "/var/lib/crater-agent-workspace/cargo-home:/opt/rustwide/cargo-home:ro,Z" "-v" "/var/lib/crater-agent-workspace/rustup-home:/opt/rustwide/rustup-home:ro,Z" "-e" "SOURCE_DIR=/opt/rustwide/workdir" "-e" "CARGO_TARGET_DIR=/opt/rustwide/target" "-e" "CARGO_HOME=/opt/rustwide/cargo-home" "-e" "RUSTUP_HOME=/opt/rustwide/rustup-home" "-w" "/opt/rustwide/workdir" "-m" "1610612736" "--user" "0:0" "--network" "none" "ghcr.io/rust-lang/crates-build-env/linux@sha256:2788e3201cd34a07e3172128adcd8b3090168a8e3bcc40d7c032b9dda1df7d1c" "/opt/rustwide/cargo-home/bin/cargo" "+beta-2023-12-22" "metadata" "--no-deps" "--format-version=1", kill_on_drop: false }`
[INFO] [stdout] 09f8ddc5395b0caf5eb7b979cd654cd0c2a8637d9be45220e5defcf1f760598f
[INFO] running `Command { std: "docker" "start" "-a" "09f8ddc5395b0caf5eb7b979cd654cd0c2a8637d9be45220e5defcf1f760598f", kill_on_drop: false }`
[INFO] running `Command { std: "docker" "inspect" "09f8ddc5395b0caf5eb7b979cd654cd0c2a8637d9be45220e5defcf1f760598f", kill_on_drop: false }`
[INFO] running `Command { std: "docker" "rm" "-f" "09f8ddc5395b0caf5eb7b979cd654cd0c2a8637d9be45220e5defcf1f760598f", kill_on_drop: false }`
[INFO] [stdout] 09f8ddc5395b0caf5eb7b979cd654cd0c2a8637d9be45220e5defcf1f760598f
[INFO] running `Command { std: "docker" "create" "-v" "/var/lib/crater-agent-workspace/builds/worker-4-tc2/target:/opt/rustwide/target:rw,Z" "-v" "/var/lib/crater-agent-workspace/builds/worker-4-tc2/source:/opt/rustwide/workdir:ro,Z" "-v" "/var/lib/crater-agent-workspace/cargo-home:/opt/rustwide/cargo-home:ro,Z" "-v" "/var/lib/crater-agent-workspace/rustup-home:/opt/rustwide/rustup-home:ro,Z" "-e" "SOURCE_DIR=/opt/rustwide/workdir" "-e" "CARGO_TARGET_DIR=/opt/rustwide/target" "-e" "CARGO_INCREMENTAL=0" "-e" "RUST_BACKTRACE=full" "-e" "RUSTFLAGS=--cap-lints=warn" "-e" "RUSTDOCFLAGS=--cap-lints=warn" "-e" "CARGO_HOME=/opt/rustwide/cargo-home" "-e" "RUSTUP_HOME=/opt/rustwide/rustup-home" "-w" "/opt/rustwide/workdir" "-m" "1610612736" "--user" "0:0" "--network" "none" "ghcr.io/rust-lang/crates-build-env/linux@sha256:2788e3201cd34a07e3172128adcd8b3090168a8e3bcc40d7c032b9dda1df7d1c" "/opt/rustwide/cargo-home/bin/cargo" "+beta-2023-12-22" "build" "--frozen" "--message-format=json", kill_on_drop: false }`
[INFO] [stdout] 2c986ffecff7a8ae4853826aebee69c2dcd4d1e155c4a5c13f1e339f5e217161
[INFO] running `Command { std: "docker" "start" "-a" "2c986ffecff7a8ae4853826aebee69c2dcd4d1e155c4a5c13f1e339f5e217161", kill_on_drop: false }`
[INFO] [stderr]    Compiling treewalk v0.1.4 (/opt/rustwide/workdir)
[INFO] [stdout] warning: associated function `new` is never used
[INFO] [stdout]   --> src/walk/comparison.rs:17:8
[INFO] [stdout]    |
[INFO] [stdout] 16 | impl SizeQuery {
[INFO] [stdout]    | -------------- associated function in this implementation
[INFO] [stdout] 17 |     fn new(name: Option<PathBuf>, size: u64, unique: bool) -> Self {
[INFO] [stdout]    |        ^^^
[INFO] [stdout]    |
[INFO] [stdout]    = note: `#[warn(dead_code)]` on by default
[INFO] [stdout] 
[INFO] [stdout] 
[INFO] [stdout] warning: 1 warning emitted
[INFO] [stdout] 
[INFO] [stdout] 
[INFO] [stdout] warning: unused import: `format::Units`
[INFO] [stdout]  --> src/main.rs:1:5
[INFO] [stdout]   |
[INFO] [stdout] 1 | use format::Units;
[INFO] [stdout]   |     ^^^^^^^^^^^^^
[INFO] [stdout]   |
[INFO] [stdout]   = note: `#[warn(unused_imports)]` on by default
[INFO] [stdout] 
[INFO] [stdout] 
[INFO] [stdout] warning: unused import: `std::env`
[INFO] [stdout]  --> src/main.rs:2:5
[INFO] [stdout]   |
[INFO] [stdout] 2 | use std::env;
[INFO] [stdout]   |     ^^^^^^^^
[INFO] [stdout] 
[INFO] [stdout] 
[INFO] [stdout] warning: unused imports: `PathBuf`, `Path`
[INFO] [stdout]  --> src/main.rs:3:17
[INFO] [stdout]   |
[INFO] [stdout] 3 | use std::path::{Path, PathBuf};
[INFO] [stdout]   |                 ^^^^  ^^^^^^^
[INFO] [stdout] 
[INFO] [stdout] 
[INFO] [stdout] warning: unused imports: `comparison`, `lineage`, `utils`
[INFO] [stdout]  --> src/main.rs:4:22
[INFO] [stdout]   |
[INFO] [stdout] 4 | use treewalk::walk::{comparison, format, lineage, utils};
[INFO] [stdout]   |                      ^^^^^^^^^^          ^^^^^^^  ^^^^^
[INFO] [stdout] 
[INFO] [stdout] 
[INFO] [stdout] warning: 4 warnings emitted
[INFO] [stdout] 
[INFO] [stdout] 
[INFO] [stderr]     Finished dev [unoptimized + debuginfo] target(s) in 0.28s
[INFO] running `Command { std: "docker" "inspect" "2c986ffecff7a8ae4853826aebee69c2dcd4d1e155c4a5c13f1e339f5e217161", kill_on_drop: false }`
[INFO] running `Command { std: "docker" "rm" "-f" "2c986ffecff7a8ae4853826aebee69c2dcd4d1e155c4a5c13f1e339f5e217161", kill_on_drop: false }`
[INFO] [stdout] 2c986ffecff7a8ae4853826aebee69c2dcd4d1e155c4a5c13f1e339f5e217161
[INFO] running `Command { std: "docker" "create" "-v" "/var/lib/crater-agent-workspace/builds/worker-4-tc2/target:/opt/rustwide/target:rw,Z" "-v" "/var/lib/crater-agent-workspace/builds/worker-4-tc2/source:/opt/rustwide/workdir:ro,Z" "-v" "/var/lib/crater-agent-workspace/cargo-home:/opt/rustwide/cargo-home:ro,Z" "-v" "/var/lib/crater-agent-workspace/rustup-home:/opt/rustwide/rustup-home:ro,Z" "-e" "SOURCE_DIR=/opt/rustwide/workdir" "-e" "CARGO_TARGET_DIR=/opt/rustwide/target" "-e" "CARGO_INCREMENTAL=0" "-e" "RUST_BACKTRACE=full" "-e" "RUSTFLAGS=--cap-lints=warn" "-e" "RUSTDOCFLAGS=--cap-lints=warn" "-e" "CARGO_HOME=/opt/rustwide/cargo-home" "-e" "RUSTUP_HOME=/opt/rustwide/rustup-home" "-w" "/opt/rustwide/workdir" "-m" "1610612736" "--user" "0:0" "--network" "none" "ghcr.io/rust-lang/crates-build-env/linux@sha256:2788e3201cd34a07e3172128adcd8b3090168a8e3bcc40d7c032b9dda1df7d1c" "/opt/rustwide/cargo-home/bin/cargo" "+beta-2023-12-22" "test" "--frozen" "--no-run" "--message-format=json", kill_on_drop: false }`
[INFO] [stdout] b849c41a686ae202f382d97f68336d49c02fa54017b98833e90ecd3dab669724
[INFO] running `Command { std: "docker" "start" "-a" "b849c41a686ae202f382d97f68336d49c02fa54017b98833e90ecd3dab669724", kill_on_drop: false }`
[INFO] [stdout] warning: associated function `new` is never used
[INFO] [stdout]   --> src/walk/comparison.rs:17:8
[INFO] [stdout]    |
[INFO] [stdout] 16 | impl SizeQuery {
[INFO] [stdout]    | -------------- associated function in this implementation
[INFO] [stdout] 17 |     fn new(name: Option<PathBuf>, size: u64, unique: bool) -> Self {
[INFO] [stdout]    |        ^^^
[INFO] [stdout]    |
[INFO] [stdout]    = note: `#[warn(dead_code)]` on by default
[INFO] [stdout] 
[INFO] [stdout] 
[INFO] [stdout] warning: 1 warning emitted
[INFO] [stdout] 
[INFO] [stdout] 
[INFO] [stdout] warning: unused import: `format::Units`
[INFO] [stdout]  --> src/main.rs:1:5
[INFO] [stdout]   |
[INFO] [stdout] 1 | use format::Units;
[INFO] [stdout]   |     ^^^^^^^^^^^^^
[INFO] [stdout]   |
[INFO] [stdout]   = note: `#[warn(unused_imports)]` on by default
[INFO] [stdout] 
[INFO] [stdout] 
[INFO] [stdout] warning: unused import: `std::env`
[INFO] [stdout]  --> src/main.rs:2:5
[INFO] [stdout]   |
[INFO] [stdout] 2 | use std::env;
[INFO] [stdout]   |     ^^^^^^^^
[INFO] [stdout] 
[INFO] [stdout] 
[INFO] [stdout] warning: unused imports: `PathBuf`, `Path`
[INFO] [stdout]  --> src/main.rs:3:17
[INFO] [stdout]   |
[INFO] [stdout] 3 | use std::path::{Path, PathBuf};
[INFO] [stdout]   |                 ^^^^  ^^^^^^^
[INFO] [stdout] 
[INFO] [stdout] 
[INFO] [stderr]    Compiling treewalk v0.1.4 (/opt/rustwide/workdir)
[INFO] [stdout] warning: unused imports: `comparison`, `lineage`, `utils`
[INFO] [stdout]  --> src/main.rs:4:22
[INFO] [stdout]   |
[INFO] [stdout] 4 | use treewalk::walk::{comparison, format, lineage, utils};
[INFO] [stdout]   |                      ^^^^^^^^^^          ^^^^^^^  ^^^^^
[INFO] [stdout] 
[INFO] [stdout] 
[INFO] [stdout] warning: 4 warnings emitted
[INFO] [stdout] 
[INFO] [stdout] 
[INFO] [stdout] warning: unused import: `format::Units`
[INFO] [stdout]  --> src/main.rs:1:5
[INFO] [stdout]   |
[INFO] [stdout] 1 | use format::Units;
[INFO] [stdout]   |     ^^^^^^^^^^^^^
[INFO] [stdout]   |
[INFO] [stdout]   = note: `#[warn(unused_imports)]` on by default
[INFO] [stdout] 
[INFO] [stdout] 
[INFO] [stdout] warning: unused import: `std::env`
[INFO] [stdout]  --> src/main.rs:2:5
[INFO] [stdout]   |
[INFO] [stdout] 2 | use std::env;
[INFO] [stdout]   |     ^^^^^^^^
[INFO] [stdout] 
[INFO] [stdout] 
[INFO] [stdout] warning: unused imports: `PathBuf`, `Path`
[INFO] [stdout]  --> src/main.rs:3:17
[INFO] [stdout]   |
[INFO] [stdout] 3 | use std::path::{Path, PathBuf};
[INFO] [stdout]   |                 ^^^^  ^^^^^^^
[INFO] [stdout] 
[INFO] [stdout] 
[INFO] [stdout] warning: unused imports: `comparison`, `lineage`, `utils`
[INFO] [stdout]  --> src/main.rs:4:22
[INFO] [stdout]   |
[INFO] [stdout] 4 | use treewalk::walk::{comparison, format, lineage, utils};
[INFO] [stdout]   |                      ^^^^^^^^^^          ^^^^^^^  ^^^^^
[INFO] [stdout] 
[INFO] [stdout] 
[INFO] [stdout] error[E0308]: mismatched types
[INFO] [stdout]   --> tests/walk.rs:32:13
[INFO] [stdout]    |
[INFO] [stdout] 31 |         let children_children: Vec<PathBuf> =
[INFO] [stdout]    |                                ------------ expected due to this
[INFO] [stdout] 32 |             lineage::get_all_children(&PathBuf::from("./tests/test_files/children"));
[INFO] [stdout]    |             ^^^^^^^^^^^^^^^^^^^^^^^^^^^^^^^^^^^^^^^^^^^^^^^^^^^^^^^^^^^^^^^^^^^^^^^^ expected `Vec<PathBuf>`, found `Result<Vec<PathBuf>, Error>`
[INFO] [stdout]    |
[INFO] [stdout]    = note: expected struct `Vec<_>`
[INFO] [stdout]                 found enum `Result<Vec<_>, std::io::Error>`
[INFO] [stdout] help: consider using `Result::expect` to unwrap the `Result<Vec<PathBuf>, std::io::Error>` value, panicking if the value is a `Result::Err`
[INFO] [stdout]    |
[INFO] [stdout] 32 |             lineage::get_all_children(&PathBuf::from("./tests/test_files/children")).expect("REASON");
[INFO] [stdout]    |                                                                                     +++++++++++++++++
[INFO] [stdout] 
[INFO] [stdout] 
[INFO] [stdout] error[E0308]: mismatched types
[INFO] [stdout]   --> tests/walk.rs:60:13
[INFO] [stdout]    |
[INFO] [stdout] 59 |         let comparison_children: Vec<PathBuf> =
[INFO] [stdout]    |                                  ------------ expected due to this
[INFO] [stdout] 60 |             lineage::get_all_children(&test_comparison_directory);
[INFO] [stdout]    |             ^^^^^^^^^^^^^^^^^^^^^^^^^^^^^^^^^^^^^^^^^^^^^^^^^^^^^ expected `Vec<PathBuf>`, found `Result<Vec<PathBuf>, Error>`
[INFO] [stdout]    |
[INFO] [stdout]    = note: expected struct `Vec<_>`
[INFO] [stdout]                 found enum `Result<Vec<_>, std::io::Error>`
[INFO] [stdout] help: consider using `Result::expect` to unwrap the `Result<Vec<PathBuf>, std::io::Error>` value, panicking if the value is a `Result::Err`
[INFO] [stdout]    |
[INFO] [stdout] 60 |             lineage::get_all_children(&test_comparison_directory).expect("REASON");
[INFO] [stdout]    |                                                                  +++++++++++++++++
[INFO] [stdout] 
[INFO] [stdout] 
[INFO] [stdout] error: aborting due to 2 previous errors
[INFO] [stdout] 
[INFO] [stdout] 
[INFO] [stdout] For more information about this error, try `rustc --explain E0308`.
[INFO] [stdout] 
[INFO] [stderr] error: could not compile `treewalk` (test "walk") due to 3 previous errors
[INFO] [stdout] warning: associated function `new` is never used
[INFO] [stdout]   --> src/walk/comparison.rs:17:8
[INFO] [stdout]    |
[INFO] [stdout] 16 | impl SizeQuery {
[INFO] [stdout]    | -------------- associated function in this implementation
[INFO] [stdout] 17 |     fn new(name: Option<PathBuf>, size: u64, unique: bool) -> Self {
[INFO] [stdout]    |        ^^^
[INFO] [stdout]    |
[INFO] [stdout]    = note: `#[warn(dead_code)]` on by default
[INFO] [stdout] 
[INFO] [stdout] 
[INFO] [stderr] warning: build failed, waiting for other jobs to finish...
[INFO] [stdout] warning: 4 warnings emitted
[INFO] [stdout] 
[INFO] [stdout] 
[INFO] [stdout] warning: 1 warning emitted
[INFO] [stdout] 
[INFO] [stdout] 
[INFO] running `Command { std: "docker" "inspect" "b849c41a686ae202f382d97f68336d49c02fa54017b98833e90ecd3dab669724", kill_on_drop: false }`
[INFO] running `Command { std: "docker" "rm" "-f" "b849c41a686ae202f382d97f68336d49c02fa54017b98833e90ecd3dab669724", kill_on_drop: false }`
[INFO] [stdout] b849c41a686ae202f382d97f68336d49c02fa54017b98833e90ecd3dab669724
