[INFO] fetching crate tree_sitter_grep_ignore 0.4.20-dev.0...
[INFO] testing tree_sitter_grep_ignore-0.4.20-dev.0 against 1.75.0 for beta-1.76-1
[INFO] extracting crate tree_sitter_grep_ignore 0.4.20-dev.0 into /workspace/builds/worker-2-tc1/source
[INFO] validating manifest of crates.io crate tree_sitter_grep_ignore 0.4.20-dev.0 on toolchain 1.75.0
[INFO] running `Command { std: CARGO_HOME="/workspace/cargo-home" RUSTUP_HOME="/workspace/rustup-home" "/workspace/cargo-home/bin/cargo" "+1.75.0" "metadata" "--manifest-path" "Cargo.toml" "--no-deps", kill_on_drop: false }`
[INFO] started tweaking crates.io crate tree_sitter_grep_ignore 0.4.20-dev.0
[INFO] finished tweaking crates.io crate tree_sitter_grep_ignore 0.4.20-dev.0
[INFO] tweaked toml for crates.io crate tree_sitter_grep_ignore 0.4.20-dev.0 written to /workspace/builds/worker-2-tc1/source/Cargo.toml
[INFO] crate crates.io crate tree_sitter_grep_ignore 0.4.20-dev.0 already has a lockfile, it will not be regenerated
[INFO] running `Command { std: CARGO_HOME="/workspace/cargo-home" RUSTUP_HOME="/workspace/rustup-home" "/workspace/cargo-home/bin/cargo" "+1.75.0" "fetch" "--manifest-path" "Cargo.toml", kill_on_drop: false }`
[INFO] running `Command { std: "docker" "create" "-v" "/var/lib/crater-agent-workspace/builds/worker-2-tc1/target:/opt/rustwide/target:rw,Z" "-v" "/var/lib/crater-agent-workspace/builds/worker-2-tc1/source:/opt/rustwide/workdir:ro,Z" "-v" "/var/lib/crater-agent-workspace/cargo-home:/opt/rustwide/cargo-home:ro,Z" "-v" "/var/lib/crater-agent-workspace/rustup-home:/opt/rustwide/rustup-home:ro,Z" "-e" "SOURCE_DIR=/opt/rustwide/workdir" "-e" "CARGO_TARGET_DIR=/opt/rustwide/target" "-e" "CARGO_HOME=/opt/rustwide/cargo-home" "-e" "RUSTUP_HOME=/opt/rustwide/rustup-home" "-w" "/opt/rustwide/workdir" "-m" "1610612736" "--user" "0:0" "--network" "none" "ghcr.io/rust-lang/crates-build-env/linux@sha256:2788e3201cd34a07e3172128adcd8b3090168a8e3bcc40d7c032b9dda1df7d1c" "/opt/rustwide/cargo-home/bin/cargo" "+1.75.0" "metadata" "--no-deps" "--format-version=1", kill_on_drop: false }`
[INFO] [stdout] ef99ed18035f648c8c17b55e2f71f6a1a3248560cf3a456179d3724b122895ec
[INFO] running `Command { std: "docker" "start" "-a" "ef99ed18035f648c8c17b55e2f71f6a1a3248560cf3a456179d3724b122895ec", kill_on_drop: false }`
[INFO] running `Command { std: "docker" "inspect" "ef99ed18035f648c8c17b55e2f71f6a1a3248560cf3a456179d3724b122895ec", kill_on_drop: false }`
[INFO] running `Command { std: "docker" "rm" "-f" "ef99ed18035f648c8c17b55e2f71f6a1a3248560cf3a456179d3724b122895ec", kill_on_drop: false }`
[INFO] [stdout] ef99ed18035f648c8c17b55e2f71f6a1a3248560cf3a456179d3724b122895ec
[INFO] running `Command { std: "docker" "create" "-v" "/var/lib/crater-agent-workspace/builds/worker-2-tc1/target:/opt/rustwide/target:rw,Z" "-v" "/var/lib/crater-agent-workspace/builds/worker-2-tc1/source:/opt/rustwide/workdir:ro,Z" "-v" "/var/lib/crater-agent-workspace/cargo-home:/opt/rustwide/cargo-home:ro,Z" "-v" "/var/lib/crater-agent-workspace/rustup-home:/opt/rustwide/rustup-home:ro,Z" "-e" "SOURCE_DIR=/opt/rustwide/workdir" "-e" "CARGO_TARGET_DIR=/opt/rustwide/target" "-e" "CARGO_INCREMENTAL=0" "-e" "RUST_BACKTRACE=full" "-e" "RUSTFLAGS=--cap-lints=warn" "-e" "RUSTDOCFLAGS=--cap-lints=warn" "-e" "CARGO_HOME=/opt/rustwide/cargo-home" "-e" "RUSTUP_HOME=/opt/rustwide/rustup-home" "-w" "/opt/rustwide/workdir" "-m" "1610612736" "--user" "0:0" "--network" "none" "ghcr.io/rust-lang/crates-build-env/linux@sha256:2788e3201cd34a07e3172128adcd8b3090168a8e3bcc40d7c032b9dda1df7d1c" "/opt/rustwide/cargo-home/bin/cargo" "+1.75.0" "build" "--frozen" "--message-format=json", kill_on_drop: false }`
[INFO] [stdout] 6556c6129b46e7a525781dd63fbf08692fb767e563f1e25dc5ab1604612c4ee6
[INFO] running `Command { std: "docker" "start" "-a" "6556c6129b46e7a525781dd63fbf08692fb767e563f1e25dc5ab1604612c4ee6", kill_on_drop: false }`
[INFO] [stderr]    Compiling memchr v2.5.0
[INFO] [stderr]    Compiling radium v0.7.0
[INFO] [stderr]    Compiling log v0.4.17
[INFO] [stderr]    Compiling tap v1.0.1
[INFO] [stderr]    Compiling regex-syntax v0.7.2
[INFO] [stderr]    Compiling funty v2.0.0
[INFO] [stderr]    Compiling same-file v1.0.6
[INFO] [stderr]    Compiling once_cell v1.17.1
[INFO] [stderr]    Compiling walkdir v2.3.3
[INFO] [stderr]    Compiling wyz v0.5.1
[INFO] [stderr]    Compiling thread_local v1.1.7
[INFO] [stderr]    Compiling bitvec v1.0.1
[INFO] [stderr]    Compiling aho-corasick v1.0.1
[INFO] [stderr]    Compiling bstr v1.5.0
[INFO] [stderr]    Compiling aho-corasick v0.7.20
[INFO] [stderr]    Compiling regex v1.8.3
[INFO] [stderr]    Compiling globset v0.4.10
[INFO] [stderr]    Compiling tree_sitter_grep_ignore v0.4.20-dev.0 (/opt/rustwide/workdir)
[INFO] [stderr]     Finished dev [unoptimized + debuginfo] target(s) in 3.20s
[INFO] running `Command { std: "docker" "inspect" "6556c6129b46e7a525781dd63fbf08692fb767e563f1e25dc5ab1604612c4ee6", kill_on_drop: false }`
[INFO] running `Command { std: "docker" "rm" "-f" "6556c6129b46e7a525781dd63fbf08692fb767e563f1e25dc5ab1604612c4ee6", kill_on_drop: false }`
[INFO] [stdout] 6556c6129b46e7a525781dd63fbf08692fb767e563f1e25dc5ab1604612c4ee6
[INFO] running `Command { std: "docker" "create" "-v" "/var/lib/crater-agent-workspace/builds/worker-2-tc1/target:/opt/rustwide/target:rw,Z" "-v" "/var/lib/crater-agent-workspace/builds/worker-2-tc1/source:/opt/rustwide/workdir:ro,Z" "-v" "/var/lib/crater-agent-workspace/cargo-home:/opt/rustwide/cargo-home:ro,Z" "-v" "/var/lib/crater-agent-workspace/rustup-home:/opt/rustwide/rustup-home:ro,Z" "-e" "SOURCE_DIR=/opt/rustwide/workdir" "-e" "CARGO_TARGET_DIR=/opt/rustwide/target" "-e" "CARGO_INCREMENTAL=0" "-e" "RUST_BACKTRACE=full" "-e" "RUSTFLAGS=--cap-lints=warn" "-e" "RUSTDOCFLAGS=--cap-lints=warn" "-e" "CARGO_HOME=/opt/rustwide/cargo-home" "-e" "RUSTUP_HOME=/opt/rustwide/rustup-home" "-w" "/opt/rustwide/workdir" "-m" "1610612736" "--user" "0:0" "--network" "none" "ghcr.io/rust-lang/crates-build-env/linux@sha256:2788e3201cd34a07e3172128adcd8b3090168a8e3bcc40d7c032b9dda1df7d1c" "/opt/rustwide/cargo-home/bin/cargo" "+1.75.0" "test" "--frozen" "--no-run" "--message-format=json", kill_on_drop: false }`
[INFO] [stdout] e4dce90312131a2fd5f7f3664ef6b3376e09caf4386764093df724cc5864acd4
[INFO] running `Command { std: "docker" "start" "-a" "e4dce90312131a2fd5f7f3664ef6b3376e09caf4386764093df724cc5864acd4", kill_on_drop: false }`
[INFO] [stderr]    Compiling crossbeam-utils v0.8.15
[INFO] [stderr]    Compiling crossbeam-channel v0.5.8
[INFO] [stderr]    Compiling tree_sitter_grep_ignore v0.4.20-dev.0 (/opt/rustwide/workdir)
[INFO] [stdout] error[E0308]: mismatched types
[INFO] [stdout]   --> examples/walk.rs:36:37
[INFO] [stdout]    |
[INFO] [stdout] 36 |                 tx.send(DirEntry::Y(result.unwrap())).unwrap();
[INFO] [stdout]    |                         ----------- ^^^^^^^^^^^^^^^ expected `DirEntry`, found `(DirEntry, Option<...>)`
[INFO] [stdout]    |                         |
[INFO] [stdout]    |                         arguments to this enum variant are incorrect
[INFO] [stdout]    |
[INFO] [stdout]    = note: expected struct `ignore::DirEntry`
[INFO] [stdout]                found tuple `(ignore::DirEntry, Option<MatchMetadata<'_>>)`
[INFO] [stdout] note: tuple variant defined here
[INFO] [stdout]   --> examples/walk.rs:57:5
[INFO] [stdout]    |
[INFO] [stdout] 57 |     Y(ignore::DirEntry),
[INFO] [stdout]    |     ^
[INFO] [stdout] 
[INFO] [stdout] 
[INFO] [stdout] error: aborting due to previous error
[INFO] [stdout] 
[INFO] [stdout] 
[INFO] [stdout] For more information about this error, try `rustc --explain E0308`.
[INFO] [stdout] 
[INFO] [stderr] error: could not compile `tree_sitter_grep_ignore` (example "walk") due to 2 previous errors
[INFO] [stderr] warning: build failed, waiting for other jobs to finish...
[INFO] [stdout] error[E0277]: the trait bound `Option<MatchMetadata<'_>>: Clone` is not satisfied
[INFO] [stdout]     --> src/walk.rs:1951:15
[INFO] [stdout]      |
[INFO] [stdout] 1951 |         dents.to_vec()
[INFO] [stdout]      |               ^^^^^^ the trait `Clone` is not implemented for `Option<MatchMetadata<'_>>`
[INFO] [stdout]      |
[INFO] [stdout]      = note: required for `Option<MatchMetadata<'_>>` to implement `Clone`
[INFO] [stdout]      = note: required because it appears within the type `(DirEntry, Option<MatchMetadata<'_>>)`
[INFO] [stdout] note: required by a bound in `std::slice::<impl [T]>::to_vec`
[INFO] [stdout]     --> /rustc/82e1608dfa6e0b5569232559e3d385fea5a93112/library/alloc/src/slice.rs:412:5
[INFO] [stdout] help: consider borrowing here
[INFO] [stdout]      |
[INFO] [stdout] 1951 |         (&dents).to_vec()
[INFO] [stdout]      |         ++     +
[INFO] [stdout] 
[INFO] [stdout] 
[INFO] [stdout] error[E0308]: mismatched types
[INFO] [stdout]     --> src/walk.rs:1951:9
[INFO] [stdout]      |
[INFO] [stdout] 1938 |     fn walk_collect_entries_parallel(builder: &WalkBuilder) -> Vec<DirEntry> {
[INFO] [stdout]      |                                                                ------------- expected `Vec<walk::DirEntry>` because of return type
[INFO] [stdout] ...
[INFO] [stdout] 1951 |         dents.to_vec()
[INFO] [stdout]      |         ^^^^^^^^^^^^^^ expected `Vec<DirEntry>`, found `Vec<(DirEntry, Option<...>)>`
[INFO] [stdout]      |
[INFO] [stdout]      = note: expected struct `Vec<walk::DirEntry>`
[INFO] [stdout]                 found struct `Vec<(walk::DirEntry, Option<MatchMetadata<'_>>)>`
[INFO] [stdout] 
[INFO] [stdout] 
[INFO] [stdout] error: aborting due to 2 previous errors
[INFO] [stdout] 
[INFO] [stdout] 
[INFO] [stdout] Some errors have detailed explanations: E0277, E0308.
[INFO] [stdout] 
[INFO] [stdout] For more information about an error, try `rustc --explain E0277`.
[INFO] [stdout] 
[INFO] [stderr] error: could not compile `tree_sitter_grep_ignore` (lib test) due to 3 previous errors
[INFO] running `Command { std: "docker" "inspect" "e4dce90312131a2fd5f7f3664ef6b3376e09caf4386764093df724cc5864acd4", kill_on_drop: false }`
[INFO] running `Command { std: "docker" "rm" "-f" "e4dce90312131a2fd5f7f3664ef6b3376e09caf4386764093df724cc5864acd4", kill_on_drop: false }`
[INFO] [stdout] e4dce90312131a2fd5f7f3664ef6b3376e09caf4386764093df724cc5864acd4
[INFO] testing tree_sitter_grep_ignore-0.4.20-dev.0 against beta-2023-12-22 for beta-1.76-1
[INFO] extracting crate tree_sitter_grep_ignore 0.4.20-dev.0 into /workspace/builds/worker-2-tc2/source
[INFO] validating manifest of crates.io crate tree_sitter_grep_ignore 0.4.20-dev.0 on toolchain beta-2023-12-22
[INFO] running `Command { std: CARGO_HOME="/workspace/cargo-home" RUSTUP_HOME="/workspace/rustup-home" "/workspace/cargo-home/bin/cargo" "+beta-2023-12-22" "metadata" "--manifest-path" "Cargo.toml" "--no-deps", kill_on_drop: false }`
[INFO] started tweaking crates.io crate tree_sitter_grep_ignore 0.4.20-dev.0
[INFO] finished tweaking crates.io crate tree_sitter_grep_ignore 0.4.20-dev.0
[INFO] tweaked toml for crates.io crate tree_sitter_grep_ignore 0.4.20-dev.0 written to /workspace/builds/worker-2-tc2/source/Cargo.toml
[INFO] crate crates.io crate tree_sitter_grep_ignore 0.4.20-dev.0 already has a lockfile, it will not be regenerated
[INFO] running `Command { std: CARGO_HOME="/workspace/cargo-home" RUSTUP_HOME="/workspace/rustup-home" "/workspace/cargo-home/bin/cargo" "+beta-2023-12-22" "fetch" "--manifest-path" "Cargo.toml", kill_on_drop: false }`
[INFO] running `Command { std: "docker" "create" "-v" "/var/lib/crater-agent-workspace/builds/worker-2-tc2/target:/opt/rustwide/target:rw,Z" "-v" "/var/lib/crater-agent-workspace/builds/worker-2-tc2/source:/opt/rustwide/workdir:ro,Z" "-v" "/var/lib/crater-agent-workspace/cargo-home:/opt/rustwide/cargo-home:ro,Z" "-v" "/var/lib/crater-agent-workspace/rustup-home:/opt/rustwide/rustup-home:ro,Z" "-e" "SOURCE_DIR=/opt/rustwide/workdir" "-e" "CARGO_TARGET_DIR=/opt/rustwide/target" "-e" "CARGO_HOME=/opt/rustwide/cargo-home" "-e" "RUSTUP_HOME=/opt/rustwide/rustup-home" "-w" "/opt/rustwide/workdir" "-m" "1610612736" "--user" "0:0" "--network" "none" "ghcr.io/rust-lang/crates-build-env/linux@sha256:2788e3201cd34a07e3172128adcd8b3090168a8e3bcc40d7c032b9dda1df7d1c" "/opt/rustwide/cargo-home/bin/cargo" "+beta-2023-12-22" "metadata" "--no-deps" "--format-version=1", kill_on_drop: false }`
[INFO] [stdout] 04ed64f5c13df0bd11107a23fed8733a9e8e970d3193c80c89edf72a547c523e
[INFO] running `Command { std: "docker" "start" "-a" "04ed64f5c13df0bd11107a23fed8733a9e8e970d3193c80c89edf72a547c523e", kill_on_drop: false }`
[INFO] running `Command { std: "docker" "inspect" "04ed64f5c13df0bd11107a23fed8733a9e8e970d3193c80c89edf72a547c523e", kill_on_drop: false }`
[INFO] running `Command { std: "docker" "rm" "-f" "04ed64f5c13df0bd11107a23fed8733a9e8e970d3193c80c89edf72a547c523e", kill_on_drop: false }`
[INFO] [stdout] 04ed64f5c13df0bd11107a23fed8733a9e8e970d3193c80c89edf72a547c523e
[INFO] running `Command { std: "docker" "create" "-v" "/var/lib/crater-agent-workspace/builds/worker-2-tc2/target:/opt/rustwide/target:rw,Z" "-v" "/var/lib/crater-agent-workspace/builds/worker-2-tc2/source:/opt/rustwide/workdir:ro,Z" "-v" "/var/lib/crater-agent-workspace/cargo-home:/opt/rustwide/cargo-home:ro,Z" "-v" "/var/lib/crater-agent-workspace/rustup-home:/opt/rustwide/rustup-home:ro,Z" "-e" "SOURCE_DIR=/opt/rustwide/workdir" "-e" "CARGO_TARGET_DIR=/opt/rustwide/target" "-e" "CARGO_INCREMENTAL=0" "-e" "RUST_BACKTRACE=full" "-e" "RUSTFLAGS=--cap-lints=warn" "-e" "RUSTDOCFLAGS=--cap-lints=warn" "-e" "CARGO_HOME=/opt/rustwide/cargo-home" "-e" "RUSTUP_HOME=/opt/rustwide/rustup-home" "-w" "/opt/rustwide/workdir" "-m" "1610612736" "--user" "0:0" "--network" "none" "ghcr.io/rust-lang/crates-build-env/linux@sha256:2788e3201cd34a07e3172128adcd8b3090168a8e3bcc40d7c032b9dda1df7d1c" "/opt/rustwide/cargo-home/bin/cargo" "+beta-2023-12-22" "build" "--frozen" "--message-format=json", kill_on_drop: false }`
[INFO] [stdout] d4da0253913d14d33a85ca2bade14328f23fc3c9a7479b0d10451e75744e209e
[INFO] running `Command { std: "docker" "start" "-a" "d4da0253913d14d33a85ca2bade14328f23fc3c9a7479b0d10451e75744e209e", kill_on_drop: false }`
[INFO] [stderr]    Compiling memchr v2.5.0
[INFO] [stderr]    Compiling log v0.4.17
[INFO] [stderr]    Compiling radium v0.7.0
[INFO] [stderr]    Compiling tap v1.0.1
[INFO] [stderr]    Compiling regex-syntax v0.7.2
[INFO] [stderr]    Compiling funty v2.0.0
[INFO] [stderr]    Compiling same-file v1.0.6
[INFO] [stderr]    Compiling once_cell v1.17.1
[INFO] [stderr]    Compiling walkdir v2.3.3
[INFO] [stderr]    Compiling wyz v0.5.1
[INFO] [stderr]    Compiling thread_local v1.1.7
[INFO] [stderr]    Compiling bitvec v1.0.1
[INFO] [stderr]    Compiling aho-corasick v1.0.1
[INFO] [stderr]    Compiling bstr v1.5.0
[INFO] [stderr]    Compiling aho-corasick v0.7.20
[INFO] [stderr]    Compiling regex v1.8.3
[INFO] [stderr]    Compiling globset v0.4.10
[INFO] [stderr]    Compiling tree_sitter_grep_ignore v0.4.20-dev.0 (/opt/rustwide/workdir)
[INFO] [stderr]     Finished dev [unoptimized + debuginfo] target(s) in 3.02s
[INFO] running `Command { std: "docker" "inspect" "d4da0253913d14d33a85ca2bade14328f23fc3c9a7479b0d10451e75744e209e", kill_on_drop: false }`
[INFO] running `Command { std: "docker" "rm" "-f" "d4da0253913d14d33a85ca2bade14328f23fc3c9a7479b0d10451e75744e209e", kill_on_drop: false }`
[INFO] [stdout] d4da0253913d14d33a85ca2bade14328f23fc3c9a7479b0d10451e75744e209e
[INFO] running `Command { std: "docker" "create" "-v" "/var/lib/crater-agent-workspace/builds/worker-2-tc2/target:/opt/rustwide/target:rw,Z" "-v" "/var/lib/crater-agent-workspace/builds/worker-2-tc2/source:/opt/rustwide/workdir:ro,Z" "-v" "/var/lib/crater-agent-workspace/cargo-home:/opt/rustwide/cargo-home:ro,Z" "-v" "/var/lib/crater-agent-workspace/rustup-home:/opt/rustwide/rustup-home:ro,Z" "-e" "SOURCE_DIR=/opt/rustwide/workdir" "-e" "CARGO_TARGET_DIR=/opt/rustwide/target" "-e" "CARGO_INCREMENTAL=0" "-e" "RUST_BACKTRACE=full" "-e" "RUSTFLAGS=--cap-lints=warn" "-e" "RUSTDOCFLAGS=--cap-lints=warn" "-e" "CARGO_HOME=/opt/rustwide/cargo-home" "-e" "RUSTUP_HOME=/opt/rustwide/rustup-home" "-w" "/opt/rustwide/workdir" "-m" "1610612736" "--user" "0:0" "--network" "none" "ghcr.io/rust-lang/crates-build-env/linux@sha256:2788e3201cd34a07e3172128adcd8b3090168a8e3bcc40d7c032b9dda1df7d1c" "/opt/rustwide/cargo-home/bin/cargo" "+beta-2023-12-22" "test" "--frozen" "--no-run" "--message-format=json", kill_on_drop: false }`
[INFO] [stdout] 23f13fd926eafa7336b037e49e31e6f138e70fb0737ce1bb69cca492031e15e0
[INFO] running `Command { std: "docker" "start" "-a" "23f13fd926eafa7336b037e49e31e6f138e70fb0737ce1bb69cca492031e15e0", kill_on_drop: false }`
[INFO] [stderr]    Compiling crossbeam-utils v0.8.15
[INFO] [stderr]    Compiling crossbeam-channel v0.5.8
[INFO] [stderr]    Compiling tree_sitter_grep_ignore v0.4.20-dev.0 (/opt/rustwide/workdir)
[INFO] [stdout] error[E0308]: mismatched types
[INFO] [stdout]   --> examples/walk.rs:36:37
[INFO] [stdout]    |
[INFO] [stdout] 36 |                 tx.send(DirEntry::Y(result.unwrap())).unwrap();
[INFO] [stdout]    |                         ----------- ^^^^^^^^^^^^^^^ expected `DirEntry`, found `(DirEntry, Option<...>)`
[INFO] [stdout]    |                         |
[INFO] [stdout]    |                         arguments to this enum variant are incorrect
[INFO] [stdout]    |
[INFO] [stdout]    = note: expected struct `ignore::DirEntry`
[INFO] [stdout]                found tuple `(ignore::DirEntry, Option<MatchMetadata<'_>>)`
[INFO] [stdout] note: tuple variant defined here
[INFO] [stdout]   --> examples/walk.rs:57:5
[INFO] [stdout]    |
[INFO] [stdout] 57 |     Y(ignore::DirEntry),
[INFO] [stdout]    |     ^
[INFO] [stdout] 
[INFO] [stdout] 
[INFO] [stdout] error: aborting due to 1 previous error
[INFO] [stdout] 
[INFO] [stdout] 
[INFO] [stdout] For more information about this error, try `rustc --explain E0308`.
[INFO] [stdout] 
[INFO] [stderr] error: could not compile `tree_sitter_grep_ignore` (example "walk") due to 2 previous errors
[INFO] [stderr] warning: build failed, waiting for other jobs to finish...
[INFO] [stdout] error[E0277]: the trait bound `Option<MatchMetadata<'_>>: Clone` is not satisfied
[INFO] [stdout]     --> src/walk.rs:1951:15
[INFO] [stdout]      |
[INFO] [stdout] 1951 |         dents.to_vec()
[INFO] [stdout]      |               ^^^^^^ the trait `Clone` is not implemented for `Option<MatchMetadata<'_>>`
[INFO] [stdout]      |
[INFO] [stdout]      = note: required for `Option<MatchMetadata<'_>>` to implement `Clone`
[INFO] [stdout]      = note: required because it appears within the type `(walk::DirEntry, Option<MatchMetadata<'_>>)`
[INFO] [stdout] note: required by a bound in `std::slice::<impl [T]>::to_vec`
[INFO] [stdout]     --> /rustc/0e09125c6c3c2fd70d7de961bcf0e51575235fad/library/alloc/src/slice.rs:412:5
[INFO] [stdout] help: consider borrowing here
[INFO] [stdout]      |
[INFO] [stdout] 1951 |         (&dents).to_vec()
[INFO] [stdout]      |         ++     +
[INFO] [stdout] 
[INFO] [stdout] 
[INFO] [stdout] error[E0308]: mismatched types
[INFO] [stdout]     --> src/walk.rs:1951:9
[INFO] [stdout]      |
[INFO] [stdout] 1938 |     fn walk_collect_entries_parallel(builder: &WalkBuilder) -> Vec<DirEntry> {
[INFO] [stdout]      |                                                                ------------- expected `Vec<walk::DirEntry>` because of return type
[INFO] [stdout] ...
[INFO] [stdout] 1951 |         dents.to_vec()
[INFO] [stdout]      |         ^^^^^^^^^^^^^^ expected `Vec<DirEntry>`, found `Vec<(DirEntry, Option<...>)>`
[INFO] [stdout]      |
[INFO] [stdout]      = note: expected struct `Vec<walk::DirEntry>`
[INFO] [stdout]                 found struct `Vec<(walk::DirEntry, Option<MatchMetadata<'_>>)>`
[INFO] [stdout] 
[INFO] [stdout] 
[INFO] [stdout] error: aborting due to 2 previous errors
[INFO] [stdout] 
[INFO] [stdout] 
[INFO] [stdout] Some errors have detailed explanations: E0277, E0308.
[INFO] [stdout] 
[INFO] [stdout] For more information about an error, try `rustc --explain E0277`.
[INFO] [stdout] 
[INFO] [stderr] error: could not compile `tree_sitter_grep_ignore` (lib test) due to 3 previous errors
[INFO] running `Command { std: "docker" "inspect" "23f13fd926eafa7336b037e49e31e6f138e70fb0737ce1bb69cca492031e15e0", kill_on_drop: false }`
[INFO] running `Command { std: "docker" "rm" "-f" "23f13fd926eafa7336b037e49e31e6f138e70fb0737ce1bb69cca492031e15e0", kill_on_drop: false }`
[INFO] [stdout] 23f13fd926eafa7336b037e49e31e6f138e70fb0737ce1bb69cca492031e15e0
