[INFO] fetching crate transmog-pot 0.3.0...
[INFO] testing transmog-pot-0.3.0 against 1.75.0 for beta-1.76-1
[INFO] extracting crate transmog-pot 0.3.0 into /workspace/builds/worker-5-tc1/source
[INFO] validating manifest of crates.io crate transmog-pot 0.3.0 on toolchain 1.75.0
[INFO] running `Command { std: CARGO_HOME="/workspace/cargo-home" RUSTUP_HOME="/workspace/rustup-home" "/workspace/cargo-home/bin/cargo" "+1.75.0" "metadata" "--manifest-path" "Cargo.toml" "--no-deps", kill_on_drop: false }`
[INFO] started tweaking crates.io crate transmog-pot 0.3.0
[INFO] finished tweaking crates.io crate transmog-pot 0.3.0
[INFO] tweaked toml for crates.io crate transmog-pot 0.3.0 written to /workspace/builds/worker-5-tc1/source/Cargo.toml
[INFO] running `Command { std: CARGO_HOME="/workspace/cargo-home" RUSTUP_HOME="/workspace/rustup-home" "/workspace/cargo-home/bin/cargo" "+1.75.0" "generate-lockfile" "--manifest-path" "Cargo.toml", kill_on_drop: false }`
[INFO] [stderr]     Updating crates.io index
[INFO] running `Command { std: CARGO_HOME="/workspace/cargo-home" RUSTUP_HOME="/workspace/rustup-home" "/workspace/cargo-home/bin/cargo" "+1.75.0" "fetch" "--manifest-path" "Cargo.toml", kill_on_drop: false }`
[INFO] running `Command { std: "docker" "create" "-v" "/var/lib/crater-agent-workspace/builds/worker-5-tc1/target:/opt/rustwide/target:rw,Z" "-v" "/var/lib/crater-agent-workspace/builds/worker-5-tc1/source:/opt/rustwide/workdir:ro,Z" "-v" "/var/lib/crater-agent-workspace/cargo-home:/opt/rustwide/cargo-home:ro,Z" "-v" "/var/lib/crater-agent-workspace/rustup-home:/opt/rustwide/rustup-home:ro,Z" "-e" "SOURCE_DIR=/opt/rustwide/workdir" "-e" "CARGO_TARGET_DIR=/opt/rustwide/target" "-e" "CARGO_HOME=/opt/rustwide/cargo-home" "-e" "RUSTUP_HOME=/opt/rustwide/rustup-home" "-w" "/opt/rustwide/workdir" "-m" "1610612736" "--user" "0:0" "--network" "none" "ghcr.io/rust-lang/crates-build-env/linux@sha256:2788e3201cd34a07e3172128adcd8b3090168a8e3bcc40d7c032b9dda1df7d1c" "/opt/rustwide/cargo-home/bin/cargo" "+1.75.0" "metadata" "--no-deps" "--format-version=1", kill_on_drop: false }`
[INFO] [stdout] fd59577f34dada9aab40f41c60b58c57a8a2912b315561e47b332db8d911807c
[INFO] running `Command { std: "docker" "start" "-a" "fd59577f34dada9aab40f41c60b58c57a8a2912b315561e47b332db8d911807c", kill_on_drop: false }`
[INFO] running `Command { std: "docker" "inspect" "fd59577f34dada9aab40f41c60b58c57a8a2912b315561e47b332db8d911807c", kill_on_drop: false }`
[INFO] running `Command { std: "docker" "rm" "-f" "fd59577f34dada9aab40f41c60b58c57a8a2912b315561e47b332db8d911807c", kill_on_drop: false }`
[INFO] [stdout] fd59577f34dada9aab40f41c60b58c57a8a2912b315561e47b332db8d911807c
[INFO] running `Command { std: "docker" "create" "-v" "/var/lib/crater-agent-workspace/builds/worker-5-tc1/target:/opt/rustwide/target:rw,Z" "-v" "/var/lib/crater-agent-workspace/builds/worker-5-tc1/source:/opt/rustwide/workdir:ro,Z" "-v" "/var/lib/crater-agent-workspace/cargo-home:/opt/rustwide/cargo-home:ro,Z" "-v" "/var/lib/crater-agent-workspace/rustup-home:/opt/rustwide/rustup-home:ro,Z" "-e" "SOURCE_DIR=/opt/rustwide/workdir" "-e" "CARGO_TARGET_DIR=/opt/rustwide/target" "-e" "CARGO_INCREMENTAL=0" "-e" "RUST_BACKTRACE=full" "-e" "RUSTFLAGS=--cap-lints=warn" "-e" "RUSTDOCFLAGS=--cap-lints=warn" "-e" "CARGO_HOME=/opt/rustwide/cargo-home" "-e" "RUSTUP_HOME=/opt/rustwide/rustup-home" "-w" "/opt/rustwide/workdir" "-m" "1610612736" "--user" "0:0" "--network" "none" "ghcr.io/rust-lang/crates-build-env/linux@sha256:2788e3201cd34a07e3172128adcd8b3090168a8e3bcc40d7c032b9dda1df7d1c" "/opt/rustwide/cargo-home/bin/cargo" "+1.75.0" "build" "--frozen" "--message-format=json", kill_on_drop: false }`
[INFO] [stdout] ee677e87514a2694908c364ae1e82f61666a36f906888d00a5d95c0d93121023
[INFO] running `Command { std: "docker" "start" "-a" "ee677e87514a2694908c364ae1e82f61666a36f906888d00a5d95c0d93121023", kill_on_drop: false }`
[INFO] [stderr]    Compiling serde v1.0.194
[INFO] [stderr]    Compiling cfg-if v1.0.0
[INFO] [stderr]    Compiling byteorder v1.5.0
[INFO] [stderr]    Compiling transmog v0.1.0
[INFO] [stderr]    Compiling half v2.3.1
[INFO] [stderr]    Compiling pot v3.0.0
[INFO] [stderr]    Compiling transmog-pot v0.3.0 (/opt/rustwide/workdir)
[INFO] [stderr]     Finished dev [unoptimized + debuginfo] target(s) in 3.18s
[INFO] running `Command { std: "docker" "inspect" "ee677e87514a2694908c364ae1e82f61666a36f906888d00a5d95c0d93121023", kill_on_drop: false }`
[INFO] running `Command { std: "docker" "rm" "-f" "ee677e87514a2694908c364ae1e82f61666a36f906888d00a5d95c0d93121023", kill_on_drop: false }`
[INFO] [stdout] ee677e87514a2694908c364ae1e82f61666a36f906888d00a5d95c0d93121023
[INFO] running `Command { std: "docker" "create" "-v" "/var/lib/crater-agent-workspace/builds/worker-5-tc1/target:/opt/rustwide/target:rw,Z" "-v" "/var/lib/crater-agent-workspace/builds/worker-5-tc1/source:/opt/rustwide/workdir:ro,Z" "-v" "/var/lib/crater-agent-workspace/cargo-home:/opt/rustwide/cargo-home:ro,Z" "-v" "/var/lib/crater-agent-workspace/rustup-home:/opt/rustwide/rustup-home:ro,Z" "-e" "SOURCE_DIR=/opt/rustwide/workdir" "-e" "CARGO_TARGET_DIR=/opt/rustwide/target" "-e" "CARGO_INCREMENTAL=0" "-e" "RUST_BACKTRACE=full" "-e" "RUSTFLAGS=--cap-lints=warn" "-e" "RUSTDOCFLAGS=--cap-lints=warn" "-e" "CARGO_HOME=/opt/rustwide/cargo-home" "-e" "RUSTUP_HOME=/opt/rustwide/rustup-home" "-w" "/opt/rustwide/workdir" "-m" "1610612736" "--user" "0:0" "--network" "none" "ghcr.io/rust-lang/crates-build-env/linux@sha256:2788e3201cd34a07e3172128adcd8b3090168a8e3bcc40d7c032b9dda1df7d1c" "/opt/rustwide/cargo-home/bin/cargo" "+1.75.0" "test" "--frozen" "--no-run" "--message-format=json", kill_on_drop: false }`
[INFO] [stdout] ff131eee900f9b46781bb80f102ebf34bd5c7c906be3a47589541e19c5db8293
[INFO] running `Command { std: "docker" "start" "-a" "ff131eee900f9b46781bb80f102ebf34bd5c7c906be3a47589541e19c5db8293", kill_on_drop: false }`
[INFO] [stderr]    Compiling transmog v0.1.0
[INFO] [stderr]    Compiling transmog-pot v0.3.0 (/opt/rustwide/workdir)
[INFO] [stdout] error: cannot find derive macro `Serialize` in this scope
[INFO] [stdout]   --> src/lib.rs:78:14
[INFO] [stdout]    |
[INFO] [stdout] 78 |     #[derive(Serialize, Deserialize)]
[INFO] [stdout]    |              ^^^^^^^^^
[INFO] [stdout]    |
[INFO] [stdout] note: `Serialize` is imported here, but it is only a trait, without a derive macro
[INFO] [stdout]   --> src/lib.rs:19:48
[INFO] [stdout]    |
[INFO] [stdout] 19 | use serde::{de::DeserializeOwned, Deserialize, Serialize};
[INFO] [stdout]    |                                                ^^^^^^^^^
[INFO] [stdout] 
[INFO] [stdout] 
[INFO] [stdout] error: cannot find derive macro `Deserialize` in this scope
[INFO] [stdout]   --> src/lib.rs:78:25
[INFO] [stdout]    |
[INFO] [stdout] 78 |     #[derive(Serialize, Deserialize)]
[INFO] [stdout]    |                         ^^^^^^^^^^^
[INFO] [stdout]    |
[INFO] [stdout] note: `Deserialize` is imported here, but it is only a trait, without a derive macro
[INFO] [stdout]   --> src/lib.rs:19:35
[INFO] [stdout]    |
[INFO] [stdout] 19 | use serde::{de::DeserializeOwned, Deserialize, Serialize};
[INFO] [stdout]    |                                   ^^^^^^^^^^^
[INFO] [stdout] 
[INFO] [stdout] 
[INFO] [stdout] error: cannot find attribute `serde` in this scope
[INFO] [stdout]   --> src/lib.rs:80:11
[INFO] [stdout]    |
[INFO] [stdout] 80 |         #[serde(borrow)]
[INFO] [stdout]    |           ^^^^^
[INFO] [stdout]    |
[INFO] [stdout]    = note: `serde` is in scope, but it is a crate, not an attribute
[INFO] [stdout] 
[INFO] [stdout] 
[INFO] [stdout] error[E0277]: the trait bound `Test<'_>: Serialize` is not satisfied
[INFO] [stdout]   --> src/lib.rs:87:36
[INFO] [stdout]    |
[INFO] [stdout] 87 |     let serialized = pot.serialize(&value).unwrap();
[INFO] [stdout]    |                          --------- ^^^^^^ the trait `Serialize` is not implemented for `Test<'_>`
[INFO] [stdout]    |                          |
[INFO] [stdout]    |                          required by a bound introduced by this call
[INFO] [stdout]    |
[INFO] [stdout]    = help: the following other types implement trait `Serialize`:
[INFO] [stdout]              bool
[INFO] [stdout]              char
[INFO] [stdout]              isize
[INFO] [stdout]              i8
[INFO] [stdout]              i16
[INFO] [stdout]              i32
[INFO] [stdout]              i64
[INFO] [stdout]              i128
[INFO] [stdout]            and 131 others
[INFO] [stdout] note: required for `Pot` to implement `Format<'_, Test<'_>>`
[INFO] [stdout]   --> src/lib.rs:33:13
[INFO] [stdout]    |
[INFO] [stdout] 33 | impl<'a, T> Format<'a, T> for Pot
[INFO] [stdout]    |             ^^^^^^^^^^^^^     ^^^
[INFO] [stdout] 34 | where
[INFO] [stdout] 35 |     T: Serialize,
[INFO] [stdout]    |        --------- unsatisfied trait bound introduced here
[INFO] [stdout] 
[INFO] [stdout] 
[INFO] [stdout] error[E0277]: the trait bound `Test<'_>: Serialize` is not satisfied
[INFO] [stdout]   --> src/lib.rs:89:38
[INFO] [stdout]    |
[INFO] [stdout] 89 |     let deserialized: Test<'_> = pot.deserialize_borrowed(&serialized).unwrap();
[INFO] [stdout]    |                                      ^^^^^^^^^^^^^^^^^^^^ the trait `Serialize` is not implemented for `Test<'_>`
[INFO] [stdout]    |
[INFO] [stdout]    = help: the following other types implement trait `Serialize`:
[INFO] [stdout]              bool
[INFO] [stdout]              char
[INFO] [stdout]              isize
[INFO] [stdout]              i8
[INFO] [stdout]              i16
[INFO] [stdout]              i32
[INFO] [stdout]              i64
[INFO] [stdout]              i128
[INFO] [stdout]            and 131 others
[INFO] [stdout] note: required for `Pot` to implement `Format<'_, Test<'_>>`
[INFO] [stdout]   --> src/lib.rs:33:13
[INFO] [stdout]    |
[INFO] [stdout] 33 | impl<'a, T> Format<'a, T> for Pot
[INFO] [stdout]    |             ^^^^^^^^^^^^^     ^^^
[INFO] [stdout] 34 | where
[INFO] [stdout] 35 |     T: Serialize,
[INFO] [stdout]    |        --------- unsatisfied trait bound introduced here
[INFO] [stdout] note: required by a bound in `deserialize_borrowed`
[INFO] [stdout]   --> /opt/rustwide/cargo-home/registry/src/index.crates.io-6f17d22bba15001f/transmog-0.1.0/src/lib.rs:49:40
[INFO] [stdout]    |
[INFO] [stdout] 49 | pub trait BorrowedDeserializer<'a, T>: Format<'a, T> {
[INFO] [stdout]    |                                        ^^^^^^^^^^^^^ required by this bound in `BorrowedDeserializer::deserialize_borrowed`
[INFO] [stdout] 50 |     /// Deserialize `T` from `data`, borrowing when possible.
[INFO] [stdout] 51 |     fn deserialize_borrowed(&self, data: &'a [u8]) -> Result<T, Self::Error>;
[INFO] [stdout]    |        -------------------- required by a bound in this associated function
[INFO] [stdout] 
[INFO] [stdout] 
[INFO] [stdout] error[E0277]: the trait bound `Test<'_>: Deserialize<'_>` is not satisfied
[INFO] [stdout]   --> src/lib.rs:89:38
[INFO] [stdout]    |
[INFO] [stdout] 89 |     let deserialized: Test<'_> = pot.deserialize_borrowed(&serialized).unwrap();
[INFO] [stdout]    |                                      ^^^^^^^^^^^^^^^^^^^^ the trait `Deserialize<'_>` is not implemented for `Test<'_>`
[INFO] [stdout]    |
[INFO] [stdout]    = help: the following other types implement trait `Deserialize<'de>`:
[INFO] [stdout]              bool
[INFO] [stdout]              char
[INFO] [stdout]              isize
[INFO] [stdout]              i8
[INFO] [stdout]              i16
[INFO] [stdout]              i32
[INFO] [stdout]              i64
[INFO] [stdout]              i128
[INFO] [stdout]            and 131 others
[INFO] [stdout] note: required for `Pot` to implement `BorrowedDeserializer<'_, Test<'_>>`
[INFO] [stdout]   --> src/lib.rs:48:13
[INFO] [stdout]    |
[INFO] [stdout] 48 | impl<'a, T> BorrowedDeserializer<'a, T> for Pot
[INFO] [stdout]    |             ^^^^^^^^^^^^^^^^^^^^^^^^^^^     ^^^
[INFO] [stdout] 49 | where
[INFO] [stdout] 50 |     T: Serialize + Deserialize<'a>,
[INFO] [stdout]    |                    --------------- unsatisfied trait bound introduced here
[INFO] [stdout] 
[INFO] [stdout] 
[INFO] [stdout] error: aborting due to 6 previous errors
[INFO] [stdout] 
[INFO] [stdout] 
[INFO] [stdout] For more information about this error, try `rustc --explain E0277`.
[INFO] [stdout] 
[INFO] [stderr] error: could not compile `transmog-pot` (lib test) due to 7 previous errors
[INFO] running `Command { std: "docker" "inspect" "ff131eee900f9b46781bb80f102ebf34bd5c7c906be3a47589541e19c5db8293", kill_on_drop: false }`
[INFO] running `Command { std: "docker" "rm" "-f" "ff131eee900f9b46781bb80f102ebf34bd5c7c906be3a47589541e19c5db8293", kill_on_drop: false }`
[INFO] [stdout] ff131eee900f9b46781bb80f102ebf34bd5c7c906be3a47589541e19c5db8293
[INFO] testing transmog-pot-0.3.0 against beta-2023-12-22 for beta-1.76-1
[INFO] extracting crate transmog-pot 0.3.0 into /workspace/builds/worker-5-tc2/source
[INFO] validating manifest of crates.io crate transmog-pot 0.3.0 on toolchain beta-2023-12-22
[INFO] running `Command { std: CARGO_HOME="/workspace/cargo-home" RUSTUP_HOME="/workspace/rustup-home" "/workspace/cargo-home/bin/cargo" "+beta-2023-12-22" "metadata" "--manifest-path" "Cargo.toml" "--no-deps", kill_on_drop: false }`
[INFO] started tweaking crates.io crate transmog-pot 0.3.0
[INFO] finished tweaking crates.io crate transmog-pot 0.3.0
[INFO] tweaked toml for crates.io crate transmog-pot 0.3.0 written to /workspace/builds/worker-5-tc2/source/Cargo.toml
[INFO] running `Command { std: CARGO_HOME="/workspace/cargo-home" RUSTUP_HOME="/workspace/rustup-home" "/workspace/cargo-home/bin/cargo" "+beta-2023-12-22" "generate-lockfile" "--manifest-path" "Cargo.toml", kill_on_drop: false }`
[INFO] [stderr]     Updating crates.io index
[INFO] running `Command { std: CARGO_HOME="/workspace/cargo-home" RUSTUP_HOME="/workspace/rustup-home" "/workspace/cargo-home/bin/cargo" "+beta-2023-12-22" "fetch" "--manifest-path" "Cargo.toml", kill_on_drop: false }`
[INFO] running `Command { std: "docker" "create" "-v" "/var/lib/crater-agent-workspace/builds/worker-5-tc2/target:/opt/rustwide/target:rw,Z" "-v" "/var/lib/crater-agent-workspace/builds/worker-5-tc2/source:/opt/rustwide/workdir:ro,Z" "-v" "/var/lib/crater-agent-workspace/cargo-home:/opt/rustwide/cargo-home:ro,Z" "-v" "/var/lib/crater-agent-workspace/rustup-home:/opt/rustwide/rustup-home:ro,Z" "-e" "SOURCE_DIR=/opt/rustwide/workdir" "-e" "CARGO_TARGET_DIR=/opt/rustwide/target" "-e" "CARGO_HOME=/opt/rustwide/cargo-home" "-e" "RUSTUP_HOME=/opt/rustwide/rustup-home" "-w" "/opt/rustwide/workdir" "-m" "1610612736" "--user" "0:0" "--network" "none" "ghcr.io/rust-lang/crates-build-env/linux@sha256:2788e3201cd34a07e3172128adcd8b3090168a8e3bcc40d7c032b9dda1df7d1c" "/opt/rustwide/cargo-home/bin/cargo" "+beta-2023-12-22" "metadata" "--no-deps" "--format-version=1", kill_on_drop: false }`
[INFO] [stdout] cdb185bb540292a2d0744f58ac5dba38179cce5784b09aa18f1a5e2e3e77346c
[INFO] running `Command { std: "docker" "start" "-a" "cdb185bb540292a2d0744f58ac5dba38179cce5784b09aa18f1a5e2e3e77346c", kill_on_drop: false }`
[INFO] running `Command { std: "docker" "inspect" "cdb185bb540292a2d0744f58ac5dba38179cce5784b09aa18f1a5e2e3e77346c", kill_on_drop: false }`
[INFO] running `Command { std: "docker" "rm" "-f" "cdb185bb540292a2d0744f58ac5dba38179cce5784b09aa18f1a5e2e3e77346c", kill_on_drop: false }`
[INFO] [stdout] cdb185bb540292a2d0744f58ac5dba38179cce5784b09aa18f1a5e2e3e77346c
[INFO] running `Command { std: "docker" "create" "-v" "/var/lib/crater-agent-workspace/builds/worker-5-tc2/target:/opt/rustwide/target:rw,Z" "-v" "/var/lib/crater-agent-workspace/builds/worker-5-tc2/source:/opt/rustwide/workdir:ro,Z" "-v" "/var/lib/crater-agent-workspace/cargo-home:/opt/rustwide/cargo-home:ro,Z" "-v" "/var/lib/crater-agent-workspace/rustup-home:/opt/rustwide/rustup-home:ro,Z" "-e" "SOURCE_DIR=/opt/rustwide/workdir" "-e" "CARGO_TARGET_DIR=/opt/rustwide/target" "-e" "CARGO_INCREMENTAL=0" "-e" "RUST_BACKTRACE=full" "-e" "RUSTFLAGS=--cap-lints=warn" "-e" "RUSTDOCFLAGS=--cap-lints=warn" "-e" "CARGO_HOME=/opt/rustwide/cargo-home" "-e" "RUSTUP_HOME=/opt/rustwide/rustup-home" "-w" "/opt/rustwide/workdir" "-m" "1610612736" "--user" "0:0" "--network" "none" "ghcr.io/rust-lang/crates-build-env/linux@sha256:2788e3201cd34a07e3172128adcd8b3090168a8e3bcc40d7c032b9dda1df7d1c" "/opt/rustwide/cargo-home/bin/cargo" "+beta-2023-12-22" "build" "--frozen" "--message-format=json", kill_on_drop: false }`
[INFO] [stdout] e129bea720dd1e25d91203748f8cc96817076a8c9db91465c110e8f0dfd5f8d0
[INFO] running `Command { std: "docker" "start" "-a" "e129bea720dd1e25d91203748f8cc96817076a8c9db91465c110e8f0dfd5f8d0", kill_on_drop: false }`
[INFO] [stderr]    Compiling serde v1.0.194
[INFO] [stderr]    Compiling cfg-if v1.0.0
[INFO] [stderr]    Compiling byteorder v1.5.0
[INFO] [stderr]    Compiling transmog v0.1.0
[INFO] [stderr]    Compiling half v2.3.1
[INFO] [stderr]    Compiling pot v3.0.0
[INFO] [stderr]    Compiling transmog-pot v0.3.0 (/opt/rustwide/workdir)
[INFO] [stderr]     Finished dev [unoptimized + debuginfo] target(s) in 2.60s
[INFO] running `Command { std: "docker" "inspect" "e129bea720dd1e25d91203748f8cc96817076a8c9db91465c110e8f0dfd5f8d0", kill_on_drop: false }`
[INFO] running `Command { std: "docker" "rm" "-f" "e129bea720dd1e25d91203748f8cc96817076a8c9db91465c110e8f0dfd5f8d0", kill_on_drop: false }`
[INFO] [stdout] e129bea720dd1e25d91203748f8cc96817076a8c9db91465c110e8f0dfd5f8d0
[INFO] running `Command { std: "docker" "create" "-v" "/var/lib/crater-agent-workspace/builds/worker-5-tc2/target:/opt/rustwide/target:rw,Z" "-v" "/var/lib/crater-agent-workspace/builds/worker-5-tc2/source:/opt/rustwide/workdir:ro,Z" "-v" "/var/lib/crater-agent-workspace/cargo-home:/opt/rustwide/cargo-home:ro,Z" "-v" "/var/lib/crater-agent-workspace/rustup-home:/opt/rustwide/rustup-home:ro,Z" "-e" "SOURCE_DIR=/opt/rustwide/workdir" "-e" "CARGO_TARGET_DIR=/opt/rustwide/target" "-e" "CARGO_INCREMENTAL=0" "-e" "RUST_BACKTRACE=full" "-e" "RUSTFLAGS=--cap-lints=warn" "-e" "RUSTDOCFLAGS=--cap-lints=warn" "-e" "CARGO_HOME=/opt/rustwide/cargo-home" "-e" "RUSTUP_HOME=/opt/rustwide/rustup-home" "-w" "/opt/rustwide/workdir" "-m" "1610612736" "--user" "0:0" "--network" "none" "ghcr.io/rust-lang/crates-build-env/linux@sha256:2788e3201cd34a07e3172128adcd8b3090168a8e3bcc40d7c032b9dda1df7d1c" "/opt/rustwide/cargo-home/bin/cargo" "+beta-2023-12-22" "test" "--frozen" "--no-run" "--message-format=json", kill_on_drop: false }`
[INFO] [stdout] 04ad84a07e42895f51b91694b194e98f76bddb56da2f6c901de5f91ef0c133fe
[INFO] running `Command { std: "docker" "start" "-a" "04ad84a07e42895f51b91694b194e98f76bddb56da2f6c901de5f91ef0c133fe", kill_on_drop: false }`
[INFO] [stderr]    Compiling transmog v0.1.0
[INFO] [stderr]    Compiling transmog-pot v0.3.0 (/opt/rustwide/workdir)
[INFO] [stdout] error: cannot find derive macro `Serialize` in this scope
[INFO] [stdout]   --> src/lib.rs:78:14
[INFO] [stdout]    |
[INFO] [stdout] 78 |     #[derive(Serialize, Deserialize)]
[INFO] [stdout]    |              ^^^^^^^^^
[INFO] [stdout]    |
[INFO] [stdout] note: `Serialize` is imported here, but it is only a trait, without a derive macro
[INFO] [stdout]   --> src/lib.rs:19:48
[INFO] [stdout]    |
[INFO] [stdout] 19 | use serde::{de::DeserializeOwned, Deserialize, Serialize};
[INFO] [stdout]    |                                                ^^^^^^^^^
[INFO] [stdout] 
[INFO] [stdout] 
[INFO] [stdout] error: cannot find derive macro `Deserialize` in this scope
[INFO] [stdout]   --> src/lib.rs:78:25
[INFO] [stdout]    |
[INFO] [stdout] 78 |     #[derive(Serialize, Deserialize)]
[INFO] [stdout]    |                         ^^^^^^^^^^^
[INFO] [stdout]    |
[INFO] [stdout] note: `Deserialize` is imported here, but it is only a trait, without a derive macro
[INFO] [stdout]   --> src/lib.rs:19:35
[INFO] [stdout]    |
[INFO] [stdout] 19 | use serde::{de::DeserializeOwned, Deserialize, Serialize};
[INFO] [stdout]    |                                   ^^^^^^^^^^^
[INFO] [stdout] 
[INFO] [stdout] 
[INFO] [stdout] error: cannot find attribute `serde` in this scope
[INFO] [stdout]   --> src/lib.rs:80:11
[INFO] [stdout]    |
[INFO] [stdout] 80 |         #[serde(borrow)]
[INFO] [stdout]    |           ^^^^^
[INFO] [stdout]    |
[INFO] [stdout]    = note: `serde` is in scope, but it is a crate, not an attribute
[INFO] [stdout] 
[INFO] [stdout] 
[INFO] [stdout] error[E0277]: the trait bound `Test<'_>: Serialize` is not satisfied
[INFO] [stdout]   --> src/lib.rs:87:36
[INFO] [stdout]    |
[INFO] [stdout] 87 |     let serialized = pot.serialize(&value).unwrap();
[INFO] [stdout]    |                          --------- ^^^^^^ the trait `Serialize` is not implemented for `Test<'_>`
[INFO] [stdout]    |                          |
[INFO] [stdout]    |                          required by a bound introduced by this call
[INFO] [stdout]    |
[INFO] [stdout]    = help: the following other types implement trait `Serialize`:
[INFO] [stdout]              bool
[INFO] [stdout]              char
[INFO] [stdout]              isize
[INFO] [stdout]              i8
[INFO] [stdout]              i16
[INFO] [stdout]              i32
[INFO] [stdout]              i64
[INFO] [stdout]              i128
[INFO] [stdout]            and 131 others
[INFO] [stdout] note: required for `Pot` to implement `Format<'_, Test<'_>>`
[INFO] [stdout]   --> src/lib.rs:33:13
[INFO] [stdout]    |
[INFO] [stdout] 33 | impl<'a, T> Format<'a, T> for Pot
[INFO] [stdout]    |             ^^^^^^^^^^^^^     ^^^
[INFO] [stdout] 34 | where
[INFO] [stdout] 35 |     T: Serialize,
[INFO] [stdout]    |        --------- unsatisfied trait bound introduced here
[INFO] [stdout] 
[INFO] [stdout] 
[INFO] [stdout] error[E0277]: the trait bound `Test<'_>: Serialize` is not satisfied
[INFO] [stdout]   --> src/lib.rs:89:38
[INFO] [stdout]    |
[INFO] [stdout] 89 |     let deserialized: Test<'_> = pot.deserialize_borrowed(&serialized).unwrap();
[INFO] [stdout]    |                                      ^^^^^^^^^^^^^^^^^^^^ the trait `Serialize` is not implemented for `Test<'_>`
[INFO] [stdout]    |
[INFO] [stdout]    = help: the following other types implement trait `Serialize`:
[INFO] [stdout]              bool
[INFO] [stdout]              char
[INFO] [stdout]              isize
[INFO] [stdout]              i8
[INFO] [stdout]              i16
[INFO] [stdout]              i32
[INFO] [stdout]              i64
[INFO] [stdout]              i128
[INFO] [stdout]            and 131 others
[INFO] [stdout] note: required for `Pot` to implement `Format<'_, Test<'_>>`
[INFO] [stdout]   --> src/lib.rs:33:13
[INFO] [stdout]    |
[INFO] [stdout] 33 | impl<'a, T> Format<'a, T> for Pot
[INFO] [stdout]    |             ^^^^^^^^^^^^^     ^^^
[INFO] [stdout] 34 | where
[INFO] [stdout] 35 |     T: Serialize,
[INFO] [stdout]    |        --------- unsatisfied trait bound introduced here
[INFO] [stdout] note: required by a bound in `deserialize_borrowed`
[INFO] [stdout]   --> /opt/rustwide/cargo-home/registry/src/index.crates.io-6f17d22bba15001f/transmog-0.1.0/src/lib.rs:49:40
[INFO] [stdout]    |
[INFO] [stdout] 49 | pub trait BorrowedDeserializer<'a, T>: Format<'a, T> {
[INFO] [stdout]    |                                        ^^^^^^^^^^^^^ required by this bound in `BorrowedDeserializer::deserialize_borrowed`
[INFO] [stdout] 50 |     /// Deserialize `T` from `data`, borrowing when possible.
[INFO] [stdout] 51 |     fn deserialize_borrowed(&self, data: &'a [u8]) -> Result<T, Self::Error>;
[INFO] [stdout]    |        -------------------- required by a bound in this associated function
[INFO] [stdout] 
[INFO] [stdout] 
[INFO] [stdout] error[E0277]: the trait bound `Test<'_>: Deserialize<'_>` is not satisfied
[INFO] [stdout]   --> src/lib.rs:89:38
[INFO] [stdout]    |
[INFO] [stdout] 89 |     let deserialized: Test<'_> = pot.deserialize_borrowed(&serialized).unwrap();
[INFO] [stdout]    |                                      ^^^^^^^^^^^^^^^^^^^^ the trait `Deserialize<'_>` is not implemented for `Test<'_>`
[INFO] [stdout]    |
[INFO] [stdout]    = help: the following other types implement trait `Deserialize<'de>`:
[INFO] [stdout]              bool
[INFO] [stdout]              char
[INFO] [stdout]              isize
[INFO] [stdout]              i8
[INFO] [stdout]              i16
[INFO] [stdout]              i32
[INFO] [stdout]              i64
[INFO] [stdout]              i128
[INFO] [stdout]            and 131 others
[INFO] [stdout] note: required for `Pot` to implement `BorrowedDeserializer<'_, Test<'_>>`
[INFO] [stdout]   --> src/lib.rs:48:13
[INFO] [stdout]    |
[INFO] [stdout] 48 | impl<'a, T> BorrowedDeserializer<'a, T> for Pot
[INFO] [stdout]    |             ^^^^^^^^^^^^^^^^^^^^^^^^^^^     ^^^
[INFO] [stdout] 49 | where
[INFO] [stdout] 50 |     T: Serialize + Deserialize<'a>,
[INFO] [stdout]    |                    --------------- unsatisfied trait bound introduced here
[INFO] [stdout] 
[INFO] [stdout] 
[INFO] [stdout] error: aborting due to 6 previous errors
[INFO] [stdout] 
[INFO] [stdout] 
[INFO] [stdout] For more information about this error, try `rustc --explain E0277`.
[INFO] [stdout] 
[INFO] [stderr] error: could not compile `transmog-pot` (lib test) due to 7 previous errors
[INFO] running `Command { std: "docker" "inspect" "04ad84a07e42895f51b91694b194e98f76bddb56da2f6c901de5f91ef0c133fe", kill_on_drop: false }`
[INFO] running `Command { std: "docker" "rm" "-f" "04ad84a07e42895f51b91694b194e98f76bddb56da2f6c901de5f91ef0c133fe", kill_on_drop: false }`
[INFO] [stdout] 04ad84a07e42895f51b91694b194e98f76bddb56da2f6c901de5f91ef0c133fe
