[INFO] fetching crate transmission-gobject 0.1.4...
[INFO] testing transmission-gobject-0.1.4 against 1.75.0 for beta-1.76-1
[INFO] extracting crate transmission-gobject 0.1.4 into /workspace/builds/worker-7-tc1/source
[INFO] validating manifest of crates.io crate transmission-gobject 0.1.4 on toolchain 1.75.0
[INFO] running `Command { std: CARGO_HOME="/workspace/cargo-home" RUSTUP_HOME="/workspace/rustup-home" "/workspace/cargo-home/bin/cargo" "+1.75.0" "metadata" "--manifest-path" "Cargo.toml" "--no-deps", kill_on_drop: false }`
[INFO] started tweaking crates.io crate transmission-gobject 0.1.4
[INFO] finished tweaking crates.io crate transmission-gobject 0.1.4
[INFO] tweaked toml for crates.io crate transmission-gobject 0.1.4 written to /workspace/builds/worker-7-tc1/source/Cargo.toml
[INFO] running `Command { std: CARGO_HOME="/workspace/cargo-home" RUSTUP_HOME="/workspace/rustup-home" "/workspace/cargo-home/bin/cargo" "+1.75.0" "generate-lockfile" "--manifest-path" "Cargo.toml", kill_on_drop: false }`
[INFO] [stderr]     Updating crates.io index
[INFO] running `Command { std: CARGO_HOME="/workspace/cargo-home" RUSTUP_HOME="/workspace/rustup-home" "/workspace/cargo-home/bin/cargo" "+1.75.0" "fetch" "--manifest-path" "Cargo.toml", kill_on_drop: false }`
[INFO] [stderr]  Downloading crates ...
[INFO] [stderr]   Downloaded gtk-macros v0.3.0
[INFO] [stderr]   Downloaded transmission-client v0.1.4
[INFO] running `Command { std: "docker" "create" "-v" "/var/lib/crater-agent-workspace/builds/worker-7-tc1/target:/opt/rustwide/target:rw,Z" "-v" "/var/lib/crater-agent-workspace/builds/worker-7-tc1/source:/opt/rustwide/workdir:ro,Z" "-v" "/var/lib/crater-agent-workspace/cargo-home:/opt/rustwide/cargo-home:ro,Z" "-v" "/var/lib/crater-agent-workspace/rustup-home:/opt/rustwide/rustup-home:ro,Z" "-e" "SOURCE_DIR=/opt/rustwide/workdir" "-e" "CARGO_TARGET_DIR=/opt/rustwide/target" "-e" "CARGO_HOME=/opt/rustwide/cargo-home" "-e" "RUSTUP_HOME=/opt/rustwide/rustup-home" "-w" "/opt/rustwide/workdir" "-m" "1610612736" "--user" "0:0" "--network" "none" "ghcr.io/rust-lang/crates-build-env/linux@sha256:2788e3201cd34a07e3172128adcd8b3090168a8e3bcc40d7c032b9dda1df7d1c" "/opt/rustwide/cargo-home/bin/cargo" "+1.75.0" "metadata" "--no-deps" "--format-version=1", kill_on_drop: false }`
[INFO] [stdout] 5711952d869af7a16bb9cbdf44799aa2cc69197ea4c74ca8873ae61ecbf478f0
[INFO] running `Command { std: "docker" "start" "-a" "5711952d869af7a16bb9cbdf44799aa2cc69197ea4c74ca8873ae61ecbf478f0", kill_on_drop: false }`
[INFO] running `Command { std: "docker" "inspect" "5711952d869af7a16bb9cbdf44799aa2cc69197ea4c74ca8873ae61ecbf478f0", kill_on_drop: false }`
[INFO] running `Command { std: "docker" "rm" "-f" "5711952d869af7a16bb9cbdf44799aa2cc69197ea4c74ca8873ae61ecbf478f0", kill_on_drop: false }`
[INFO] [stdout] 5711952d869af7a16bb9cbdf44799aa2cc69197ea4c74ca8873ae61ecbf478f0
[INFO] running `Command { std: "docker" "create" "-v" "/var/lib/crater-agent-workspace/builds/worker-7-tc1/target:/opt/rustwide/target:rw,Z" "-v" "/var/lib/crater-agent-workspace/builds/worker-7-tc1/source:/opt/rustwide/workdir:ro,Z" "-v" "/var/lib/crater-agent-workspace/cargo-home:/opt/rustwide/cargo-home:ro,Z" "-v" "/var/lib/crater-agent-workspace/rustup-home:/opt/rustwide/rustup-home:ro,Z" "-e" "SOURCE_DIR=/opt/rustwide/workdir" "-e" "CARGO_TARGET_DIR=/opt/rustwide/target" "-e" "CARGO_INCREMENTAL=0" "-e" "RUST_BACKTRACE=full" "-e" "RUSTFLAGS=--cap-lints=warn" "-e" "RUSTDOCFLAGS=--cap-lints=warn" "-e" "CARGO_HOME=/opt/rustwide/cargo-home" "-e" "RUSTUP_HOME=/opt/rustwide/rustup-home" "-w" "/opt/rustwide/workdir" "-m" "1610612736" "--user" "0:0" "--network" "none" "ghcr.io/rust-lang/crates-build-env/linux@sha256:2788e3201cd34a07e3172128adcd8b3090168a8e3bcc40d7c032b9dda1df7d1c" "/opt/rustwide/cargo-home/bin/cargo" "+1.75.0" "build" "--frozen" "--message-format=json", kill_on_drop: false }`
[INFO] [stdout] f74bd49d7b7d88f0854c416bf3b04a2da31c5d3d435bb5e1322bf00c79c005d1
[INFO] running `Command { std: "docker" "start" "-a" "f74bd49d7b7d88f0854c416bf3b04a2da31c5d3d435bb5e1322bf00c79c005d1", kill_on_drop: false }`
[INFO] [stderr]    Compiling equivalent v1.0.1
[INFO] [stderr]    Compiling hashbrown v0.14.3
[INFO] [stderr]    Compiling winnow v0.5.32
[INFO] [stderr]    Compiling syn v2.0.48
[INFO] [stderr]    Compiling cc v1.0.83
[INFO] [stderr]    Compiling target-lexicon v0.12.13
[INFO] [stderr]    Compiling syn v1.0.109
[INFO] [stderr]    Compiling heck v0.4.1
[INFO] [stderr]    Compiling log v0.4.20
[INFO] [stderr]    Compiling version-compare v0.1.1
[INFO] [stderr]    Compiling rustix v0.38.28
[INFO] [stderr]    Compiling anyhow v1.0.79
[INFO] [stderr]    Compiling proc-macro-error-attr v1.0.4
[INFO] [stderr]    Compiling indexmap v2.1.0
[INFO] [stderr]    Compiling cfg-expr v0.15.6
[INFO] [stderr]    Compiling polling v2.8.0
[INFO] [stderr]    Compiling curl v0.4.44
[INFO] [stderr]    Compiling futures-util v0.3.30
[INFO] [stderr]    Compiling libz-sys v1.1.12
[INFO] [stderr]    Compiling libnghttp2-sys v0.1.9+1.58.0
[INFO] [stderr]    Compiling openssl-sys v0.9.98
[INFO] [stderr]    Compiling curl-sys v0.4.70+curl-8.5.0
[INFO] [stderr]    Compiling io-lifetimes v1.0.11
[INFO] [stderr]    Compiling isahc v1.7.2
[INFO] [stderr]    Compiling rustix v0.37.27
[INFO] [stderr]    Compiling sluice v0.5.5
[INFO] [stderr]    Compiling futures-channel v0.3.30
[INFO] [stderr]    Compiling gio v0.15.12
[INFO] [stderr]    Compiling castaway v0.1.2
[INFO] [stderr]    Compiling kv-log-macro v1.0.7
[INFO] [stderr]    Compiling futures-executor v0.3.30
[INFO] [stderr]    Compiling base64 v0.13.1
[INFO] [stderr]    Compiling darling_core v0.13.4
[INFO] [stderr]    Compiling proc-macro-error v1.0.4
[INFO] [stderr]    Compiling gtk-macros v0.3.0
[INFO] [stderr]    Compiling async-io v1.13.0
[INFO] [stderr]    Compiling serde_derive v1.0.194
[INFO] [stderr]    Compiling tracing-attributes v0.1.27
[INFO] [stderr]    Compiling pin-project-internal v1.1.3
[INFO] [stderr]    Compiling thiserror-impl v1.0.56
[INFO] [stderr]    Compiling darling_macro v0.13.4
[INFO] [stderr]    Compiling tracing v0.1.40
[INFO] [stderr]    Compiling darling v0.13.4
[INFO] [stderr]    Compiling serde_with_macros v1.5.2
[INFO] [stderr]    Compiling polling v3.3.1
[INFO] [stderr]    Compiling blocking v1.5.1
[INFO] [stderr]    Compiling pin-project v1.1.3
[INFO] [stderr]    Compiling tracing-futures v0.2.5
[INFO] [stderr]    Compiling thiserror v1.0.56
[INFO] [stderr]    Compiling async-io v2.2.2
[INFO] [stderr]    Compiling async-global-executor v2.4.1
[INFO] [stderr]    Compiling async-std v1.12.0
[INFO] [stderr]    Compiling serde v1.0.194
[INFO] [stderr]    Compiling toml_datetime v0.6.5
[INFO] [stderr]    Compiling serde_spanned v0.6.5
[INFO] [stderr]    Compiling url v2.5.0
[INFO] [stderr]    Compiling serde_json v1.0.111
[INFO] [stderr]    Compiling serde_path_to_error v0.1.15
[INFO] [stderr]    Compiling serde_with v1.14.0
[INFO] [stderr]    Compiling toml_edit v0.21.0
[INFO] [stderr]    Compiling toml_edit v0.19.15
[INFO] [stderr]    Compiling proc-macro-crate v1.3.1
[INFO] [stderr]    Compiling toml v0.8.8
[INFO] [stderr]    Compiling glib-macros v0.15.13
[INFO] [stderr]    Compiling num_enum_derive v0.5.11
[INFO] [stderr]    Compiling system-deps v6.2.0
[INFO] [stderr]    Compiling glib-sys v0.15.10
[INFO] [stderr]    Compiling gobject-sys v0.15.10
[INFO] [stderr]    Compiling gio-sys v0.15.10
[INFO] [stderr]    Compiling num_enum v0.5.11
[INFO] [stderr]    Compiling glib v0.15.12
[INFO] [stderr]    Compiling transmission-client v0.1.4
[INFO] [stderr]    Compiling transmission-gobject v0.1.4 (/opt/rustwide/workdir)
[INFO] [stdout] error[E0609]: no field `peers_sending_to_us` on type `Torrent`
[INFO] [stdout]    --> src/torrent.rs:442:56
[INFO] [stdout]     |
[INFO] [stdout] 442 |         if *imp.seeders_active.borrow() != rpc_torrent.peers_sending_to_us {
[INFO] [stdout]     |                                                        ^^^^^^^^^^^^^^^^^^^ unknown field
[INFO] [stdout]     |
[INFO] [stdout]     = note: available fields are: `id`, `activity_date`, `added_date`, `bandwidth_priority`, `comment` ... and 50 others
[INFO] [stdout] 
[INFO] [stdout] 
[INFO] [stdout] error[E0609]: no field `peers_sending_to_us` on type `Torrent`
[INFO] [stdout]    --> src/torrent.rs:443:60
[INFO] [stdout]     |
[INFO] [stdout] 443 |             *imp.seeders_active.borrow_mut() = rpc_torrent.peers_sending_to_us;
[INFO] [stdout]     |                                                            ^^^^^^^^^^^^^^^^^^^ unknown field
[INFO] [stdout]     |
[INFO] [stdout]     = note: available fields are: `id`, `activity_date`, `added_date`, `bandwidth_priority`, `comment` ... and 50 others
[INFO] [stdout] 
[INFO] [stdout] 
[INFO] [stdout] error[E0609]: no field `peers_connected` on type `Torrent`
[INFO] [stdout]    --> src/torrent.rs:448:49
[INFO] [stdout]     |
[INFO] [stdout] 448 |         if *imp.seeders.borrow() != rpc_torrent.peers_connected {
[INFO] [stdout]     |                                                 ^^^^^^^^^^^^^^^ unknown field
[INFO] [stdout]     |
[INFO] [stdout]     = note: available fields are: `id`, `activity_date`, `added_date`, `bandwidth_priority`, `comment` ... and 50 others
[INFO] [stdout] 
[INFO] [stdout] 
[INFO] [stdout] error[E0609]: no field `peers_connected` on type `Torrent`
[INFO] [stdout]    --> src/torrent.rs:449:53
[INFO] [stdout]     |
[INFO] [stdout] 449 |             *imp.seeders.borrow_mut() = rpc_torrent.peers_connected;
[INFO] [stdout]     |                                                     ^^^^^^^^^^^^^^^ unknown field
[INFO] [stdout]     |
[INFO] [stdout]     = note: available fields are: `id`, `activity_date`, `added_date`, `bandwidth_priority`, `comment` ... and 50 others
[INFO] [stdout] 
[INFO] [stdout] 
[INFO] [stdout] error[E0609]: no field `peers_getting_from_us` on type `Torrent`
[INFO] [stdout]    --> src/torrent.rs:454:50
[INFO] [stdout]     |
[INFO] [stdout] 454 |         if *imp.leechers.borrow() != rpc_torrent.peers_getting_from_us {
[INFO] [stdout]     |                                                  ^^^^^^^^^^^^^^^^^^^^^ unknown field
[INFO] [stdout]     |
[INFO] [stdout]     = note: available fields are: `id`, `activity_date`, `added_date`, `bandwidth_priority`, `comment` ... and 50 others
[INFO] [stdout] 
[INFO] [stdout] 
[INFO] [stdout] error[E0609]: no field `peers_getting_from_us` on type `Torrent`
[INFO] [stdout]    --> src/torrent.rs:455:54
[INFO] [stdout]     |
[INFO] [stdout] 455 |             *imp.leechers.borrow_mut() = rpc_torrent.peers_getting_from_us;
[INFO] [stdout]     |                                                      ^^^^^^^^^^^^^^^^^^^^^ unknown field
[INFO] [stdout]     |
[INFO] [stdout]     = note: available fields are: `id`, `activity_date`, `added_date`, `bandwidth_priority`, `comment` ... and 50 others
[INFO] [stdout] 
[INFO] [stdout] 
[INFO] [stdout] error: aborting due to 6 previous errors
[INFO] [stdout] 
[INFO] [stdout] 
[INFO] [stdout] For more information about this error, try `rustc --explain E0609`.
[INFO] [stdout] 
[INFO] [stderr] error: could not compile `transmission-gobject` (lib) due to 7 previous errors
[INFO] [stderr] warning: build failed, waiting for other jobs to finish...
[INFO] running `Command { std: "docker" "inspect" "f74bd49d7b7d88f0854c416bf3b04a2da31c5d3d435bb5e1322bf00c79c005d1", kill_on_drop: false }`
[INFO] running `Command { std: "docker" "rm" "-f" "f74bd49d7b7d88f0854c416bf3b04a2da31c5d3d435bb5e1322bf00c79c005d1", kill_on_drop: false }`
[INFO] [stdout] f74bd49d7b7d88f0854c416bf3b04a2da31c5d3d435bb5e1322bf00c79c005d1
