[INFO] fetching crate traitify-core 0.1.0...
[INFO] testing traitify-core-0.1.0 against 1.75.0 for beta-1.76-1
[INFO] extracting crate traitify-core 0.1.0 into /workspace/builds/worker-3-tc1/source
[INFO] validating manifest of crates.io crate traitify-core 0.1.0 on toolchain 1.75.0
[INFO] running `Command { std: CARGO_HOME="/workspace/cargo-home" RUSTUP_HOME="/workspace/rustup-home" "/workspace/cargo-home/bin/cargo" "+1.75.0" "metadata" "--manifest-path" "Cargo.toml" "--no-deps", kill_on_drop: false }`
[INFO] started tweaking crates.io crate traitify-core 0.1.0
[INFO] finished tweaking crates.io crate traitify-core 0.1.0
[INFO] tweaked toml for crates.io crate traitify-core 0.1.0 written to /workspace/builds/worker-3-tc1/source/Cargo.toml
[INFO] running `Command { std: CARGO_HOME="/workspace/cargo-home" RUSTUP_HOME="/workspace/rustup-home" "/workspace/cargo-home/bin/cargo" "+1.75.0" "generate-lockfile" "--manifest-path" "Cargo.toml", kill_on_drop: false }`
[INFO] [stderr]     Updating crates.io index
[INFO] running `Command { std: CARGO_HOME="/workspace/cargo-home" RUSTUP_HOME="/workspace/rustup-home" "/workspace/cargo-home/bin/cargo" "+1.75.0" "fetch" "--manifest-path" "Cargo.toml", kill_on_drop: false }`
[INFO] running `Command { std: "docker" "create" "-v" "/var/lib/crater-agent-workspace/builds/worker-3-tc1/target:/opt/rustwide/target:rw,Z" "-v" "/var/lib/crater-agent-workspace/builds/worker-3-tc1/source:/opt/rustwide/workdir:ro,Z" "-v" "/var/lib/crater-agent-workspace/cargo-home:/opt/rustwide/cargo-home:ro,Z" "-v" "/var/lib/crater-agent-workspace/rustup-home:/opt/rustwide/rustup-home:ro,Z" "-e" "SOURCE_DIR=/opt/rustwide/workdir" "-e" "CARGO_TARGET_DIR=/opt/rustwide/target" "-e" "CARGO_HOME=/opt/rustwide/cargo-home" "-e" "RUSTUP_HOME=/opt/rustwide/rustup-home" "-w" "/opt/rustwide/workdir" "-m" "1610612736" "--user" "0:0" "--network" "none" "ghcr.io/rust-lang/crates-build-env/linux@sha256:2788e3201cd34a07e3172128adcd8b3090168a8e3bcc40d7c032b9dda1df7d1c" "/opt/rustwide/cargo-home/bin/cargo" "+1.75.0" "metadata" "--no-deps" "--format-version=1", kill_on_drop: false }`
[INFO] [stdout] 477e3fe6cb4296c7d74948cf815094d1dc8c704c20512a8b32b9c7a78ae78dc3
[INFO] running `Command { std: "docker" "start" "-a" "477e3fe6cb4296c7d74948cf815094d1dc8c704c20512a8b32b9c7a78ae78dc3", kill_on_drop: false }`
[INFO] running `Command { std: "docker" "inspect" "477e3fe6cb4296c7d74948cf815094d1dc8c704c20512a8b32b9c7a78ae78dc3", kill_on_drop: false }`
[INFO] running `Command { std: "docker" "rm" "-f" "477e3fe6cb4296c7d74948cf815094d1dc8c704c20512a8b32b9c7a78ae78dc3", kill_on_drop: false }`
[INFO] [stdout] 477e3fe6cb4296c7d74948cf815094d1dc8c704c20512a8b32b9c7a78ae78dc3
[INFO] running `Command { std: "docker" "create" "-v" "/var/lib/crater-agent-workspace/builds/worker-3-tc1/target:/opt/rustwide/target:rw,Z" "-v" "/var/lib/crater-agent-workspace/builds/worker-3-tc1/source:/opt/rustwide/workdir:ro,Z" "-v" "/var/lib/crater-agent-workspace/cargo-home:/opt/rustwide/cargo-home:ro,Z" "-v" "/var/lib/crater-agent-workspace/rustup-home:/opt/rustwide/rustup-home:ro,Z" "-e" "SOURCE_DIR=/opt/rustwide/workdir" "-e" "CARGO_TARGET_DIR=/opt/rustwide/target" "-e" "CARGO_INCREMENTAL=0" "-e" "RUST_BACKTRACE=full" "-e" "RUSTFLAGS=--cap-lints=warn" "-e" "RUSTDOCFLAGS=--cap-lints=warn" "-e" "CARGO_HOME=/opt/rustwide/cargo-home" "-e" "RUSTUP_HOME=/opt/rustwide/rustup-home" "-w" "/opt/rustwide/workdir" "-m" "1610612736" "--user" "0:0" "--network" "none" "ghcr.io/rust-lang/crates-build-env/linux@sha256:2788e3201cd34a07e3172128adcd8b3090168a8e3bcc40d7c032b9dda1df7d1c" "/opt/rustwide/cargo-home/bin/cargo" "+1.75.0" "build" "--frozen" "--message-format=json", kill_on_drop: false }`
[INFO] [stdout] aab5c0105b7b063b343f1b049a35cf6d8d81e2e1c5d8d10130a8bc6114541d68
[INFO] running `Command { std: "docker" "start" "-a" "aab5c0105b7b063b343f1b049a35cf6d8d81e2e1c5d8d10130a8bc6114541d68", kill_on_drop: false }`
[INFO] [stderr]    Compiling proc-macro2 v1.0.75
[INFO] [stderr]    Compiling unicode-ident v1.0.12
[INFO] [stderr]    Compiling quote v1.0.35
[INFO] [stderr]    Compiling syn v2.0.48
[INFO] [stderr]    Compiling traitify-core v0.1.0 (/opt/rustwide/workdir)
[INFO] [stderr]     Finished dev [unoptimized + debuginfo] target(s) in 3.54s
[INFO] running `Command { std: "docker" "inspect" "aab5c0105b7b063b343f1b049a35cf6d8d81e2e1c5d8d10130a8bc6114541d68", kill_on_drop: false }`
[INFO] running `Command { std: "docker" "rm" "-f" "aab5c0105b7b063b343f1b049a35cf6d8d81e2e1c5d8d10130a8bc6114541d68", kill_on_drop: false }`
[INFO] [stdout] aab5c0105b7b063b343f1b049a35cf6d8d81e2e1c5d8d10130a8bc6114541d68
[INFO] running `Command { std: "docker" "create" "-v" "/var/lib/crater-agent-workspace/builds/worker-3-tc1/target:/opt/rustwide/target:rw,Z" "-v" "/var/lib/crater-agent-workspace/builds/worker-3-tc1/source:/opt/rustwide/workdir:ro,Z" "-v" "/var/lib/crater-agent-workspace/cargo-home:/opt/rustwide/cargo-home:ro,Z" "-v" "/var/lib/crater-agent-workspace/rustup-home:/opt/rustwide/rustup-home:ro,Z" "-e" "SOURCE_DIR=/opt/rustwide/workdir" "-e" "CARGO_TARGET_DIR=/opt/rustwide/target" "-e" "CARGO_INCREMENTAL=0" "-e" "RUST_BACKTRACE=full" "-e" "RUSTFLAGS=--cap-lints=warn" "-e" "RUSTDOCFLAGS=--cap-lints=warn" "-e" "CARGO_HOME=/opt/rustwide/cargo-home" "-e" "RUSTUP_HOME=/opt/rustwide/rustup-home" "-w" "/opt/rustwide/workdir" "-m" "1610612736" "--user" "0:0" "--network" "none" "ghcr.io/rust-lang/crates-build-env/linux@sha256:2788e3201cd34a07e3172128adcd8b3090168a8e3bcc40d7c032b9dda1df7d1c" "/opt/rustwide/cargo-home/bin/cargo" "+1.75.0" "test" "--frozen" "--no-run" "--message-format=json", kill_on_drop: false }`
[INFO] [stdout] beb654637b110586af943d6765c5e68e5650e4f8c8c7cac8100dfd9bb2f58e9c
[INFO] running `Command { std: "docker" "start" "-a" "beb654637b110586af943d6765c5e68e5650e4f8c8c7cac8100dfd9bb2f58e9c", kill_on_drop: false }`
[INFO] [stderr]    Compiling traitify-core v0.1.0 (/opt/rustwide/workdir)
[INFO] [stdout] error[E0432]: unresolved import `traitify`
[INFO] [stdout]  --> tests/test_attribute.rs:2:5
[INFO] [stdout]   |
[INFO] [stdout] 2 | use traitify::traitify;
[INFO] [stdout]   |     ^^^^^^^^ use of undeclared crate or module `traitify`
[INFO] [stdout] 
[INFO] [stdout] 
[INFO] [stdout] error: cannot determine resolution for the attribute macro `traitify`
[INFO] [stdout]  --> tests/test_attribute.rs:9:3
[INFO] [stdout]   |
[INFO] [stdout] 9 | #[traitify(FooDynCap, dyn = [CAP])]
[INFO] [stdout]   |   ^^^^^^^^
[INFO] [stdout]   |
[INFO] [stdout]   = note: import resolution is stuck, try simplifying macro imports
[INFO] [stdout] 
[INFO] [stdout] 
[INFO] [stdout] error: cannot determine resolution for the attribute macro `traitify`
[INFO] [stdout]   --> tests/test_attribute.rs:10:3
[INFO] [stdout]    |
[INFO] [stdout] 10 | #[traitify(FooDynT, dyn = [T])]
[INFO] [stdout]    |   ^^^^^^^^
[INFO] [stdout]    |
[INFO] [stdout]    = note: import resolution is stuck, try simplifying macro imports
[INFO] [stdout] 
[INFO] [stdout] 
[INFO] [stdout] error: cannot determine resolution for the attribute macro `traitify`
[INFO] [stdout]   --> tests/test_attribute.rs:11:3
[INFO] [stdout]    |
[INFO] [stdout] 11 | #[traitify(FooDynAll, dyn = [CAP, T])]
[INFO] [stdout]    |   ^^^^^^^^
[INFO] [stdout]    |
[INFO] [stdout]    = note: import resolution is stuck, try simplifying macro imports
[INFO] [stdout] 
[INFO] [stdout] 
[INFO] [stdout] error[E0405]: cannot find trait `FooDynCap` in this scope
[INFO] [stdout]   --> tests/test_attribute.rs:47:27
[INFO] [stdout]    |
[INFO] [stdout] 47 |     let dyn_foo: &mut dyn FooDynCap<u8> = &mut foo;
[INFO] [stdout]    |                           ^^^^^^^^^ not found in this scope
[INFO] [stdout] 
[INFO] [stdout] 
[INFO] [stdout] error[E0405]: cannot find trait `FooDynT` in this scope
[INFO] [stdout]   --> tests/test_attribute.rs:52:27
[INFO] [stdout]    |
[INFO] [stdout] 52 |     let dyn_foo: &mut dyn FooDynT<4> = &mut foo;
[INFO] [stdout]    |                           ^^^^^^^ not found in this scope
[INFO] [stdout] 
[INFO] [stdout] 
[INFO] [stdout] error[E0405]: cannot find trait `FooDynAll` in this scope
[INFO] [stdout]   --> tests/test_attribute.rs:56:27
[INFO] [stdout]    |
[INFO] [stdout] 56 |     let dyn_foo: &mut dyn FooDynAll = &mut foo;
[INFO] [stdout]    |                           ^^^^^^^^^ not found in this scope
[INFO] [stdout] 
[INFO] [stdout] 
[INFO] [stdout] error: aborting due to 7 previous errors
[INFO] [stdout] 
[INFO] [stdout] 
[INFO] [stdout] Some errors have detailed explanations: E0405, E0432.
[INFO] [stdout] 
[INFO] [stdout] For more information about an error, try `rustc --explain E0405`.
[INFO] [stdout] 
[INFO] [stderr] error: could not compile `traitify-core` (test "test_attribute") due to 8 previous errors
[INFO] [stderr] warning: build failed, waiting for other jobs to finish...
[INFO] running `Command { std: "docker" "inspect" "beb654637b110586af943d6765c5e68e5650e4f8c8c7cac8100dfd9bb2f58e9c", kill_on_drop: false }`
[INFO] running `Command { std: "docker" "rm" "-f" "beb654637b110586af943d6765c5e68e5650e4f8c8c7cac8100dfd9bb2f58e9c", kill_on_drop: false }`
[INFO] [stdout] beb654637b110586af943d6765c5e68e5650e4f8c8c7cac8100dfd9bb2f58e9c
[INFO] testing traitify-core-0.1.0 against beta-2023-12-22 for beta-1.76-1
[INFO] extracting crate traitify-core 0.1.0 into /workspace/builds/worker-3-tc2/source
[INFO] validating manifest of crates.io crate traitify-core 0.1.0 on toolchain beta-2023-12-22
[INFO] running `Command { std: CARGO_HOME="/workspace/cargo-home" RUSTUP_HOME="/workspace/rustup-home" "/workspace/cargo-home/bin/cargo" "+beta-2023-12-22" "metadata" "--manifest-path" "Cargo.toml" "--no-deps", kill_on_drop: false }`
[INFO] started tweaking crates.io crate traitify-core 0.1.0
[INFO] finished tweaking crates.io crate traitify-core 0.1.0
[INFO] tweaked toml for crates.io crate traitify-core 0.1.0 written to /workspace/builds/worker-3-tc2/source/Cargo.toml
[INFO] running `Command { std: CARGO_HOME="/workspace/cargo-home" RUSTUP_HOME="/workspace/rustup-home" "/workspace/cargo-home/bin/cargo" "+beta-2023-12-22" "generate-lockfile" "--manifest-path" "Cargo.toml", kill_on_drop: false }`
[INFO] [stderr]     Updating crates.io index
[INFO] running `Command { std: CARGO_HOME="/workspace/cargo-home" RUSTUP_HOME="/workspace/rustup-home" "/workspace/cargo-home/bin/cargo" "+beta-2023-12-22" "fetch" "--manifest-path" "Cargo.toml", kill_on_drop: false }`
[INFO] running `Command { std: "docker" "create" "-v" "/var/lib/crater-agent-workspace/builds/worker-3-tc2/target:/opt/rustwide/target:rw,Z" "-v" "/var/lib/crater-agent-workspace/builds/worker-3-tc2/source:/opt/rustwide/workdir:ro,Z" "-v" "/var/lib/crater-agent-workspace/cargo-home:/opt/rustwide/cargo-home:ro,Z" "-v" "/var/lib/crater-agent-workspace/rustup-home:/opt/rustwide/rustup-home:ro,Z" "-e" "SOURCE_DIR=/opt/rustwide/workdir" "-e" "CARGO_TARGET_DIR=/opt/rustwide/target" "-e" "CARGO_HOME=/opt/rustwide/cargo-home" "-e" "RUSTUP_HOME=/opt/rustwide/rustup-home" "-w" "/opt/rustwide/workdir" "-m" "1610612736" "--user" "0:0" "--network" "none" "ghcr.io/rust-lang/crates-build-env/linux@sha256:2788e3201cd34a07e3172128adcd8b3090168a8e3bcc40d7c032b9dda1df7d1c" "/opt/rustwide/cargo-home/bin/cargo" "+beta-2023-12-22" "metadata" "--no-deps" "--format-version=1", kill_on_drop: false }`
[INFO] [stdout] 3493b0f30516834763efca5e0c2af94ce1b631f2132beb5cbfa931b2be7e2319
[INFO] running `Command { std: "docker" "start" "-a" "3493b0f30516834763efca5e0c2af94ce1b631f2132beb5cbfa931b2be7e2319", kill_on_drop: false }`
[INFO] running `Command { std: "docker" "inspect" "3493b0f30516834763efca5e0c2af94ce1b631f2132beb5cbfa931b2be7e2319", kill_on_drop: false }`
[INFO] running `Command { std: "docker" "rm" "-f" "3493b0f30516834763efca5e0c2af94ce1b631f2132beb5cbfa931b2be7e2319", kill_on_drop: false }`
[INFO] [stdout] 3493b0f30516834763efca5e0c2af94ce1b631f2132beb5cbfa931b2be7e2319
[INFO] running `Command { std: "docker" "create" "-v" "/var/lib/crater-agent-workspace/builds/worker-3-tc2/target:/opt/rustwide/target:rw,Z" "-v" "/var/lib/crater-agent-workspace/builds/worker-3-tc2/source:/opt/rustwide/workdir:ro,Z" "-v" "/var/lib/crater-agent-workspace/cargo-home:/opt/rustwide/cargo-home:ro,Z" "-v" "/var/lib/crater-agent-workspace/rustup-home:/opt/rustwide/rustup-home:ro,Z" "-e" "SOURCE_DIR=/opt/rustwide/workdir" "-e" "CARGO_TARGET_DIR=/opt/rustwide/target" "-e" "CARGO_INCREMENTAL=0" "-e" "RUST_BACKTRACE=full" "-e" "RUSTFLAGS=--cap-lints=warn" "-e" "RUSTDOCFLAGS=--cap-lints=warn" "-e" "CARGO_HOME=/opt/rustwide/cargo-home" "-e" "RUSTUP_HOME=/opt/rustwide/rustup-home" "-w" "/opt/rustwide/workdir" "-m" "1610612736" "--user" "0:0" "--network" "none" "ghcr.io/rust-lang/crates-build-env/linux@sha256:2788e3201cd34a07e3172128adcd8b3090168a8e3bcc40d7c032b9dda1df7d1c" "/opt/rustwide/cargo-home/bin/cargo" "+beta-2023-12-22" "build" "--frozen" "--message-format=json", kill_on_drop: false }`
[INFO] [stdout] b5314cbb380a0c4c4e6274df4c47b79fbdc4e297366b526ad97d527b270e00fb
[INFO] running `Command { std: "docker" "start" "-a" "b5314cbb380a0c4c4e6274df4c47b79fbdc4e297366b526ad97d527b270e00fb", kill_on_drop: false }`
[INFO] [stderr]    Compiling proc-macro2 v1.0.75
[INFO] [stderr]    Compiling unicode-ident v1.0.12
[INFO] [stderr]    Compiling quote v1.0.35
[INFO] [stderr]    Compiling syn v2.0.48
[INFO] [stderr]    Compiling traitify-core v0.1.0 (/opt/rustwide/workdir)
[INFO] [stderr]     Finished dev [unoptimized + debuginfo] target(s) in 4.21s
[INFO] running `Command { std: "docker" "inspect" "b5314cbb380a0c4c4e6274df4c47b79fbdc4e297366b526ad97d527b270e00fb", kill_on_drop: false }`
[INFO] running `Command { std: "docker" "rm" "-f" "b5314cbb380a0c4c4e6274df4c47b79fbdc4e297366b526ad97d527b270e00fb", kill_on_drop: false }`
[INFO] [stdout] b5314cbb380a0c4c4e6274df4c47b79fbdc4e297366b526ad97d527b270e00fb
[INFO] running `Command { std: "docker" "create" "-v" "/var/lib/crater-agent-workspace/builds/worker-3-tc2/target:/opt/rustwide/target:rw,Z" "-v" "/var/lib/crater-agent-workspace/builds/worker-3-tc2/source:/opt/rustwide/workdir:ro,Z" "-v" "/var/lib/crater-agent-workspace/cargo-home:/opt/rustwide/cargo-home:ro,Z" "-v" "/var/lib/crater-agent-workspace/rustup-home:/opt/rustwide/rustup-home:ro,Z" "-e" "SOURCE_DIR=/opt/rustwide/workdir" "-e" "CARGO_TARGET_DIR=/opt/rustwide/target" "-e" "CARGO_INCREMENTAL=0" "-e" "RUST_BACKTRACE=full" "-e" "RUSTFLAGS=--cap-lints=warn" "-e" "RUSTDOCFLAGS=--cap-lints=warn" "-e" "CARGO_HOME=/opt/rustwide/cargo-home" "-e" "RUSTUP_HOME=/opt/rustwide/rustup-home" "-w" "/opt/rustwide/workdir" "-m" "1610612736" "--user" "0:0" "--network" "none" "ghcr.io/rust-lang/crates-build-env/linux@sha256:2788e3201cd34a07e3172128adcd8b3090168a8e3bcc40d7c032b9dda1df7d1c" "/opt/rustwide/cargo-home/bin/cargo" "+beta-2023-12-22" "test" "--frozen" "--no-run" "--message-format=json", kill_on_drop: false }`
[INFO] [stdout] 260e94b478dc1b3196c361702c0fd3c4ce45a68f702a2ac6cc91d45d42491573
[INFO] running `Command { std: "docker" "start" "-a" "260e94b478dc1b3196c361702c0fd3c4ce45a68f702a2ac6cc91d45d42491573", kill_on_drop: false }`
[INFO] [stderr]    Compiling traitify-core v0.1.0 (/opt/rustwide/workdir)
[INFO] [stdout] error[E0432]: unresolved import `traitify`
[INFO] [stdout]  --> tests/test_attribute.rs:2:5
[INFO] [stdout]   |
[INFO] [stdout] 2 | use traitify::traitify;
[INFO] [stdout]   |     ^^^^^^^^ use of undeclared crate or module `traitify`
[INFO] [stdout] 
[INFO] [stdout] 
[INFO] [stdout] error: cannot determine resolution for the attribute macro `traitify`
[INFO] [stdout]  --> tests/test_attribute.rs:9:3
[INFO] [stdout]   |
[INFO] [stdout] 9 | #[traitify(FooDynCap, dyn = [CAP])]
[INFO] [stdout]   |   ^^^^^^^^
[INFO] [stdout]   |
[INFO] [stdout]   = note: import resolution is stuck, try simplifying macro imports
[INFO] [stdout] 
[INFO] [stdout] 
[INFO] [stdout] error: cannot determine resolution for the attribute macro `traitify`
[INFO] [stdout]   --> tests/test_attribute.rs:10:3
[INFO] [stdout]    |
[INFO] [stdout] 10 | #[traitify(FooDynT, dyn = [T])]
[INFO] [stdout]    |   ^^^^^^^^
[INFO] [stdout]    |
[INFO] [stdout]    = note: import resolution is stuck, try simplifying macro imports
[INFO] [stdout] 
[INFO] [stdout] 
[INFO] [stdout] error: cannot determine resolution for the attribute macro `traitify`
[INFO] [stdout]   --> tests/test_attribute.rs:11:3
[INFO] [stdout]    |
[INFO] [stdout] 11 | #[traitify(FooDynAll, dyn = [CAP, T])]
[INFO] [stdout]    |   ^^^^^^^^
[INFO] [stdout]    |
[INFO] [stdout]    = note: import resolution is stuck, try simplifying macro imports
[INFO] [stdout] 
[INFO] [stdout] 
[INFO] [stdout] error[E0405]: cannot find trait `FooDynCap` in this scope
[INFO] [stdout]   --> tests/test_attribute.rs:47:27
[INFO] [stdout]    |
[INFO] [stdout] 47 |     let dyn_foo: &mut dyn FooDynCap<u8> = &mut foo;
[INFO] [stdout]    |                           ^^^^^^^^^ not found in this scope
[INFO] [stdout] 
[INFO] [stdout] 
[INFO] [stdout] error[E0405]: cannot find trait `FooDynT` in this scope
[INFO] [stdout]   --> tests/test_attribute.rs:52:27
[INFO] [stdout]    |
[INFO] [stdout] 52 |     let dyn_foo: &mut dyn FooDynT<4> = &mut foo;
[INFO] [stdout]    |                           ^^^^^^^ not found in this scope
[INFO] [stdout] 
[INFO] [stdout] 
[INFO] [stdout] error[E0405]: cannot find trait `FooDynAll` in this scope
[INFO] [stdout]   --> tests/test_attribute.rs:56:27
[INFO] [stdout]    |
[INFO] [stdout] 56 |     let dyn_foo: &mut dyn FooDynAll = &mut foo;
[INFO] [stdout]    |                           ^^^^^^^^^ not found in this scope
[INFO] [stdout] 
[INFO] [stdout] 
[INFO] [stdout] error: aborting due to 7 previous errors
[INFO] [stdout] 
[INFO] [stdout] 
[INFO] [stdout] Some errors have detailed explanations: E0405, E0432.
[INFO] [stdout] 
[INFO] [stdout] For more information about an error, try `rustc --explain E0405`.
[INFO] [stdout] 
[INFO] [stderr] error: could not compile `traitify-core` (test "test_attribute") due to 8 previous errors
[INFO] [stderr] warning: build failed, waiting for other jobs to finish...
[INFO] running `Command { std: "docker" "inspect" "260e94b478dc1b3196c361702c0fd3c4ce45a68f702a2ac6cc91d45d42491573", kill_on_drop: false }`
[INFO] running `Command { std: "docker" "rm" "-f" "260e94b478dc1b3196c361702c0fd3c4ce45a68f702a2ac6cc91d45d42491573", kill_on_drop: false }`
[INFO] [stdout] 260e94b478dc1b3196c361702c0fd3c4ce45a68f702a2ac6cc91d45d42491573
