[INFO] fetching crate tracing-span-capture 0.0.1...
[INFO] testing tracing-span-capture-0.0.1 against 1.75.0 for beta-1.76-1
[INFO] extracting crate tracing-span-capture 0.0.1 into /workspace/builds/worker-7-tc1/source
[INFO] validating manifest of crates.io crate tracing-span-capture 0.0.1 on toolchain 1.75.0
[INFO] running `Command { std: CARGO_HOME="/workspace/cargo-home" RUSTUP_HOME="/workspace/rustup-home" "/workspace/cargo-home/bin/cargo" "+1.75.0" "metadata" "--manifest-path" "Cargo.toml" "--no-deps", kill_on_drop: false }`
[INFO] started tweaking crates.io crate tracing-span-capture 0.0.1
[INFO] removed 0 missing tests
[INFO] finished tweaking crates.io crate tracing-span-capture 0.0.1
[INFO] tweaked toml for crates.io crate tracing-span-capture 0.0.1 written to /workspace/builds/worker-7-tc1/source/Cargo.toml
[INFO] crate crates.io crate tracing-span-capture 0.0.1 already has a lockfile, it will not be regenerated
[INFO] running `Command { std: CARGO_HOME="/workspace/cargo-home" RUSTUP_HOME="/workspace/rustup-home" "/workspace/cargo-home/bin/cargo" "+1.75.0" "fetch" "--manifest-path" "Cargo.toml", kill_on_drop: false }`
[INFO] [stderr]     Blocking waiting for file lock on package cache
[INFO] running `Command { std: "docker" "create" "-v" "/var/lib/crater-agent-workspace/builds/worker-7-tc1/target:/opt/rustwide/target:rw,Z" "-v" "/var/lib/crater-agent-workspace/builds/worker-7-tc1/source:/opt/rustwide/workdir:ro,Z" "-v" "/var/lib/crater-agent-workspace/cargo-home:/opt/rustwide/cargo-home:ro,Z" "-v" "/var/lib/crater-agent-workspace/rustup-home:/opt/rustwide/rustup-home:ro,Z" "-e" "SOURCE_DIR=/opt/rustwide/workdir" "-e" "CARGO_TARGET_DIR=/opt/rustwide/target" "-e" "CARGO_HOME=/opt/rustwide/cargo-home" "-e" "RUSTUP_HOME=/opt/rustwide/rustup-home" "-w" "/opt/rustwide/workdir" "-m" "1610612736" "--user" "0:0" "--network" "none" "ghcr.io/rust-lang/crates-build-env/linux@sha256:2788e3201cd34a07e3172128adcd8b3090168a8e3bcc40d7c032b9dda1df7d1c" "/opt/rustwide/cargo-home/bin/cargo" "+1.75.0" "metadata" "--no-deps" "--format-version=1", kill_on_drop: false }`
[INFO] [stdout] d9f1c782f0e0e098eb2b806c8f628938c0985ab0aaeee7902b411d5244453a8a
[INFO] running `Command { std: "docker" "start" "-a" "d9f1c782f0e0e098eb2b806c8f628938c0985ab0aaeee7902b411d5244453a8a", kill_on_drop: false }`
[INFO] running `Command { std: "docker" "inspect" "d9f1c782f0e0e098eb2b806c8f628938c0985ab0aaeee7902b411d5244453a8a", kill_on_drop: false }`
[INFO] running `Command { std: "docker" "rm" "-f" "d9f1c782f0e0e098eb2b806c8f628938c0985ab0aaeee7902b411d5244453a8a", kill_on_drop: false }`
[INFO] [stdout] d9f1c782f0e0e098eb2b806c8f628938c0985ab0aaeee7902b411d5244453a8a
[INFO] running `Command { std: "docker" "create" "-v" "/var/lib/crater-agent-workspace/builds/worker-7-tc1/target:/opt/rustwide/target:rw,Z" "-v" "/var/lib/crater-agent-workspace/builds/worker-7-tc1/source:/opt/rustwide/workdir:ro,Z" "-v" "/var/lib/crater-agent-workspace/cargo-home:/opt/rustwide/cargo-home:ro,Z" "-v" "/var/lib/crater-agent-workspace/rustup-home:/opt/rustwide/rustup-home:ro,Z" "-e" "SOURCE_DIR=/opt/rustwide/workdir" "-e" "CARGO_TARGET_DIR=/opt/rustwide/target" "-e" "CARGO_INCREMENTAL=0" "-e" "RUST_BACKTRACE=full" "-e" "RUSTFLAGS=--cap-lints=warn" "-e" "RUSTDOCFLAGS=--cap-lints=warn" "-e" "CARGO_HOME=/opt/rustwide/cargo-home" "-e" "RUSTUP_HOME=/opt/rustwide/rustup-home" "-w" "/opt/rustwide/workdir" "-m" "1610612736" "--user" "0:0" "--network" "none" "ghcr.io/rust-lang/crates-build-env/linux@sha256:2788e3201cd34a07e3172128adcd8b3090168a8e3bcc40d7c032b9dda1df7d1c" "/opt/rustwide/cargo-home/bin/cargo" "+1.75.0" "build" "--frozen" "--message-format=json", kill_on_drop: false }`
[INFO] [stdout] f28357882d794b5c4ff608c97e33cf9457a096c12dea83d9ff900c69ef9d4e08
[INFO] running `Command { std: "docker" "start" "-a" "f28357882d794b5c4ff608c97e33cf9457a096c12dea83d9ff900c69ef9d4e08", kill_on_drop: false }`
[INFO] [stderr]    Compiling proc-macro2 v1.0.54
[INFO] [stderr]    Compiling unicode-ident v1.0.8
[INFO] [stderr]    Compiling quote v1.0.26
[INFO] [stderr]    Compiling syn v1.0.109
[INFO] [stderr]    Compiling once_cell v1.17.1
[INFO] [stderr]    Compiling pin-project-lite v0.2.9
[INFO] [stderr]    Compiling tracing-core v0.1.30
[INFO] [stderr]    Compiling tracing-subscriber v0.3.16
[INFO] [stderr]    Compiling tracing-attributes v0.1.23
[INFO] [stderr]    Compiling tracing v0.1.37
[INFO] [stderr]    Compiling tracing-span-capture v0.0.1 (/opt/rustwide/workdir)
[INFO] [stderr]     Finished dev [unoptimized + debuginfo] target(s) in 11.16s
[INFO] running `Command { std: "docker" "inspect" "f28357882d794b5c4ff608c97e33cf9457a096c12dea83d9ff900c69ef9d4e08", kill_on_drop: false }`
[INFO] running `Command { std: "docker" "rm" "-f" "f28357882d794b5c4ff608c97e33cf9457a096c12dea83d9ff900c69ef9d4e08", kill_on_drop: false }`
[INFO] [stdout] f28357882d794b5c4ff608c97e33cf9457a096c12dea83d9ff900c69ef9d4e08
[INFO] running `Command { std: "docker" "create" "-v" "/var/lib/crater-agent-workspace/builds/worker-7-tc1/target:/opt/rustwide/target:rw,Z" "-v" "/var/lib/crater-agent-workspace/builds/worker-7-tc1/source:/opt/rustwide/workdir:ro,Z" "-v" "/var/lib/crater-agent-workspace/cargo-home:/opt/rustwide/cargo-home:ro,Z" "-v" "/var/lib/crater-agent-workspace/rustup-home:/opt/rustwide/rustup-home:ro,Z" "-e" "SOURCE_DIR=/opt/rustwide/workdir" "-e" "CARGO_TARGET_DIR=/opt/rustwide/target" "-e" "CARGO_INCREMENTAL=0" "-e" "RUST_BACKTRACE=full" "-e" "RUSTFLAGS=--cap-lints=warn" "-e" "RUSTDOCFLAGS=--cap-lints=warn" "-e" "CARGO_HOME=/opt/rustwide/cargo-home" "-e" "RUSTUP_HOME=/opt/rustwide/rustup-home" "-w" "/opt/rustwide/workdir" "-m" "1610612736" "--user" "0:0" "--network" "none" "ghcr.io/rust-lang/crates-build-env/linux@sha256:2788e3201cd34a07e3172128adcd8b3090168a8e3bcc40d7c032b9dda1df7d1c" "/opt/rustwide/cargo-home/bin/cargo" "+1.75.0" "test" "--frozen" "--no-run" "--message-format=json", kill_on_drop: false }`
[INFO] [stdout] f220c1a0bbd1d9f91740b2d0c1a29d3b8bdc538e9b9eb1448e7ec7b8f95585d7
[INFO] running `Command { std: "docker" "start" "-a" "f220c1a0bbd1d9f91740b2d0c1a29d3b8bdc538e9b9eb1448e7ec7b8f95585d7", kill_on_drop: false }`
[INFO] [stderr]    Compiling log v0.4.17
[INFO] [stderr]    Compiling tracing-core v0.1.30
[INFO] [stderr]    Compiling libc v0.2.140
[INFO] [stderr]    Compiling overload v0.1.1
[INFO] [stderr]    Compiling tokio v1.27.0
[INFO] [stderr]    Compiling thread_local v1.1.7
[INFO] [stderr]    Compiling sharded-slab v0.1.4
[INFO] [stderr]    Compiling syn v2.0.11
[INFO] [stderr]    Compiling nu-ansi-term v0.46.0
[INFO] [stderr]    Compiling smallvec v1.10.0
[INFO] [stderr]    Compiling tracing-log v0.1.3
[INFO] [stderr]    Compiling tracing v0.1.37
[INFO] [stderr]    Compiling tracing-subscriber v0.3.16
[INFO] [stderr]    Compiling num_cpus v1.15.0
[INFO] [stderr]    Compiling tracing-span-capture v0.0.1 (/opt/rustwide/workdir)
[INFO] [stderr]    Compiling tokio-macros v2.0.0
[INFO] [stdout] error[E0432]: unresolved import `cucumber`
[INFO] [stdout]  --> tests/cucumber.rs:1:5
[INFO] [stdout]   |
[INFO] [stdout] 1 | use cucumber::{then, when, StatsWriter, World};
[INFO] [stdout]   |     ^^^^^^^^ use of undeclared crate or module `cucumber`
[INFO] [stdout] 
[INFO] [stdout] 
[INFO] [stdout] error: cannot determine resolution for the derive macro `World`
[INFO] [stdout]  --> tests/cucumber.rs:9:26
[INFO] [stdout]   |
[INFO] [stdout] 9 | #[derive(Debug, Default, World)]
[INFO] [stdout]   |                          ^^^^^
[INFO] [stdout]   |
[INFO] [stdout]   = note: import resolution is stuck, try simplifying macro imports
[INFO] [stdout] 
[INFO] [stdout] 
[INFO] [stdout] error: cannot determine resolution for the attribute macro `when`
[INFO] [stdout]   --> tests/cucumber.rs:19:3
[INFO] [stdout]    |
[INFO] [stdout] 19 | #[when("Function is called")]
[INFO] [stdout]    |   ^^^^
[INFO] [stdout]    |
[INFO] [stdout]    = note: import resolution is stuck, try simplifying macro imports
[INFO] [stdout] 
[INFO] [stdout] 
[INFO] [stdout] error: cannot determine resolution for the attribute macro `then`
[INFO] [stdout]   --> tests/cucumber.rs:36:3
[INFO] [stdout]    |
[INFO] [stdout] 36 | #[then(expr = "Error log {string} is emitted")]
[INFO] [stdout]    |   ^^^^
[INFO] [stdout]    |
[INFO] [stdout]    = note: import resolution is stuck, try simplifying macro imports
[INFO] [stdout] 
[INFO] [stdout] 
[INFO] [stdout] error: cannot determine resolution for the attribute macro `then`
[INFO] [stdout]   --> tests/cucumber.rs:48:3
[INFO] [stdout]    |
[INFO] [stdout] 48 | #[then(expr = "Error log {string} is not emitted")]
[INFO] [stdout]    |   ^^^^
[INFO] [stdout]    |
[INFO] [stdout]    = note: import resolution is stuck, try simplifying macro imports
[INFO] [stdout] 
[INFO] [stdout] 
[INFO] [stdout] error[E0599]: no function or associated item named `cucumber` found for struct `LogsWorld` in the current scope
[INFO] [stdout]   --> tests/cucumber.rs:60:30
[INFO] [stdout]    |
[INFO] [stdout] 10 | struct LogsWorld {
[INFO] [stdout]    | ---------------- function or associated item `cucumber` not found for this struct
[INFO] [stdout] ...
[INFO] [stdout] 60 |     let summary = LogsWorld::cucumber()
[INFO] [stdout]    |                              ^^^^^^^^ function or associated item not found in `LogsWorld`
[INFO] [stdout] 
[INFO] [stdout] 
[INFO] [stdout] error: aborting due to 6 previous errors
[INFO] [stdout] 
[INFO] [stdout] 
[INFO] [stdout] Some errors have detailed explanations: E0432, E0599.
[INFO] [stdout] 
[INFO] [stdout] For more information about an error, try `rustc --explain E0432`.
[INFO] [stdout] 
[INFO] [stderr] error: could not compile `tracing-span-capture` (test "cucumber") due to 7 previous errors
[INFO] [stderr] warning: build failed, waiting for other jobs to finish...
[INFO] running `Command { std: "docker" "inspect" "f220c1a0bbd1d9f91740b2d0c1a29d3b8bdc538e9b9eb1448e7ec7b8f95585d7", kill_on_drop: false }`
[INFO] running `Command { std: "docker" "rm" "-f" "f220c1a0bbd1d9f91740b2d0c1a29d3b8bdc538e9b9eb1448e7ec7b8f95585d7", kill_on_drop: false }`
[INFO] [stdout] f220c1a0bbd1d9f91740b2d0c1a29d3b8bdc538e9b9eb1448e7ec7b8f95585d7
[INFO] testing tracing-span-capture-0.0.1 against beta-2023-12-22 for beta-1.76-1
[INFO] extracting crate tracing-span-capture 0.0.1 into /workspace/builds/worker-7-tc2/source
[INFO] validating manifest of crates.io crate tracing-span-capture 0.0.1 on toolchain beta-2023-12-22
[INFO] running `Command { std: CARGO_HOME="/workspace/cargo-home" RUSTUP_HOME="/workspace/rustup-home" "/workspace/cargo-home/bin/cargo" "+beta-2023-12-22" "metadata" "--manifest-path" "Cargo.toml" "--no-deps", kill_on_drop: false }`
[INFO] started tweaking crates.io crate tracing-span-capture 0.0.1
[INFO] removed 0 missing tests
[INFO] finished tweaking crates.io crate tracing-span-capture 0.0.1
[INFO] tweaked toml for crates.io crate tracing-span-capture 0.0.1 written to /workspace/builds/worker-7-tc2/source/Cargo.toml
[INFO] crate crates.io crate tracing-span-capture 0.0.1 already has a lockfile, it will not be regenerated
[INFO] running `Command { std: CARGO_HOME="/workspace/cargo-home" RUSTUP_HOME="/workspace/rustup-home" "/workspace/cargo-home/bin/cargo" "+beta-2023-12-22" "fetch" "--manifest-path" "Cargo.toml", kill_on_drop: false }`
[INFO] running `Command { std: "docker" "create" "-v" "/var/lib/crater-agent-workspace/builds/worker-7-tc2/target:/opt/rustwide/target:rw,Z" "-v" "/var/lib/crater-agent-workspace/builds/worker-7-tc2/source:/opt/rustwide/workdir:ro,Z" "-v" "/var/lib/crater-agent-workspace/cargo-home:/opt/rustwide/cargo-home:ro,Z" "-v" "/var/lib/crater-agent-workspace/rustup-home:/opt/rustwide/rustup-home:ro,Z" "-e" "SOURCE_DIR=/opt/rustwide/workdir" "-e" "CARGO_TARGET_DIR=/opt/rustwide/target" "-e" "CARGO_HOME=/opt/rustwide/cargo-home" "-e" "RUSTUP_HOME=/opt/rustwide/rustup-home" "-w" "/opt/rustwide/workdir" "-m" "1610612736" "--user" "0:0" "--network" "none" "ghcr.io/rust-lang/crates-build-env/linux@sha256:2788e3201cd34a07e3172128adcd8b3090168a8e3bcc40d7c032b9dda1df7d1c" "/opt/rustwide/cargo-home/bin/cargo" "+beta-2023-12-22" "metadata" "--no-deps" "--format-version=1", kill_on_drop: false }`
[INFO] [stdout] ced72b82e475277524076e16329f3eb0657d437bc7747dbff00998f12271f914
[INFO] running `Command { std: "docker" "start" "-a" "ced72b82e475277524076e16329f3eb0657d437bc7747dbff00998f12271f914", kill_on_drop: false }`
[INFO] running `Command { std: "docker" "inspect" "ced72b82e475277524076e16329f3eb0657d437bc7747dbff00998f12271f914", kill_on_drop: false }`
[INFO] running `Command { std: "docker" "rm" "-f" "ced72b82e475277524076e16329f3eb0657d437bc7747dbff00998f12271f914", kill_on_drop: false }`
[INFO] [stdout] ced72b82e475277524076e16329f3eb0657d437bc7747dbff00998f12271f914
[INFO] running `Command { std: "docker" "create" "-v" "/var/lib/crater-agent-workspace/builds/worker-7-tc2/target:/opt/rustwide/target:rw,Z" "-v" "/var/lib/crater-agent-workspace/builds/worker-7-tc2/source:/opt/rustwide/workdir:ro,Z" "-v" "/var/lib/crater-agent-workspace/cargo-home:/opt/rustwide/cargo-home:ro,Z" "-v" "/var/lib/crater-agent-workspace/rustup-home:/opt/rustwide/rustup-home:ro,Z" "-e" "SOURCE_DIR=/opt/rustwide/workdir" "-e" "CARGO_TARGET_DIR=/opt/rustwide/target" "-e" "CARGO_INCREMENTAL=0" "-e" "RUST_BACKTRACE=full" "-e" "RUSTFLAGS=--cap-lints=warn" "-e" "RUSTDOCFLAGS=--cap-lints=warn" "-e" "CARGO_HOME=/opt/rustwide/cargo-home" "-e" "RUSTUP_HOME=/opt/rustwide/rustup-home" "-w" "/opt/rustwide/workdir" "-m" "1610612736" "--user" "0:0" "--network" "none" "ghcr.io/rust-lang/crates-build-env/linux@sha256:2788e3201cd34a07e3172128adcd8b3090168a8e3bcc40d7c032b9dda1df7d1c" "/opt/rustwide/cargo-home/bin/cargo" "+beta-2023-12-22" "build" "--frozen" "--message-format=json", kill_on_drop: false }`
[INFO] [stdout] f6ba2faf612a478e14c9c3937a52a4bdc7f80fc3f4287638136e3916cd1c2611
[INFO] running `Command { std: "docker" "start" "-a" "f6ba2faf612a478e14c9c3937a52a4bdc7f80fc3f4287638136e3916cd1c2611", kill_on_drop: false }`
[INFO] [stderr]    Compiling proc-macro2 v1.0.54
[INFO] [stderr]    Compiling unicode-ident v1.0.8
[INFO] [stderr]    Compiling quote v1.0.26
[INFO] [stderr]    Compiling syn v1.0.109
[INFO] [stderr]    Compiling once_cell v1.17.1
[INFO] [stderr]    Compiling pin-project-lite v0.2.9
[INFO] [stderr]    Compiling tracing-core v0.1.30
[INFO] [stderr]    Compiling tracing-subscriber v0.3.16
[INFO] [stderr]    Compiling tracing-attributes v0.1.23
[INFO] [stderr]    Compiling tracing v0.1.37
[INFO] [stderr]    Compiling tracing-span-capture v0.0.1 (/opt/rustwide/workdir)
[INFO] [stderr]     Finished dev [unoptimized + debuginfo] target(s) in 10.16s
[INFO] running `Command { std: "docker" "inspect" "f6ba2faf612a478e14c9c3937a52a4bdc7f80fc3f4287638136e3916cd1c2611", kill_on_drop: false }`
[INFO] running `Command { std: "docker" "rm" "-f" "f6ba2faf612a478e14c9c3937a52a4bdc7f80fc3f4287638136e3916cd1c2611", kill_on_drop: false }`
[INFO] [stdout] f6ba2faf612a478e14c9c3937a52a4bdc7f80fc3f4287638136e3916cd1c2611
[INFO] running `Command { std: "docker" "create" "-v" "/var/lib/crater-agent-workspace/builds/worker-7-tc2/target:/opt/rustwide/target:rw,Z" "-v" "/var/lib/crater-agent-workspace/builds/worker-7-tc2/source:/opt/rustwide/workdir:ro,Z" "-v" "/var/lib/crater-agent-workspace/cargo-home:/opt/rustwide/cargo-home:ro,Z" "-v" "/var/lib/crater-agent-workspace/rustup-home:/opt/rustwide/rustup-home:ro,Z" "-e" "SOURCE_DIR=/opt/rustwide/workdir" "-e" "CARGO_TARGET_DIR=/opt/rustwide/target" "-e" "CARGO_INCREMENTAL=0" "-e" "RUST_BACKTRACE=full" "-e" "RUSTFLAGS=--cap-lints=warn" "-e" "RUSTDOCFLAGS=--cap-lints=warn" "-e" "CARGO_HOME=/opt/rustwide/cargo-home" "-e" "RUSTUP_HOME=/opt/rustwide/rustup-home" "-w" "/opt/rustwide/workdir" "-m" "1610612736" "--user" "0:0" "--network" "none" "ghcr.io/rust-lang/crates-build-env/linux@sha256:2788e3201cd34a07e3172128adcd8b3090168a8e3bcc40d7c032b9dda1df7d1c" "/opt/rustwide/cargo-home/bin/cargo" "+beta-2023-12-22" "test" "--frozen" "--no-run" "--message-format=json", kill_on_drop: false }`
[INFO] [stdout] 798f11a9e929660504bac23f645d7866ad1b14e4c670cc4ac2aeace4dd51cf78
[INFO] running `Command { std: "docker" "start" "-a" "798f11a9e929660504bac23f645d7866ad1b14e4c670cc4ac2aeace4dd51cf78", kill_on_drop: false }`
[INFO] [stderr]    Compiling log v0.4.17
[INFO] [stderr]    Compiling tracing-core v0.1.30
[INFO] [stderr]    Compiling libc v0.2.140
[INFO] [stderr]    Compiling overload v0.1.1
[INFO] [stderr]    Compiling tokio v1.27.0
[INFO] [stderr]    Compiling thread_local v1.1.7
[INFO] [stderr]    Compiling syn v2.0.11
[INFO] [stderr]    Compiling sharded-slab v0.1.4
[INFO] [stderr]    Compiling nu-ansi-term v0.46.0
[INFO] [stderr]    Compiling smallvec v1.10.0
[INFO] [stderr]    Compiling tracing v0.1.37
[INFO] [stderr]    Compiling tracing-log v0.1.3
[INFO] [stderr]    Compiling tracing-subscriber v0.3.16
[INFO] [stderr]    Compiling num_cpus v1.15.0
[INFO] [stderr]    Compiling tracing-span-capture v0.0.1 (/opt/rustwide/workdir)
[INFO] [stderr]    Compiling tokio-macros v2.0.0
[INFO] [stdout] error[E0432]: unresolved import `cucumber`
[INFO] [stdout]  --> tests/cucumber.rs:1:5
[INFO] [stdout]   |
[INFO] [stdout] 1 | use cucumber::{then, when, StatsWriter, World};
[INFO] [stdout]   |     ^^^^^^^^ use of undeclared crate or module `cucumber`
[INFO] [stdout] 
[INFO] [stdout] 
[INFO] [stdout] error: cannot determine resolution for the derive macro `World`
[INFO] [stdout]  --> tests/cucumber.rs:9:26
[INFO] [stdout]   |
[INFO] [stdout] 9 | #[derive(Debug, Default, World)]
[INFO] [stdout]   |                          ^^^^^
[INFO] [stdout]   |
[INFO] [stdout]   = note: import resolution is stuck, try simplifying macro imports
[INFO] [stdout] 
[INFO] [stdout] 
[INFO] [stdout] error: cannot determine resolution for the attribute macro `when`
[INFO] [stdout]   --> tests/cucumber.rs:19:3
[INFO] [stdout]    |
[INFO] [stdout] 19 | #[when("Function is called")]
[INFO] [stdout]    |   ^^^^
[INFO] [stdout]    |
[INFO] [stdout]    = note: import resolution is stuck, try simplifying macro imports
[INFO] [stdout] 
[INFO] [stdout] 
[INFO] [stdout] error: cannot determine resolution for the attribute macro `then`
[INFO] [stdout]   --> tests/cucumber.rs:36:3
[INFO] [stdout]    |
[INFO] [stdout] 36 | #[then(expr = "Error log {string} is emitted")]
[INFO] [stdout]    |   ^^^^
[INFO] [stdout]    |
[INFO] [stdout]    = note: import resolution is stuck, try simplifying macro imports
[INFO] [stdout] 
[INFO] [stdout] 
[INFO] [stdout] error: cannot determine resolution for the attribute macro `then`
[INFO] [stdout]   --> tests/cucumber.rs:48:3
[INFO] [stdout]    |
[INFO] [stdout] 48 | #[then(expr = "Error log {string} is not emitted")]
[INFO] [stdout]    |   ^^^^
[INFO] [stdout]    |
[INFO] [stdout]    = note: import resolution is stuck, try simplifying macro imports
[INFO] [stdout] 
[INFO] [stdout] 
[INFO] [stdout] error[E0599]: no function or associated item named `cucumber` found for struct `LogsWorld` in the current scope
[INFO] [stdout]   --> tests/cucumber.rs:60:30
[INFO] [stdout]    |
[INFO] [stdout] 10 | struct LogsWorld {
[INFO] [stdout]    | ---------------- function or associated item `cucumber` not found for this struct
[INFO] [stdout] ...
[INFO] [stdout] 60 |     let summary = LogsWorld::cucumber()
[INFO] [stdout]    |                              ^^^^^^^^ function or associated item not found in `LogsWorld`
[INFO] [stdout] 
[INFO] [stdout] 
[INFO] [stdout] error: aborting due to 6 previous errors
[INFO] [stdout] 
[INFO] [stdout] 
[INFO] [stdout] Some errors have detailed explanations: E0432, E0599.
[INFO] [stdout] 
[INFO] [stdout] For more information about an error, try `rustc --explain E0432`.
[INFO] [stdout] 
[INFO] [stderr] error: could not compile `tracing-span-capture` (test "cucumber") due to 7 previous errors
[INFO] [stderr] warning: build failed, waiting for other jobs to finish...
[INFO] running `Command { std: "docker" "inspect" "798f11a9e929660504bac23f645d7866ad1b14e4c670cc4ac2aeace4dd51cf78", kill_on_drop: false }`
[INFO] running `Command { std: "docker" "rm" "-f" "798f11a9e929660504bac23f645d7866ad1b14e4c670cc4ac2aeace4dd51cf78", kill_on_drop: false }`
[INFO] [stdout] 798f11a9e929660504bac23f645d7866ad1b14e4c670cc4ac2aeace4dd51cf78
