[INFO] fetching crate tracing-human-layer 0.1.2...
[INFO] testing tracing-human-layer-0.1.2 against 1.75.0 for beta-1.76-1
[INFO] extracting crate tracing-human-layer 0.1.2 into /workspace/builds/worker-6-tc1/source
[INFO] validating manifest of crates.io crate tracing-human-layer 0.1.2 on toolchain 1.75.0
[INFO] running `Command { std: CARGO_HOME="/workspace/cargo-home" RUSTUP_HOME="/workspace/rustup-home" "/workspace/cargo-home/bin/cargo" "+1.75.0" "metadata" "--manifest-path" "Cargo.toml" "--no-deps", kill_on_drop: false }`
[INFO] started tweaking crates.io crate tracing-human-layer 0.1.2
[INFO] finished tweaking crates.io crate tracing-human-layer 0.1.2
[INFO] tweaked toml for crates.io crate tracing-human-layer 0.1.2 written to /workspace/builds/worker-6-tc1/source/Cargo.toml
[INFO] crate crates.io crate tracing-human-layer 0.1.2 already has a lockfile, it will not be regenerated
[INFO] running `Command { std: CARGO_HOME="/workspace/cargo-home" RUSTUP_HOME="/workspace/rustup-home" "/workspace/cargo-home/bin/cargo" "+1.75.0" "fetch" "--manifest-path" "Cargo.toml", kill_on_drop: false }`
[INFO] [stderr]     Updating crates.io index
[INFO] [stderr]  Downloading crates ...
[INFO] [stderr]   Downloaded expect-test v1.4.1
[INFO] running `Command { std: "docker" "create" "-v" "/var/lib/crater-agent-workspace/builds/worker-6-tc1/target:/opt/rustwide/target:rw,Z" "-v" "/var/lib/crater-agent-workspace/builds/worker-6-tc1/source:/opt/rustwide/workdir:ro,Z" "-v" "/var/lib/crater-agent-workspace/cargo-home:/opt/rustwide/cargo-home:ro,Z" "-v" "/var/lib/crater-agent-workspace/rustup-home:/opt/rustwide/rustup-home:ro,Z" "-e" "SOURCE_DIR=/opt/rustwide/workdir" "-e" "CARGO_TARGET_DIR=/opt/rustwide/target" "-e" "CARGO_HOME=/opt/rustwide/cargo-home" "-e" "RUSTUP_HOME=/opt/rustwide/rustup-home" "-w" "/opt/rustwide/workdir" "-m" "1610612736" "--user" "0:0" "--network" "none" "ghcr.io/rust-lang/crates-build-env/linux@sha256:2788e3201cd34a07e3172128adcd8b3090168a8e3bcc40d7c032b9dda1df7d1c" "/opt/rustwide/cargo-home/bin/cargo" "+1.75.0" "metadata" "--no-deps" "--format-version=1", kill_on_drop: false }`
[INFO] [stdout] faa2bbc28afada60fbe99ba3e1329bb526009d9b098e4140abee874e495ae38c
[INFO] running `Command { std: "docker" "start" "-a" "faa2bbc28afada60fbe99ba3e1329bb526009d9b098e4140abee874e495ae38c", kill_on_drop: false }`
[INFO] running `Command { std: "docker" "inspect" "faa2bbc28afada60fbe99ba3e1329bb526009d9b098e4140abee874e495ae38c", kill_on_drop: false }`
[INFO] running `Command { std: "docker" "rm" "-f" "faa2bbc28afada60fbe99ba3e1329bb526009d9b098e4140abee874e495ae38c", kill_on_drop: false }`
[INFO] [stdout] faa2bbc28afada60fbe99ba3e1329bb526009d9b098e4140abee874e495ae38c
[INFO] running `Command { std: "docker" "create" "-v" "/var/lib/crater-agent-workspace/builds/worker-6-tc1/target:/opt/rustwide/target:rw,Z" "-v" "/var/lib/crater-agent-workspace/builds/worker-6-tc1/source:/opt/rustwide/workdir:ro,Z" "-v" "/var/lib/crater-agent-workspace/cargo-home:/opt/rustwide/cargo-home:ro,Z" "-v" "/var/lib/crater-agent-workspace/rustup-home:/opt/rustwide/rustup-home:ro,Z" "-e" "SOURCE_DIR=/opt/rustwide/workdir" "-e" "CARGO_TARGET_DIR=/opt/rustwide/target" "-e" "CARGO_INCREMENTAL=0" "-e" "RUST_BACKTRACE=full" "-e" "RUSTFLAGS=--cap-lints=warn" "-e" "RUSTDOCFLAGS=--cap-lints=warn" "-e" "CARGO_HOME=/opt/rustwide/cargo-home" "-e" "RUSTUP_HOME=/opt/rustwide/rustup-home" "-w" "/opt/rustwide/workdir" "-m" "1610612736" "--user" "0:0" "--network" "none" "ghcr.io/rust-lang/crates-build-env/linux@sha256:2788e3201cd34a07e3172128adcd8b3090168a8e3bcc40d7c032b9dda1df7d1c" "/opt/rustwide/cargo-home/bin/cargo" "+1.75.0" "build" "--frozen" "--message-format=json", kill_on_drop: false }`
[INFO] [stdout] bd9b71bb1a05281d5f02adcbdf4f0e6a77e1d395f47e14be28903d3e9085911e
[INFO] running `Command { std: "docker" "start" "-a" "bd9b71bb1a05281d5f02adcbdf4f0e6a77e1d395f47e14be28903d3e9085911e", kill_on_drop: false }`
[INFO] [stderr]    Compiling libc v0.2.150
[INFO] [stderr]    Compiling proc-macro2 v1.0.69
[INFO] [stderr]    Compiling io-lifetimes v1.0.11
[INFO] [stderr]    Compiling rustix v0.37.27
[INFO] [stderr]    Compiling tracing-core v0.1.32
[INFO] [stderr]    Compiling lock_api v0.4.11
[INFO] [stderr]    Compiling smallvec v1.11.2
[INFO] [stderr]    Compiling bitflags v1.3.2
[INFO] [stderr]    Compiling linux-raw-sys v0.3.8
[INFO] [stderr]    Compiling parking_lot_core v0.9.9
[INFO] [stderr]    Compiling overload v0.1.1
[INFO] [stderr]    Compiling log v0.4.20
[INFO] [stderr]    Compiling scopeguard v1.2.0
[INFO] [stderr]    Compiling is_ci v1.1.1
[INFO] [stderr]    Compiling sharded-slab v0.1.7
[INFO] [stderr]    Compiling tracing-log v0.2.0
[INFO] [stderr]    Compiling nu-ansi-term v0.46.0
[INFO] [stderr]    Compiling thread_local v1.1.7
[INFO] [stderr]    Compiling unicode-width v0.1.11
[INFO] [stderr]    Compiling smawk v0.3.2
[INFO] [stderr]    Compiling unicode-linebreak v0.1.5
[INFO] [stderr]    Compiling quote v1.0.33
[INFO] [stderr]    Compiling pin-project-lite v0.2.13
[INFO] [stderr]    Compiling itertools v0.11.0
[INFO] [stderr]    Compiling syn v2.0.39
[INFO] [stderr]    Compiling tracing-subscriber v0.3.18
[INFO] [stderr]    Compiling atty v0.2.14
[INFO] [stderr]    Compiling supports-color v1.3.1
[INFO] [stderr]    Compiling parking_lot v0.12.1
[INFO] [stderr]    Compiling owo-colors v3.5.0
[INFO] [stderr]    Compiling terminal_size v0.2.6
[INFO] [stderr]    Compiling textwrap v0.16.0
[INFO] [stderr]    Compiling tracing-attributes v0.1.27
[INFO] [stderr]    Compiling tracing v0.1.40
[INFO] [stderr]    Compiling tracing-human-layer v0.1.2 (/opt/rustwide/workdir)
[INFO] [stderr]     Finished dev [unoptimized + debuginfo] target(s) in 14.90s
[INFO] running `Command { std: "docker" "inspect" "bd9b71bb1a05281d5f02adcbdf4f0e6a77e1d395f47e14be28903d3e9085911e", kill_on_drop: false }`
[INFO] running `Command { std: "docker" "rm" "-f" "bd9b71bb1a05281d5f02adcbdf4f0e6a77e1d395f47e14be28903d3e9085911e", kill_on_drop: false }`
[INFO] [stdout] bd9b71bb1a05281d5f02adcbdf4f0e6a77e1d395f47e14be28903d3e9085911e
[INFO] running `Command { std: "docker" "create" "-v" "/var/lib/crater-agent-workspace/builds/worker-6-tc1/target:/opt/rustwide/target:rw,Z" "-v" "/var/lib/crater-agent-workspace/builds/worker-6-tc1/source:/opt/rustwide/workdir:ro,Z" "-v" "/var/lib/crater-agent-workspace/cargo-home:/opt/rustwide/cargo-home:ro,Z" "-v" "/var/lib/crater-agent-workspace/rustup-home:/opt/rustwide/rustup-home:ro,Z" "-e" "SOURCE_DIR=/opt/rustwide/workdir" "-e" "CARGO_TARGET_DIR=/opt/rustwide/target" "-e" "CARGO_INCREMENTAL=0" "-e" "RUST_BACKTRACE=full" "-e" "RUSTFLAGS=--cap-lints=warn" "-e" "RUSTDOCFLAGS=--cap-lints=warn" "-e" "CARGO_HOME=/opt/rustwide/cargo-home" "-e" "RUSTUP_HOME=/opt/rustwide/rustup-home" "-w" "/opt/rustwide/workdir" "-m" "1610612736" "--user" "0:0" "--network" "none" "ghcr.io/rust-lang/crates-build-env/linux@sha256:2788e3201cd34a07e3172128adcd8b3090168a8e3bcc40d7c032b9dda1df7d1c" "/opt/rustwide/cargo-home/bin/cargo" "+1.75.0" "test" "--frozen" "--no-run" "--message-format=json", kill_on_drop: false }`
[INFO] [stdout] fe9b20be36c2045aa58f6b041e067eb92b155ff5750f8c581bce27c375a2a628
[INFO] running `Command { std: "docker" "start" "-a" "fe9b20be36c2045aa58f6b041e067eb92b155ff5750f8c581bce27c375a2a628", kill_on_drop: false }`
[INFO] [stderr]    Compiling utf8parse v0.2.1
[INFO] [stderr]    Compiling anstyle-query v1.0.0
[INFO] [stderr]    Compiling colorchoice v1.0.0
[INFO] [stderr]    Compiling syn v2.0.39
[INFO] [stderr]    Compiling anstyle v1.0.4
[INFO] [stderr]    Compiling strsim v0.10.0
[INFO] [stderr]    Compiling clap_lex v0.6.0
[INFO] [stderr]    Compiling dissimilar v1.0.7
[INFO] [stderr]    Compiling indoc v2.0.4
[INFO] [stderr]    Compiling anstyle-parse v0.2.2
[INFO] [stderr]    Compiling anstream v0.6.4
[INFO] [stderr]    Compiling expect-test v1.4.1
[INFO] [stderr]    Compiling clap_builder v4.4.8
[INFO] [stderr]    Compiling tracing-attributes v0.1.27
[INFO] [stderr]    Compiling clap_derive v4.4.7
[INFO] [stderr]    Compiling tracing v0.1.40
[INFO] [stderr]    Compiling tracing-human-layer v0.1.2 (/opt/rustwide/workdir)
[INFO] [stderr]    Compiling clap v4.4.8
[INFO] [stdout] error[E0432]: unresolved import `test_harness`
[INFO] [stdout]  --> tests/color.rs:2:5
[INFO] [stdout]   |
[INFO] [stdout] 2 | use test_harness::Example;
[INFO] [stdout]   |     ^^^^^^^^^^^^ use of undeclared crate or module `test_harness`
[INFO] [stdout] 
[INFO] [stdout] 
[INFO] [stdout] error[E0432]: unresolved import `test_harness`
[INFO] [stdout]  --> tests/basic.rs:2:5
[INFO] [stdout]   |
[INFO] [stdout] 2 | use test_harness::Example;
[INFO] [stdout]   |     ^^^^^^^^^^^^ use of undeclared crate or module `test_harness`
[INFO] [stdout] 
[INFO] [stdout] 
[INFO] [stdout] error: aborting due to previous error
[INFO] [stdout] 
[INFO] [stdout] 
[INFO] [stdout] For more information about this error, try `rustc --explain E0432`.
[INFO] [stdout] 
[INFO] [stdout] error: aborting due to previous error
[INFO] [stdout] 
[INFO] [stdout] 
[INFO] [stdout] For more information about this error, try `rustc --explain E0432`.
[INFO] [stdout] 
[INFO] [stdout] error[E0432]: unresolved import `test_harness`
[INFO] [stdout]  --> tests/output_stream.rs:2:5
[INFO] [stdout]   |
[INFO] [stdout] 2 | use test_harness::Example;
[INFO] [stdout]   |     ^^^^^^^^^^^^ use of undeclared crate or module `test_harness`
[INFO] [stdout] 
[INFO] [stdout] 
[INFO] [stderr] error: could not compile `tracing-human-layer` (test "basic") due to 2 previous errors
[INFO] [stderr] warning: build failed, waiting for other jobs to finish...
[INFO] [stderr] error: could not compile `tracing-human-layer` (test "color") due to 2 previous errors
[INFO] [stdout] error: aborting due to previous error
[INFO] [stdout] 
[INFO] [stdout] 
[INFO] [stdout] For more information about this error, try `rustc --explain E0432`.
[INFO] [stdout] 
[INFO] [stderr] error: could not compile `tracing-human-layer` (test "output_stream") due to 2 previous errors
[INFO] running `Command { std: "docker" "inspect" "fe9b20be36c2045aa58f6b041e067eb92b155ff5750f8c581bce27c375a2a628", kill_on_drop: false }`
[INFO] running `Command { std: "docker" "rm" "-f" "fe9b20be36c2045aa58f6b041e067eb92b155ff5750f8c581bce27c375a2a628", kill_on_drop: false }`
[INFO] [stdout] fe9b20be36c2045aa58f6b041e067eb92b155ff5750f8c581bce27c375a2a628
