[INFO] fetching crate tr1pd 0.3.1...
[INFO] testing tr1pd-0.3.1 against 1.75.0 for beta-1.76-1
[INFO] extracting crate tr1pd 0.3.1 into /workspace/builds/worker-0-tc1/source
[INFO] validating manifest of crates.io crate tr1pd 0.3.1 on toolchain 1.75.0
[INFO] running `Command { std: CARGO_HOME="/workspace/cargo-home" RUSTUP_HOME="/workspace/rustup-home" "/workspace/cargo-home/bin/cargo" "+1.75.0" "metadata" "--manifest-path" "Cargo.toml" "--no-deps", kill_on_drop: false }`
[INFO] started tweaking crates.io crate tr1pd 0.3.1
[INFO] finished tweaking crates.io crate tr1pd 0.3.1
[INFO] tweaked toml for crates.io crate tr1pd 0.3.1 written to /workspace/builds/worker-0-tc1/source/Cargo.toml
[INFO] running `Command { std: CARGO_HOME="/workspace/cargo-home" RUSTUP_HOME="/workspace/rustup-home" "/workspace/cargo-home/bin/cargo" "+1.75.0" "generate-lockfile" "--manifest-path" "Cargo.toml", kill_on_drop: false }`
[INFO] [stderr]     Updating crates.io index
[INFO] running `Command { std: CARGO_HOME="/workspace/cargo-home" RUSTUP_HOME="/workspace/rustup-home" "/workspace/cargo-home/bin/cargo" "+1.75.0" "fetch" "--manifest-path" "Cargo.toml", kill_on_drop: false }`
[INFO] [stderr]  Downloading crates ...
[INFO] [stderr]   Downloaded want v0.0.4
[INFO] [stderr]   Downloaded block-buffer v0.3.3
[INFO] [stderr]   Downloaded zmq-sys v0.8.3
[INFO] [stderr]   Downloaded try-lock v0.1.0
[INFO] [stderr]   Downloaded metadeps v1.1.2
[INFO] [stderr]   Downloaded hyper v0.11.27
[INFO] [stderr]   Downloaded tokio-rustls v0.5.0
[INFO] [stderr]   Downloaded caps v0.2.0
[INFO] [stderr]   Downloaded hyper-rustls v0.12.0
[INFO] [stderr]   Downloaded nix v0.10.0
[INFO] [stderr]   Downloaded webpki-roots v0.14.0
[INFO] [stderr]   Downloaded sha3 v0.7.3
[INFO] [stderr]   Downloaded sodiumoxide v0.0.16
[INFO] [stderr]   Downloaded pledge v0.3.1
[INFO] [stderr]   Downloaded boxxy v0.4.2
[INFO] [stderr]   Downloaded human-size v0.2.0
[INFO] [stderr]   Downloaded pseudo v0.1.0
[INFO] [stderr]   Downloaded rustls v0.12.0
[INFO] [stderr]   Downloaded relay v0.1.1
[INFO] [stderr]   Downloaded ct-logs v0.3.0
[INFO] [stderr]   Downloaded zmq v0.8.3
[INFO] [stderr]   Downloaded sct v0.3.0
[INFO] [stderr]   Downloaded encode_unicode v0.1.3
[INFO] [stderr]   Downloaded rustyline v1.0.0
[INFO] [stderr]   Downloaded seccomp-sys v0.1.3
[INFO] [stderr]   Downloaded libsodium-sys v0.0.16
[INFO] [stderr]   Downloaded users v0.6.1
[INFO] running `Command { std: "docker" "create" "-v" "/var/lib/crater-agent-workspace/builds/worker-0-tc1/target:/opt/rustwide/target:rw,Z" "-v" "/var/lib/crater-agent-workspace/builds/worker-0-tc1/source:/opt/rustwide/workdir:ro,Z" "-v" "/var/lib/crater-agent-workspace/cargo-home:/opt/rustwide/cargo-home:ro,Z" "-v" "/var/lib/crater-agent-workspace/rustup-home:/opt/rustwide/rustup-home:ro,Z" "-e" "SOURCE_DIR=/opt/rustwide/workdir" "-e" "CARGO_TARGET_DIR=/opt/rustwide/target" "-e" "CARGO_HOME=/opt/rustwide/cargo-home" "-e" "RUSTUP_HOME=/opt/rustwide/rustup-home" "-w" "/opt/rustwide/workdir" "-m" "1610612736" "--user" "0:0" "--network" "none" "ghcr.io/rust-lang/crates-build-env/linux@sha256:2788e3201cd34a07e3172128adcd8b3090168a8e3bcc40d7c032b9dda1df7d1c" "/opt/rustwide/cargo-home/bin/cargo" "+1.75.0" "metadata" "--no-deps" "--format-version=1", kill_on_drop: false }`
[INFO] [stdout] b0aa69f2dd0af9ff18c868c2ff029b6eca75f8846d969f2b9a30c2c40f4bf01f
[INFO] running `Command { std: "docker" "start" "-a" "b0aa69f2dd0af9ff18c868c2ff029b6eca75f8846d969f2b9a30c2c40f4bf01f", kill_on_drop: false }`
[INFO] running `Command { std: "docker" "inspect" "b0aa69f2dd0af9ff18c868c2ff029b6eca75f8846d969f2b9a30c2c40f4bf01f", kill_on_drop: false }`
[INFO] running `Command { std: "docker" "rm" "-f" "b0aa69f2dd0af9ff18c868c2ff029b6eca75f8846d969f2b9a30c2c40f4bf01f", kill_on_drop: false }`
[INFO] [stdout] b0aa69f2dd0af9ff18c868c2ff029b6eca75f8846d969f2b9a30c2c40f4bf01f
[INFO] running `Command { std: "docker" "create" "-v" "/var/lib/crater-agent-workspace/builds/worker-0-tc1/target:/opt/rustwide/target:rw,Z" "-v" "/var/lib/crater-agent-workspace/builds/worker-0-tc1/source:/opt/rustwide/workdir:ro,Z" "-v" "/var/lib/crater-agent-workspace/cargo-home:/opt/rustwide/cargo-home:ro,Z" "-v" "/var/lib/crater-agent-workspace/rustup-home:/opt/rustwide/rustup-home:ro,Z" "-e" "SOURCE_DIR=/opt/rustwide/workdir" "-e" "CARGO_TARGET_DIR=/opt/rustwide/target" "-e" "CARGO_INCREMENTAL=0" "-e" "RUST_BACKTRACE=full" "-e" "RUSTFLAGS=--cap-lints=warn" "-e" "RUSTDOCFLAGS=--cap-lints=warn" "-e" "CARGO_HOME=/opt/rustwide/cargo-home" "-e" "RUSTUP_HOME=/opt/rustwide/rustup-home" "-w" "/opt/rustwide/workdir" "-m" "1610612736" "--user" "0:0" "--network" "none" "ghcr.io/rust-lang/crates-build-env/linux@sha256:2788e3201cd34a07e3172128adcd8b3090168a8e3bcc40d7c032b9dda1df7d1c" "/opt/rustwide/cargo-home/bin/cargo" "+1.75.0" "build" "--frozen" "--message-format=json", kill_on_drop: false }`
[INFO] [stdout] afc590937157ec08f717e492bcce54276c770aade3a6e43e291b091b2ba66933
[INFO] running `Command { std: "docker" "start" "-a" "afc590937157ec08f717e492bcce54276c770aade3a6e43e291b091b2ba66933", kill_on_drop: false }`
[INFO] [stderr]    Compiling libc v0.2.151
[INFO] [stderr]    Compiling pkg-config v0.3.28
[INFO] [stderr]    Compiling memchr v2.7.1
[INFO] [stderr]    Compiling toml v0.2.1
[INFO] [stderr]    Compiling error-chain v0.10.0
[INFO] [stderr]    Compiling proc-macro2 v1.0.75
[INFO] [stderr]    Compiling serde v1.0.194
[INFO] [stderr]    Compiling typenum v1.17.0
[INFO] [stderr]    Compiling gimli v0.28.1
[INFO] [stderr]    Compiling adler v1.0.2
[INFO] [stderr]    Compiling metadeps v1.1.2
[INFO] [stderr]    Compiling unicode-ident v1.0.12
[INFO] [stderr]    Compiling rustix v0.38.28
[INFO] [stderr]    Compiling miniz_oxide v0.7.1
[INFO] [stderr]    Compiling zmq-sys v0.8.3
[INFO] [stderr]    Compiling aho-corasick v1.1.2
[INFO] [stderr]    Compiling object v0.32.2
[INFO] [stderr]    Compiling libsodium-sys v0.0.16
[INFO] [stderr]    Compiling regex-syntax v0.8.2
[INFO] [stderr]    Compiling rustc-demangle v0.1.23
[INFO] [stderr]    Compiling bitflags v2.4.1
[INFO] [stderr]    Compiling linux-raw-sys v0.4.12
[INFO] [stderr]    Compiling cc v1.0.83
[INFO] [stderr]    Compiling addr2line v0.21.0
[INFO] [stderr]    Compiling zmq v0.8.3
[INFO] [stderr]    Compiling atty v0.2.14
[INFO] [stderr]    Compiling generic-array v0.9.1
[INFO] [stderr]    Compiling quote v1.0.35
[INFO] [stderr]    Compiling regex-automata v0.4.3
[INFO] [stderr]    Compiling seccomp-sys v0.1.3
[INFO] [stderr]    Compiling log v0.4.20
[INFO] [stderr]    Compiling backtrace v0.3.69
[INFO] [stderr]    Compiling arrayref v0.3.7
[INFO] [stderr]    Compiling quick-error v1.2.3
[INFO] [stderr]    Compiling unicode-width v0.1.11
[INFO] [stderr]    Compiling serde_json v1.0.111
[INFO] [stderr]    Compiling byte-tools v0.2.0
[INFO] [stderr]    Compiling humantime v1.3.0
[INFO] [stderr]    Compiling block-buffer v0.3.3
[INFO] [stderr]    Compiling textwrap v0.11.0
[INFO] [stderr]    Compiling is-terminal v0.4.10
[INFO] [stderr]    Compiling syn v2.0.48
[INFO] [stderr]    Compiling digest v0.7.6
[INFO] [stderr]    Compiling error-chain v0.11.0
[INFO] [stderr]    Compiling errno v0.2.8
[INFO] [stderr]    Compiling memchr v1.0.2
[INFO] [stderr]    Compiling ryu v1.0.16
[INFO] [stderr]    Compiling keccak v0.1.4
[INFO] [stderr]    Compiling termcolor v1.4.0
[INFO] [stderr]    Compiling ansi_term v0.12.1
[INFO] [stderr]    Compiling itoa v1.0.10
[INFO] [stderr]    Compiling vec_map v0.8.2
[INFO] [stderr]    Compiling regex v1.10.2
[INFO] [stderr]    Compiling strsim v0.8.0
[INFO] [stderr]    Compiling colored v1.9.4
[INFO] [stderr]    Compiling clap v2.34.0
[INFO] [stderr]    Compiling env_logger v0.5.13
[INFO] [stderr]    Compiling sha3 v0.7.3
[INFO] [stderr]    Compiling nom v3.2.1
[INFO] [stderr]    Compiling sodiumoxide v0.0.16
[INFO] [stderr]    Compiling caps v0.2.0
[INFO] [stderr]    Compiling toml v0.4.10
[INFO] [stderr]    Compiling users v0.6.1
[INFO] [stderr]    Compiling pledge v0.3.1
[INFO] [stderr]    Compiling human-size v0.2.0
[INFO] [stderr]    Compiling serde_derive v1.0.194
[INFO] [stderr]    Compiling tr1pd v0.3.1 (/opt/rustwide/workdir)
[INFO] [stdout] warning: use of deprecated function `std::env::home_dir`: This function's behavior may be unexpected on Windows. Consider using a crate from crates.io instead.
[INFO] [stdout]   --> src/config.rs:26:29
[INFO] [stdout]    |
[INFO] [stdout] 26 |     let mut userpath = env::home_dir().unwrap();
[INFO] [stdout]    |                             ^^^^^^^^
[INFO] [stdout]    |
[INFO] [stdout]    = note: `#[warn(deprecated)]` on by default
[INFO] [stdout] 
[INFO] [stdout] 
[INFO] [stdout] warning: use of deprecated method `std::error::Error::description`: use the Display impl or to_string()
[INFO] [stdout]   --> src/config.rs:14:5
[INFO] [stdout]    |
[INFO] [stdout] 14 | /     error_chain! {
[INFO] [stdout] 15 | |         foreign_links {
[INFO] [stdout] 16 | |             Toml(toml::de::Error);
[INFO] [stdout] 17 | |             Io(io::Error);
[INFO] [stdout] 18 | |         }
[INFO] [stdout] 19 | |     }
[INFO] [stdout]    | |_____^
[INFO] [stdout]    |
[INFO] [stdout]    = note: this warning originates in the macro `impl_error_chain_processed` which comes from the expansion of the macro `error_chain` (in Nightly builds, run with -Z macro-backtrace for more info)
[INFO] [stdout] 
[INFO] [stdout] 
[INFO] [stdout] warning: use of deprecated method `std::error::Error::description`: use the Display impl or to_string()
[INFO] [stdout]   --> src/rpc/mod.rs:19:5
[INFO] [stdout]    |
[INFO] [stdout] 19 | /     error_chain! {
[INFO] [stdout] 20 | |         errors {
[INFO] [stdout] 21 | |             InvalidResponse(reply: CtlResponse) {
[INFO] [stdout] 22 | |                 description("invalid response")
[INFO] [stdout] ...  |
[INFO] [stdout] 32 | |         }
[INFO] [stdout] 33 | |     }
[INFO] [stdout]    | |_____^
[INFO] [stdout]    |
[INFO] [stdout]    = note: this warning originates in the macro `impl_error_chain_processed` which comes from the expansion of the macro `error_chain` (in Nightly builds, run with -Z macro-backtrace for more info)
[INFO] [stdout] 
[INFO] [stdout] 
[INFO] [stdout] warning: use of deprecated method `std::error::Error::description`: use the Display impl or to_string()
[INFO] [stdout]   --> src/sandbox/capabilities.rs:6:5
[INFO] [stdout]    |
[INFO] [stdout] 6  | /     error_chain! {
[INFO] [stdout] 7  | |         foreign_links {
[INFO] [stdout] 8  | |             Caps(caps::errors::Error);
[INFO] [stdout] 9  | |         }
[INFO] [stdout] 10 | |     }
[INFO] [stdout]    | |_____^
[INFO] [stdout]    |
[INFO] [stdout]    = note: this warning originates in the macro `impl_error_chain_processed` which comes from the expansion of the macro `error_chain` (in Nightly builds, run with -Z macro-backtrace for more info)
[INFO] [stdout] 
[INFO] [stdout] 
[INFO] [stdout] warning: use of deprecated method `std::error::Error::description`: use the Display impl or to_string()
[INFO] [stdout]   --> src/storage/mod.rs:16:5
[INFO] [stdout]    |
[INFO] [stdout] 16 | /     error_chain! {
[INFO] [stdout] 17 | |         errors {
[INFO] [stdout] 18 | |             CorruptedEntry(bytes: Vec<u8>) {
[INFO] [stdout] 19 | |                 description("corrupted entry")
[INFO] [stdout] ...  |
[INFO] [stdout] 28 | |         }
[INFO] [stdout] 29 | |     }
[INFO] [stdout]    | |_____^
[INFO] [stdout]    |
[INFO] [stdout]    = note: this warning originates in the macro `impl_error_chain_processed` which comes from the expansion of the macro `error_chain` (in Nightly builds, run with -Z macro-backtrace for more info)
[INFO] [stdout] 
[INFO] [stdout] 
[INFO] [stdout] warning: use of deprecated method `std::error::Error::cause`: replaced by Error::source, which can support downcasting
[INFO] [stdout]   --> src/config.rs:14:5
[INFO] [stdout]    |
[INFO] [stdout] 14 | /     error_chain! {
[INFO] [stdout] 15 | |         foreign_links {
[INFO] [stdout] 16 | |             Toml(toml::de::Error);
[INFO] [stdout] 17 | |             Io(io::Error);
[INFO] [stdout] 18 | |         }
[INFO] [stdout] 19 | |     }
[INFO] [stdout]    | |_____^
[INFO] [stdout]    |
[INFO] [stdout]    = note: this warning originates in the macro `impl_error_chain_processed` which comes from the expansion of the macro `error_chain` (in Nightly builds, run with -Z macro-backtrace for more info)
[INFO] [stdout] 
[INFO] [stdout] 
[INFO] [stdout] warning: use of deprecated method `std::error::Error::cause`: replaced by Error::source, which can support downcasting
[INFO] [stdout]   --> src/rpc/mod.rs:19:5
[INFO] [stdout]    |
[INFO] [stdout] 19 | /     error_chain! {
[INFO] [stdout] 20 | |         errors {
[INFO] [stdout] 21 | |             InvalidResponse(reply: CtlResponse) {
[INFO] [stdout] 22 | |                 description("invalid response")
[INFO] [stdout] ...  |
[INFO] [stdout] 32 | |         }
[INFO] [stdout] 33 | |     }
[INFO] [stdout]    | |_____^
[INFO] [stdout]    |
[INFO] [stdout]    = note: this warning originates in the macro `impl_error_chain_processed` which comes from the expansion of the macro `error_chain` (in Nightly builds, run with -Z macro-backtrace for more info)
[INFO] [stdout] 
[INFO] [stdout] 
[INFO] [stdout] warning: use of deprecated method `std::error::Error::cause`: replaced by Error::source, which can support downcasting
[INFO] [stdout]   --> src/sandbox/capabilities.rs:6:5
[INFO] [stdout]    |
[INFO] [stdout] 6  | /     error_chain! {
[INFO] [stdout] 7  | |         foreign_links {
[INFO] [stdout] 8  | |             Caps(caps::errors::Error);
[INFO] [stdout] 9  | |         }
[INFO] [stdout] 10 | |     }
[INFO] [stdout]    | |_____^
[INFO] [stdout]    |
[INFO] [stdout]    = note: this warning originates in the macro `impl_error_chain_processed` which comes from the expansion of the macro `error_chain` (in Nightly builds, run with -Z macro-backtrace for more info)
[INFO] [stdout] 
[INFO] [stdout] 
[INFO] [stdout] warning: use of deprecated method `std::error::Error::cause`: replaced by Error::source, which can support downcasting
[INFO] [stdout]   --> src/storage/mod.rs:16:5
[INFO] [stdout]    |
[INFO] [stdout] 16 | /     error_chain! {
[INFO] [stdout] 17 | |         errors {
[INFO] [stdout] 18 | |             CorruptedEntry(bytes: Vec<u8>) {
[INFO] [stdout] 19 | |                 description("corrupted entry")
[INFO] [stdout] ...  |
[INFO] [stdout] 28 | |         }
[INFO] [stdout] 29 | |     }
[INFO] [stdout]    | |_____^
[INFO] [stdout]    |
[INFO] [stdout]    = note: this warning originates in the macro `impl_error_chain_processed` which comes from the expansion of the macro `error_chain` (in Nightly builds, run with -Z macro-backtrace for more info)
[INFO] [stdout] 
[INFO] [stdout] 
[INFO] [stdout] warning: 9 warnings emitted
[INFO] [stdout] 
[INFO] [stdout] 
[INFO] [stdout] error: linking with `cc` failed: exit status: 1
[INFO] [stdout]   |
[INFO] [stdout]   = note: LC_ALL="C" PATH="/opt/rustwide/rustup-home/toolchains/1.75.0-x86_64-unknown-linux-gnu/lib/rustlib/x86_64-unknown-linux-gnu/bin:/opt/rustwide/cargo-home/bin:/usr/local/sbin:/usr/local/bin:/usr/sbin:/usr/bin:/sbin:/bin" VSLANG="1033" "cc" "-m64" "/tmp/rustc1AidxT/symbols.o" "/opt/rustwide/target/debug/deps/tr1pd-39bfea6c043558f8.tr1pd.316f97326855d854-cgu.0.rcgu.o" "/opt/rustwide/target/debug/deps/tr1pd-39bfea6c043558f8.tr1pd.316f97326855d854-cgu.1.rcgu.o" "/opt/rustwide/target/debug/deps/tr1pd-39bfea6c043558f8.tr1pd.316f97326855d854-cgu.2.rcgu.o" "/opt/rustwide/target/debug/deps/tr1pd-39bfea6c043558f8.tr1pd.316f97326855d854-cgu.3.rcgu.o" "/opt/rustwide/target/debug/deps/tr1pd-39bfea6c043558f8.2wnmtxpyjykcb7lm.rcgu.o" "-Wl,--as-needed" "-L" "/opt/rustwide/target/debug/deps" "-L" "/usr/lib/x86_64-linux-gnu" "-L" "/usr/lib/x86_64-linux-gnu" "-L" "/opt/rustwide/rustup-home/toolchains/1.75.0-x86_64-unknown-linux-gnu/lib/rustlib/x86_64-unknown-linux-gnu/lib" "-Wl,-Bstatic" "/opt/rustwide/target/debug/deps/libenv_logger-a450d2cff0ca324e.rlib" "/opt/rustwide/target/debug/deps/libregex-3fdc9a8f6eaf81cf.rlib" "/opt/rustwide/target/debug/deps/libregex_automata-7e239e4b359aa58c.rlib" "/opt/rustwide/target/debug/deps/libaho_corasick-c461b2416345444e.rlib" "/opt/rustwide/target/debug/deps/libregex_syntax-e4dd3c3a3cb10e1d.rlib" "/opt/rustwide/target/debug/deps/libhumantime-ce043b5585f26040.rlib" "/opt/rustwide/target/debug/deps/libquick_error-e0931f21b2f0d487.rlib" "/opt/rustwide/target/debug/deps/libtermcolor-6dec0f4bbbe42dd1.rlib" "/opt/rustwide/target/debug/deps/libtr1pd-e8c88395c1e61fa8.rlib" "/opt/rustwide/target/debug/deps/libnom-74b75ae162c6b428.rlib" "/opt/rustwide/target/debug/deps/libmemchr-6dfc17327b72a738.rlib" "/opt/rustwide/target/debug/deps/libcaps-45fcf3174898f84c.rlib" "/opt/rustwide/target/debug/deps/liberrno-68ccb35bd3cc8d76.rlib" "/opt/rustwide/target/debug/deps/liberror_chain-f742c245212d60cb.rlib" "/opt/rustwide/target/debug/deps/libbacktrace-6c433364f8bf9db4.rlib" "/opt/rustwide/target/debug/deps/libminiz_oxide-3fde4c3c03045389.rlib" "/opt/rustwide/target/debug/deps/libadler-c8f2240c56a0abca.rlib" "/opt/rustwide/target/debug/deps/libobject-e7796a9e8e532c53.rlib" "/opt/rustwide/target/debug/deps/libmemchr-94009dd89ebb9d8d.rlib" "/opt/rustwide/target/debug/deps/libaddr2line-2d4126a5dc567f39.rlib" "/opt/rustwide/target/debug/deps/libgimli-7f4f1abc0cbbfdc4.rlib" "/opt/rustwide/target/debug/deps/libcfg_if-61dc7a6799e72b18.rlib" "/opt/rustwide/target/debug/deps/librustc_demangle-7ef8571a19a75907.rlib" "/opt/rustwide/target/debug/deps/libseccomp_sys-1f22fb1984e13bc4.rlib" "/opt/rustwide/target/debug/deps/libhuman_size-01062d4bfe97d5de.rlib" "/opt/rustwide/target/debug/deps/libtoml-9ef65380b66efc16.rlib" "/opt/rustwide/target/debug/deps/libzmq-c74a7c9138dabe8c.rlib" "/opt/rustwide/target/debug/deps/libzmq_sys-bf604a50c08f03bd.rlib" "/opt/rustwide/target/debug/deps/liblog-e491f2c1d0b13538.rlib" "/opt/rustwide/target/debug/deps/libserde_json-f7e7de9bae5c986c.rlib" "/opt/rustwide/target/debug/deps/libryu-5f304b1b6393964f.rlib" "/opt/rustwide/target/debug/deps/libitoa-5f181af53b99b92c.rlib" "/opt/rustwide/target/debug/deps/libclap-aaa31eb61b8f97e0.rlib" "/opt/rustwide/target/debug/deps/libvec_map-f4b9763d49b4e0fe.rlib" "/opt/rustwide/target/debug/deps/libtextwrap-2e541d239b304f6b.rlib" "/opt/rustwide/target/debug/deps/libunicode_width-a645f17db2f885de.rlib" "/opt/rustwide/target/debug/deps/libstrsim-e0feec2abfa99c5b.rlib" "/opt/rustwide/target/debug/deps/libbitflags-b7cee2ca4fb438d0.rlib" "/opt/rustwide/target/debug/deps/libatty-a77d8211145addc8.rlib" "/opt/rustwide/target/debug/deps/libansi_term-b21a82a9f4d0b6eb.rlib" "/opt/rustwide/target/debug/deps/libsha3-19f235b6d8297e44.rlib" "/opt/rustwide/target/debug/deps/libblock_buffer-d72b55ca9ccf6aca.rlib" "/opt/rustwide/target/debug/deps/libarrayref-50afdd1ea8722a59.rlib" "/opt/rustwide/target/debug/deps/libkeccak-dccea68b393e19a6.rlib" "/opt/rustwide/target/debug/deps/libdigest-e44876c08ed0d076.rlib" "/opt/rustwide/target/debug/deps/libgeneric_array-9096645b5128dbf4.rlib" "/opt/rustwide/target/debug/deps/libtypenum-da95465dc70d2c95.rlib" "/opt/rustwide/target/debug/deps/libbyte_tools-6224ca7811d347a5.rlib" "/opt/rustwide/target/debug/deps/libsodiumoxide-0a9c4dda86071d5c.rlib" "/opt/rustwide/target/debug/deps/libserde-8d72183392081d4f.rlib" "/opt/rustwide/target/debug/deps/liblibsodium_sys-6b6dc77b3f3ec7a4.rlib" "/opt/rustwide/target/debug/deps/liblibc-776b888f57f5c175.rlib" "/opt/rustwide/rustup-home/toolchains/1.75.0-x86_64-unknown-linux-gnu/lib/rustlib/x86_64-unknown-linux-gnu/lib/libstd-90f6ddbf82de36ec.rlib" "/opt/rustwide/rustup-home/toolchains/1.75.0-x86_64-unknown-linux-gnu/lib/rustlib/x86_64-unknown-linux-gnu/lib/libpanic_unwind-480c41e9d4e1f677.rlib" "/opt/rustwide/rustup-home/toolchains/1.75.0-x86_64-unknown-linux-gnu/lib/rustlib/x86_64-unknown-linux-gnu/lib/libobject-db744c0ca03eed1d.rlib" "/opt/rustwide/rustup-home/toolchains/1.75.0-x86_64-unknown-linux-gnu/lib/rustlib/x86_64-unknown-linux-gnu/lib/libmemchr-8ba652dc7d4b285a.rlib" "/opt/rustwide/rustup-home/toolchains/1.75.0-x86_64-unknown-linux-gnu/lib/rustlib/x86_64-unknown-linux-gnu/lib/libaddr2line-d5f4520a9ebc0d58.rlib" "/opt/rustwide/rustup-home/toolchains/1.75.0-x86_64-unknown-linux-gnu/lib/rustlib/x86_64-unknown-linux-gnu/lib/libgimli-4ad84de58f0cb463.rlib" "/opt/rustwide/rustup-home/toolchains/1.75.0-x86_64-unknown-linux-gnu/lib/rustlib/x86_64-unknown-linux-gnu/lib/librustc_demangle-0d10aae2e0f38735.rlib" "/opt/rustwide/rustup-home/toolchains/1.75.0-x86_64-unknown-linux-gnu/lib/rustlib/x86_64-unknown-linux-gnu/lib/libstd_detect-0c17cff739e6745b.rlib" "/opt/rustwide/rustup-home/toolchains/1.75.0-x86_64-unknown-linux-gnu/lib/rustlib/x86_64-unknown-linux-gnu/lib/libhashbrown-b29e17139dde1aa8.rlib" "/opt/rustwide/rustup-home/toolchains/1.75.0-x86_64-unknown-linux-gnu/lib/rustlib/x86_64-unknown-linux-gnu/lib/librustc_std_workspace_alloc-1f975299829cc7bd.rlib" "/opt/rustwide/rustup-home/toolchains/1.75.0-x86_64-unknown-linux-gnu/lib/rustlib/x86_64-unknown-linux-gnu/lib/libminiz_oxide-86bae3bc3079f89b.rlib" "/opt/rustwide/rustup-home/toolchains/1.75.0-x86_64-unknown-linux-gnu/lib/rustlib/x86_64-unknown-linux-gnu/lib/libadler-321b82c30dffdf5f.rlib" "/opt/rustwide/rustup-home/toolchains/1.75.0-x86_64-unknown-linux-gnu/lib/rustlib/x86_64-unknown-linux-gnu/lib/libunwind-3dd8a6810a0bdfef.rlib" "/opt/rustwide/rustup-home/toolchains/1.75.0-x86_64-unknown-linux-gnu/lib/rustlib/x86_64-unknown-linux-gnu/lib/libcfg_if-eb39a61c0c879984.rlib" "/opt/rustwide/rustup-home/toolchains/1.75.0-x86_64-unknown-linux-gnu/lib/rustlib/x86_64-unknown-linux-gnu/lib/liblibc-aa769569f91c3548.rlib" "/opt/rustwide/rustup-home/toolchains/1.75.0-x86_64-unknown-linux-gnu/lib/rustlib/x86_64-unknown-linux-gnu/lib/liballoc-510a192a50a983ed.rlib" "/opt/rustwide/rustup-home/toolchains/1.75.0-x86_64-unknown-linux-gnu/lib/rustlib/x86_64-unknown-linux-gnu/lib/librustc_std_workspace_core-0577018320f99037.rlib" "/opt/rustwide/rustup-home/toolchains/1.75.0-x86_64-unknown-linux-gnu/lib/rustlib/x86_64-unknown-linux-gnu/lib/libcore-193cf992125ccd4c.rlib" "/opt/rustwide/rustup-home/toolchains/1.75.0-x86_64-unknown-linux-gnu/lib/rustlib/x86_64-unknown-linux-gnu/lib/libcompiler_builtins-8e138eaf26ebb4a8.rlib" "-Wl,-Bdynamic" "-lseccomp" "-lzmq" "-lsodium" "-lgcc_s" "-lutil" "-lrt" "-lpthread" "-lm" "-ldl" "-lc" "-Wl,--eh-frame-hdr" "-Wl,-z,noexecstack" "-L" "/opt/rustwide/rustup-home/toolchains/1.75.0-x86_64-unknown-linux-gnu/lib/rustlib/x86_64-unknown-linux-gnu/lib" "-o" "/opt/rustwide/target/debug/deps/tr1pd-39bfea6c043558f8" "-Wl,--gc-sections" "-pie" "-Wl,-z,relro,-z,now" "-nodefaultlibs"
[INFO] [stdout]   = note: /usr/bin/ld: cannot find -lseccomp: No such file or directory
[INFO] [stdout]           collect2: error: ld returned 1 exit status
[INFO] [stdout]           
[INFO] [stdout] 
[INFO] [stdout] 
[INFO] [stdout] error: aborting due to previous error
[INFO] [stdout] 
[INFO] [stdout] 
[INFO] [stderr] error: could not compile `tr1pd` (bin "tr1pd") due to 2 previous errors
[INFO] [stderr] warning: build failed, waiting for other jobs to finish...
[INFO] [stdout] error: linking with `cc` failed: exit status: 1
[INFO] [stdout]   |
[INFO] [stdout]   = note: LC_ALL="C" PATH="/opt/rustwide/rustup-home/toolchains/1.75.0-x86_64-unknown-linux-gnu/lib/rustlib/x86_64-unknown-linux-gnu/bin:/opt/rustwide/cargo-home/bin:/usr/local/sbin:/usr/local/bin:/usr/sbin:/usr/bin:/sbin:/bin" VSLANG="1033" "cc" "-m64" "/tmp/rustcNRnZJl/symbols.o" "/opt/rustwide/target/debug/deps/tr1pctl-4284917b22602de3.tr1pctl.885f20cc6125ab19-cgu.0.rcgu.o" "/opt/rustwide/target/debug/deps/tr1pctl-4284917b22602de3.tr1pctl.885f20cc6125ab19-cgu.1.rcgu.o" "/opt/rustwide/target/debug/deps/tr1pctl-4284917b22602de3.tr1pctl.885f20cc6125ab19-cgu.2.rcgu.o" "/opt/rustwide/target/debug/deps/tr1pctl-4284917b22602de3.tr1pctl.885f20cc6125ab19-cgu.3.rcgu.o" "/opt/rustwide/target/debug/deps/tr1pctl-4284917b22602de3.tr1pctl.885f20cc6125ab19-cgu.4.rcgu.o" "/opt/rustwide/target/debug/deps/tr1pctl-4284917b22602de3.tr1pctl.885f20cc6125ab19-cgu.5.rcgu.o" "/opt/rustwide/target/debug/deps/tr1pctl-4284917b22602de3.tr1pctl.885f20cc6125ab19-cgu.6.rcgu.o" "/opt/rustwide/target/debug/deps/tr1pctl-4284917b22602de3.tr1pctl.885f20cc6125ab19-cgu.7.rcgu.o" "/opt/rustwide/target/debug/deps/tr1pctl-4284917b22602de3.tr1pctl.885f20cc6125ab19-cgu.8.rcgu.o" "/opt/rustwide/target/debug/deps/tr1pctl-4284917b22602de3.2jvy95hu4676mylp.rcgu.o" "-Wl,--as-needed" "-L" "/opt/rustwide/target/debug/deps" "-L" "/usr/lib/x86_64-linux-gnu" "-L" "/usr/lib/x86_64-linux-gnu" "-L" "/opt/rustwide/rustup-home/toolchains/1.75.0-x86_64-unknown-linux-gnu/lib/rustlib/x86_64-unknown-linux-gnu/lib" "-Wl,-Bstatic" "/opt/rustwide/target/debug/deps/libcolored-640558f89199e683.rlib" "/opt/rustwide/target/debug/deps/liblazy_static-591486ebcb9a7ead.rlib" "/opt/rustwide/target/debug/deps/libis_terminal-0793e6943466e676.rlib" "/opt/rustwide/target/debug/deps/librustix-77dd63e433d77084.rlib" "/opt/rustwide/target/debug/deps/libbitflags-912d270082a3a4ea.rlib" "/opt/rustwide/target/debug/deps/liblinux_raw_sys-2091734e5f15aeaa.rlib" "/opt/rustwide/target/debug/deps/libenv_logger-a450d2cff0ca324e.rlib" "/opt/rustwide/target/debug/deps/libregex-3fdc9a8f6eaf81cf.rlib" "/opt/rustwide/target/debug/deps/libregex_automata-7e239e4b359aa58c.rlib" "/opt/rustwide/target/debug/deps/libaho_corasick-c461b2416345444e.rlib" "/opt/rustwide/target/debug/deps/libregex_syntax-e4dd3c3a3cb10e1d.rlib" "/opt/rustwide/target/debug/deps/libhumantime-ce043b5585f26040.rlib" "/opt/rustwide/target/debug/deps/libquick_error-e0931f21b2f0d487.rlib" "/opt/rustwide/target/debug/deps/libtermcolor-6dec0f4bbbe42dd1.rlib" "/opt/rustwide/target/debug/deps/libtr1pd-e8c88395c1e61fa8.rlib" "/opt/rustwide/target/debug/deps/libnom-74b75ae162c6b428.rlib" "/opt/rustwide/target/debug/deps/libmemchr-6dfc17327b72a738.rlib" "/opt/rustwide/target/debug/deps/libcaps-45fcf3174898f84c.rlib" "/opt/rustwide/target/debug/deps/liberrno-68ccb35bd3cc8d76.rlib" "/opt/rustwide/target/debug/deps/liberror_chain-f742c245212d60cb.rlib" "/opt/rustwide/target/debug/deps/libbacktrace-6c433364f8bf9db4.rlib" "/opt/rustwide/target/debug/deps/libminiz_oxide-3fde4c3c03045389.rlib" "/opt/rustwide/target/debug/deps/libadler-c8f2240c56a0abca.rlib" "/opt/rustwide/target/debug/deps/libobject-e7796a9e8e532c53.rlib" "/opt/rustwide/target/debug/deps/libmemchr-94009dd89ebb9d8d.rlib" "/opt/rustwide/target/debug/deps/libaddr2line-2d4126a5dc567f39.rlib" "/opt/rustwide/target/debug/deps/libgimli-7f4f1abc0cbbfdc4.rlib" "/opt/rustwide/target/debug/deps/libcfg_if-61dc7a6799e72b18.rlib" "/opt/rustwide/target/debug/deps/librustc_demangle-7ef8571a19a75907.rlib" "/opt/rustwide/target/debug/deps/libseccomp_sys-1f22fb1984e13bc4.rlib" "/opt/rustwide/target/debug/deps/libhuman_size-01062d4bfe97d5de.rlib" "/opt/rustwide/target/debug/deps/libtoml-9ef65380b66efc16.rlib" "/opt/rustwide/target/debug/deps/libzmq-c74a7c9138dabe8c.rlib" "/opt/rustwide/target/debug/deps/libzmq_sys-bf604a50c08f03bd.rlib" "/opt/rustwide/target/debug/deps/liblog-e491f2c1d0b13538.rlib" "/opt/rustwide/target/debug/deps/libserde_json-f7e7de9bae5c986c.rlib" "/opt/rustwide/target/debug/deps/libryu-5f304b1b6393964f.rlib" "/opt/rustwide/target/debug/deps/libitoa-5f181af53b99b92c.rlib" "/opt/rustwide/target/debug/deps/libclap-aaa31eb61b8f97e0.rlib" "/opt/rustwide/target/debug/deps/libvec_map-f4b9763d49b4e0fe.rlib" "/opt/rustwide/target/debug/deps/libtextwrap-2e541d239b304f6b.rlib" "/opt/rustwide/target/debug/deps/libunicode_width-a645f17db2f885de.rlib" "/opt/rustwide/target/debug/deps/libstrsim-e0feec2abfa99c5b.rlib" "/opt/rustwide/target/debug/deps/libbitflags-b7cee2ca4fb438d0.rlib" "/opt/rustwide/target/debug/deps/libatty-a77d8211145addc8.rlib" "/opt/rustwide/target/debug/deps/libansi_term-b21a82a9f4d0b6eb.rlib" "/opt/rustwide/target/debug/deps/libsha3-19f235b6d8297e44.rlib" "/opt/rustwide/target/debug/deps/libblock_buffer-d72b55ca9ccf6aca.rlib" "/opt/rustwide/target/debug/deps/libarrayref-50afdd1ea8722a59.rlib" "/opt/rustwide/target/debug/deps/libkeccak-dccea68b393e19a6.rlib" "/opt/rustwide/target/debug/deps/libdigest-e44876c08ed0d076.rlib" "/opt/rustwide/target/debug/deps/libgeneric_array-9096645b5128dbf4.rlib" "/opt/rustwide/target/debug/deps/libtypenum-da95465dc70d2c95.rlib" "/opt/rustwide/target/debug/deps/libbyte_tools-6224ca7811d347a5.rlib" "/opt/rustwide/target/debug/deps/libsodiumoxide-0a9c4dda86071d5c.rlib" "/opt/rustwide/target/debug/deps/libserde-8d72183392081d4f.rlib" "/opt/rustwide/target/debug/deps/liblibsodium_sys-6b6dc77b3f3ec7a4.rlib" "/opt/rustwide/target/debug/deps/liblibc-776b888f57f5c175.rlib" "/opt/rustwide/rustup-home/toolchains/1.75.0-x86_64-unknown-linux-gnu/lib/rustlib/x86_64-unknown-linux-gnu/lib/libstd-90f6ddbf82de36ec.rlib" "/opt/rustwide/rustup-home/toolchains/1.75.0-x86_64-unknown-linux-gnu/lib/rustlib/x86_64-unknown-linux-gnu/lib/libpanic_unwind-480c41e9d4e1f677.rlib" "/opt/rustwide/rustup-home/toolchains/1.75.0-x86_64-unknown-linux-gnu/lib/rustlib/x86_64-unknown-linux-gnu/lib/libobject-db744c0ca03eed1d.rlib" "/opt/rustwide/rustup-home/toolchains/1.75.0-x86_64-unknown-linux-gnu/lib/rustlib/x86_64-unknown-linux-gnu/lib/libmemchr-8ba652dc7d4b285a.rlib" "/opt/rustwide/rustup-home/toolchains/1.75.0-x86_64-unknown-linux-gnu/lib/rustlib/x86_64-unknown-linux-gnu/lib/libaddr2line-d5f4520a9ebc0d58.rlib" "/opt/rustwide/rustup-home/toolchains/1.75.0-x86_64-unknown-linux-gnu/lib/rustlib/x86_64-unknown-linux-gnu/lib/libgimli-4ad84de58f0cb463.rlib" "/opt/rustwide/rustup-home/toolchains/1.75.0-x86_64-unknown-linux-gnu/lib/rustlib/x86_64-unknown-linux-gnu/lib/librustc_demangle-0d10aae2e0f38735.rlib" "/opt/rustwide/rustup-home/toolchains/1.75.0-x86_64-unknown-linux-gnu/lib/rustlib/x86_64-unknown-linux-gnu/lib/libstd_detect-0c17cff739e6745b.rlib" "/opt/rustwide/rustup-home/toolchains/1.75.0-x86_64-unknown-linux-gnu/lib/rustlib/x86_64-unknown-linux-gnu/lib/libhashbrown-b29e17139dde1aa8.rlib" "/opt/rustwide/rustup-home/toolchains/1.75.0-x86_64-unknown-linux-gnu/lib/rustlib/x86_64-unknown-linux-gnu/lib/librustc_std_workspace_alloc-1f975299829cc7bd.rlib" "/opt/rustwide/rustup-home/toolchains/1.75.0-x86_64-unknown-linux-gnu/lib/rustlib/x86_64-unknown-linux-gnu/lib/libminiz_oxide-86bae3bc3079f89b.rlib" "/opt/rustwide/rustup-home/toolchains/1.75.0-x86_64-unknown-linux-gnu/lib/rustlib/x86_64-unknown-linux-gnu/lib/libadler-321b82c30dffdf5f.rlib" "/opt/rustwide/rustup-home/toolchains/1.75.0-x86_64-unknown-linux-gnu/lib/rustlib/x86_64-unknown-linux-gnu/lib/libunwind-3dd8a6810a0bdfef.rlib" "/opt/rustwide/rustup-home/toolchains/1.75.0-x86_64-unknown-linux-gnu/lib/rustlib/x86_64-unknown-linux-gnu/lib/libcfg_if-eb39a61c0c879984.rlib" "/opt/rustwide/rustup-home/toolchains/1.75.0-x86_64-unknown-linux-gnu/lib/rustlib/x86_64-unknown-linux-gnu/lib/liblibc-aa769569f91c3548.rlib" "/opt/rustwide/rustup-home/toolchains/1.75.0-x86_64-unknown-linux-gnu/lib/rustlib/x86_64-unknown-linux-gnu/lib/liballoc-510a192a50a983ed.rlib" "/opt/rustwide/rustup-home/toolchains/1.75.0-x86_64-unknown-linux-gnu/lib/rustlib/x86_64-unknown-linux-gnu/lib/librustc_std_workspace_core-0577018320f99037.rlib" "/opt/rustwide/rustup-home/toolchains/1.75.0-x86_64-unknown-linux-gnu/lib/rustlib/x86_64-unknown-linux-gnu/lib/libcore-193cf992125ccd4c.rlib" "/opt/rustwide/rustup-home/toolchains/1.75.0-x86_64-unknown-linux-gnu/lib/rustlib/x86_64-unknown-linux-gnu/lib/libcompiler_builtins-8e138eaf26ebb4a8.rlib" "-Wl,-Bdynamic" "-lseccomp" "-lzmq" "-lsodium" "-lgcc_s" "-lutil" "-lrt" "-lpthread" "-lm" "-ldl" "-lc" "-Wl,--eh-frame-hdr" "-Wl,-z,noexecstack" "-L" "/opt/rustwide/rustup-home/toolchains/1.75.0-x86_64-unknown-linux-gnu/lib/rustlib/x86_64-unknown-linux-gnu/lib" "-o" "/opt/rustwide/target/debug/deps/tr1pctl-4284917b22602de3" "-Wl,--gc-sections" "-pie" "-Wl,-z,relro,-z,now" "-nodefaultlibs"
[INFO] [stdout]   = note: /usr/bin/ld: cannot find -lseccomp: No such file or directory
[INFO] [stdout]           collect2: error: ld returned 1 exit status
[INFO] [stdout]           
[INFO] [stdout] 
[INFO] [stdout] 
[INFO] [stdout] error: aborting due to previous error
[INFO] [stdout] 
[INFO] [stdout] 
[INFO] [stderr] error: could not compile `tr1pd` (bin "tr1pctl") due to 2 previous errors
[INFO] running `Command { std: "docker" "inspect" "afc590937157ec08f717e492bcce54276c770aade3a6e43e291b091b2ba66933", kill_on_drop: false }`
[INFO] running `Command { std: "docker" "rm" "-f" "afc590937157ec08f717e492bcce54276c770aade3a6e43e291b091b2ba66933", kill_on_drop: false }`
[INFO] [stdout] afc590937157ec08f717e492bcce54276c770aade3a6e43e291b091b2ba66933
[INFO] testing tr1pd-0.3.1 against beta-2023-12-22 for beta-1.76-1
[INFO] extracting crate tr1pd 0.3.1 into /workspace/builds/worker-0-tc2/source
[INFO] validating manifest of crates.io crate tr1pd 0.3.1 on toolchain beta-2023-12-22
[INFO] running `Command { std: CARGO_HOME="/workspace/cargo-home" RUSTUP_HOME="/workspace/rustup-home" "/workspace/cargo-home/bin/cargo" "+beta-2023-12-22" "metadata" "--manifest-path" "Cargo.toml" "--no-deps", kill_on_drop: false }`
[INFO] started tweaking crates.io crate tr1pd 0.3.1
[INFO] finished tweaking crates.io crate tr1pd 0.3.1
[INFO] tweaked toml for crates.io crate tr1pd 0.3.1 written to /workspace/builds/worker-0-tc2/source/Cargo.toml
[INFO] running `Command { std: CARGO_HOME="/workspace/cargo-home" RUSTUP_HOME="/workspace/rustup-home" "/workspace/cargo-home/bin/cargo" "+beta-2023-12-22" "generate-lockfile" "--manifest-path" "Cargo.toml", kill_on_drop: false }`
[INFO] [stderr]     Updating crates.io index
[INFO] running `Command { std: CARGO_HOME="/workspace/cargo-home" RUSTUP_HOME="/workspace/rustup-home" "/workspace/cargo-home/bin/cargo" "+beta-2023-12-22" "fetch" "--manifest-path" "Cargo.toml", kill_on_drop: false }`
[INFO] running `Command { std: "docker" "create" "-v" "/var/lib/crater-agent-workspace/builds/worker-0-tc2/target:/opt/rustwide/target:rw,Z" "-v" "/var/lib/crater-agent-workspace/builds/worker-0-tc2/source:/opt/rustwide/workdir:ro,Z" "-v" "/var/lib/crater-agent-workspace/cargo-home:/opt/rustwide/cargo-home:ro,Z" "-v" "/var/lib/crater-agent-workspace/rustup-home:/opt/rustwide/rustup-home:ro,Z" "-e" "SOURCE_DIR=/opt/rustwide/workdir" "-e" "CARGO_TARGET_DIR=/opt/rustwide/target" "-e" "CARGO_HOME=/opt/rustwide/cargo-home" "-e" "RUSTUP_HOME=/opt/rustwide/rustup-home" "-w" "/opt/rustwide/workdir" "-m" "1610612736" "--user" "0:0" "--network" "none" "ghcr.io/rust-lang/crates-build-env/linux@sha256:2788e3201cd34a07e3172128adcd8b3090168a8e3bcc40d7c032b9dda1df7d1c" "/opt/rustwide/cargo-home/bin/cargo" "+beta-2023-12-22" "metadata" "--no-deps" "--format-version=1", kill_on_drop: false }`
[INFO] [stdout] 4a9ba1b5c0eae398f06c200f4efcda61ab0552102c678be1573066c0bd47007a
[INFO] running `Command { std: "docker" "start" "-a" "4a9ba1b5c0eae398f06c200f4efcda61ab0552102c678be1573066c0bd47007a", kill_on_drop: false }`
[INFO] running `Command { std: "docker" "inspect" "4a9ba1b5c0eae398f06c200f4efcda61ab0552102c678be1573066c0bd47007a", kill_on_drop: false }`
[INFO] running `Command { std: "docker" "rm" "-f" "4a9ba1b5c0eae398f06c200f4efcda61ab0552102c678be1573066c0bd47007a", kill_on_drop: false }`
[INFO] [stdout] 4a9ba1b5c0eae398f06c200f4efcda61ab0552102c678be1573066c0bd47007a
[INFO] running `Command { std: "docker" "create" "-v" "/var/lib/crater-agent-workspace/builds/worker-0-tc2/target:/opt/rustwide/target:rw,Z" "-v" "/var/lib/crater-agent-workspace/builds/worker-0-tc2/source:/opt/rustwide/workdir:ro,Z" "-v" "/var/lib/crater-agent-workspace/cargo-home:/opt/rustwide/cargo-home:ro,Z" "-v" "/var/lib/crater-agent-workspace/rustup-home:/opt/rustwide/rustup-home:ro,Z" "-e" "SOURCE_DIR=/opt/rustwide/workdir" "-e" "CARGO_TARGET_DIR=/opt/rustwide/target" "-e" "CARGO_INCREMENTAL=0" "-e" "RUST_BACKTRACE=full" "-e" "RUSTFLAGS=--cap-lints=warn" "-e" "RUSTDOCFLAGS=--cap-lints=warn" "-e" "CARGO_HOME=/opt/rustwide/cargo-home" "-e" "RUSTUP_HOME=/opt/rustwide/rustup-home" "-w" "/opt/rustwide/workdir" "-m" "1610612736" "--user" "0:0" "--network" "none" "ghcr.io/rust-lang/crates-build-env/linux@sha256:2788e3201cd34a07e3172128adcd8b3090168a8e3bcc40d7c032b9dda1df7d1c" "/opt/rustwide/cargo-home/bin/cargo" "+beta-2023-12-22" "build" "--frozen" "--message-format=json", kill_on_drop: false }`
[INFO] [stdout] 276efce7dd66db8f878bace2f8fcb96b71edc7e9128d994983d53500f41f4de2
[INFO] running `Command { std: "docker" "start" "-a" "276efce7dd66db8f878bace2f8fcb96b71edc7e9128d994983d53500f41f4de2", kill_on_drop: false }`
[INFO] [stderr]    Compiling libc v0.2.151
[INFO] [stderr]    Compiling pkg-config v0.3.28
[INFO] [stderr]    Compiling memchr v2.7.1
[INFO] [stderr]    Compiling toml v0.2.1
[INFO] [stderr]    Compiling error-chain v0.10.0
[INFO] [stderr]    Compiling proc-macro2 v1.0.75
[INFO] [stderr]    Compiling serde v1.0.194
[INFO] [stderr]    Compiling typenum v1.17.0
[INFO] [stderr]    Compiling adler v1.0.2
[INFO] [stderr]    Compiling gimli v0.28.1
[INFO] [stderr]    Compiling rustix v0.38.28
[INFO] [stderr]    Compiling metadeps v1.1.2
[INFO] [stderr]    Compiling unicode-ident v1.0.12
[INFO] [stderr]    Compiling aho-corasick v1.1.2
[INFO] [stderr]    Compiling object v0.32.2
[INFO] [stderr]    Compiling zmq-sys v0.8.3
[INFO] [stderr]    Compiling libsodium-sys v0.0.16
[INFO] [stderr]    Compiling miniz_oxide v0.7.1
[INFO] [stderr]    Compiling rustc-demangle v0.1.23
[INFO] [stderr]    Compiling cc v1.0.83
[INFO] [stderr]    Compiling bitflags v2.4.1
[INFO] [stderr]    Compiling regex-syntax v0.8.2
[INFO] [stderr]    Compiling linux-raw-sys v0.4.12
[INFO] [stderr]    Compiling zmq v0.8.3
[INFO] [stderr]    Compiling addr2line v0.21.0
[INFO] [stderr]    Compiling atty v0.2.14
[INFO] [stderr]    Compiling generic-array v0.9.1
[INFO] [stderr]    Compiling quote v1.0.35
[INFO] [stderr]    Compiling backtrace v0.3.69
[INFO] [stderr]    Compiling serde_json v1.0.111
[INFO] [stderr]    Compiling unicode-width v0.1.11
[INFO] [stderr]    Compiling arrayref v0.3.7
[INFO] [stderr]    Compiling log v0.4.20
[INFO] [stderr]    Compiling quick-error v1.2.3
[INFO] [stderr]    Compiling seccomp-sys v0.1.3
[INFO] [stderr]    Compiling byte-tools v0.2.0
[INFO] [stderr]    Compiling block-buffer v0.3.3
[INFO] [stderr]    Compiling regex-automata v0.4.3
[INFO] [stderr]    Compiling error-chain v0.11.0
[INFO] [stderr]    Compiling humantime v1.3.0
[INFO] [stderr]    Compiling textwrap v0.11.0
[INFO] [stderr]    Compiling is-terminal v0.4.10
[INFO] [stderr]    Compiling digest v0.7.6
[INFO] [stderr]    Compiling syn v2.0.48
[INFO] [stderr]    Compiling errno v0.2.8
[INFO] [stderr]    Compiling memchr v1.0.2
[INFO] [stderr]    Compiling ansi_term v0.12.1
[INFO] [stderr]    Compiling itoa v1.0.10
[INFO] [stderr]    Compiling vec_map v0.8.2
[INFO] [stderr]    Compiling ryu v1.0.16
[INFO] [stderr]    Compiling termcolor v1.4.0
[INFO] [stderr]    Compiling strsim v0.8.0
[INFO] [stderr]    Compiling keccak v0.1.4
[INFO] [stderr]    Compiling clap v2.34.0
[INFO] [stderr]    Compiling sha3 v0.7.3
[INFO] [stderr]    Compiling toml v0.4.10
[INFO] [stderr]    Compiling sodiumoxide v0.0.16
[INFO] [stderr]    Compiling regex v1.10.2
[INFO] [stderr]    Compiling colored v1.9.4
[INFO] [stderr]    Compiling env_logger v0.5.13
[INFO] [stderr]    Compiling nom v3.2.1
[INFO] [stderr]    Compiling caps v0.2.0
[INFO] [stderr]    Compiling serde_derive v1.0.194
[INFO] [stderr]    Compiling pledge v0.3.1
[INFO] [stderr]    Compiling users v0.6.1
[INFO] [stderr]    Compiling human-size v0.2.0
[INFO] [stderr]    Compiling tr1pd v0.3.1 (/opt/rustwide/workdir)
[INFO] [stdout] warning: use of deprecated function `std::env::home_dir`: This function's behavior may be unexpected on Windows. Consider using a crate from crates.io instead.
[INFO] [stdout]   --> src/config.rs:26:29
[INFO] [stdout]    |
[INFO] [stdout] 26 |     let mut userpath = env::home_dir().unwrap();
[INFO] [stdout]    |                             ^^^^^^^^
[INFO] [stdout]    |
[INFO] [stdout]    = note: `#[warn(deprecated)]` on by default
[INFO] [stdout] 
[INFO] [stdout] 
[INFO] [stdout] warning: use of deprecated method `std::error::Error::description`: use the Display impl or to_string()
[INFO] [stdout]   --> src/config.rs:14:5
[INFO] [stdout]    |
[INFO] [stdout] 14 | /     error_chain! {
[INFO] [stdout] 15 | |         foreign_links {
[INFO] [stdout] 16 | |             Toml(toml::de::Error);
[INFO] [stdout] 17 | |             Io(io::Error);
[INFO] [stdout] 18 | |         }
[INFO] [stdout] 19 | |     }
[INFO] [stdout]    | |_____^
[INFO] [stdout]    |
[INFO] [stdout]    = note: this warning originates in the macro `impl_error_chain_processed` which comes from the expansion of the macro `error_chain` (in Nightly builds, run with -Z macro-backtrace for more info)
[INFO] [stdout] 
[INFO] [stdout] 
[INFO] [stdout] warning: use of deprecated method `std::error::Error::description`: use the Display impl or to_string()
[INFO] [stdout]   --> src/rpc/mod.rs:19:5
[INFO] [stdout]    |
[INFO] [stdout] 19 | /     error_chain! {
[INFO] [stdout] 20 | |         errors {
[INFO] [stdout] 21 | |             InvalidResponse(reply: CtlResponse) {
[INFO] [stdout] 22 | |                 description("invalid response")
[INFO] [stdout] ...  |
[INFO] [stdout] 32 | |         }
[INFO] [stdout] 33 | |     }
[INFO] [stdout]    | |_____^
[INFO] [stdout]    |
[INFO] [stdout]    = note: this warning originates in the macro `impl_error_chain_processed` which comes from the expansion of the macro `error_chain` (in Nightly builds, run with -Z macro-backtrace for more info)
[INFO] [stdout] 
[INFO] [stdout] 
[INFO] [stdout] warning: use of deprecated method `std::error::Error::description`: use the Display impl or to_string()
[INFO] [stdout]   --> src/sandbox/capabilities.rs:6:5
[INFO] [stdout]    |
[INFO] [stdout] 6  | /     error_chain! {
[INFO] [stdout] 7  | |         foreign_links {
[INFO] [stdout] 8  | |             Caps(caps::errors::Error);
[INFO] [stdout] 9  | |         }
[INFO] [stdout] 10 | |     }
[INFO] [stdout]    | |_____^
[INFO] [stdout]    |
[INFO] [stdout]    = note: this warning originates in the macro `impl_error_chain_processed` which comes from the expansion of the macro `error_chain` (in Nightly builds, run with -Z macro-backtrace for more info)
[INFO] [stdout] 
[INFO] [stdout] 
[INFO] [stdout] warning: use of deprecated method `std::error::Error::description`: use the Display impl or to_string()
[INFO] [stdout]   --> src/storage/mod.rs:16:5
[INFO] [stdout]    |
[INFO] [stdout] 16 | /     error_chain! {
[INFO] [stdout] 17 | |         errors {
[INFO] [stdout] 18 | |             CorruptedEntry(bytes: Vec<u8>) {
[INFO] [stdout] 19 | |                 description("corrupted entry")
[INFO] [stdout] ...  |
[INFO] [stdout] 28 | |         }
[INFO] [stdout] 29 | |     }
[INFO] [stdout]    | |_____^
[INFO] [stdout]    |
[INFO] [stdout]    = note: this warning originates in the macro `impl_error_chain_processed` which comes from the expansion of the macro `error_chain` (in Nightly builds, run with -Z macro-backtrace for more info)
[INFO] [stdout] 
[INFO] [stdout] 
[INFO] [stdout] warning: use of deprecated method `std::error::Error::cause`: replaced by Error::source, which can support downcasting
[INFO] [stdout]   --> src/config.rs:14:5
[INFO] [stdout]    |
[INFO] [stdout] 14 | /     error_chain! {
[INFO] [stdout] 15 | |         foreign_links {
[INFO] [stdout] 16 | |             Toml(toml::de::Error);
[INFO] [stdout] 17 | |             Io(io::Error);
[INFO] [stdout] 18 | |         }
[INFO] [stdout] 19 | |     }
[INFO] [stdout]    | |_____^
[INFO] [stdout]    |
[INFO] [stdout]    = note: this warning originates in the macro `impl_error_chain_processed` which comes from the expansion of the macro `error_chain` (in Nightly builds, run with -Z macro-backtrace for more info)
[INFO] [stdout] 
[INFO] [stdout] 
[INFO] [stdout] warning: use of deprecated method `std::error::Error::cause`: replaced by Error::source, which can support downcasting
[INFO] [stdout]   --> src/rpc/mod.rs:19:5
[INFO] [stdout]    |
[INFO] [stdout] 19 | /     error_chain! {
[INFO] [stdout] 20 | |         errors {
[INFO] [stdout] 21 | |             InvalidResponse(reply: CtlResponse) {
[INFO] [stdout] 22 | |                 description("invalid response")
[INFO] [stdout] ...  |
[INFO] [stdout] 32 | |         }
[INFO] [stdout] 33 | |     }
[INFO] [stdout]    | |_____^
[INFO] [stdout]    |
[INFO] [stdout]    = note: this warning originates in the macro `impl_error_chain_processed` which comes from the expansion of the macro `error_chain` (in Nightly builds, run with -Z macro-backtrace for more info)
[INFO] [stdout] 
[INFO] [stdout] 
[INFO] [stdout] warning: use of deprecated method `std::error::Error::cause`: replaced by Error::source, which can support downcasting
[INFO] [stdout]   --> src/sandbox/capabilities.rs:6:5
[INFO] [stdout]    |
[INFO] [stdout] 6  | /     error_chain! {
[INFO] [stdout] 7  | |         foreign_links {
[INFO] [stdout] 8  | |             Caps(caps::errors::Error);
[INFO] [stdout] 9  | |         }
[INFO] [stdout] 10 | |     }
[INFO] [stdout]    | |_____^
[INFO] [stdout]    |
[INFO] [stdout]    = note: this warning originates in the macro `impl_error_chain_processed` which comes from the expansion of the macro `error_chain` (in Nightly builds, run with -Z macro-backtrace for more info)
[INFO] [stdout] 
[INFO] [stdout] 
[INFO] [stdout] warning: use of deprecated method `std::error::Error::cause`: replaced by Error::source, which can support downcasting
[INFO] [stdout]   --> src/storage/mod.rs:16:5
[INFO] [stdout]    |
[INFO] [stdout] 16 | /     error_chain! {
[INFO] [stdout] 17 | |         errors {
[INFO] [stdout] 18 | |             CorruptedEntry(bytes: Vec<u8>) {
[INFO] [stdout] 19 | |                 description("corrupted entry")
[INFO] [stdout] ...  |
[INFO] [stdout] 28 | |         }
[INFO] [stdout] 29 | |     }
[INFO] [stdout]    | |_____^
[INFO] [stdout]    |
[INFO] [stdout]    = note: this warning originates in the macro `impl_error_chain_processed` which comes from the expansion of the macro `error_chain` (in Nightly builds, run with -Z macro-backtrace for more info)
[INFO] [stdout] 
[INFO] [stdout] 
[INFO] [stdout] warning: 9 warnings emitted
[INFO] [stdout] 
[INFO] [stdout] 
[INFO] [stdout] error: linking with `cc` failed: exit status: 1
[INFO] [stdout]   |
[INFO] [stdout]   = note: LC_ALL="C" PATH="/opt/rustwide/rustup-home/toolchains/beta-2023-12-22-x86_64-unknown-linux-gnu/lib/rustlib/x86_64-unknown-linux-gnu/bin:/opt/rustwide/cargo-home/bin:/usr/local/sbin:/usr/local/bin:/usr/sbin:/usr/bin:/sbin:/bin" VSLANG="1033" "cc" "-m64" "/tmp/rustce7u38v/symbols.o" "/opt/rustwide/target/debug/deps/tr1pd-d0cc4130611ba327.tr1pd.2130172626e64cc4-cgu.0.rcgu.o" "/opt/rustwide/target/debug/deps/tr1pd-d0cc4130611ba327.tr1pd.2130172626e64cc4-cgu.1.rcgu.o" "/opt/rustwide/target/debug/deps/tr1pd-d0cc4130611ba327.tr1pd.2130172626e64cc4-cgu.2.rcgu.o" "/opt/rustwide/target/debug/deps/tr1pd-d0cc4130611ba327.tr1pd.2130172626e64cc4-cgu.3.rcgu.o" "/opt/rustwide/target/debug/deps/tr1pd-d0cc4130611ba327.1lypkfwag15jjah.rcgu.o" "-Wl,--as-needed" "-L" "/opt/rustwide/target/debug/deps" "-L" "/usr/lib/x86_64-linux-gnu" "-L" "/usr/lib/x86_64-linux-gnu" "-L" "/opt/rustwide/rustup-home/toolchains/beta-2023-12-22-x86_64-unknown-linux-gnu/lib/rustlib/x86_64-unknown-linux-gnu/lib" "-Wl,-Bstatic" "/opt/rustwide/target/debug/deps/libenv_logger-a4c4c45dc14b1d83.rlib" "/opt/rustwide/target/debug/deps/libregex-6b2e15812834269a.rlib" "/opt/rustwide/target/debug/deps/libregex_automata-18e9b4bafe25d656.rlib" "/opt/rustwide/target/debug/deps/libaho_corasick-0efee17d6ff570a3.rlib" "/opt/rustwide/target/debug/deps/libregex_syntax-2fba322c2516c6a3.rlib" "/opt/rustwide/target/debug/deps/libhumantime-ece634daf940afa5.rlib" "/opt/rustwide/target/debug/deps/libquick_error-4f8a11f127df9c4f.rlib" "/opt/rustwide/target/debug/deps/libtermcolor-35be6d70e8358f35.rlib" "/opt/rustwide/target/debug/deps/libtr1pd-6e2f3d48f3d4c250.rlib" "/opt/rustwide/target/debug/deps/libnom-433c1615732b570c.rlib" "/opt/rustwide/target/debug/deps/libmemchr-88b9af69aa134d3f.rlib" "/opt/rustwide/target/debug/deps/libcaps-572d9df0582d741b.rlib" "/opt/rustwide/target/debug/deps/liberrno-9b641a55e3ada60f.rlib" "/opt/rustwide/target/debug/deps/liberror_chain-c1956204235dbeeb.rlib" "/opt/rustwide/target/debug/deps/libbacktrace-e9748172c9a87403.rlib" "/opt/rustwide/target/debug/deps/libminiz_oxide-612aa2003885fc91.rlib" "/opt/rustwide/target/debug/deps/libadler-eba61f23bb3cdb48.rlib" "/opt/rustwide/target/debug/deps/libobject-69075e3e5406539d.rlib" "/opt/rustwide/target/debug/deps/libmemchr-14a47255884553ca.rlib" "/opt/rustwide/target/debug/deps/libaddr2line-21893705b0d8abc8.rlib" "/opt/rustwide/target/debug/deps/libgimli-f171d86691d4b49e.rlib" "/opt/rustwide/target/debug/deps/libcfg_if-e7002d307f97bc56.rlib" "/opt/rustwide/target/debug/deps/librustc_demangle-880659badff80dc2.rlib" "/opt/rustwide/target/debug/deps/libseccomp_sys-d6ae8a17a153c8ee.rlib" "/opt/rustwide/target/debug/deps/libhuman_size-b02fe50b49428c32.rlib" "/opt/rustwide/target/debug/deps/libtoml-b9c5970e2b1dd235.rlib" "/opt/rustwide/target/debug/deps/libzmq-700c54594dbfdb58.rlib" "/opt/rustwide/target/debug/deps/libzmq_sys-57160daad56ebfec.rlib" "/opt/rustwide/target/debug/deps/liblog-2cf4a51dfa4e790a.rlib" "/opt/rustwide/target/debug/deps/libserde_json-4c7675d40885eab7.rlib" "/opt/rustwide/target/debug/deps/libryu-4b03a7708da1319d.rlib" "/opt/rustwide/target/debug/deps/libitoa-34968a9f29c36fec.rlib" "/opt/rustwide/target/debug/deps/libclap-23f80e89f17e7e38.rlib" "/opt/rustwide/target/debug/deps/libvec_map-5b55b3a0782d93d8.rlib" "/opt/rustwide/target/debug/deps/libtextwrap-098e3ca032784738.rlib" "/opt/rustwide/target/debug/deps/libunicode_width-0ea374cdbf7c3a56.rlib" "/opt/rustwide/target/debug/deps/libstrsim-3564df42f0a90568.rlib" "/opt/rustwide/target/debug/deps/libbitflags-85e13ed1e0c6d910.rlib" "/opt/rustwide/target/debug/deps/libatty-436b7e266025bd5b.rlib" "/opt/rustwide/target/debug/deps/libansi_term-f435e404af61098a.rlib" "/opt/rustwide/target/debug/deps/libsha3-48e9d25efa0eab3c.rlib" "/opt/rustwide/target/debug/deps/libblock_buffer-5fd6021980aee8b2.rlib" "/opt/rustwide/target/debug/deps/libarrayref-8957ff1d73700ff2.rlib" "/opt/rustwide/target/debug/deps/libkeccak-83beb19d573fbfa7.rlib" "/opt/rustwide/target/debug/deps/libdigest-d6a20165d128c5a5.rlib" "/opt/rustwide/target/debug/deps/libgeneric_array-941a9f7733d61752.rlib" "/opt/rustwide/target/debug/deps/libtypenum-b40ba058056b0bf8.rlib" "/opt/rustwide/target/debug/deps/libbyte_tools-da4ab0e984c00beb.rlib" "/opt/rustwide/target/debug/deps/libsodiumoxide-b20b746a4e9be598.rlib" "/opt/rustwide/target/debug/deps/libserde-43396d81f5c62e04.rlib" "/opt/rustwide/target/debug/deps/liblibsodium_sys-efa2df6f3c68914a.rlib" "/opt/rustwide/target/debug/deps/liblibc-93db4b806aea6eec.rlib" "/opt/rustwide/rustup-home/toolchains/beta-2023-12-22-x86_64-unknown-linux-gnu/lib/rustlib/x86_64-unknown-linux-gnu/lib/libstd-0672489a78b613de.rlib" "/opt/rustwide/rustup-home/toolchains/beta-2023-12-22-x86_64-unknown-linux-gnu/lib/rustlib/x86_64-unknown-linux-gnu/lib/libpanic_unwind-7eb3ffc34a49f675.rlib" "/opt/rustwide/rustup-home/toolchains/beta-2023-12-22-x86_64-unknown-linux-gnu/lib/rustlib/x86_64-unknown-linux-gnu/lib/libobject-6478a9daa4bee8e2.rlib" "/opt/rustwide/rustup-home/toolchains/beta-2023-12-22-x86_64-unknown-linux-gnu/lib/rustlib/x86_64-unknown-linux-gnu/lib/libmemchr-0c75d871a5c3923d.rlib" "/opt/rustwide/rustup-home/toolchains/beta-2023-12-22-x86_64-unknown-linux-gnu/lib/rustlib/x86_64-unknown-linux-gnu/lib/libaddr2line-d163ef63ad37bb71.rlib" "/opt/rustwide/rustup-home/toolchains/beta-2023-12-22-x86_64-unknown-linux-gnu/lib/rustlib/x86_64-unknown-linux-gnu/lib/libgimli-8a3fd810a85b9f4c.rlib" "/opt/rustwide/rustup-home/toolchains/beta-2023-12-22-x86_64-unknown-linux-gnu/lib/rustlib/x86_64-unknown-linux-gnu/lib/librustc_demangle-462a2cde8c5dfc10.rlib" "/opt/rustwide/rustup-home/toolchains/beta-2023-12-22-x86_64-unknown-linux-gnu/lib/rustlib/x86_64-unknown-linux-gnu/lib/libstd_detect-cb06ac9f54713f71.rlib" "/opt/rustwide/rustup-home/toolchains/beta-2023-12-22-x86_64-unknown-linux-gnu/lib/rustlib/x86_64-unknown-linux-gnu/lib/libhashbrown-f20bfd1f8e59b393.rlib" "/opt/rustwide/rustup-home/toolchains/beta-2023-12-22-x86_64-unknown-linux-gnu/lib/rustlib/x86_64-unknown-linux-gnu/lib/librustc_std_workspace_alloc-1ef460949b49da4b.rlib" "/opt/rustwide/rustup-home/toolchains/beta-2023-12-22-x86_64-unknown-linux-gnu/lib/rustlib/x86_64-unknown-linux-gnu/lib/libminiz_oxide-2cb0c0ffe4f87514.rlib" "/opt/rustwide/rustup-home/toolchains/beta-2023-12-22-x86_64-unknown-linux-gnu/lib/rustlib/x86_64-unknown-linux-gnu/lib/libadler-58d841eb322a11a2.rlib" "/opt/rustwide/rustup-home/toolchains/beta-2023-12-22-x86_64-unknown-linux-gnu/lib/rustlib/x86_64-unknown-linux-gnu/lib/libunwind-aa2ae0b0a9d11533.rlib" "/opt/rustwide/rustup-home/toolchains/beta-2023-12-22-x86_64-unknown-linux-gnu/lib/rustlib/x86_64-unknown-linux-gnu/lib/libcfg_if-23874e15830ed336.rlib" "/opt/rustwide/rustup-home/toolchains/beta-2023-12-22-x86_64-unknown-linux-gnu/lib/rustlib/x86_64-unknown-linux-gnu/lib/liblibc-e47cddc003bce885.rlib" "/opt/rustwide/rustup-home/toolchains/beta-2023-12-22-x86_64-unknown-linux-gnu/lib/rustlib/x86_64-unknown-linux-gnu/lib/liballoc-c22b13b48a8f128e.rlib" "/opt/rustwide/rustup-home/toolchains/beta-2023-12-22-x86_64-unknown-linux-gnu/lib/rustlib/x86_64-unknown-linux-gnu/lib/librustc_std_workspace_core-e46bc3da6d7c462f.rlib" "/opt/rustwide/rustup-home/toolchains/beta-2023-12-22-x86_64-unknown-linux-gnu/lib/rustlib/x86_64-unknown-linux-gnu/lib/libcore-8d1ac131d3cb2645.rlib" "/opt/rustwide/rustup-home/toolchains/beta-2023-12-22-x86_64-unknown-linux-gnu/lib/rustlib/x86_64-unknown-linux-gnu/lib/libcompiler_builtins-a1b43df8c6899c1f.rlib" "-Wl,-Bdynamic" "-lseccomp" "-lzmq" "-lsodium" "-lgcc_s" "-lutil" "-lrt" "-lpthread" "-lm" "-ldl" "-lc" "-Wl,--eh-frame-hdr" "-Wl,-z,noexecstack" "-L" "/opt/rustwide/rustup-home/toolchains/beta-2023-12-22-x86_64-unknown-linux-gnu/lib/rustlib/x86_64-unknown-linux-gnu/lib" "-o" "/opt/rustwide/target/debug/deps/tr1pd-d0cc4130611ba327" "-Wl,--gc-sections" "-pie" "-Wl,-z,relro,-z,now" "-nodefaultlibs"
[INFO] [stdout]   = note: /usr/bin/ld: cannot find -lseccomp: No such file or directory
[INFO] [stdout]           collect2: error: ld returned 1 exit status
[INFO] [stdout]           
[INFO] [stdout] 
[INFO] [stdout] 
[INFO] [stdout] error: aborting due to 1 previous error
[INFO] [stdout] 
[INFO] [stdout] 
[INFO] [stderr] error: could not compile `tr1pd` (bin "tr1pd") due to 2 previous errors
[INFO] [stderr] warning: build failed, waiting for other jobs to finish...
[INFO] [stdout] error: linking with `cc` failed: exit status: 1
[INFO] [stdout]   |
[INFO] [stdout]   = note: LC_ALL="C" PATH="/opt/rustwide/rustup-home/toolchains/beta-2023-12-22-x86_64-unknown-linux-gnu/lib/rustlib/x86_64-unknown-linux-gnu/bin:/opt/rustwide/cargo-home/bin:/usr/local/sbin:/usr/local/bin:/usr/sbin:/usr/bin:/sbin:/bin" VSLANG="1033" "cc" "-m64" "/tmp/rustcRwmEDi/symbols.o" "/opt/rustwide/target/debug/deps/tr1pctl-82d7cd57c9670c06.tr1pctl.aa6673459d01025c-cgu.0.rcgu.o" "/opt/rustwide/target/debug/deps/tr1pctl-82d7cd57c9670c06.tr1pctl.aa6673459d01025c-cgu.1.rcgu.o" "/opt/rustwide/target/debug/deps/tr1pctl-82d7cd57c9670c06.tr1pctl.aa6673459d01025c-cgu.2.rcgu.o" "/opt/rustwide/target/debug/deps/tr1pctl-82d7cd57c9670c06.tr1pctl.aa6673459d01025c-cgu.3.rcgu.o" "/opt/rustwide/target/debug/deps/tr1pctl-82d7cd57c9670c06.tr1pctl.aa6673459d01025c-cgu.4.rcgu.o" "/opt/rustwide/target/debug/deps/tr1pctl-82d7cd57c9670c06.tr1pctl.aa6673459d01025c-cgu.5.rcgu.o" "/opt/rustwide/target/debug/deps/tr1pctl-82d7cd57c9670c06.tr1pctl.aa6673459d01025c-cgu.6.rcgu.o" "/opt/rustwide/target/debug/deps/tr1pctl-82d7cd57c9670c06.tr1pctl.aa6673459d01025c-cgu.7.rcgu.o" "/opt/rustwide/target/debug/deps/tr1pctl-82d7cd57c9670c06.tr1pctl.aa6673459d01025c-cgu.8.rcgu.o" "/opt/rustwide/target/debug/deps/tr1pctl-82d7cd57c9670c06.1hypqcppderia5h8.rcgu.o" "-Wl,--as-needed" "-L" "/opt/rustwide/target/debug/deps" "-L" "/usr/lib/x86_64-linux-gnu" "-L" "/usr/lib/x86_64-linux-gnu" "-L" "/opt/rustwide/rustup-home/toolchains/beta-2023-12-22-x86_64-unknown-linux-gnu/lib/rustlib/x86_64-unknown-linux-gnu/lib" "-Wl,-Bstatic" "/opt/rustwide/target/debug/deps/libcolored-4c4ff48bff30aed2.rlib" "/opt/rustwide/target/debug/deps/liblazy_static-efa3519517df6cf0.rlib" "/opt/rustwide/target/debug/deps/libis_terminal-25ed8cbdd2c1b7c9.rlib" "/opt/rustwide/target/debug/deps/librustix-56ddd75e921eb33b.rlib" "/opt/rustwide/target/debug/deps/libbitflags-52f05aea2267c407.rlib" "/opt/rustwide/target/debug/deps/liblinux_raw_sys-5bf670d0b82b06d1.rlib" "/opt/rustwide/target/debug/deps/libenv_logger-a4c4c45dc14b1d83.rlib" "/opt/rustwide/target/debug/deps/libregex-6b2e15812834269a.rlib" "/opt/rustwide/target/debug/deps/libregex_automata-18e9b4bafe25d656.rlib" "/opt/rustwide/target/debug/deps/libaho_corasick-0efee17d6ff570a3.rlib" "/opt/rustwide/target/debug/deps/libregex_syntax-2fba322c2516c6a3.rlib" "/opt/rustwide/target/debug/deps/libhumantime-ece634daf940afa5.rlib" "/opt/rustwide/target/debug/deps/libquick_error-4f8a11f127df9c4f.rlib" "/opt/rustwide/target/debug/deps/libtermcolor-35be6d70e8358f35.rlib" "/opt/rustwide/target/debug/deps/libtr1pd-6e2f3d48f3d4c250.rlib" "/opt/rustwide/target/debug/deps/libnom-433c1615732b570c.rlib" "/opt/rustwide/target/debug/deps/libmemchr-88b9af69aa134d3f.rlib" "/opt/rustwide/target/debug/deps/libcaps-572d9df0582d741b.rlib" "/opt/rustwide/target/debug/deps/liberrno-9b641a55e3ada60f.rlib" "/opt/rustwide/target/debug/deps/liberror_chain-c1956204235dbeeb.rlib" "/opt/rustwide/target/debug/deps/libbacktrace-e9748172c9a87403.rlib" "/opt/rustwide/target/debug/deps/libminiz_oxide-612aa2003885fc91.rlib" "/opt/rustwide/target/debug/deps/libadler-eba61f23bb3cdb48.rlib" "/opt/rustwide/target/debug/deps/libobject-69075e3e5406539d.rlib" "/opt/rustwide/target/debug/deps/libmemchr-14a47255884553ca.rlib" "/opt/rustwide/target/debug/deps/libaddr2line-21893705b0d8abc8.rlib" "/opt/rustwide/target/debug/deps/libgimli-f171d86691d4b49e.rlib" "/opt/rustwide/target/debug/deps/libcfg_if-e7002d307f97bc56.rlib" "/opt/rustwide/target/debug/deps/librustc_demangle-880659badff80dc2.rlib" "/opt/rustwide/target/debug/deps/libseccomp_sys-d6ae8a17a153c8ee.rlib" "/opt/rustwide/target/debug/deps/libhuman_size-b02fe50b49428c32.rlib" "/opt/rustwide/target/debug/deps/libtoml-b9c5970e2b1dd235.rlib" "/opt/rustwide/target/debug/deps/libzmq-700c54594dbfdb58.rlib" "/opt/rustwide/target/debug/deps/libzmq_sys-57160daad56ebfec.rlib" "/opt/rustwide/target/debug/deps/liblog-2cf4a51dfa4e790a.rlib" "/opt/rustwide/target/debug/deps/libserde_json-4c7675d40885eab7.rlib" "/opt/rustwide/target/debug/deps/libryu-4b03a7708da1319d.rlib" "/opt/rustwide/target/debug/deps/libitoa-34968a9f29c36fec.rlib" "/opt/rustwide/target/debug/deps/libclap-23f80e89f17e7e38.rlib" "/opt/rustwide/target/debug/deps/libvec_map-5b55b3a0782d93d8.rlib" "/opt/rustwide/target/debug/deps/libtextwrap-098e3ca032784738.rlib" "/opt/rustwide/target/debug/deps/libunicode_width-0ea374cdbf7c3a56.rlib" "/opt/rustwide/target/debug/deps/libstrsim-3564df42f0a90568.rlib" "/opt/rustwide/target/debug/deps/libbitflags-85e13ed1e0c6d910.rlib" "/opt/rustwide/target/debug/deps/libatty-436b7e266025bd5b.rlib" "/opt/rustwide/target/debug/deps/libansi_term-f435e404af61098a.rlib" "/opt/rustwide/target/debug/deps/libsha3-48e9d25efa0eab3c.rlib" "/opt/rustwide/target/debug/deps/libblock_buffer-5fd6021980aee8b2.rlib" "/opt/rustwide/target/debug/deps/libarrayref-8957ff1d73700ff2.rlib" "/opt/rustwide/target/debug/deps/libkeccak-83beb19d573fbfa7.rlib" "/opt/rustwide/target/debug/deps/libdigest-d6a20165d128c5a5.rlib" "/opt/rustwide/target/debug/deps/libgeneric_array-941a9f7733d61752.rlib" "/opt/rustwide/target/debug/deps/libtypenum-b40ba058056b0bf8.rlib" "/opt/rustwide/target/debug/deps/libbyte_tools-da4ab0e984c00beb.rlib" "/opt/rustwide/target/debug/deps/libsodiumoxide-b20b746a4e9be598.rlib" "/opt/rustwide/target/debug/deps/libserde-43396d81f5c62e04.rlib" "/opt/rustwide/target/debug/deps/liblibsodium_sys-efa2df6f3c68914a.rlib" "/opt/rustwide/target/debug/deps/liblibc-93db4b806aea6eec.rlib" "/opt/rustwide/rustup-home/toolchains/beta-2023-12-22-x86_64-unknown-linux-gnu/lib/rustlib/x86_64-unknown-linux-gnu/lib/libstd-0672489a78b613de.rlib" "/opt/rustwide/rustup-home/toolchains/beta-2023-12-22-x86_64-unknown-linux-gnu/lib/rustlib/x86_64-unknown-linux-gnu/lib/libpanic_unwind-7eb3ffc34a49f675.rlib" "/opt/rustwide/rustup-home/toolchains/beta-2023-12-22-x86_64-unknown-linux-gnu/lib/rustlib/x86_64-unknown-linux-gnu/lib/libobject-6478a9daa4bee8e2.rlib" "/opt/rustwide/rustup-home/toolchains/beta-2023-12-22-x86_64-unknown-linux-gnu/lib/rustlib/x86_64-unknown-linux-gnu/lib/libmemchr-0c75d871a5c3923d.rlib" "/opt/rustwide/rustup-home/toolchains/beta-2023-12-22-x86_64-unknown-linux-gnu/lib/rustlib/x86_64-unknown-linux-gnu/lib/libaddr2line-d163ef63ad37bb71.rlib" "/opt/rustwide/rustup-home/toolchains/beta-2023-12-22-x86_64-unknown-linux-gnu/lib/rustlib/x86_64-unknown-linux-gnu/lib/libgimli-8a3fd810a85b9f4c.rlib" "/opt/rustwide/rustup-home/toolchains/beta-2023-12-22-x86_64-unknown-linux-gnu/lib/rustlib/x86_64-unknown-linux-gnu/lib/librustc_demangle-462a2cde8c5dfc10.rlib" "/opt/rustwide/rustup-home/toolchains/beta-2023-12-22-x86_64-unknown-linux-gnu/lib/rustlib/x86_64-unknown-linux-gnu/lib/libstd_detect-cb06ac9f54713f71.rlib" "/opt/rustwide/rustup-home/toolchains/beta-2023-12-22-x86_64-unknown-linux-gnu/lib/rustlib/x86_64-unknown-linux-gnu/lib/libhashbrown-f20bfd1f8e59b393.rlib" "/opt/rustwide/rustup-home/toolchains/beta-2023-12-22-x86_64-unknown-linux-gnu/lib/rustlib/x86_64-unknown-linux-gnu/lib/librustc_std_workspace_alloc-1ef460949b49da4b.rlib" "/opt/rustwide/rustup-home/toolchains/beta-2023-12-22-x86_64-unknown-linux-gnu/lib/rustlib/x86_64-unknown-linux-gnu/lib/libminiz_oxide-2cb0c0ffe4f87514.rlib" "/opt/rustwide/rustup-home/toolchains/beta-2023-12-22-x86_64-unknown-linux-gnu/lib/rustlib/x86_64-unknown-linux-gnu/lib/libadler-58d841eb322a11a2.rlib" "/opt/rustwide/rustup-home/toolchains/beta-2023-12-22-x86_64-unknown-linux-gnu/lib/rustlib/x86_64-unknown-linux-gnu/lib/libunwind-aa2ae0b0a9d11533.rlib" "/opt/rustwide/rustup-home/toolchains/beta-2023-12-22-x86_64-unknown-linux-gnu/lib/rustlib/x86_64-unknown-linux-gnu/lib/libcfg_if-23874e15830ed336.rlib" "/opt/rustwide/rustup-home/toolchains/beta-2023-12-22-x86_64-unknown-linux-gnu/lib/rustlib/x86_64-unknown-linux-gnu/lib/liblibc-e47cddc003bce885.rlib" "/opt/rustwide/rustup-home/toolchains/beta-2023-12-22-x86_64-unknown-linux-gnu/lib/rustlib/x86_64-unknown-linux-gnu/lib/liballoc-c22b13b48a8f128e.rlib" "/opt/rustwide/rustup-home/toolchains/beta-2023-12-22-x86_64-unknown-linux-gnu/lib/rustlib/x86_64-unknown-linux-gnu/lib/librustc_std_workspace_core-e46bc3da6d7c462f.rlib" "/opt/rustwide/rustup-home/toolchains/beta-2023-12-22-x86_64-unknown-linux-gnu/lib/rustlib/x86_64-unknown-linux-gnu/lib/libcore-8d1ac131d3cb2645.rlib" "/opt/rustwide/rustup-home/toolchains/beta-2023-12-22-x86_64-unknown-linux-gnu/lib/rustlib/x86_64-unknown-linux-gnu/lib/libcompiler_builtins-a1b43df8c6899c1f.rlib" "-Wl,-Bdynamic" "-lseccomp" "-lzmq" "-lsodium" "-lgcc_s" "-lutil" "-lrt" "-lpthread" "-lm" "-ldl" "-lc" "-Wl,--eh-frame-hdr" "-Wl,-z,noexecstack" "-L" "/opt/rustwide/rustup-home/toolchains/beta-2023-12-22-x86_64-unknown-linux-gnu/lib/rustlib/x86_64-unknown-linux-gnu/lib" "-o" "/opt/rustwide/target/debug/deps/tr1pctl-82d7cd57c9670c06" "-Wl,--gc-sections" "-pie" "-Wl,-z,relro,-z,now" "-nodefaultlibs"
[INFO] [stdout]   = note: /usr/bin/ld: cannot find -lseccomp: No such file or directory
[INFO] [stdout]           collect2: error: ld returned 1 exit status
[INFO] [stdout]           
[INFO] [stdout] 
[INFO] [stdout] 
[INFO] [stdout] error: aborting due to 1 previous error
[INFO] [stdout] 
[INFO] [stdout] 
[INFO] [stderr] error: could not compile `tr1pd` (bin "tr1pctl") due to 2 previous errors
[INFO] running `Command { std: "docker" "inspect" "276efce7dd66db8f878bace2f8fcb96b71edc7e9128d994983d53500f41f4de2", kill_on_drop: false }`
[INFO] running `Command { std: "docker" "rm" "-f" "276efce7dd66db8f878bace2f8fcb96b71edc7e9128d994983d53500f41f4de2", kill_on_drop: false }`
[INFO] [stdout] 276efce7dd66db8f878bace2f8fcb96b71edc7e9128d994983d53500f41f4de2
