[INFO] fetching crate tp-state-machine 2.1.2...
[INFO] testing tp-state-machine-2.1.2 against 1.75.0 for beta-1.76-1
[INFO] extracting crate tp-state-machine 2.1.2 into /workspace/builds/worker-6-tc1/source
[INFO] validating manifest of crates.io crate tp-state-machine 2.1.2 on toolchain 1.75.0
[INFO] running `Command { std: CARGO_HOME="/workspace/cargo-home" RUSTUP_HOME="/workspace/rustup-home" "/workspace/cargo-home/bin/cargo" "+1.75.0" "metadata" "--manifest-path" "Cargo.toml" "--no-deps", kill_on_drop: false }`
[INFO] started tweaking crates.io crate tp-state-machine 2.1.2
[INFO] finished tweaking crates.io crate tp-state-machine 2.1.2
[INFO] tweaked toml for crates.io crate tp-state-machine 2.1.2 written to /workspace/builds/worker-6-tc1/source/Cargo.toml
[INFO] running `Command { std: CARGO_HOME="/workspace/cargo-home" RUSTUP_HOME="/workspace/rustup-home" "/workspace/cargo-home/bin/cargo" "+1.75.0" "generate-lockfile" "--manifest-path" "Cargo.toml", kill_on_drop: false }`
[INFO] [stderr]     Updating crates.io index
[INFO] running `Command { std: CARGO_HOME="/workspace/cargo-home" RUSTUP_HOME="/workspace/rustup-home" "/workspace/cargo-home/bin/cargo" "+1.75.0" "fetch" "--manifest-path" "Cargo.toml", kill_on_drop: false }`
[INFO] [stderr]  Downloading crates ...
[INFO] [stderr]   Downloaded hex-literal v0.3.4
[INFO] [stderr]   Downloaded tracing-serde v0.1.3
[INFO] [stderr]   Downloaded tetcore-wasm-interface v2.1.2
[INFO] [stderr]   Downloaded tet-core v2.1.2
[INFO] [stderr]   Downloaded ref-cast-impl v1.0.22
[INFO] [stderr]   Downloaded tetsy-impl-codec v0.5.1
[INFO] [stderr]   Downloaded externalities v2.1.2
[INFO] [stderr]   Downloaded ref-cast v1.0.22
[INFO] [stderr]   Downloaded panic-handler v2.1.2
[INFO] [stderr]   Downloaded tetsy-impl-serde v0.3.2
[INFO] [stderr]   Downloaded tp-trie v2.1.2
[INFO] [stderr]   Downloaded tp-runtime-interface v2.1.2
[INFO] [stderr]   Downloaded tetsy-fixed-hash v0.7.1
[INFO] [stderr]   Downloaded difference v2.0.0
[INFO] [stderr]   Downloaded curve25519-dalek v2.1.3
[INFO] [stderr]   Downloaded keccak v0.1.4
[INFO] [stderr]   Downloaded twox-hash v1.6.3
[INFO] [stderr]   Downloaded pretty_assertions v0.6.1
[INFO] [stderr]   Downloaded impl-serde v0.3.2
[INFO] [stderr]   Downloaded tracing-log v0.1.4
[INFO] [stderr]   Downloaded environ v1.1.3
[INFO] [stderr]   Downloaded tiny-bip39 v0.8.2
[INFO] [stderr]   Downloaded tetcore-storage v2.1.2
[INFO] [stderr]   Downloaded tetcore-tracing v2.1.2
[INFO] [stderr]   Downloaded uint-crate v0.9.1
[INFO] [stderr]   Downloaded tetsy-primitive-types v0.9.1
[INFO] [stderr]   Downloaded tp-runtime-interface-proc-macro v2.1.2
[INFO] [stderr]   Downloaded output_vt100 v0.1.3
[INFO] [stderr]   Downloaded tetcore-std v2.1.2
[INFO] [stderr]   Downloaded debug-derive v2.1.2
[INFO] [stderr]   Downloaded sharded-slab v0.1.7
[INFO] running `Command { std: "docker" "create" "-v" "/var/lib/crater-agent-workspace/builds/worker-6-tc1/target:/opt/rustwide/target:rw,Z" "-v" "/var/lib/crater-agent-workspace/builds/worker-6-tc1/source:/opt/rustwide/workdir:ro,Z" "-v" "/var/lib/crater-agent-workspace/cargo-home:/opt/rustwide/cargo-home:ro,Z" "-v" "/var/lib/crater-agent-workspace/rustup-home:/opt/rustwide/rustup-home:ro,Z" "-e" "SOURCE_DIR=/opt/rustwide/workdir" "-e" "CARGO_TARGET_DIR=/opt/rustwide/target" "-e" "CARGO_HOME=/opt/rustwide/cargo-home" "-e" "RUSTUP_HOME=/opt/rustwide/rustup-home" "-w" "/opt/rustwide/workdir" "-m" "1610612736" "--user" "0:0" "--network" "none" "ghcr.io/rust-lang/crates-build-env/linux@sha256:2788e3201cd34a07e3172128adcd8b3090168a8e3bcc40d7c032b9dda1df7d1c" "/opt/rustwide/cargo-home/bin/cargo" "+1.75.0" "metadata" "--no-deps" "--format-version=1", kill_on_drop: false }`
[INFO] [stdout] fad1bf16f6c35fc82219c390520a4db70772f4790e20c7390038951cbc69b620
[INFO] running `Command { std: "docker" "start" "-a" "fad1bf16f6c35fc82219c390520a4db70772f4790e20c7390038951cbc69b620", kill_on_drop: false }`
[INFO] running `Command { std: "docker" "inspect" "fad1bf16f6c35fc82219c390520a4db70772f4790e20c7390038951cbc69b620", kill_on_drop: false }`
[INFO] running `Command { std: "docker" "rm" "-f" "fad1bf16f6c35fc82219c390520a4db70772f4790e20c7390038951cbc69b620", kill_on_drop: false }`
[INFO] [stdout] fad1bf16f6c35fc82219c390520a4db70772f4790e20c7390038951cbc69b620
[INFO] running `Command { std: "docker" "create" "-v" "/var/lib/crater-agent-workspace/builds/worker-6-tc1/target:/opt/rustwide/target:rw,Z" "-v" "/var/lib/crater-agent-workspace/builds/worker-6-tc1/source:/opt/rustwide/workdir:ro,Z" "-v" "/var/lib/crater-agent-workspace/cargo-home:/opt/rustwide/cargo-home:ro,Z" "-v" "/var/lib/crater-agent-workspace/rustup-home:/opt/rustwide/rustup-home:ro,Z" "-e" "SOURCE_DIR=/opt/rustwide/workdir" "-e" "CARGO_TARGET_DIR=/opt/rustwide/target" "-e" "CARGO_INCREMENTAL=0" "-e" "RUST_BACKTRACE=full" "-e" "RUSTFLAGS=--cap-lints=warn" "-e" "RUSTDOCFLAGS=--cap-lints=warn" "-e" "CARGO_HOME=/opt/rustwide/cargo-home" "-e" "RUSTUP_HOME=/opt/rustwide/rustup-home" "-w" "/opt/rustwide/workdir" "-m" "1610612736" "--user" "0:0" "--network" "none" "ghcr.io/rust-lang/crates-build-env/linux@sha256:2788e3201cd34a07e3172128adcd8b3090168a8e3bcc40d7c032b9dda1df7d1c" "/opt/rustwide/cargo-home/bin/cargo" "+1.75.0" "build" "--frozen" "--message-format=json", kill_on_drop: false }`
[INFO] [stdout] 398f92dd3e2538e639919b77262311035e870a25f1b9838d7d05eb63988d5018
[INFO] running `Command { std: "docker" "start" "-a" "398f92dd3e2538e639919b77262311035e870a25f1b9838d7d05eb63988d5018", kill_on_drop: false }`
[INFO] [stderr]    Compiling serde v1.0.194
[INFO] [stderr]    Compiling byteorder v1.5.0
[INFO] [stderr]    Compiling getrandom v0.1.16
[INFO] [stderr]    Compiling memchr v2.7.1
[INFO] [stderr]    Compiling generic-array v0.14.7
[INFO] [stderr]    Compiling num-traits v0.2.17
[INFO] [stderr]    Compiling subtle v2.5.0
[INFO] [stderr]    Compiling crunchy v0.2.2
[INFO] [stderr]    Compiling once_cell v1.19.0
[INFO] [stderr]    Compiling num-integer v0.1.45
[INFO] [stderr]    Compiling syn v2.0.48
[INFO] [stderr]    Compiling generic-array v0.12.4
[INFO] [stderr]    Compiling getrandom v0.2.11
[INFO] [stderr]    Compiling regex-syntax v0.8.2
[INFO] [stderr]    Compiling num-bigint v0.2.6
[INFO] [stderr]    Compiling byte-tools v0.3.1
[INFO] [stderr]    Compiling rustc-hex v2.1.0
[INFO] [stderr]    Compiling rand_core v0.6.4
[INFO] [stderr]    Compiling tracing-core v0.1.32
[INFO] [stderr]    Compiling subtle v1.0.0
[INFO] [stderr]    Compiling block-padding v0.1.5
[INFO] [stderr]    Compiling num-rational v0.2.4
[INFO] [stderr]    Compiling ref-cast v1.0.22
[INFO] [stderr]    Compiling hex v0.4.3
[INFO] [stderr]    Compiling tetcore-std v2.1.2
[INFO] [stderr]    Compiling rand_chacha v0.3.1
[INFO] [stderr]    Compiling digest v0.8.1
[INFO] [stderr]    Compiling crypto-mac v0.7.0
[INFO] [stderr]    Compiling rand_core v0.5.1
[INFO] [stderr]    Compiling block-buffer v0.7.3
[INFO] [stderr]    Compiling opaque-debug v0.2.3
[INFO] [stderr]    Compiling tetsy-wasm v0.41.0
[INFO] [stderr]    Compiling futures-core v0.3.30
[INFO] [stderr]    Compiling iana-time-zone v0.1.59
[INFO] [stderr]    Compiling fake-simd v0.1.2
[INFO] [stderr]    Compiling futures-sink v0.3.30
[INFO] [stderr]    Compiling rand v0.8.5
[INFO] [stderr]    Compiling aho-corasick v1.1.2
[INFO] [stderr]    Compiling rand_pcg v0.2.1
[INFO] [stderr]    Compiling rand_chacha v0.2.2
[INFO] [stderr]    Compiling uint-crate v0.9.1
[INFO] [stderr]    Compiling tracing-log v0.1.4
[INFO] [stderr]    Compiling tracing v0.1.40
[INFO] [stderr]    Compiling futures-channel v0.3.30
[INFO] [stderr]    Compiling sha2 v0.8.2
[INFO] [stderr]    Compiling digest v0.9.0
[INFO] [stderr]    Compiling rand v0.7.3
[INFO] [stderr]    Compiling crypto-mac v0.8.0
[INFO] [stderr]    Compiling block-buffer v0.9.0
[INFO] [stderr]    Compiling matchers v0.0.1
[INFO] [stderr]    Compiling hmac v0.7.1
[INFO] [stderr]    Compiling sharded-slab v0.1.7
[INFO] [stderr]    Compiling thread_local v1.1.7
[INFO] [stderr]    Compiling debug-derive v2.1.2
[INFO] [stderr]    Compiling downcast-rs v1.2.0
[INFO] [stderr]    Compiling futures-io v0.3.30
[INFO] [stderr]    Compiling memory_units v0.3.0
[INFO] [stderr]    Compiling keccak v0.1.4
[INFO] [stderr]    Compiling arrayvec v0.4.12
[INFO] [stderr]    Compiling thiserror v1.0.56
[INFO] [stderr]    Compiling tetsy-fixed-hash v0.7.1
[INFO] [stderr]    Compiling futures-task v0.3.30
[INFO] [stderr]    Compiling cpufeatures v0.2.12
[INFO] [stderr]    Compiling tetsy-util-mem v0.9.1
[INFO] [stderr]    Compiling tetsy-hash-db v0.15.3
[INFO] [stderr]    Compiling anyhow v1.0.79
[INFO] [stderr]    Compiling sha2 v0.9.9
[INFO] [stderr]    Compiling cc v1.0.83
[INFO] [stderr]    Compiling num_cpus v1.16.0
[INFO] [stderr]    Compiling nodrop v0.1.14
[INFO] [stderr]    Compiling environ v1.1.3
[INFO] [stderr]    Compiling signature v1.6.4
[INFO] [stderr]    Compiling twasmi-validation v0.3.0
[INFO] [stderr]    Compiling chrono v0.4.31
[INFO] [stderr]    Compiling ed25519 v1.5.3
[INFO] [stderr]    Compiling unicode-normalization v0.1.22
[INFO] [stderr]    Compiling hmac-drbg v0.2.0
[INFO] [stderr]    Compiling hmac v0.8.1
[INFO] [stderr]    Compiling pbkdf2 v0.4.0
[INFO] [stderr]    Compiling pbkdf2 v0.3.0
[INFO] [stderr]    Compiling dyn-clonable-impl v0.9.0
[INFO] [stderr]    Compiling rustc-hash v1.1.0
[INFO] [stderr]    Compiling dyn-clone v1.0.16
[INFO] [stderr]    Compiling adler v1.0.2
[INFO] [stderr]    Compiling regex-automata v0.4.3
[INFO] [stderr]    Compiling gimli v0.28.1
[INFO] [stderr]    Compiling miniz_oxide v0.7.1
[INFO] [stderr]    Compiling blake2-rfc v0.2.18
[INFO] [stderr]    Compiling libsecp256k1 v0.3.5
[INFO] [stderr]    Compiling tiny-keccak v2.0.2
[INFO] [stderr]    Compiling twox-hash v1.6.3
[INFO] [stderr]    Compiling object v0.32.2
[INFO] [stderr]    Compiling tetsy-hash256-std-hasher v0.15.3
[INFO] [stderr]    Compiling base58 v0.1.0
[INFO] [stderr]    Compiling rustc-demangle v0.1.23
[INFO] [stderr]    Compiling tetsy-trie-db v0.22.3
[INFO] [stderr]    Compiling tetsy-trie-root v0.16.1
[INFO] [stderr]    Compiling dyn-clonable v0.9.0
[INFO] [stderr]    Compiling backtrace v0.3.69
[INFO] [stderr]    Compiling twasmi v0.6.2
[INFO] [stderr]    Compiling addr2line v0.21.0
[INFO] [stderr]    Compiling regex v1.10.2
[INFO] [stderr]    Compiling serde_derive v1.0.194
[INFO] [stderr]    Compiling zeroize_derive v1.4.2
[INFO] [stderr]    Compiling ref-cast-impl v1.0.22
[INFO] [stderr]    Compiling futures-macro v0.3.30
[INFO] [stderr]    Compiling thiserror-impl v1.0.56
[INFO] [stderr]    Compiling Inflector v0.11.4
[INFO] [stderr]    Compiling zeroize v1.3.0
[INFO] [stderr]    Compiling curve25519-dalek v2.1.3
[INFO] [stderr]    Compiling merlin v2.0.1
[INFO] [stderr]    Compiling curve25519-dalek v3.2.1
[INFO] [stderr]    Compiling secrecy v0.7.0
[INFO] [stderr]    Compiling panic-handler v2.1.2
[INFO] [stderr]    Compiling futures-util v0.3.30
[INFO] [stderr]    Compiling tiny-bip39 v0.8.2
[INFO] [stderr]    Compiling futures-executor v0.3.30
[INFO] [stderr]    Compiling futures v0.3.30
[INFO] [stderr]    Compiling toml v0.5.11
[INFO] [stderr]    Compiling tetsy-impl-serde v0.3.2
[INFO] [stderr]    Compiling tracing-serde v0.1.3
[INFO] [stderr]    Compiling impl-serde v0.3.2
[INFO] [stderr]    Compiling serde_json v1.0.111
[INFO] [stderr]    Compiling schnorrkel v0.9.1
[INFO] [stderr]    Compiling ed25519-dalek v1.0.1
[INFO] [stderr]    Compiling tetcore-bip39 v0.4.2
[INFO] [stderr]    Compiling proc-macro-crate v0.1.5
[INFO] [stderr]    Compiling tracing-subscriber v0.2.25
[INFO] [stderr]    Compiling tetsy-scale-codec-derive v2.0.1
[INFO] [stderr]    Compiling tp-runtime-interface-proc-macro v2.1.2
[INFO] [stderr]    Compiling tetsy-scale-codec v2.0.1
[INFO] [stderr]    Compiling tetsy-impl-codec v0.5.1
[INFO] [stderr]    Compiling tetcore-storage v2.1.2
[INFO] [stderr]    Compiling tetcore-tracing v2.1.2
[INFO] [stderr]    Compiling tetcore-wasm-interface v2.1.2
[INFO] [stderr]    Compiling tetsy-primitive-types v0.9.1
[INFO] [stderr]    Compiling externalities v2.1.2
[INFO] [stderr]    Compiling tp-runtime-interface v2.1.2
[INFO] [stderr]    Compiling tetsy-memory-db v0.26.0
[INFO] [stderr]    Compiling tet-core v2.1.2
[INFO] [stderr]    Compiling tp-trie v2.1.2
[INFO] [stderr]    Compiling tp-state-machine v2.1.2 (/opt/rustwide/workdir)
[INFO] [stdout] warning: unused import: `CachedBuildData`
[INFO] [stdout]   --> src/changes_trie/mod.rs:61:41
[INFO] [stdout]    |
[INFO] [stdout] 61 | pub use self::build_cache::{BuildCache, CachedBuildData, CacheAction};
[INFO] [stdout]    |                                         ^^^^^^^^^^^^^^^
[INFO] [stdout]    |
[INFO] [stdout]    = note: `#[warn(unused_imports)]` on by default
[INFO] [stdout] 
[INFO] [stdout] 
[INFO] [stdout] warning: unused imports: `Error`, `ExecutionError`
[INFO] [stdout]    --> src/lib.rs:165:25
[INFO] [stdout]     |
[INFO] [stdout] 165 |     pub use crate::error::{Error, ExecutionError};
[INFO] [stdout]     |                            ^^^^^  ^^^^^^^^^^^^^^
[INFO] [stdout] 
[INFO] [stdout] 
[INFO] [stdout] warning: 2 warnings emitted
[INFO] [stdout] 
[INFO] [stdout] 
[INFO] [stderr]     Finished dev [unoptimized + debuginfo] target(s) in 20.52s
[INFO] running `Command { std: "docker" "inspect" "398f92dd3e2538e639919b77262311035e870a25f1b9838d7d05eb63988d5018", kill_on_drop: false }`
[INFO] running `Command { std: "docker" "rm" "-f" "398f92dd3e2538e639919b77262311035e870a25f1b9838d7d05eb63988d5018", kill_on_drop: false }`
[INFO] [stdout] 398f92dd3e2538e639919b77262311035e870a25f1b9838d7d05eb63988d5018
[INFO] running `Command { std: "docker" "create" "-v" "/var/lib/crater-agent-workspace/builds/worker-6-tc1/target:/opt/rustwide/target:rw,Z" "-v" "/var/lib/crater-agent-workspace/builds/worker-6-tc1/source:/opt/rustwide/workdir:ro,Z" "-v" "/var/lib/crater-agent-workspace/cargo-home:/opt/rustwide/cargo-home:ro,Z" "-v" "/var/lib/crater-agent-workspace/rustup-home:/opt/rustwide/rustup-home:ro,Z" "-e" "SOURCE_DIR=/opt/rustwide/workdir" "-e" "CARGO_TARGET_DIR=/opt/rustwide/target" "-e" "CARGO_INCREMENTAL=0" "-e" "RUST_BACKTRACE=full" "-e" "RUSTFLAGS=--cap-lints=warn" "-e" "RUSTDOCFLAGS=--cap-lints=warn" "-e" "CARGO_HOME=/opt/rustwide/cargo-home" "-e" "RUSTUP_HOME=/opt/rustwide/rustup-home" "-w" "/opt/rustwide/workdir" "-m" "1610612736" "--user" "0:0" "--network" "none" "ghcr.io/rust-lang/crates-build-env/linux@sha256:2788e3201cd34a07e3172128adcd8b3090168a8e3bcc40d7c032b9dda1df7d1c" "/opt/rustwide/cargo-home/bin/cargo" "+1.75.0" "test" "--frozen" "--no-run" "--message-format=json", kill_on_drop: false }`
[INFO] [stdout] d197eb096e47b91011a0e3c9ad0dfefee707dcb34c8e5fa56c2661d2277bae03
[INFO] running `Command { std: "docker" "start" "-a" "d197eb096e47b91011a0e3c9ad0dfefee707dcb34c8e5fa56c2661d2277bae03", kill_on_drop: false }`
[INFO] [stderr]    Compiling ansi_term v0.11.0
[INFO] [stderr]    Compiling difference v2.0.0
[INFO] [stderr]    Compiling hex-literal v0.3.4
[INFO] [stdout] warning: unused import: `CachedBuildData`
[INFO] [stdout]   --> src/changes_trie/mod.rs:61:41
[INFO] [stdout]    |
[INFO] [stdout] 61 | pub use self::build_cache::{BuildCache, CachedBuildData, CacheAction};
[INFO] [stdout]    |                                         ^^^^^^^^^^^^^^^
[INFO] [stdout]    |
[INFO] [stdout]    = note: `#[warn(unused_imports)]` on by default
[INFO] [stdout] 
[INFO] [stdout] 
[INFO] [stdout] warning: unused imports: `Error`, `ExecutionError`
[INFO] [stdout]    --> src/lib.rs:165:25
[INFO] [stdout]     |
[INFO] [stdout] 165 |     pub use crate::error::{Error, ExecutionError};
[INFO] [stdout]     |                            ^^^^^  ^^^^^^^^^^^^^^
[INFO] [stdout] 
[INFO] [stdout] 
[INFO] [stdout] warning: 2 warnings emitted
[INFO] [stdout] 
[INFO] [stdout] 
[INFO] [stderr]    Compiling pretty_assertions v0.6.1
[INFO] [stderr]    Compiling tp-state-machine v2.1.2 (/opt/rustwide/workdir)
[INFO] [stdout] error[E0433]: failed to resolve: use of undeclared crate or module `tp_runtime`
[INFO] [stdout]    --> src/in_memory_backend.rs:172:6
[INFO] [stdout]     |
[INFO] [stdout] 172 |     use tp_runtime::traits::BlakeTwo256;
[INFO] [stdout]     |         ^^^^^^^^^^ use of undeclared crate or module `tp_runtime`
[INFO] [stdout] 
[INFO] [stdout] 
[INFO] [stdout] error[E0433]: failed to resolve: use of undeclared crate or module `tp_runtime`
[INFO] [stdout]    --> src/changes_trie/changes_iterator.rs:384:6
[INFO] [stdout]     |
[INFO] [stdout] 384 |     use tp_runtime::traits::BlakeTwo256;
[INFO] [stdout]     |         ^^^^^^^^^^ use of undeclared crate or module `tp_runtime`
[INFO] [stdout] 
[INFO] [stdout] 
[INFO] [stdout] error[E0433]: failed to resolve: use of undeclared crate or module `tp_runtime`
[INFO] [stdout]    --> src/changes_trie/prune.rs:122:6
[INFO] [stdout]     |
[INFO] [stdout] 122 |     use tp_runtime::traits::BlakeTwo256;
[INFO] [stdout]     |         ^^^^^^^^^^ use of undeclared crate or module `tp_runtime`
[INFO] [stdout] 
[INFO] [stdout] 
[INFO] [stdout] error[E0433]: failed to resolve: use of undeclared crate or module `tp_runtime`
[INFO] [stdout]    --> src/testing.rs:279:6
[INFO] [stdout]     |
[INFO] [stdout] 279 |     use tp_runtime::traits::BlakeTwo256;
[INFO] [stdout]     |         ^^^^^^^^^^ use of undeclared crate or module `tp_runtime`
[INFO] [stdout] 
[INFO] [stdout] 
[INFO] [stdout] error[E0433]: failed to resolve: use of undeclared crate or module `tp_runtime`
[INFO] [stdout]    --> src/proving_backend.rs:307:6
[INFO] [stdout]     |
[INFO] [stdout] 307 |     use tp_runtime::traits::BlakeTwo256;
[INFO] [stdout]     |         ^^^^^^^^^^ use of undeclared crate or module `tp_runtime`
[INFO] [stdout] 
[INFO] [stdout] 
[INFO] [stdout] error[E0433]: failed to resolve: use of undeclared crate or module `tp_runtime`
[INFO] [stdout]    --> src/trie_backend.rs:256:6
[INFO] [stdout]     |
[INFO] [stdout] 256 |     use tp_runtime::traits::BlakeTwo256;
[INFO] [stdout]     |         ^^^^^^^^^^ use of undeclared crate or module `tp_runtime`
[INFO] [stdout] 
[INFO] [stdout] 
[INFO] [stdout] error[E0433]: failed to resolve: use of undeclared crate or module `tp_runtime`
[INFO] [stdout]    --> src/lib.rs:871:6
[INFO] [stdout]     |
[INFO] [stdout] 871 |     use tp_runtime::traits::BlakeTwo256;
[INFO] [stdout]     |         ^^^^^^^^^^ use of undeclared crate or module `tp_runtime`
[INFO] [stdout] 
[INFO] [stdout] 
[INFO] [stdout] warning: unused import: `CachedBuildData`
[INFO] [stdout]   --> src/changes_trie/mod.rs:61:41
[INFO] [stdout]    |
[INFO] [stdout] 61 | pub use self::build_cache::{BuildCache, CachedBuildData, CacheAction};
[INFO] [stdout]    |                                         ^^^^^^^^^^^^^^^
[INFO] [stdout]    |
[INFO] [stdout]    = note: `#[warn(unused_imports)]` on by default
[INFO] [stdout] 
[INFO] [stdout] 
[INFO] [stdout] warning: unused imports: `Error`, `ExecutionError`
[INFO] [stdout]    --> src/lib.rs:165:25
[INFO] [stdout]     |
[INFO] [stdout] 165 |     pub use crate::error::{Error, ExecutionError};
[INFO] [stdout]     |                            ^^^^^  ^^^^^^^^^^^^^^
[INFO] [stdout] 
[INFO] [stdout] 
[INFO] [stdout] error: aborting due to 7 previous errors; 2 warnings emitted
[INFO] [stdout] 
[INFO] [stdout] 
[INFO] [stdout] For more information about this error, try `rustc --explain E0433`.
[INFO] [stdout] 
[INFO] [stderr] error: could not compile `tp-state-machine` (lib test) due to 8 previous errors; 2 warnings emitted
[INFO] running `Command { std: "docker" "inspect" "d197eb096e47b91011a0e3c9ad0dfefee707dcb34c8e5fa56c2661d2277bae03", kill_on_drop: false }`
[INFO] running `Command { std: "docker" "rm" "-f" "d197eb096e47b91011a0e3c9ad0dfefee707dcb34c8e5fa56c2661d2277bae03", kill_on_drop: false }`
[INFO] [stdout] d197eb096e47b91011a0e3c9ad0dfefee707dcb34c8e5fa56c2661d2277bae03
[INFO] testing tp-state-machine-2.1.2 against beta-2023-12-22 for beta-1.76-1
[INFO] extracting crate tp-state-machine 2.1.2 into /workspace/builds/worker-6-tc2/source
[INFO] validating manifest of crates.io crate tp-state-machine 2.1.2 on toolchain beta-2023-12-22
[INFO] running `Command { std: CARGO_HOME="/workspace/cargo-home" RUSTUP_HOME="/workspace/rustup-home" "/workspace/cargo-home/bin/cargo" "+beta-2023-12-22" "metadata" "--manifest-path" "Cargo.toml" "--no-deps", kill_on_drop: false }`
[INFO] started tweaking crates.io crate tp-state-machine 2.1.2
[INFO] finished tweaking crates.io crate tp-state-machine 2.1.2
[INFO] tweaked toml for crates.io crate tp-state-machine 2.1.2 written to /workspace/builds/worker-6-tc2/source/Cargo.toml
[INFO] running `Command { std: CARGO_HOME="/workspace/cargo-home" RUSTUP_HOME="/workspace/rustup-home" "/workspace/cargo-home/bin/cargo" "+beta-2023-12-22" "generate-lockfile" "--manifest-path" "Cargo.toml", kill_on_drop: false }`
[INFO] [stderr]     Updating crates.io index
[INFO] running `Command { std: CARGO_HOME="/workspace/cargo-home" RUSTUP_HOME="/workspace/rustup-home" "/workspace/cargo-home/bin/cargo" "+beta-2023-12-22" "fetch" "--manifest-path" "Cargo.toml", kill_on_drop: false }`
[INFO] running `Command { std: "docker" "create" "-v" "/var/lib/crater-agent-workspace/builds/worker-6-tc2/target:/opt/rustwide/target:rw,Z" "-v" "/var/lib/crater-agent-workspace/builds/worker-6-tc2/source:/opt/rustwide/workdir:ro,Z" "-v" "/var/lib/crater-agent-workspace/cargo-home:/opt/rustwide/cargo-home:ro,Z" "-v" "/var/lib/crater-agent-workspace/rustup-home:/opt/rustwide/rustup-home:ro,Z" "-e" "SOURCE_DIR=/opt/rustwide/workdir" "-e" "CARGO_TARGET_DIR=/opt/rustwide/target" "-e" "CARGO_HOME=/opt/rustwide/cargo-home" "-e" "RUSTUP_HOME=/opt/rustwide/rustup-home" "-w" "/opt/rustwide/workdir" "-m" "1610612736" "--user" "0:0" "--network" "none" "ghcr.io/rust-lang/crates-build-env/linux@sha256:2788e3201cd34a07e3172128adcd8b3090168a8e3bcc40d7c032b9dda1df7d1c" "/opt/rustwide/cargo-home/bin/cargo" "+beta-2023-12-22" "metadata" "--no-deps" "--format-version=1", kill_on_drop: false }`
[INFO] [stdout] 62fb60423a60f9cccbb9b51c70550806b63e6039b4d97a0e3e8732ebe8e53f49
[INFO] running `Command { std: "docker" "start" "-a" "62fb60423a60f9cccbb9b51c70550806b63e6039b4d97a0e3e8732ebe8e53f49", kill_on_drop: false }`
[INFO] running `Command { std: "docker" "inspect" "62fb60423a60f9cccbb9b51c70550806b63e6039b4d97a0e3e8732ebe8e53f49", kill_on_drop: false }`
[INFO] running `Command { std: "docker" "rm" "-f" "62fb60423a60f9cccbb9b51c70550806b63e6039b4d97a0e3e8732ebe8e53f49", kill_on_drop: false }`
[INFO] [stdout] 62fb60423a60f9cccbb9b51c70550806b63e6039b4d97a0e3e8732ebe8e53f49
[INFO] running `Command { std: "docker" "create" "-v" "/var/lib/crater-agent-workspace/builds/worker-6-tc2/target:/opt/rustwide/target:rw,Z" "-v" "/var/lib/crater-agent-workspace/builds/worker-6-tc2/source:/opt/rustwide/workdir:ro,Z" "-v" "/var/lib/crater-agent-workspace/cargo-home:/opt/rustwide/cargo-home:ro,Z" "-v" "/var/lib/crater-agent-workspace/rustup-home:/opt/rustwide/rustup-home:ro,Z" "-e" "SOURCE_DIR=/opt/rustwide/workdir" "-e" "CARGO_TARGET_DIR=/opt/rustwide/target" "-e" "CARGO_INCREMENTAL=0" "-e" "RUST_BACKTRACE=full" "-e" "RUSTFLAGS=--cap-lints=warn" "-e" "RUSTDOCFLAGS=--cap-lints=warn" "-e" "CARGO_HOME=/opt/rustwide/cargo-home" "-e" "RUSTUP_HOME=/opt/rustwide/rustup-home" "-w" "/opt/rustwide/workdir" "-m" "1610612736" "--user" "0:0" "--network" "none" "ghcr.io/rust-lang/crates-build-env/linux@sha256:2788e3201cd34a07e3172128adcd8b3090168a8e3bcc40d7c032b9dda1df7d1c" "/opt/rustwide/cargo-home/bin/cargo" "+beta-2023-12-22" "build" "--frozen" "--message-format=json", kill_on_drop: false }`
[INFO] [stdout] 875cbb97d5646880992279eca84f596cb23a1be48f734cb286ce164a73dacdb9
[INFO] running `Command { std: "docker" "start" "-a" "875cbb97d5646880992279eca84f596cb23a1be48f734cb286ce164a73dacdb9", kill_on_drop: false }`
[INFO] [stderr]    Compiling serde v1.0.194
[INFO] [stderr]    Compiling byteorder v1.5.0
[INFO] [stderr]    Compiling memchr v2.7.1
[INFO] [stderr]    Compiling getrandom v0.1.16
[INFO] [stderr]    Compiling num-traits v0.2.17
[INFO] [stderr]    Compiling generic-array v0.14.7
[INFO] [stderr]    Compiling crunchy v0.2.2
[INFO] [stderr]    Compiling subtle v2.5.0
[INFO] [stderr]    Compiling once_cell v1.19.0
[INFO] [stderr]    Compiling num-integer v0.1.45
[INFO] [stderr]    Compiling regex-syntax v0.8.2
[INFO] [stderr]    Compiling syn v2.0.48
[INFO] [stderr]    Compiling generic-array v0.12.4
[INFO] [stderr]    Compiling getrandom v0.2.11
[INFO] [stderr]    Compiling num-bigint v0.2.6
[INFO] [stderr]    Compiling rustc-hex v2.1.0
[INFO] [stderr]    Compiling byte-tools v0.3.1
[INFO] [stderr]    Compiling tracing-core v0.1.32
[INFO] [stderr]    Compiling rand_core v0.6.4
[INFO] [stderr]    Compiling subtle v1.0.0
[INFO] [stderr]    Compiling digest v0.8.1
[INFO] [stderr]    Compiling crypto-mac v0.7.0
[INFO] [stderr]    Compiling block-padding v0.1.5
[INFO] [stderr]    Compiling num-rational v0.2.4
[INFO] [stderr]    Compiling rand_chacha v0.3.1
[INFO] [stderr]    Compiling ref-cast v1.0.22
[INFO] [stderr]    Compiling hex v0.4.3
[INFO] [stderr]    Compiling tetcore-std v2.1.2
[INFO] [stderr]    Compiling block-buffer v0.7.3
[INFO] [stderr]    Compiling futures-core v0.3.30
[INFO] [stderr]    Compiling fake-simd v0.1.2
[INFO] [stderr]    Compiling iana-time-zone v0.1.59
[INFO] [stderr]    Compiling rand_core v0.5.1
[INFO] [stderr]    Compiling aho-corasick v1.1.2
[INFO] [stderr]    Compiling opaque-debug v0.2.3
[INFO] [stderr]    Compiling futures-sink v0.3.30
[INFO] [stderr]    Compiling tetsy-wasm v0.41.0
[INFO] [stderr]    Compiling digest v0.9.0
[INFO] [stderr]    Compiling rand_pcg v0.2.1
[INFO] [stderr]    Compiling rand_chacha v0.2.2
[INFO] [stderr]    Compiling rand v0.8.5
[INFO] [stderr]    Compiling uint-crate v0.9.1
[INFO] [stderr]    Compiling futures-channel v0.3.30
[INFO] [stderr]    Compiling crypto-mac v0.8.0
[INFO] [stderr]    Compiling block-buffer v0.9.0
[INFO] [stderr]    Compiling tracing v0.1.40
[INFO] [stderr]    Compiling tracing-log v0.1.4
[INFO] [stderr]    Compiling rand v0.7.3
[INFO] [stderr]    Compiling sha2 v0.8.2
[INFO] [stderr]    Compiling matchers v0.0.1
[INFO] [stderr]    Compiling hmac v0.7.1
[INFO] [stderr]    Compiling sharded-slab v0.1.7
[INFO] [stderr]    Compiling thread_local v1.1.7
[INFO] [stderr]    Compiling debug-derive v2.1.2
[INFO] [stderr]    Compiling cpufeatures v0.2.12
[INFO] [stderr]    Compiling tetsy-util-mem v0.9.1
[INFO] [stderr]    Compiling tetsy-hash-db v0.15.3
[INFO] [stderr]    Compiling memory_units v0.3.0
[INFO] [stderr]    Compiling anyhow v1.0.79
[INFO] [stderr]    Compiling thiserror v1.0.56
[INFO] [stderr]    Compiling downcast-rs v1.2.0
[INFO] [stderr]    Compiling keccak v0.1.4
[INFO] [stderr]    Compiling futures-io v0.3.30
[INFO] [stderr]    Compiling arrayvec v0.4.12
[INFO] [stderr]    Compiling futures-task v0.3.30
[INFO] [stderr]    Compiling sha2 v0.9.9
[INFO] [stderr]    Compiling tetsy-fixed-hash v0.7.1
[INFO] [stderr]    Compiling num_cpus v1.16.0
[INFO] [stderr]    Compiling cc v1.0.83
[INFO] [stderr]    Compiling signature v1.6.4
[INFO] [stderr]    Compiling nodrop v0.1.14
[INFO] [stderr]    Compiling environ v1.1.3
[INFO] [stderr]    Compiling ed25519 v1.5.3
[INFO] [stderr]    Compiling unicode-normalization v0.1.22
[INFO] [stderr]    Compiling twasmi-validation v0.3.0
[INFO] [stderr]    Compiling chrono v0.4.31
[INFO] [stderr]    Compiling hmac-drbg v0.2.0
[INFO] [stderr]    Compiling pbkdf2 v0.4.0
[INFO] [stderr]    Compiling hmac v0.8.1
[INFO] [stderr]    Compiling pbkdf2 v0.3.0
[INFO] [stderr]    Compiling dyn-clonable-impl v0.9.0
[INFO] [stderr]    Compiling adler v1.0.2
[INFO] [stderr]    Compiling rustc-hash v1.1.0
[INFO] [stderr]    Compiling dyn-clone v1.0.16
[INFO] [stderr]    Compiling gimli v0.28.1
[INFO] [stderr]    Compiling miniz_oxide v0.7.1
[INFO] [stderr]    Compiling blake2-rfc v0.2.18
[INFO] [stderr]    Compiling regex-automata v0.4.3
[INFO] [stderr]    Compiling libsecp256k1 v0.3.5
[INFO] [stderr]    Compiling tiny-keccak v2.0.2
[INFO] [stderr]    Compiling twox-hash v1.6.3
[INFO] [stderr]    Compiling object v0.32.2
[INFO] [stderr]    Compiling tetsy-hash256-std-hasher v0.15.3
[INFO] [stderr]    Compiling base58 v0.1.0
[INFO] [stderr]    Compiling rustc-demangle v0.1.23
[INFO] [stderr]    Compiling dyn-clonable v0.9.0
[INFO] [stderr]    Compiling tetsy-trie-root v0.16.1
[INFO] [stderr]    Compiling tetsy-trie-db v0.22.3
[INFO] [stderr]    Compiling backtrace v0.3.69
[INFO] [stderr]    Compiling twasmi v0.6.2
[INFO] [stderr]    Compiling serde_derive v1.0.194
[INFO] [stderr]    Compiling zeroize_derive v1.4.2
[INFO] [stderr]    Compiling ref-cast-impl v1.0.22
[INFO] [stderr]    Compiling futures-macro v0.3.30
[INFO] [stderr]    Compiling thiserror-impl v1.0.56
[INFO] [stderr]    Compiling regex v1.10.2
[INFO] [stderr]    Compiling addr2line v0.21.0
[INFO] [stderr]    Compiling Inflector v0.11.4
[INFO] [stderr]    Compiling zeroize v1.3.0
[INFO] [stderr]    Compiling merlin v2.0.1
[INFO] [stderr]    Compiling curve25519-dalek v2.1.3
[INFO] [stderr]    Compiling curve25519-dalek v3.2.1
[INFO] [stderr]    Compiling secrecy v0.7.0
[INFO] [stderr]    Compiling futures-util v0.3.30
[INFO] [stderr]    Compiling tiny-bip39 v0.8.2
[INFO] [stderr]    Compiling panic-handler v2.1.2
[INFO] [stderr]    Compiling futures-executor v0.3.30
[INFO] [stderr]    Compiling futures v0.3.30
[INFO] [stderr]    Compiling toml v0.5.11
[INFO] [stderr]    Compiling tetsy-impl-serde v0.3.2
[INFO] [stderr]    Compiling serde_json v1.0.111
[INFO] [stderr]    Compiling tracing-serde v0.1.3
[INFO] [stderr]    Compiling impl-serde v0.3.2
[INFO] [stderr]    Compiling schnorrkel v0.9.1
[INFO] [stderr]    Compiling ed25519-dalek v1.0.1
[INFO] [stderr]    Compiling tetcore-bip39 v0.4.2
[INFO] [stderr]    Compiling tracing-subscriber v0.2.25
[INFO] [stderr]    Compiling proc-macro-crate v0.1.5
[INFO] [stderr]    Compiling tetsy-scale-codec-derive v2.0.1
[INFO] [stderr]    Compiling tp-runtime-interface-proc-macro v2.1.2
[INFO] [stderr]    Compiling tetsy-scale-codec v2.0.1
[INFO] [stderr]    Compiling tetsy-impl-codec v0.5.1
[INFO] [stderr]    Compiling tetcore-storage v2.1.2
[INFO] [stderr]    Compiling tetcore-tracing v2.1.2
[INFO] [stderr]    Compiling tetcore-wasm-interface v2.1.2
[INFO] [stderr]    Compiling tetsy-primitive-types v0.9.1
[INFO] [stderr]    Compiling externalities v2.1.2
[INFO] [stderr]    Compiling tp-runtime-interface v2.1.2
[INFO] [stderr]    Compiling tetsy-memory-db v0.26.0
[INFO] [stderr]    Compiling tet-core v2.1.2
[INFO] [stderr]    Compiling tp-trie v2.1.2
[INFO] [stderr]    Compiling tp-state-machine v2.1.2 (/opt/rustwide/workdir)
[INFO] [stdout] warning: unused import: `CachedBuildData`
[INFO] [stdout]   --> src/changes_trie/mod.rs:61:41
[INFO] [stdout]    |
[INFO] [stdout] 61 | pub use self::build_cache::{BuildCache, CachedBuildData, CacheAction};
[INFO] [stdout]    |                                         ^^^^^^^^^^^^^^^
[INFO] [stdout]    |
[INFO] [stdout]    = note: `#[warn(unused_imports)]` on by default
[INFO] [stdout] 
[INFO] [stdout] 
[INFO] [stdout] warning: unused imports: `Error`, `ExecutionError`
[INFO] [stdout]    --> src/lib.rs:165:25
[INFO] [stdout]     |
[INFO] [stdout] 165 |     pub use crate::error::{Error, ExecutionError};
[INFO] [stdout]     |                            ^^^^^  ^^^^^^^^^^^^^^
[INFO] [stdout] 
[INFO] [stdout] 
[INFO] [stdout] warning: 2 warnings emitted
[INFO] [stdout] 
[INFO] [stdout] 
[INFO] [stderr]     Finished dev [unoptimized + debuginfo] target(s) in 18.96s
[INFO] running `Command { std: "docker" "inspect" "875cbb97d5646880992279eca84f596cb23a1be48f734cb286ce164a73dacdb9", kill_on_drop: false }`
[INFO] running `Command { std: "docker" "rm" "-f" "875cbb97d5646880992279eca84f596cb23a1be48f734cb286ce164a73dacdb9", kill_on_drop: false }`
[INFO] [stdout] 875cbb97d5646880992279eca84f596cb23a1be48f734cb286ce164a73dacdb9
[INFO] running `Command { std: "docker" "create" "-v" "/var/lib/crater-agent-workspace/builds/worker-6-tc2/target:/opt/rustwide/target:rw,Z" "-v" "/var/lib/crater-agent-workspace/builds/worker-6-tc2/source:/opt/rustwide/workdir:ro,Z" "-v" "/var/lib/crater-agent-workspace/cargo-home:/opt/rustwide/cargo-home:ro,Z" "-v" "/var/lib/crater-agent-workspace/rustup-home:/opt/rustwide/rustup-home:ro,Z" "-e" "SOURCE_DIR=/opt/rustwide/workdir" "-e" "CARGO_TARGET_DIR=/opt/rustwide/target" "-e" "CARGO_INCREMENTAL=0" "-e" "RUST_BACKTRACE=full" "-e" "RUSTFLAGS=--cap-lints=warn" "-e" "RUSTDOCFLAGS=--cap-lints=warn" "-e" "CARGO_HOME=/opt/rustwide/cargo-home" "-e" "RUSTUP_HOME=/opt/rustwide/rustup-home" "-w" "/opt/rustwide/workdir" "-m" "1610612736" "--user" "0:0" "--network" "none" "ghcr.io/rust-lang/crates-build-env/linux@sha256:2788e3201cd34a07e3172128adcd8b3090168a8e3bcc40d7c032b9dda1df7d1c" "/opt/rustwide/cargo-home/bin/cargo" "+beta-2023-12-22" "test" "--frozen" "--no-run" "--message-format=json", kill_on_drop: false }`
[INFO] [stdout] 5831c01cf31ba9d75da24ee26cef9704d693a39577d762f0a3eeb5a6445181b1
[INFO] running `Command { std: "docker" "start" "-a" "5831c01cf31ba9d75da24ee26cef9704d693a39577d762f0a3eeb5a6445181b1", kill_on_drop: false }`
[INFO] [stderr]    Compiling difference v2.0.0
[INFO] [stderr]    Compiling ansi_term v0.11.0
[INFO] [stderr]    Compiling hex-literal v0.3.4
[INFO] [stdout] warning: unused import: `CachedBuildData`
[INFO] [stdout]   --> src/changes_trie/mod.rs:61:41
[INFO] [stdout]    |
[INFO] [stdout] 61 | pub use self::build_cache::{BuildCache, CachedBuildData, CacheAction};
[INFO] [stdout]    |                                         ^^^^^^^^^^^^^^^
[INFO] [stdout]    |
[INFO] [stdout]    = note: `#[warn(unused_imports)]` on by default
[INFO] [stdout] 
[INFO] [stdout] 
[INFO] [stdout] warning: unused imports: `Error`, `ExecutionError`
[INFO] [stdout]    --> src/lib.rs:165:25
[INFO] [stdout]     |
[INFO] [stdout] 165 |     pub use crate::error::{Error, ExecutionError};
[INFO] [stdout]     |                            ^^^^^  ^^^^^^^^^^^^^^
[INFO] [stdout] 
[INFO] [stdout] 
[INFO] [stdout] warning: 2 warnings emitted
[INFO] [stdout] 
[INFO] [stdout] 
[INFO] [stderr]    Compiling pretty_assertions v0.6.1
[INFO] [stderr]    Compiling tp-state-machine v2.1.2 (/opt/rustwide/workdir)
[INFO] [stdout] error[E0433]: failed to resolve: use of undeclared crate or module `tp_runtime`
[INFO] [stdout]    --> src/in_memory_backend.rs:172:6
[INFO] [stdout]     |
[INFO] [stdout] 172 |     use tp_runtime::traits::BlakeTwo256;
[INFO] [stdout]     |         ^^^^^^^^^^ use of undeclared crate or module `tp_runtime`
[INFO] [stdout] 
[INFO] [stdout] 
[INFO] [stdout] error[E0433]: failed to resolve: use of undeclared crate or module `tp_runtime`
[INFO] [stdout]    --> src/changes_trie/changes_iterator.rs:384:6
[INFO] [stdout]     |
[INFO] [stdout] 384 |     use tp_runtime::traits::BlakeTwo256;
[INFO] [stdout]     |         ^^^^^^^^^^ use of undeclared crate or module `tp_runtime`
[INFO] [stdout] 
[INFO] [stdout] 
[INFO] [stdout] error[E0433]: failed to resolve: use of undeclared crate or module `tp_runtime`
[INFO] [stdout]    --> src/changes_trie/prune.rs:122:6
[INFO] [stdout]     |
[INFO] [stdout] 122 |     use tp_runtime::traits::BlakeTwo256;
[INFO] [stdout]     |         ^^^^^^^^^^ use of undeclared crate or module `tp_runtime`
[INFO] [stdout] 
[INFO] [stdout] 
[INFO] [stdout] error[E0433]: failed to resolve: use of undeclared crate or module `tp_runtime`
[INFO] [stdout]    --> src/testing.rs:279:6
[INFO] [stdout]     |
[INFO] [stdout] 279 |     use tp_runtime::traits::BlakeTwo256;
[INFO] [stdout]     |         ^^^^^^^^^^ use of undeclared crate or module `tp_runtime`
[INFO] [stdout] 
[INFO] [stdout] 
[INFO] [stdout] error[E0433]: failed to resolve: use of undeclared crate or module `tp_runtime`
[INFO] [stdout]    --> src/proving_backend.rs:307:6
[INFO] [stdout]     |
[INFO] [stdout] 307 |     use tp_runtime::traits::BlakeTwo256;
[INFO] [stdout]     |         ^^^^^^^^^^ use of undeclared crate or module `tp_runtime`
[INFO] [stdout] 
[INFO] [stdout] 
[INFO] [stdout] error[E0433]: failed to resolve: use of undeclared crate or module `tp_runtime`
[INFO] [stdout]    --> src/trie_backend.rs:256:6
[INFO] [stdout]     |
[INFO] [stdout] 256 |     use tp_runtime::traits::BlakeTwo256;
[INFO] [stdout]     |         ^^^^^^^^^^ use of undeclared crate or module `tp_runtime`
[INFO] [stdout] 
[INFO] [stdout] 
[INFO] [stdout] error[E0433]: failed to resolve: use of undeclared crate or module `tp_runtime`
[INFO] [stdout]    --> src/lib.rs:871:6
[INFO] [stdout]     |
[INFO] [stdout] 871 |     use tp_runtime::traits::BlakeTwo256;
[INFO] [stdout]     |         ^^^^^^^^^^ use of undeclared crate or module `tp_runtime`
[INFO] [stdout] 
[INFO] [stdout] 
[INFO] [stdout] warning: unused import: `CachedBuildData`
[INFO] [stdout]   --> src/changes_trie/mod.rs:61:41
[INFO] [stdout]    |
[INFO] [stdout] 61 | pub use self::build_cache::{BuildCache, CachedBuildData, CacheAction};
[INFO] [stdout]    |                                         ^^^^^^^^^^^^^^^
[INFO] [stdout]    |
[INFO] [stdout]    = note: `#[warn(unused_imports)]` on by default
[INFO] [stdout] 
[INFO] [stdout] 
[INFO] [stdout] warning: unused imports: `Error`, `ExecutionError`
[INFO] [stdout]    --> src/lib.rs:165:25
[INFO] [stdout]     |
[INFO] [stdout] 165 |     pub use crate::error::{Error, ExecutionError};
[INFO] [stdout]     |                            ^^^^^  ^^^^^^^^^^^^^^
[INFO] [stdout] 
[INFO] [stdout] 
[INFO] [stdout] error: aborting due to 7 previous errors; 2 warnings emitted
[INFO] [stdout] 
[INFO] [stdout] 
[INFO] [stdout] For more information about this error, try `rustc --explain E0433`.
[INFO] [stdout] 
[INFO] [stderr] error: could not compile `tp-state-machine` (lib test) due to 8 previous errors; 2 warnings emitted
[INFO] running `Command { std: "docker" "inspect" "5831c01cf31ba9d75da24ee26cef9704d693a39577d762f0a3eeb5a6445181b1", kill_on_drop: false }`
[INFO] running `Command { std: "docker" "rm" "-f" "5831c01cf31ba9d75da24ee26cef9704d693a39577d762f0a3eeb5a6445181b1", kill_on_drop: false }`
[INFO] [stdout] 5831c01cf31ba9d75da24ee26cef9704d693a39577d762f0a3eeb5a6445181b1
