[INFO] fetching crate tower-web 0.3.7...
[INFO] testing tower-web-0.3.7 against 1.75.0 for beta-1.76-1
[INFO] extracting crate tower-web 0.3.7 into /workspace/builds/worker-3-tc1/source
[INFO] validating manifest of crates.io crate tower-web 0.3.7 on toolchain 1.75.0
[INFO] running `Command { std: CARGO_HOME="/workspace/cargo-home" RUSTUP_HOME="/workspace/rustup-home" "/workspace/cargo-home/bin/cargo" "+1.75.0" "metadata" "--manifest-path" "Cargo.toml" "--no-deps", kill_on_drop: false }`
[INFO] started tweaking crates.io crate tower-web 0.3.7
[INFO] finished tweaking crates.io crate tower-web 0.3.7
[INFO] tweaked toml for crates.io crate tower-web 0.3.7 written to /workspace/builds/worker-3-tc1/source/Cargo.toml
[INFO] running `Command { std: CARGO_HOME="/workspace/cargo-home" RUSTUP_HOME="/workspace/rustup-home" "/workspace/cargo-home/bin/cargo" "+1.75.0" "generate-lockfile" "--manifest-path" "Cargo.toml", kill_on_drop: false }`
[INFO] [stderr]     Updating crates.io index
[INFO] running `Command { std: CARGO_HOME="/workspace/cargo-home" RUSTUP_HOME="/workspace/rustup-home" "/workspace/cargo-home/bin/cargo" "+1.75.0" "fetch" "--manifest-path" "Cargo.toml", kill_on_drop: false }`
[INFO] [stderr]  Downloading crates ...
[INFO] [stderr]   Downloaded tokio-async-await v0.1.7
[INFO] [stderr]   Downloaded atoi v0.2.3
[INFO] [stderr]   Downloaded pest v1.0.6
[INFO] [stderr]   Downloaded tower-service v0.1.0
[INFO] [stderr]   Downloaded pest_derive v1.0.8
[INFO] [stderr]   Downloaded tokio-rustls v0.8.1
[INFO] [stderr]   Downloaded tower-web-macros v0.3.5
[INFO] [stderr]   Downloaded headers v0.2.3
[INFO] [stderr]   Downloaded rustls v0.14.0
[INFO] [stderr]   Downloaded headers-core v0.1.1
[INFO] [stderr]   Downloaded handlebars v1.0.5
[INFO] running `Command { std: "docker" "create" "-v" "/var/lib/crater-agent-workspace/builds/worker-3-tc1/target:/opt/rustwide/target:rw,Z" "-v" "/var/lib/crater-agent-workspace/builds/worker-3-tc1/source:/opt/rustwide/workdir:ro,Z" "-v" "/var/lib/crater-agent-workspace/cargo-home:/opt/rustwide/cargo-home:ro,Z" "-v" "/var/lib/crater-agent-workspace/rustup-home:/opt/rustwide/rustup-home:ro,Z" "-e" "SOURCE_DIR=/opt/rustwide/workdir" "-e" "CARGO_TARGET_DIR=/opt/rustwide/target" "-e" "CARGO_HOME=/opt/rustwide/cargo-home" "-e" "RUSTUP_HOME=/opt/rustwide/rustup-home" "-w" "/opt/rustwide/workdir" "-m" "1610612736" "--user" "0:0" "--network" "none" "ghcr.io/rust-lang/crates-build-env/linux@sha256:2788e3201cd34a07e3172128adcd8b3090168a8e3bcc40d7c032b9dda1df7d1c" "/opt/rustwide/cargo-home/bin/cargo" "+1.75.0" "metadata" "--no-deps" "--format-version=1", kill_on_drop: false }`
[INFO] [stdout] a474c9c115163b7e7f75129cb903647c5b59bccb1f850ae20b02ccce7a941bfa
[INFO] running `Command { std: "docker" "start" "-a" "a474c9c115163b7e7f75129cb903647c5b59bccb1f850ae20b02ccce7a941bfa", kill_on_drop: false }`
[INFO] running `Command { std: "docker" "inspect" "a474c9c115163b7e7f75129cb903647c5b59bccb1f850ae20b02ccce7a941bfa", kill_on_drop: false }`
[INFO] running `Command { std: "docker" "rm" "-f" "a474c9c115163b7e7f75129cb903647c5b59bccb1f850ae20b02ccce7a941bfa", kill_on_drop: false }`
[INFO] [stdout] a474c9c115163b7e7f75129cb903647c5b59bccb1f850ae20b02ccce7a941bfa
[INFO] running `Command { std: "docker" "create" "-v" "/var/lib/crater-agent-workspace/builds/worker-3-tc1/target:/opt/rustwide/target:rw,Z" "-v" "/var/lib/crater-agent-workspace/builds/worker-3-tc1/source:/opt/rustwide/workdir:ro,Z" "-v" "/var/lib/crater-agent-workspace/cargo-home:/opt/rustwide/cargo-home:ro,Z" "-v" "/var/lib/crater-agent-workspace/rustup-home:/opt/rustwide/rustup-home:ro,Z" "-e" "SOURCE_DIR=/opt/rustwide/workdir" "-e" "CARGO_TARGET_DIR=/opt/rustwide/target" "-e" "CARGO_INCREMENTAL=0" "-e" "RUST_BACKTRACE=full" "-e" "RUSTFLAGS=--cap-lints=warn" "-e" "RUSTDOCFLAGS=--cap-lints=warn" "-e" "CARGO_HOME=/opt/rustwide/cargo-home" "-e" "RUSTUP_HOME=/opt/rustwide/rustup-home" "-w" "/opt/rustwide/workdir" "-m" "1610612736" "--user" "0:0" "--network" "none" "ghcr.io/rust-lang/crates-build-env/linux@sha256:2788e3201cd34a07e3172128adcd8b3090168a8e3bcc40d7c032b9dda1df7d1c" "/opt/rustwide/cargo-home/bin/cargo" "+1.75.0" "build" "--frozen" "--message-format=json", kill_on_drop: false }`
[INFO] [stdout] 82933f717aab30d5939e4808f5d147e3e5addee1160167d1175e91868960013b
[INFO] running `Command { std: "docker" "start" "-a" "82933f717aab30d5939e4808f5d147e3e5addee1160167d1175e91868960013b", kill_on_drop: false }`
[INFO] [stderr]    Compiling futures v0.1.31
[INFO] [stderr]    Compiling cfg-if v0.1.10
[INFO] [stderr]    Compiling either v1.9.0
[INFO] [stderr]    Compiling crossbeam-utils v0.7.2
[INFO] [stderr]    Compiling semver-parser v0.7.0
[INFO] [stderr]    Compiling maybe-uninit v2.0.0
[INFO] [stderr]    Compiling autocfg v0.1.8
[INFO] [stderr]    Compiling rand_core v0.4.2
[INFO] [stderr]    Compiling scopeguard v1.2.0
[INFO] [stderr]    Compiling version_check v0.1.5
[INFO] [stderr]    Compiling memoffset v0.5.6
[INFO] [stderr]    Compiling itoa v0.4.8
[INFO] [stderr]    Compiling crossbeam-epoch v0.8.2
[INFO] [stderr]    Compiling siphasher v0.2.3
[INFO] [stderr]    Compiling iovec v0.1.4
[INFO] [stderr]    Compiling num_cpus v1.16.0
[INFO] [stderr]    Compiling net2 v0.2.39
[INFO] [stderr]    Compiling rand_chacha v0.1.1
[INFO] [stderr]    Compiling rand_pcg v0.1.2
[INFO] [stderr]    Compiling bytes v0.4.12
[INFO] [stderr]    Compiling semver v0.9.0
[INFO] [stderr]    Compiling rand_core v0.3.1
[INFO] [stderr]    Compiling lock_api v0.3.4
[INFO] [stderr]    Compiling rand v0.6.5
[INFO] [stderr]    Compiling rand_isaac v0.1.1
[INFO] [stderr]    Compiling unicase v1.4.2
[INFO] [stderr]    Compiling mio v0.6.23
[INFO] [stderr]    Compiling rustc_version v0.2.3
[INFO] [stderr]    Compiling rand_hc v0.1.0
[INFO] [stderr]    Compiling smallvec v0.6.14
[INFO] [stderr]    Compiling http v0.1.21
[INFO] [stderr]    Compiling rand_xorshift v0.1.1
[INFO] [stderr]    Compiling rand_os v0.1.3
[INFO] [stderr]    Compiling rand_jitter v0.1.4
[INFO] [stderr]    Compiling serde v1.0.194
[INFO] [stderr]    Compiling parking_lot_core v0.6.3
[INFO] [stderr]    Compiling parking_lot v0.9.0
[INFO] [stderr]    Compiling num-traits v0.2.17
[INFO] [stderr]    Compiling tinyvec_macros v0.1.1
[INFO] [stderr]    Compiling proc-macro2 v0.4.30
[INFO] [stderr]    Compiling generic-array v0.12.4
[INFO] [stderr]    Compiling indexmap v1.9.3
[INFO] [stderr]    Compiling tinyvec v1.6.0
[INFO] [stderr]    Compiling phf_shared v0.7.24
[INFO] [stderr]    Compiling unicode-xid v0.1.0
[INFO] [stderr]    Compiling unicode-xid v0.0.4
[INFO] [stderr]    Compiling byte-tools v0.3.1
[INFO] [stderr]    Compiling crossbeam-queue v0.2.3
[INFO] [stderr]    Compiling block-padding v0.1.5
[INFO] [stderr]    Compiling synom v0.11.3
[INFO] [stderr]    Compiling mio-uds v0.6.8
[INFO] [stderr]    Compiling phf v0.7.24
[INFO] [stderr]    Compiling aho-corasick v1.1.2
[INFO] [stderr]    Compiling crossbeam-deque v0.7.4
[INFO] [stderr]    Compiling hashbrown v0.12.3
[INFO] [stderr]    Compiling unicode-bidi v0.3.14
[INFO] [stderr]    Compiling tokio-executor v0.1.10
[INFO] [stderr]    Compiling tokio-io v0.1.13
[INFO] [stderr]    Compiling tokio-sync v0.1.8
[INFO] [stderr]    Compiling syn v0.15.44
[INFO] [stderr]    Compiling phf_generator v0.7.24
[INFO] [stderr]    Compiling phf_codegen v0.7.24
[INFO] [stderr]    Compiling tokio-threadpool v0.1.18
[INFO] [stderr]    Compiling tokio-reactor v0.1.12
[INFO] [stderr]    Compiling tokio-codec v0.1.2
[INFO] [stderr]    Compiling regex-syntax v0.8.2
[INFO] [stderr]    Compiling quote v0.3.15
[INFO] [stderr]    Compiling matches v0.1.10
[INFO] [stderr]    Compiling unicode-normalization v0.1.22
[INFO] [stderr]    Compiling mime_guess v1.8.8
[INFO] [stderr]    Compiling quote v0.6.13
[INFO] [stderr]    Compiling tokio-timer v0.2.13
[INFO] [stderr]    Compiling tokio-current-thread v0.1.7
[INFO] [stderr]    Compiling syn v0.11.11
[INFO] [stderr]    Compiling tokio-udp v0.1.6
[INFO] [stderr]    Compiling tokio-fs v0.1.7
[INFO] [stderr]    Compiling tokio-tcp v0.1.4
[INFO] [stderr]    Compiling tokio-uds v0.2.7
[INFO] [stderr]    Compiling tokio-buf v0.1.1
[INFO] [stderr]    Compiling block-buffer v0.7.3
[INFO] [stderr]    Compiling digest v0.8.1
[INFO] [stderr]    Compiling hyper v0.12.36
[INFO] [stderr]    Compiling string v0.2.1
[INFO] [stderr]    Compiling time v0.1.45
[INFO] [stderr]    Compiling log v0.3.9
[INFO] [stderr]    Compiling tokio-trace-core v0.1.0
[INFO] [stderr]    Compiling opaque-debug v0.2.3
[INFO] [stderr]    Compiling percent-encoding v1.0.1
[INFO] [stderr]    Compiling idna v0.1.5
[INFO] [stderr]    Compiling pest v1.0.6
[INFO] [stderr]    Compiling proc-macro-hack-impl v0.4.3
[INFO] [stderr]    Compiling fake-simd v0.1.2
[INFO] [stderr]    Compiling try-lock v0.2.5
[INFO] [stderr]    Compiling miniz_oxide v0.7.1
[INFO] [stderr]    Compiling tokio v0.1.19
[INFO] [stderr]    Compiling want v0.2.0
[INFO] [stderr]    Compiling sha-1 v0.8.2
[INFO] [stderr]    Compiling headers-core v0.1.1
[INFO] [stderr]    Compiling http-body v0.1.0
[INFO] [stderr]    Compiling h2 v0.1.26
[INFO] [stderr]    Compiling mime v0.2.6
[INFO] [stderr]    Compiling syn v2.0.48
[INFO] [stderr]    Compiling futures-cpupool v0.1.8
[INFO] [stderr]    Compiling base64 v0.10.1
[INFO] [stderr]    Compiling mime v0.3.17
[INFO] [stderr]    Compiling proc-macro-hack v0.4.3
[INFO] [stderr]    Compiling dtoa v0.4.8
[INFO] [stderr]    Compiling iana-time-zone v0.1.59
[INFO] [stderr]    Compiling url v1.7.2
[INFO] [stderr]    Compiling quick-error v1.2.3
[INFO] [stderr]    Compiling chrono v0.4.31
[INFO] [stderr]    Compiling headers v0.2.3
[INFO] [stderr]    Compiling flate2 v1.0.28
[INFO] [stderr]    Compiling pest_derive v1.0.8
[INFO] [stderr]    Compiling atoi v0.2.3
[INFO] [stderr]    Compiling checked v0.5.0
[INFO] [stderr]    Compiling tower-service v0.1.0
[INFO] [stderr]    Compiling void v1.0.2
[INFO] [stderr]    Compiling regex-automata v0.4.3
[INFO] [stderr]    Compiling serde_json v1.0.111
[INFO] [stderr]    Compiling serde_plain v0.3.0
[INFO] [stderr]    Compiling serde_urlencoded v0.5.5
[INFO] [stderr]    Compiling regex v1.10.2
[INFO] [stderr]    Compiling serde_derive v1.0.194
[INFO] [stderr]    Compiling handlebars v1.0.5
[INFO] [stderr]    Compiling tower-web-macros v0.3.5
[INFO] [stderr]    Compiling tower-web v0.3.7 (/opt/rustwide/workdir)
[INFO] [stdout] warning: unnecessary trailing semicolon
[INFO] [stdout]    --> src/middleware/cors/config.rs:191:48
[INFO] [stdout]     |
[INFO] [stdout] 191 |         let mut headers = self.basic_headers();;
[INFO] [stdout]     |                                                ^ help: remove this semicolon
[INFO] [stdout]     |
[INFO] [stdout]     = note: `#[warn(redundant_semicolons)]` on by default
[INFO] [stdout] 
[INFO] [stdout] 
[INFO] [stdout] warning: `...` range patterns are deprecated
[INFO] [stdout]    --> src/middleware/log/service.rs:101:24
[INFO] [stdout]     |
[INFO] [stdout] 101 |                     400...599 => Level::Error,
[INFO] [stdout]     |                        ^^^ help: use `..=` for an inclusive range
[INFO] [stdout]     |
[INFO] [stdout]     = warning: this is accepted in the current edition (Rust 2015) but is a hard error in Rust 2021!
[INFO] [stdout]     = note: for more information, see <https://doc.rust-lang.org/nightly/edition-guide/rust-2021/warnings-promoted-to-error.html>
[INFO] [stdout]     = note: `#[warn(ellipsis_inclusive_range_patterns)]` on by default
[INFO] [stdout] 
[INFO] [stdout] 
[INFO] [stdout] warning: trait objects without an explicit `dyn` are deprecated
[INFO] [stdout]   --> src/config/mod.rs:12:35
[INFO] [stdout]    |
[INFO] [stdout] 12 | type AnyMap = HashMap<TypeId, Box<Any + Send + Sync>, BuildHasherDefault<IdHasher>>;
[INFO] [stdout]    |                                   ^^^^^^^^^^^^^^^^^
[INFO] [stdout]    |
[INFO] [stdout]    = warning: this is accepted in the current edition (Rust 2015) but is a hard error in Rust 2021!
[INFO] [stdout]    = note: for more information, see <https://doc.rust-lang.org/nightly/edition-guide/rust-2021/warnings-promoted-to-error.html>
[INFO] [stdout]    = note: `#[warn(bare_trait_objects)]` on by default
[INFO] [stdout] help: use `dyn`
[INFO] [stdout]    |
[INFO] [stdout] 12 | type AnyMap = HashMap<TypeId, Box<dyn Any + Send + Sync>, BuildHasherDefault<IdHasher>>;
[INFO] [stdout]    |                                   +++
[INFO] [stdout] 
[INFO] [stdout] 
[INFO] [stdout] warning: trait objects without an explicit `dyn` are deprecated
[INFO] [stdout]   --> src/run.rs:78:23
[INFO] [stdout]    |
[INFO] [stdout] 78 |     type Future = Box<Future<Item = http::Response<Self::ResBody>, Error = Self::Error> + Send>;
[INFO] [stdout]    |                       ^^^^^^^^^^^^^^^^^^^^^^^^^^^^^^^^^^^^^^^^^^^^^^^^^^^^^^^^^^^^^^^^^^^^^^^^
[INFO] [stdout]    |
[INFO] [stdout]    = warning: this is accepted in the current edition (Rust 2015) but is a hard error in Rust 2021!
[INFO] [stdout]    = note: for more information, see <https://doc.rust-lang.org/nightly/edition-guide/rust-2021/warnings-promoted-to-error.html>
[INFO] [stdout] help: use `dyn`
[INFO] [stdout]    |
[INFO] [stdout] 78 |     type Future = Box<dyn Future<Item = http::Response<Self::ResBody>, Error = Self::Error> + Send>;
[INFO] [stdout]    |                       +++
[INFO] [stdout] 
[INFO] [stdout] 
[INFO] [stdout] warning: trait objects without an explicit `dyn` are deprecated
[INFO] [stdout]   --> src/config/mod.rs:74:31
[INFO] [stdout]    |
[INFO] [stdout] 74 |                 (&**boxed as &Any).downcast_ref()
[INFO] [stdout]    |                               ^^^
[INFO] [stdout]    |
[INFO] [stdout]    = warning: this is accepted in the current edition (Rust 2015) but is a hard error in Rust 2021!
[INFO] [stdout]    = note: for more information, see <https://doc.rust-lang.org/nightly/edition-guide/rust-2021/warnings-promoted-to-error.html>
[INFO] [stdout] help: use `dyn`
[INFO] [stdout]    |
[INFO] [stdout] 74 |                 (&**boxed as &dyn Any).downcast_ref()
[INFO] [stdout]    |                               +++
[INFO] [stdout] 
[INFO] [stdout] 
[INFO] [stdout] warning: use of deprecated method `std::error::Error::description`: use the Display impl or to_string()
[INFO] [stdout]   --> src/extract/num.rs:25:62
[INFO] [stdout]    |
[INFO] [stdout] 25 |                                 Error::invalid_argument(&err.description())
[INFO] [stdout]    |                                                              ^^^^^^^^^^^
[INFO] [stdout] ...
[INFO] [stdout] 58 | num_extract_impls!(u8, u16, u32, u64, i8, i16, i32, i64);
[INFO] [stdout]    | -------------------------------------------------------- in this macro invocation
[INFO] [stdout]    |
[INFO] [stdout]    = note: `#[warn(deprecated)]` on by default
[INFO] [stdout]    = note: this warning originates in the macro `num_extract_impls` (in Nightly builds, run with -Z macro-backtrace for more info)
[INFO] [stdout] 
[INFO] [stdout] 
[INFO] [stdout] warning: use of deprecated method `std::error::Error::description`: use the Display impl or to_string()
[INFO] [stdout]   --> src/extract/serde.rs:86:63
[INFO] [stdout]    |
[INFO] [stdout] 86 | ...                   Some(Error::invalid_argument(&err.description()))
[INFO] [stdout]    |                                                         ^^^^^^^^^^^
[INFO] [stdout] 
[INFO] [stdout] 
[INFO] [stdout] warning: variable does not need to be mutable
[INFO] [stdout]    --> src/middleware/cors/config.rs:110:21
[INFO] [stdout]     |
[INFO] [stdout] 110 |                 let mut headers = self.basic_headers();
[INFO] [stdout]     |                     ----^^^^^^^
[INFO] [stdout]     |                     |
[INFO] [stdout]     |                     help: remove this `mut`
[INFO] [stdout]     |
[INFO] [stdout]     = note: `#[warn(unused_mut)]` on by default
[INFO] [stdout] 
[INFO] [stdout] 
[INFO] [stdout] warning: field `inner` is never read
[INFO] [stdout]   --> src/util/buf_stream/deflate.rs:39:5
[INFO] [stdout]    |
[INFO] [stdout] 37 | pub struct Error<T> {
[INFO] [stdout]    |            ----- field in this struct
[INFO] [stdout] 38 |     /// `None` represents a deflate error
[INFO] [stdout] 39 |     inner: Option<T>,
[INFO] [stdout]    |     ^^^^^
[INFO] [stdout]    |
[INFO] [stdout]    = note: `Error` has a derived impl for the trait `Debug`, but this is intentionally ignored during dead code analysis
[INFO] [stdout]    = note: `#[warn(dead_code)]` on by default
[INFO] [stdout] 
[INFO] [stdout] 
[INFO] [stdout] warning: calls to `std::mem::drop` with a reference instead of an owned value does nothing
[INFO] [stdout]   --> src/extract/mod.rs:79:9
[INFO] [stdout]    |
[INFO] [stdout] 79 |         drop(callsite);
[INFO] [stdout]    |         ^^^^^--------^
[INFO] [stdout]    |              |
[INFO] [stdout]    |              argument has type `&CallSite`
[INFO] [stdout]    |
[INFO] [stdout]    = note: use `let _ = ...` to ignore the expression or result
[INFO] [stdout]    = note: `#[warn(dropping_references)]` on by default
[INFO] [stdout] 
[INFO] [stdout] 
[INFO] [stdout] warning: 10 warnings emitted
[INFO] [stdout] 
[INFO] [stdout] 
[INFO] [stderr]     Finished dev [unoptimized + debuginfo] target(s) in 17.93s
[INFO] running `Command { std: "docker" "inspect" "82933f717aab30d5939e4808f5d147e3e5addee1160167d1175e91868960013b", kill_on_drop: false }`
[INFO] running `Command { std: "docker" "rm" "-f" "82933f717aab30d5939e4808f5d147e3e5addee1160167d1175e91868960013b", kill_on_drop: false }`
[INFO] [stdout] 82933f717aab30d5939e4808f5d147e3e5addee1160167d1175e91868960013b
[INFO] running `Command { std: "docker" "create" "-v" "/var/lib/crater-agent-workspace/builds/worker-3-tc1/target:/opt/rustwide/target:rw,Z" "-v" "/var/lib/crater-agent-workspace/builds/worker-3-tc1/source:/opt/rustwide/workdir:ro,Z" "-v" "/var/lib/crater-agent-workspace/cargo-home:/opt/rustwide/cargo-home:ro,Z" "-v" "/var/lib/crater-agent-workspace/rustup-home:/opt/rustwide/rustup-home:ro,Z" "-e" "SOURCE_DIR=/opt/rustwide/workdir" "-e" "CARGO_TARGET_DIR=/opt/rustwide/target" "-e" "CARGO_INCREMENTAL=0" "-e" "RUST_BACKTRACE=full" "-e" "RUSTFLAGS=--cap-lints=warn" "-e" "RUSTDOCFLAGS=--cap-lints=warn" "-e" "CARGO_HOME=/opt/rustwide/cargo-home" "-e" "RUSTUP_HOME=/opt/rustwide/rustup-home" "-w" "/opt/rustwide/workdir" "-m" "1610612736" "--user" "0:0" "--network" "none" "ghcr.io/rust-lang/crates-build-env/linux@sha256:2788e3201cd34a07e3172128adcd8b3090168a8e3bcc40d7c032b9dda1df7d1c" "/opt/rustwide/cargo-home/bin/cargo" "+1.75.0" "test" "--frozen" "--no-run" "--message-format=json", kill_on_drop: false }`
[INFO] [stdout] aae7c88243a45dd287175e51388b824da1ef231f38ebf622fc8613c141be41bf
[INFO] running `Command { std: "docker" "start" "-a" "aae7c88243a45dd287175e51388b824da1ef231f38ebf622fc8613c141be41bf", kill_on_drop: false }`
[INFO] [stderr]    Compiling rand_core v0.4.2
[INFO] [stderr]    Compiling humantime v1.3.0
[INFO] [stderr]    Compiling atty v0.2.14
[INFO] [stderr]    Compiling termcolor v1.4.0
[INFO] [stderr]    Compiling rand_core v0.3.1
[INFO] [stderr]    Compiling rand_pcg v0.1.2
[INFO] [stderr]    Compiling rand_jitter v0.1.4
[INFO] [stderr]    Compiling rand_os v0.1.3
[INFO] [stderr]    Compiling rand_chacha v0.1.1
[INFO] [stderr]    Compiling rand_isaac v0.1.1
[INFO] [stderr]    Compiling rand_hc v0.1.0
[INFO] [stderr]    Compiling rand_xorshift v0.1.1
[INFO] [stderr]    Compiling rand v0.5.6
[INFO] [stderr]    Compiling env_logger v0.5.13
[INFO] [stderr]    Compiling rand v0.6.5
[INFO] [stderr]    Compiling phf_generator v0.7.24
[INFO] [stderr]    Compiling phf_codegen v0.7.24
[INFO] [stderr]    Compiling mime_guess v1.8.8
[INFO] [stderr]    Compiling tower-web v0.3.7 (/opt/rustwide/workdir)
[INFO] [stdout] warning: unnecessary trailing semicolon
[INFO] [stdout]    --> src/middleware/cors/config.rs:191:48
[INFO] [stdout]     |
[INFO] [stdout] 191 |         let mut headers = self.basic_headers();;
[INFO] [stdout]     |                                                ^ help: remove this semicolon
[INFO] [stdout]     |
[INFO] [stdout]     = note: `#[warn(redundant_semicolons)]` on by default
[INFO] [stdout] 
[INFO] [stdout] 
[INFO] [stdout] warning: `...` range patterns are deprecated
[INFO] [stdout]    --> src/middleware/log/service.rs:101:24
[INFO] [stdout]     |
[INFO] [stdout] 101 |                     400...599 => Level::Error,
[INFO] [stdout]     |                        ^^^ help: use `..=` for an inclusive range
[INFO] [stdout]     |
[INFO] [stdout]     = warning: this is accepted in the current edition (Rust 2015) but is a hard error in Rust 2021!
[INFO] [stdout]     = note: for more information, see <https://doc.rust-lang.org/nightly/edition-guide/rust-2021/warnings-promoted-to-error.html>
[INFO] [stdout]     = note: `#[warn(ellipsis_inclusive_range_patterns)]` on by default
[INFO] [stdout] 
[INFO] [stdout] 
[INFO] [stdout] warning: trait objects without an explicit `dyn` are deprecated
[INFO] [stdout]   --> src/config/mod.rs:12:35
[INFO] [stdout]    |
[INFO] [stdout] 12 | type AnyMap = HashMap<TypeId, Box<Any + Send + Sync>, BuildHasherDefault<IdHasher>>;
[INFO] [stdout]    |                                   ^^^^^^^^^^^^^^^^^
[INFO] [stdout]    |
[INFO] [stdout]    = warning: this is accepted in the current edition (Rust 2015) but is a hard error in Rust 2021!
[INFO] [stdout]    = note: for more information, see <https://doc.rust-lang.org/nightly/edition-guide/rust-2021/warnings-promoted-to-error.html>
[INFO] [stdout]    = note: `#[warn(bare_trait_objects)]` on by default
[INFO] [stdout] help: use `dyn`
[INFO] [stdout]    |
[INFO] [stdout] 12 | type AnyMap = HashMap<TypeId, Box<dyn Any + Send + Sync>, BuildHasherDefault<IdHasher>>;
[INFO] [stdout]    |                                   +++
[INFO] [stdout] 
[INFO] [stdout] 
[INFO] [stdout] warning: trait objects without an explicit `dyn` are deprecated
[INFO] [stdout]   --> src/run.rs:78:23
[INFO] [stdout]    |
[INFO] [stdout] 78 |     type Future = Box<Future<Item = http::Response<Self::ResBody>, Error = Self::Error> + Send>;
[INFO] [stdout]    |                       ^^^^^^^^^^^^^^^^^^^^^^^^^^^^^^^^^^^^^^^^^^^^^^^^^^^^^^^^^^^^^^^^^^^^^^^^
[INFO] [stdout]    |
[INFO] [stdout]    = warning: this is accepted in the current edition (Rust 2015) but is a hard error in Rust 2021!
[INFO] [stdout]    = note: for more information, see <https://doc.rust-lang.org/nightly/edition-guide/rust-2021/warnings-promoted-to-error.html>
[INFO] [stdout] help: use `dyn`
[INFO] [stdout]    |
[INFO] [stdout] 78 |     type Future = Box<dyn Future<Item = http::Response<Self::ResBody>, Error = Self::Error> + Send>;
[INFO] [stdout]    |                       +++
[INFO] [stdout] 
[INFO] [stdout] 
[INFO] [stdout] warning: unnecessary trailing semicolon
[INFO] [stdout]    --> src/middleware/cors/config.rs:191:48
[INFO] [stdout]     |
[INFO] [stdout] 191 |         let mut headers = self.basic_headers();;
[INFO] [stdout]     |                                                ^ help: remove this semicolon
[INFO] [stdout]     |
[INFO] [stdout] note: the lint level is defined here
[INFO] [stdout]    --> src/lib.rs:3:24
[INFO] [stdout]     |
[INFO] [stdout] 3   | #![cfg_attr(test, deny(warnings))]
[INFO] [stdout]     |                        ^^^^^^^^
[INFO] [stdout]     = note: `#[warn(redundant_semicolons)]` implied by `#[warn(warnings)]`
[INFO] [stdout] 
[INFO] [stdout] 
[INFO] [stdout] warning: `...` range patterns are deprecated
[INFO] [stdout]    --> src/middleware/log/service.rs:101:24
[INFO] [stdout]     |
[INFO] [stdout] 101 |                     400...599 => Level::Error,
[INFO] [stdout]     |                        ^^^ help: use `..=` for an inclusive range
[INFO] [stdout]     |
[INFO] [stdout]     = warning: this is accepted in the current edition (Rust 2015) but is a hard error in Rust 2021!
[INFO] [stdout]     = note: for more information, see <https://doc.rust-lang.org/nightly/edition-guide/rust-2021/warnings-promoted-to-error.html>
[INFO] [stdout]     = note: `#[warn(ellipsis_inclusive_range_patterns)]` implied by `#[warn(warnings)]`
[INFO] [stdout] 
[INFO] [stdout] 
[INFO] [stdout] warning: trait objects without an explicit `dyn` are deprecated
[INFO] [stdout]   --> src/config/mod.rs:74:31
[INFO] [stdout]    |
[INFO] [stdout] 74 |                 (&**boxed as &Any).downcast_ref()
[INFO] [stdout]    |                               ^^^
[INFO] [stdout]    |
[INFO] [stdout]    = warning: this is accepted in the current edition (Rust 2015) but is a hard error in Rust 2021!
[INFO] [stdout]    = note: for more information, see <https://doc.rust-lang.org/nightly/edition-guide/rust-2021/warnings-promoted-to-error.html>
[INFO] [stdout] help: use `dyn`
[INFO] [stdout]    |
[INFO] [stdout] 74 |                 (&**boxed as &dyn Any).downcast_ref()
[INFO] [stdout]    |                               +++
[INFO] [stdout] 
[INFO] [stdout] 
[INFO] [stdout] warning: use of deprecated method `std::error::Error::description`: use the Display impl or to_string()
[INFO] [stdout]   --> src/extract/num.rs:25:62
[INFO] [stdout]    |
[INFO] [stdout] 25 |                                 Error::invalid_argument(&err.description())
[INFO] [stdout]    |                                                              ^^^^^^^^^^^
[INFO] [stdout] ...
[INFO] [stdout] 58 | num_extract_impls!(u8, u16, u32, u64, i8, i16, i32, i64);
[INFO] [stdout]    | -------------------------------------------------------- in this macro invocation
[INFO] [stdout]    |
[INFO] [stdout]    = note: `#[warn(deprecated)]` on by default
[INFO] [stdout]    = note: this warning originates in the macro `num_extract_impls` (in Nightly builds, run with -Z macro-backtrace for more info)
[INFO] [stdout] 
[INFO] [stdout] 
[INFO] [stdout] warning: use of deprecated method `std::error::Error::description`: use the Display impl or to_string()
[INFO] [stdout]   --> src/extract/serde.rs:86:63
[INFO] [stdout]    |
[INFO] [stdout] 86 | ...                   Some(Error::invalid_argument(&err.description()))
[INFO] [stdout]    |                                                         ^^^^^^^^^^^
[INFO] [stdout] 
[INFO] [stdout] 
[INFO] [stdout] warning: trait objects without an explicit `dyn` are deprecated
[INFO] [stdout]   --> src/config/mod.rs:12:35
[INFO] [stdout]    |
[INFO] [stdout] 12 | type AnyMap = HashMap<TypeId, Box<Any + Send + Sync>, BuildHasherDefault<IdHasher>>;
[INFO] [stdout]    |                                   ^^^^^^^^^^^^^^^^^
[INFO] [stdout]    |
[INFO] [stdout]    = warning: this is accepted in the current edition (Rust 2015) but is a hard error in Rust 2021!
[INFO] [stdout]    = note: for more information, see <https://doc.rust-lang.org/nightly/edition-guide/rust-2021/warnings-promoted-to-error.html>
[INFO] [stdout]    = note: `#[warn(bare_trait_objects)]` implied by `#[warn(warnings)]`
[INFO] [stdout] help: use `dyn`
[INFO] [stdout]    |
[INFO] [stdout] 12 | type AnyMap = HashMap<TypeId, Box<dyn Any + Send + Sync>, BuildHasherDefault<IdHasher>>;
[INFO] [stdout]    |                                   +++
[INFO] [stdout] 
[INFO] [stdout] 
[INFO] [stdout] warning: trait objects without an explicit `dyn` are deprecated
[INFO] [stdout]    --> src/middleware/cors/config.rs:229:26
[INFO] [stdout]     |
[INFO] [stdout] 229 |     type TestError = Box<::std::error::Error>;
[INFO] [stdout]     |                          ^^^^^^^^^^^^^^^^^^^
[INFO] [stdout]     |
[INFO] [stdout]     = warning: this is accepted in the current edition (Rust 2015) but is a hard error in Rust 2021!
[INFO] [stdout]     = note: for more information, see <https://doc.rust-lang.org/nightly/edition-guide/rust-2021/warnings-promoted-to-error.html>
[INFO] [stdout] help: use `dyn`
[INFO] [stdout]     |
[INFO] [stdout] 229 |     type TestError = Box<dyn (::std::error::Error)>;
[INFO] [stdout]     |                          +++++                   +
[INFO] [stdout] 
[INFO] [stdout] 
[INFO] [stdout] warning: trait objects without an explicit `dyn` are deprecated
[INFO] [stdout]    --> src/middleware/cors/service.rs:118:26
[INFO] [stdout]     |
[INFO] [stdout] 118 |     type TestError = Box<::std::error::Error>;
[INFO] [stdout]     |                          ^^^^^^^^^^^^^^^^^^^
[INFO] [stdout]     |
[INFO] [stdout]     = warning: this is accepted in the current edition (Rust 2015) but is a hard error in Rust 2021!
[INFO] [stdout]     = note: for more information, see <https://doc.rust-lang.org/nightly/edition-guide/rust-2021/warnings-promoted-to-error.html>
[INFO] [stdout] help: use `dyn`
[INFO] [stdout]     |
[INFO] [stdout] 118 |     type TestError = Box<dyn (::std::error::Error)>;
[INFO] [stdout]     |                          +++++                   +
[INFO] [stdout] 
[INFO] [stdout] 
[INFO] [stdout] warning: trait objects without an explicit `dyn` are deprecated
[INFO] [stdout]   --> src/run.rs:78:23
[INFO] [stdout]    |
[INFO] [stdout] 78 |     type Future = Box<Future<Item = http::Response<Self::ResBody>, Error = Self::Error> + Send>;
[INFO] [stdout]    |                       ^^^^^^^^^^^^^^^^^^^^^^^^^^^^^^^^^^^^^^^^^^^^^^^^^^^^^^^^^^^^^^^^^^^^^^^^
[INFO] [stdout]    |
[INFO] [stdout]    = warning: this is accepted in the current edition (Rust 2015) but is a hard error in Rust 2021!
[INFO] [stdout]    = note: for more information, see <https://doc.rust-lang.org/nightly/edition-guide/rust-2021/warnings-promoted-to-error.html>
[INFO] [stdout] help: use `dyn`
[INFO] [stdout]    |
[INFO] [stdout] 78 |     type Future = Box<dyn Future<Item = http::Response<Self::ResBody>, Error = Self::Error> + Send>;
[INFO] [stdout]    |                       +++
[INFO] [stdout] 
[INFO] [stdout] 
[INFO] [stdout] warning: trait objects without an explicit `dyn` are deprecated
[INFO] [stdout]   --> src/config/mod.rs:74:31
[INFO] [stdout]    |
[INFO] [stdout] 74 |                 (&**boxed as &Any).downcast_ref()
[INFO] [stdout]    |                               ^^^
[INFO] [stdout]    |
[INFO] [stdout]    = warning: this is accepted in the current edition (Rust 2015) but is a hard error in Rust 2021!
[INFO] [stdout]    = note: for more information, see <https://doc.rust-lang.org/nightly/edition-guide/rust-2021/warnings-promoted-to-error.html>
[INFO] [stdout] help: use `dyn`
[INFO] [stdout]    |
[INFO] [stdout] 74 |                 (&**boxed as &dyn Any).downcast_ref()
[INFO] [stdout]    |                               +++
[INFO] [stdout] 
[INFO] [stdout] 
[INFO] [stdout] warning: use of deprecated method `std::error::Error::description`: use the Display impl or to_string()
[INFO] [stdout]   --> src/extract/num.rs:25:62
[INFO] [stdout]    |
[INFO] [stdout] 25 |                                 Error::invalid_argument(&err.description())
[INFO] [stdout]    |                                                              ^^^^^^^^^^^
[INFO] [stdout] ...
[INFO] [stdout] 58 | num_extract_impls!(u8, u16, u32, u64, i8, i16, i32, i64);
[INFO] [stdout]    | -------------------------------------------------------- in this macro invocation
[INFO] [stdout]    |
[INFO] [stdout]    = note: `#[warn(deprecated)]` implied by `#[warn(warnings)]`
[INFO] [stdout]    = note: this warning originates in the macro `num_extract_impls` (in Nightly builds, run with -Z macro-backtrace for more info)
[INFO] [stdout] 
[INFO] [stdout] 
[INFO] [stdout] warning: use of deprecated method `std::error::Error::description`: use the Display impl or to_string()
[INFO] [stdout]   --> src/extract/serde.rs:86:63
[INFO] [stdout]    |
[INFO] [stdout] 86 | ...                   Some(Error::invalid_argument(&err.description()))
[INFO] [stdout]    |                                                         ^^^^^^^^^^^
[INFO] [stdout] 
[INFO] [stdout] 
[INFO] [stdout] warning: variable does not need to be mutable
[INFO] [stdout]    --> src/middleware/cors/config.rs:110:21
[INFO] [stdout]     |
[INFO] [stdout] 110 |                 let mut headers = self.basic_headers();
[INFO] [stdout]     |                     ----^^^^^^^
[INFO] [stdout]     |                     |
[INFO] [stdout]     |                     help: remove this `mut`
[INFO] [stdout]     |
[INFO] [stdout]     = note: `#[warn(unused_mut)]` on by default
[INFO] [stdout] 
[INFO] [stdout] 
[INFO] [stdout] warning: variable does not need to be mutable
[INFO] [stdout]    --> src/middleware/cors/config.rs:110:21
[INFO] [stdout]     |
[INFO] [stdout] 110 |                 let mut headers = self.basic_headers();
[INFO] [stdout]     |                     ----^^^^^^^
[INFO] [stdout]     |                     |
[INFO] [stdout]     |                     help: remove this `mut`
[INFO] [stdout]     |
[INFO] [stdout]     = note: `#[warn(unused_mut)]` implied by `#[warn(warnings)]`
[INFO] [stdout] 
[INFO] [stdout] 
[INFO] [stdout] warning: field `inner` is never read
[INFO] [stdout]   --> src/util/buf_stream/deflate.rs:39:5
[INFO] [stdout]    |
[INFO] [stdout] 37 | pub struct Error<T> {
[INFO] [stdout]    |            ----- field in this struct
[INFO] [stdout] 38 |     /// `None` represents a deflate error
[INFO] [stdout] 39 |     inner: Option<T>,
[INFO] [stdout]    |     ^^^^^
[INFO] [stdout]    |
[INFO] [stdout]    = note: `Error` has a derived impl for the trait `Debug`, but this is intentionally ignored during dead code analysis
[INFO] [stdout]    = note: `#[warn(dead_code)]` on by default
[INFO] [stdout] 
[INFO] [stdout] 
[INFO] [stdout] warning: calls to `std::mem::drop` with a reference instead of an owned value does nothing
[INFO] [stdout]   --> src/extract/mod.rs:79:9
[INFO] [stdout]    |
[INFO] [stdout] 79 |         drop(callsite);
[INFO] [stdout]    |         ^^^^^--------^
[INFO] [stdout]    |              |
[INFO] [stdout]    |              argument has type `&CallSite`
[INFO] [stdout]    |
[INFO] [stdout]    = note: use `let _ = ...` to ignore the expression or result
[INFO] [stdout]    = note: `#[warn(dropping_references)]` on by default
[INFO] [stdout] 
[INFO] [stdout] 
[INFO] [stdout] warning: field `inner` is never read
[INFO] [stdout]   --> src/util/buf_stream/deflate.rs:39:5
[INFO] [stdout]    |
[INFO] [stdout] 37 | pub struct Error<T> {
[INFO] [stdout]    |            ----- field in this struct
[INFO] [stdout] 38 |     /// `None` represents a deflate error
[INFO] [stdout] 39 |     inner: Option<T>,
[INFO] [stdout]    |     ^^^^^
[INFO] [stdout]    |
[INFO] [stdout]    = note: `Error` has a derived impl for the trait `Debug`, but this is intentionally ignored during dead code analysis
[INFO] [stdout]    = note: `#[warn(dead_code)]` implied by `#[warn(warnings)]`
[INFO] [stdout] 
[INFO] [stdout] 
[INFO] [stdout] warning: calls to `std::mem::drop` with a reference instead of an owned value does nothing
[INFO] [stdout]   --> src/extract/mod.rs:79:9
[INFO] [stdout]    |
[INFO] [stdout] 79 |         drop(callsite);
[INFO] [stdout]    |         ^^^^^--------^
[INFO] [stdout]    |              |
[INFO] [stdout]    |              argument has type `&CallSite`
[INFO] [stdout]    |
[INFO] [stdout]    = note: use `let _ = ...` to ignore the expression or result
[INFO] [stdout]    = note: `#[warn(dropping_references)]` implied by `#[warn(warnings)]`
[INFO] [stdout] 
[INFO] [stdout] 
[INFO] [stdout] warning: 10 warnings emitted
[INFO] [stdout] 
[INFO] [stdout] 
[INFO] [stdout] warning: unused doc comment
[INFO] [stdout]   --> examples/hello_world.rs:64:1
[INFO] [stdout]    |
[INFO] [stdout] 64 | / /// To derive `Resource`, the implementation of `HelloWorld` is contained in the
[INFO] [stdout] 65 | | /// `impl_web!` macro. This macro does not modify any of its contents. It will
[INFO] [stdout] 66 | | /// inspect the implementation and, with the help of some annotations, generate
[INFO] [stdout] 67 | | /// the necessary glue code to run the web service.
[INFO] [stdout] 68 | | ///
[INFO] [stdout] 69 | | /// impl_web! is a temporary solution to enable tower-web to work with stable
[INFO] [stdout] 70 | | /// rust. In the near future, this will be transitioned to use attribute macros.
[INFO] [stdout]    | |_-------------------------------------------------------------------------------^
[INFO] [stdout]    |   |
[INFO] [stdout]    |   rustdoc does not generate documentation for macro invocations
[INFO] [stdout]    |
[INFO] [stdout]    = help: to document an item produced by a macro, the macro must produce the documentation as part of its expansion
[INFO] [stdout]    = note: `#[warn(unused_doc_comments)]` on by default
[INFO] [stdout] 
[INFO] [stdout] 
[INFO] [stdout] warning: the item `Future` is imported redundantly
[INFO] [stdout]    --> tests/support/mod.rs:113:9
[INFO] [stdout]     |
[INFO] [stdout] 12  | pub use self::futures::Future;
[INFO] [stdout]     |         --------------------- the item `Future` is already imported here
[INFO] [stdout] ...
[INFO] [stdout] 113 |     use self::futures::Future;
[INFO] [stdout]     |         ^^^^^^^^^^^^^^^^^^^^^
[INFO] [stdout]     |
[INFO] [stdout]     = note: `#[warn(unused_imports)]` on by default
[INFO] [stdout] 
[INFO] [stdout] 
[INFO] [stdout] warning: the item `Future` is imported redundantly
[INFO] [stdout]    --> tests/support/mod.rs:128:9
[INFO] [stdout]     |
[INFO] [stdout] 12  | pub use self::futures::Future;
[INFO] [stdout]     |         --------------------- the item `Future` is already imported here
[INFO] [stdout] ...
[INFO] [stdout] 128 |     use self::futures::Future;
[INFO] [stdout]     |         ^^^^^^^^^^^^^^^^^^^^^
[INFO] [stdout] 
[INFO] [stdout] 
[INFO] [stdout] warning: the item `Future` is imported redundantly
[INFO] [stdout]    --> tests/support/mod.rs:113:9
[INFO] [stdout]     |
[INFO] [stdout] 12  | pub use self::futures::Future;
[INFO] [stdout]     |         --------------------- the item `Future` is already imported here
[INFO] [stdout] ...
[INFO] [stdout] 113 |     use self::futures::Future;
[INFO] [stdout]     |         ^^^^^^^^^^^^^^^^^^^^^
[INFO] [stdout]     |
[INFO] [stdout]     = note: `#[warn(unused_imports)]` on by default
[INFO] [stdout] 
[INFO] [stdout] 
[INFO] [stdout] warning: the item `Future` is imported redundantly
[INFO] [stdout]    --> tests/support/mod.rs:128:9
[INFO] [stdout]     |
[INFO] [stdout] 12  | pub use self::futures::Future;
[INFO] [stdout]     |         --------------------- the item `Future` is already imported here
[INFO] [stdout] ...
[INFO] [stdout] 128 |     use self::futures::Future;
[INFO] [stdout]     |         ^^^^^^^^^^^^^^^^^^^^^
[INFO] [stdout] 
[INFO] [stdout] 
[INFO] [stdout] warning: the item `Future` is imported redundantly
[INFO] [stdout]    --> tests/support/mod.rs:113:9
[INFO] [stdout]     |
[INFO] [stdout] 12  | pub use self::futures::Future;
[INFO] [stdout]     |         --------------------- the item `Future` is already imported here
[INFO] [stdout] ...
[INFO] [stdout] 113 |     use self::futures::Future;
[INFO] [stdout]     |         ^^^^^^^^^^^^^^^^^^^^^
[INFO] [stdout]     |
[INFO] [stdout]     = note: `#[warn(unused_imports)]` on by default
[INFO] [stdout] 
[INFO] [stdout] 
[INFO] [stdout] warning: the item `Future` is imported redundantly
[INFO] [stdout]    --> tests/support/mod.rs:128:9
[INFO] [stdout]     |
[INFO] [stdout] 12  | pub use self::futures::Future;
[INFO] [stdout]     |         --------------------- the item `Future` is already imported here
[INFO] [stdout] ...
[INFO] [stdout] 128 |     use self::futures::Future;
[INFO] [stdout]     |         ^^^^^^^^^^^^^^^^^^^^^
[INFO] [stdout] 
[INFO] [stdout] 
[INFO] [stdout] warning: the item `Future` is imported redundantly
[INFO] [stdout]    --> tests/support/mod.rs:113:9
[INFO] [stdout]     |
[INFO] [stdout] 12  | pub use self::futures::Future;
[INFO] [stdout]     |         --------------------- the item `Future` is already imported here
[INFO] [stdout] ...
[INFO] [stdout] 113 |     use self::futures::Future;
[INFO] [stdout]     |         ^^^^^^^^^^^^^^^^^^^^^
[INFO] [stdout]     |
[INFO] [stdout]     = note: `#[warn(unused_imports)]` on by default
[INFO] [stdout] 
[INFO] [stdout] 
[INFO] [stdout] warning: the item `Future` is imported redundantly
[INFO] [stdout]    --> tests/support/mod.rs:128:9
[INFO] [stdout]     |
[INFO] [stdout] 12  | pub use self::futures::Future;
[INFO] [stdout]     |         --------------------- the item `Future` is already imported here
[INFO] [stdout] ...
[INFO] [stdout] 128 |     use self::futures::Future;
[INFO] [stdout]     |         ^^^^^^^^^^^^^^^^^^^^^
[INFO] [stdout] 
[INFO] [stdout] 
[INFO] [stdout] warning: the item `Future` is imported redundantly
[INFO] [stdout]    --> tests/support/mod.rs:113:9
[INFO] [stdout]     |
[INFO] [stdout] 12  | pub use self::futures::Future;
[INFO] [stdout]     |         --------------------- the item `Future` is already imported here
[INFO] [stdout] ...
[INFO] [stdout] 113 |     use self::futures::Future;
[INFO] [stdout]     |         ^^^^^^^^^^^^^^^^^^^^^
[INFO] [stdout]     |
[INFO] [stdout]     = note: `#[warn(unused_imports)]` on by default
[INFO] [stdout] 
[INFO] [stdout] 
[INFO] [stdout] warning: the item `Future` is imported redundantly
[INFO] [stdout]    --> tests/support/mod.rs:128:9
[INFO] [stdout]     |
[INFO] [stdout] 12  | pub use self::futures::Future;
[INFO] [stdout]     |         --------------------- the item `Future` is already imported here
[INFO] [stdout] ...
[INFO] [stdout] 128 |     use self::futures::Future;
[INFO] [stdout]     |         ^^^^^^^^^^^^^^^^^^^^^
[INFO] [stdout] 
[INFO] [stdout] 
[INFO] [stdout] warning: the item `Future` is imported redundantly
[INFO] [stdout]    --> tests/support/mod.rs:113:9
[INFO] [stdout]     |
[INFO] [stdout] 12  | pub use self::futures::Future;
[INFO] [stdout]     |         --------------------- the item `Future` is already imported here
[INFO] [stdout] ...
[INFO] [stdout] 113 |     use self::futures::Future;
[INFO] [stdout]     |         ^^^^^^^^^^^^^^^^^^^^^
[INFO] [stdout]     |
[INFO] [stdout]     = note: `#[warn(unused_imports)]` on by default
[INFO] [stdout] 
[INFO] [stdout] 
[INFO] [stdout] warning: the item `Future` is imported redundantly
[INFO] [stdout]    --> tests/support/mod.rs:128:9
[INFO] [stdout]     |
[INFO] [stdout] 12  | pub use self::futures::Future;
[INFO] [stdout]     |         --------------------- the item `Future` is already imported here
[INFO] [stdout] ...
[INFO] [stdout] 128 |     use self::futures::Future;
[INFO] [stdout]     |         ^^^^^^^^^^^^^^^^^^^^^
[INFO] [stdout] 
[INFO] [stdout] 
[INFO] [stdout] warning: the item `Future` is imported redundantly
[INFO] [stdout]    --> tests/support/mod.rs:113:9
[INFO] [stdout]     |
[INFO] [stdout] 12  | pub use self::futures::Future;
[INFO] [stdout]     |         --------------------- the item `Future` is already imported here
[INFO] [stdout] ...
[INFO] [stdout] 113 |     use self::futures::Future;
[INFO] [stdout]     |         ^^^^^^^^^^^^^^^^^^^^^
[INFO] [stdout]     |
[INFO] [stdout]     = note: `#[warn(unused_imports)]` on by default
[INFO] [stdout] 
[INFO] [stdout] 
[INFO] [stdout] warning: the item `Future` is imported redundantly
[INFO] [stdout]    --> tests/support/mod.rs:128:9
[INFO] [stdout]     |
[INFO] [stdout] 12  | pub use self::futures::Future;
[INFO] [stdout]     |         --------------------- the item `Future` is already imported here
[INFO] [stdout] ...
[INFO] [stdout] 128 |     use self::futures::Future;
[INFO] [stdout]     |         ^^^^^^^^^^^^^^^^^^^^^
[INFO] [stdout] 
[INFO] [stdout] 
[INFO] [stdout] warning: fields `foo` and `bar` are never read
[INFO] [stdout]   --> examples/derive_extract.rs:31:5
[INFO] [stdout]    |
[INFO] [stdout] 29 | struct Foo {
[INFO] [stdout]    |        --- fields in this struct
[INFO] [stdout] 30 |     /// A `foo` component must be provided and it must be a numeric type.
[INFO] [stdout] 31 |     foo: u32,
[INFO] [stdout]    |     ^^^
[INFO] [stdout] ...
[INFO] [stdout] 34 |     bar: Option<String>,
[INFO] [stdout]    |     ^^^
[INFO] [stdout]    |
[INFO] [stdout]    = note: `Foo` has a derived impl for the trait `Debug`, but this is intentionally ignored during dead code analysis
[INFO] [stdout]    = note: `#[warn(dead_code)]` on by default
[INFO] [stdout] 
[INFO] [stdout] 
[INFO] [stdout] warning: the item `Future` is imported redundantly
[INFO] [stdout]    --> tests/support/mod.rs:113:9
[INFO] [stdout]     |
[INFO] [stdout] 12  | pub use self::futures::Future;
[INFO] [stdout]     |         --------------------- the item `Future` is already imported here
[INFO] [stdout] ...
[INFO] [stdout] 113 |     use self::futures::Future;
[INFO] [stdout]     |         ^^^^^^^^^^^^^^^^^^^^^
[INFO] [stdout]     |
[INFO] [stdout]     = note: `#[warn(unused_imports)]` on by default
[INFO] [stdout] 
[INFO] [stdout] 
[INFO] [stdout] warning: the item `Future` is imported redundantly
[INFO] [stdout]    --> tests/support/mod.rs:128:9
[INFO] [stdout]     |
[INFO] [stdout] 12  | pub use self::futures::Future;
[INFO] [stdout]     |         --------------------- the item `Future` is already imported here
[INFO] [stdout] ...
[INFO] [stdout] 128 |     use self::futures::Future;
[INFO] [stdout]     |         ^^^^^^^^^^^^^^^^^^^^^
[INFO] [stdout] 
[INFO] [stdout] 
[INFO] [stderr] error: could not compile `tower-web` (lib test); 12 warnings emitted
[INFO] [stderr] 
[INFO] [stderr] Caused by:
[INFO] [stderr]   process didn't exit successfully: `/opt/rustwide/rustup-home/toolchains/1.75.0-x86_64-unknown-linux-gnu/bin/rustc --crate-name tower_web src/lib.rs --error-format=json --json=diagnostic-rendered-ansi,artifacts,future-incompat --emit=dep-info,link -C embed-bitcode=no -C debuginfo=2 --test --cfg 'feature="default"' --cfg 'feature="handlebars"' -C metadata=d769e267c70ed4e9 -C extra-filename=-d769e267c70ed4e9 --out-dir /opt/rustwide/target/debug/deps -L dependency=/opt/rustwide/target/debug/deps --extern atoi=/opt/rustwide/target/debug/deps/libatoi-273a356a50c1e501.rlib --extern bytes=/opt/rustwide/target/debug/deps/libbytes-24342ab55d8a5f14.rlib --extern checked=/opt/rustwide/target/debug/deps/libchecked-9180432417a30645.rlib --extern chrono=/opt/rustwide/target/debug/deps/libchrono-5adb78f4d288461a.rlib --extern env_logger=/opt/rustwide/target/debug/deps/libenv_logger-4e904c8f7c09d653.rlib --extern flate2=/opt/rustwide/target/debug/deps/libflate2-1347a47922d98cc4.rlib --extern futures=/opt/rustwide/target/debug/deps/libfutures-8d8915a23f05644b.rlib --extern handlebars=/opt/rustwide/target/debug/deps/libhandlebars-2608d46b5e156b56.rlib --extern headers=/opt/rustwide/target/debug/deps/libheaders-47fab4d03163604e.rlib --extern http=/opt/rustwide/target/debug/deps/libhttp-d8c21ae778ef9c88.rlib --extern hyper=/opt/rustwide/target/debug/deps/libhyper-18706d00ecfa4dda.rlib --extern lazy_static=/opt/rustwide/target/debug/deps/liblazy_static-591486ebcb9a7ead.rlib --extern log=/opt/rustwide/target/debug/deps/liblog-e491f2c1d0b13538.rlib --extern mime=/opt/rustwide/target/debug/deps/libmime-7e306270d8ceb372.rlib --extern mime_guess=/opt/rustwide/target/debug/deps/libmime_guess-ce25b976f0463369.rlib --extern percent_encoding=/opt/rustwide/target/debug/deps/libpercent_encoding-139f6dad4c5bd392.rlib --extern proc_macro_hack=/opt/rustwide/target/debug/deps/libproc_macro_hack-21719b54828cfe18.rlib --extern rand=/opt/rustwide/target/debug/deps/librand-fcd4d733b32cd4c2.rlib --extern serde=/opt/rustwide/target/debug/deps/libserde-8d72183392081d4f.rlib --extern serde_derive=/opt/rustwide/target/debug/deps/libserde_derive-0df77fa94e0ec881.so --extern serde_json=/opt/rustwide/target/debug/deps/libserde_json-f7e7de9bae5c986c.rlib --extern serde_plain=/opt/rustwide/target/debug/deps/libserde_plain-2873d4fa6920583d.rlib --extern serde_urlencoded=/opt/rustwide/target/debug/deps/libserde_urlencoded-861cece0a1efa061.rlib --extern tokio=/opt/rustwide/target/debug/deps/libtokio-b18284389fe32794.rlib --extern tokio_fs=/opt/rustwide/target/debug/deps/libtokio_fs-8c23e094eddb00f6.rlib --extern tokio_io=/opt/rustwide/target/debug/deps/libtokio_io-de52eed97cf650b3.rlib --extern tower_service=/opt/rustwide/target/debug/deps/libtower_service-a4d8c88f42031cbc.rlib --extern tower_web_macros=/opt/rustwide/target/debug/deps/libtower_web_macros-713b61018790afe3.so --extern void=/opt/rustwide/target/debug/deps/libvoid-57759e2f45e50f47.rlib --cap-lints=warn` (signal: 9, SIGKILL: kill)
[INFO] [stderr] warning: build failed, waiting for other jobs to finish...
[INFO] [stderr] error: could not compile `tower-web` (example "derive_extract"); 1 warning emitted
[INFO] [stderr] 
[INFO] [stderr] Caused by:
[INFO] [stderr]   process didn't exit successfully: `/opt/rustwide/rustup-home/toolchains/1.75.0-x86_64-unknown-linux-gnu/bin/rustc --crate-name derive_extract examples/derive_extract.rs --error-format=json --json=diagnostic-rendered-ansi,artifacts,future-incompat --crate-type bin --emit=dep-info,link -C embed-bitcode=no -C debuginfo=2 --cfg 'feature="default"' --cfg 'feature="handlebars"' -C metadata=9d1ce6d55c5548d4 -C extra-filename=-9d1ce6d55c5548d4 --out-dir /opt/rustwide/target/debug/examples -L dependency=/opt/rustwide/target/debug/deps --extern atoi=/opt/rustwide/target/debug/deps/libatoi-273a356a50c1e501.rlib --extern bytes=/opt/rustwide/target/debug/deps/libbytes-24342ab55d8a5f14.rlib --extern checked=/opt/rustwide/target/debug/deps/libchecked-9180432417a30645.rlib --extern chrono=/opt/rustwide/target/debug/deps/libchrono-5adb78f4d288461a.rlib --extern env_logger=/opt/rustwide/target/debug/deps/libenv_logger-4e904c8f7c09d653.rlib --extern flate2=/opt/rustwide/target/debug/deps/libflate2-1347a47922d98cc4.rlib --extern futures=/opt/rustwide/target/debug/deps/libfutures-8d8915a23f05644b.rlib --extern handlebars=/opt/rustwide/target/debug/deps/libhandlebars-2608d46b5e156b56.rlib --extern headers=/opt/rustwide/target/debug/deps/libheaders-47fab4d03163604e.rlib --extern http=/opt/rustwide/target/debug/deps/libhttp-d8c21ae778ef9c88.rlib --extern hyper=/opt/rustwide/target/debug/deps/libhyper-18706d00ecfa4dda.rlib --extern lazy_static=/opt/rustwide/target/debug/deps/liblazy_static-591486ebcb9a7ead.rlib --extern log=/opt/rustwide/target/debug/deps/liblog-e491f2c1d0b13538.rlib --extern mime=/opt/rustwide/target/debug/deps/libmime-7e306270d8ceb372.rlib --extern mime_guess=/opt/rustwide/target/debug/deps/libmime_guess-ce25b976f0463369.rlib --extern percent_encoding=/opt/rustwide/target/debug/deps/libpercent_encoding-139f6dad4c5bd392.rlib --extern proc_macro_hack=/opt/rustwide/target/debug/deps/libproc_macro_hack-21719b54828cfe18.rlib --extern rand=/opt/rustwide/target/debug/deps/librand-fcd4d733b32cd4c2.rlib --extern serde=/opt/rustwide/target/debug/deps/libserde-8d72183392081d4f.rlib --extern serde_derive=/opt/rustwide/target/debug/deps/libserde_derive-0df77fa94e0ec881.so --extern serde_json=/opt/rustwide/target/debug/deps/libserde_json-f7e7de9bae5c986c.rlib --extern serde_plain=/opt/rustwide/target/debug/deps/libserde_plain-2873d4fa6920583d.rlib --extern serde_urlencoded=/opt/rustwide/target/debug/deps/libserde_urlencoded-861cece0a1efa061.rlib --extern tokio=/opt/rustwide/target/debug/deps/libtokio-b18284389fe32794.rlib --extern tokio_fs=/opt/rustwide/target/debug/deps/libtokio_fs-8c23e094eddb00f6.rlib --extern tokio_io=/opt/rustwide/target/debug/deps/libtokio_io-de52eed97cf650b3.rlib --extern tower_service=/opt/rustwide/target/debug/deps/libtower_service-a4d8c88f42031cbc.rlib --extern tower_web=/opt/rustwide/target/debug/deps/libtower_web-a12fc69a7800617f.rlib --extern tower_web_macros=/opt/rustwide/target/debug/deps/libtower_web_macros-713b61018790afe3.so --extern void=/opt/rustwide/target/debug/deps/libvoid-57759e2f45e50f47.rlib --cap-lints=warn` (signal: 9, SIGKILL: kill)
[INFO] [stderr] error: could not compile `tower-web` (example "middleware")
[INFO] [stderr] 
[INFO] [stderr] Caused by:
[INFO] [stderr]   process didn't exit successfully: `/opt/rustwide/rustup-home/toolchains/1.75.0-x86_64-unknown-linux-gnu/bin/rustc --crate-name middleware examples/middleware.rs --error-format=json --json=diagnostic-rendered-ansi,artifacts,future-incompat --crate-type bin --emit=dep-info,link -C embed-bitcode=no -C debuginfo=2 --cfg 'feature="default"' --cfg 'feature="handlebars"' -C metadata=d54321bfe379548a -C extra-filename=-d54321bfe379548a --out-dir /opt/rustwide/target/debug/examples -L dependency=/opt/rustwide/target/debug/deps --extern atoi=/opt/rustwide/target/debug/deps/libatoi-273a356a50c1e501.rlib --extern bytes=/opt/rustwide/target/debug/deps/libbytes-24342ab55d8a5f14.rlib --extern checked=/opt/rustwide/target/debug/deps/libchecked-9180432417a30645.rlib --extern chrono=/opt/rustwide/target/debug/deps/libchrono-5adb78f4d288461a.rlib --extern env_logger=/opt/rustwide/target/debug/deps/libenv_logger-4e904c8f7c09d653.rlib --extern flate2=/opt/rustwide/target/debug/deps/libflate2-1347a47922d98cc4.rlib --extern futures=/opt/rustwide/target/debug/deps/libfutures-8d8915a23f05644b.rlib --extern handlebars=/opt/rustwide/target/debug/deps/libhandlebars-2608d46b5e156b56.rlib --extern headers=/opt/rustwide/target/debug/deps/libheaders-47fab4d03163604e.rlib --extern http=/opt/rustwide/target/debug/deps/libhttp-d8c21ae778ef9c88.rlib --extern hyper=/opt/rustwide/target/debug/deps/libhyper-18706d00ecfa4dda.rlib --extern lazy_static=/opt/rustwide/target/debug/deps/liblazy_static-591486ebcb9a7ead.rlib --extern log=/opt/rustwide/target/debug/deps/liblog-e491f2c1d0b13538.rlib --extern mime=/opt/rustwide/target/debug/deps/libmime-7e306270d8ceb372.rlib --extern mime_guess=/opt/rustwide/target/debug/deps/libmime_guess-ce25b976f0463369.rlib --extern percent_encoding=/opt/rustwide/target/debug/deps/libpercent_encoding-139f6dad4c5bd392.rlib --extern proc_macro_hack=/opt/rustwide/target/debug/deps/libproc_macro_hack-21719b54828cfe18.rlib --extern rand=/opt/rustwide/target/debug/deps/librand-fcd4d733b32cd4c2.rlib --extern serde=/opt/rustwide/target/debug/deps/libserde-8d72183392081d4f.rlib --extern serde_derive=/opt/rustwide/target/debug/deps/libserde_derive-0df77fa94e0ec881.so --extern serde_json=/opt/rustwide/target/debug/deps/libserde_json-f7e7de9bae5c986c.rlib --extern serde_plain=/opt/rustwide/target/debug/deps/libserde_plain-2873d4fa6920583d.rlib --extern serde_urlencoded=/opt/rustwide/target/debug/deps/libserde_urlencoded-861cece0a1efa061.rlib --extern tokio=/opt/rustwide/target/debug/deps/libtokio-b18284389fe32794.rlib --extern tokio_fs=/opt/rustwide/target/debug/deps/libtokio_fs-8c23e094eddb00f6.rlib --extern tokio_io=/opt/rustwide/target/debug/deps/libtokio_io-de52eed97cf650b3.rlib --extern tower_service=/opt/rustwide/target/debug/deps/libtower_service-a4d8c88f42031cbc.rlib --extern tower_web=/opt/rustwide/target/debug/deps/libtower_web-a12fc69a7800617f.rlib --extern tower_web_macros=/opt/rustwide/target/debug/deps/libtower_web_macros-713b61018790afe3.so --extern void=/opt/rustwide/target/debug/deps/libvoid-57759e2f45e50f47.rlib --cap-lints=warn` (signal: 9, SIGKILL: kill)
[INFO] [stderr] error: could not compile `tower-web` (example "args")
[INFO] [stderr] 
[INFO] [stderr] Caused by:
[INFO] [stderr]   process didn't exit successfully: `/opt/rustwide/rustup-home/toolchains/1.75.0-x86_64-unknown-linux-gnu/bin/rustc --crate-name args examples/args.rs --error-format=json --json=diagnostic-rendered-ansi,artifacts,future-incompat --crate-type bin --emit=dep-info,link -C embed-bitcode=no -C debuginfo=2 --cfg 'feature="default"' --cfg 'feature="handlebars"' -C metadata=e0afacce05045159 -C extra-filename=-e0afacce05045159 --out-dir /opt/rustwide/target/debug/examples -L dependency=/opt/rustwide/target/debug/deps --extern atoi=/opt/rustwide/target/debug/deps/libatoi-273a356a50c1e501.rlib --extern bytes=/opt/rustwide/target/debug/deps/libbytes-24342ab55d8a5f14.rlib --extern checked=/opt/rustwide/target/debug/deps/libchecked-9180432417a30645.rlib --extern chrono=/opt/rustwide/target/debug/deps/libchrono-5adb78f4d288461a.rlib --extern env_logger=/opt/rustwide/target/debug/deps/libenv_logger-4e904c8f7c09d653.rlib --extern flate2=/opt/rustwide/target/debug/deps/libflate2-1347a47922d98cc4.rlib --extern futures=/opt/rustwide/target/debug/deps/libfutures-8d8915a23f05644b.rlib --extern handlebars=/opt/rustwide/target/debug/deps/libhandlebars-2608d46b5e156b56.rlib --extern headers=/opt/rustwide/target/debug/deps/libheaders-47fab4d03163604e.rlib --extern http=/opt/rustwide/target/debug/deps/libhttp-d8c21ae778ef9c88.rlib --extern hyper=/opt/rustwide/target/debug/deps/libhyper-18706d00ecfa4dda.rlib --extern lazy_static=/opt/rustwide/target/debug/deps/liblazy_static-591486ebcb9a7ead.rlib --extern log=/opt/rustwide/target/debug/deps/liblog-e491f2c1d0b13538.rlib --extern mime=/opt/rustwide/target/debug/deps/libmime-7e306270d8ceb372.rlib --extern mime_guess=/opt/rustwide/target/debug/deps/libmime_guess-ce25b976f0463369.rlib --extern percent_encoding=/opt/rustwide/target/debug/deps/libpercent_encoding-139f6dad4c5bd392.rlib --extern proc_macro_hack=/opt/rustwide/target/debug/deps/libproc_macro_hack-21719b54828cfe18.rlib --extern rand=/opt/rustwide/target/debug/deps/librand-fcd4d733b32cd4c2.rlib --extern serde=/opt/rustwide/target/debug/deps/libserde-8d72183392081d4f.rlib --extern serde_derive=/opt/rustwide/target/debug/deps/libserde_derive-0df77fa94e0ec881.so --extern serde_json=/opt/rustwide/target/debug/deps/libserde_json-f7e7de9bae5c986c.rlib --extern serde_plain=/opt/rustwide/target/debug/deps/libserde_plain-2873d4fa6920583d.rlib --extern serde_urlencoded=/opt/rustwide/target/debug/deps/libserde_urlencoded-861cece0a1efa061.rlib --extern tokio=/opt/rustwide/target/debug/deps/libtokio-b18284389fe32794.rlib --extern tokio_fs=/opt/rustwide/target/debug/deps/libtokio_fs-8c23e094eddb00f6.rlib --extern tokio_io=/opt/rustwide/target/debug/deps/libtokio_io-de52eed97cf650b3.rlib --extern tower_service=/opt/rustwide/target/debug/deps/libtower_service-a4d8c88f42031cbc.rlib --extern tower_web=/opt/rustwide/target/debug/deps/libtower_web-a12fc69a7800617f.rlib --extern tower_web_macros=/opt/rustwide/target/debug/deps/libtower_web_macros-713b61018790afe3.so --extern void=/opt/rustwide/target/debug/deps/libvoid-57759e2f45e50f47.rlib --cap-lints=warn` (signal: 9, SIGKILL: kill)
[INFO] [stderr] error: could not compile `tower-web` (example "hello_world"); 1 warning emitted
[INFO] [stderr] 
[INFO] [stderr] Caused by:
[INFO] [stderr]   process didn't exit successfully: `/opt/rustwide/rustup-home/toolchains/1.75.0-x86_64-unknown-linux-gnu/bin/rustc --crate-name hello_world examples/hello_world.rs --error-format=json --json=diagnostic-rendered-ansi,artifacts,future-incompat --crate-type bin --emit=dep-info,link -C embed-bitcode=no -C debuginfo=2 --cfg 'feature="default"' --cfg 'feature="handlebars"' -C metadata=49b5f306763a58fa -C extra-filename=-49b5f306763a58fa --out-dir /opt/rustwide/target/debug/examples -L dependency=/opt/rustwide/target/debug/deps --extern atoi=/opt/rustwide/target/debug/deps/libatoi-273a356a50c1e501.rlib --extern bytes=/opt/rustwide/target/debug/deps/libbytes-24342ab55d8a5f14.rlib --extern checked=/opt/rustwide/target/debug/deps/libchecked-9180432417a30645.rlib --extern chrono=/opt/rustwide/target/debug/deps/libchrono-5adb78f4d288461a.rlib --extern env_logger=/opt/rustwide/target/debug/deps/libenv_logger-4e904c8f7c09d653.rlib --extern flate2=/opt/rustwide/target/debug/deps/libflate2-1347a47922d98cc4.rlib --extern futures=/opt/rustwide/target/debug/deps/libfutures-8d8915a23f05644b.rlib --extern handlebars=/opt/rustwide/target/debug/deps/libhandlebars-2608d46b5e156b56.rlib --extern headers=/opt/rustwide/target/debug/deps/libheaders-47fab4d03163604e.rlib --extern http=/opt/rustwide/target/debug/deps/libhttp-d8c21ae778ef9c88.rlib --extern hyper=/opt/rustwide/target/debug/deps/libhyper-18706d00ecfa4dda.rlib --extern lazy_static=/opt/rustwide/target/debug/deps/liblazy_static-591486ebcb9a7ead.rlib --extern log=/opt/rustwide/target/debug/deps/liblog-e491f2c1d0b13538.rlib --extern mime=/opt/rustwide/target/debug/deps/libmime-7e306270d8ceb372.rlib --extern mime_guess=/opt/rustwide/target/debug/deps/libmime_guess-ce25b976f0463369.rlib --extern percent_encoding=/opt/rustwide/target/debug/deps/libpercent_encoding-139f6dad4c5bd392.rlib --extern proc_macro_hack=/opt/rustwide/target/debug/deps/libproc_macro_hack-21719b54828cfe18.rlib --extern rand=/opt/rustwide/target/debug/deps/librand-fcd4d733b32cd4c2.rlib --extern serde=/opt/rustwide/target/debug/deps/libserde-8d72183392081d4f.rlib --extern serde_derive=/opt/rustwide/target/debug/deps/libserde_derive-0df77fa94e0ec881.so --extern serde_json=/opt/rustwide/target/debug/deps/libserde_json-f7e7de9bae5c986c.rlib --extern serde_plain=/opt/rustwide/target/debug/deps/libserde_plain-2873d4fa6920583d.rlib --extern serde_urlencoded=/opt/rustwide/target/debug/deps/libserde_urlencoded-861cece0a1efa061.rlib --extern tokio=/opt/rustwide/target/debug/deps/libtokio-b18284389fe32794.rlib --extern tokio_fs=/opt/rustwide/target/debug/deps/libtokio_fs-8c23e094eddb00f6.rlib --extern tokio_io=/opt/rustwide/target/debug/deps/libtokio_io-de52eed97cf650b3.rlib --extern tower_service=/opt/rustwide/target/debug/deps/libtower_service-a4d8c88f42031cbc.rlib --extern tower_web=/opt/rustwide/target/debug/deps/libtower_web-a12fc69a7800617f.rlib --extern tower_web_macros=/opt/rustwide/target/debug/deps/libtower_web_macros-713b61018790afe3.so --extern void=/opt/rustwide/target/debug/deps/libvoid-57759e2f45e50f47.rlib --cap-lints=warn` (signal: 9, SIGKILL: kill)
[INFO] [stderr] error: could not compile `tower-web` (example "static_file")
[INFO] [stderr] 
[INFO] [stderr] Caused by:
[INFO] [stderr]   process didn't exit successfully: `/opt/rustwide/rustup-home/toolchains/1.75.0-x86_64-unknown-linux-gnu/bin/rustc --crate-name static_file examples/static_file.rs --error-format=json --json=diagnostic-rendered-ansi,artifacts,future-incompat --crate-type bin --emit=dep-info,link -C embed-bitcode=no -C debuginfo=2 --cfg 'feature="default"' --cfg 'feature="handlebars"' -C metadata=515b71d3d27a51eb -C extra-filename=-515b71d3d27a51eb --out-dir /opt/rustwide/target/debug/examples -L dependency=/opt/rustwide/target/debug/deps --extern atoi=/opt/rustwide/target/debug/deps/libatoi-273a356a50c1e501.rlib --extern bytes=/opt/rustwide/target/debug/deps/libbytes-24342ab55d8a5f14.rlib --extern checked=/opt/rustwide/target/debug/deps/libchecked-9180432417a30645.rlib --extern chrono=/opt/rustwide/target/debug/deps/libchrono-5adb78f4d288461a.rlib --extern env_logger=/opt/rustwide/target/debug/deps/libenv_logger-4e904c8f7c09d653.rlib --extern flate2=/opt/rustwide/target/debug/deps/libflate2-1347a47922d98cc4.rlib --extern futures=/opt/rustwide/target/debug/deps/libfutures-8d8915a23f05644b.rlib --extern handlebars=/opt/rustwide/target/debug/deps/libhandlebars-2608d46b5e156b56.rlib --extern headers=/opt/rustwide/target/debug/deps/libheaders-47fab4d03163604e.rlib --extern http=/opt/rustwide/target/debug/deps/libhttp-d8c21ae778ef9c88.rlib --extern hyper=/opt/rustwide/target/debug/deps/libhyper-18706d00ecfa4dda.rlib --extern lazy_static=/opt/rustwide/target/debug/deps/liblazy_static-591486ebcb9a7ead.rlib --extern log=/opt/rustwide/target/debug/deps/liblog-e491f2c1d0b13538.rlib --extern mime=/opt/rustwide/target/debug/deps/libmime-7e306270d8ceb372.rlib --extern mime_guess=/opt/rustwide/target/debug/deps/libmime_guess-ce25b976f0463369.rlib --extern percent_encoding=/opt/rustwide/target/debug/deps/libpercent_encoding-139f6dad4c5bd392.rlib --extern proc_macro_hack=/opt/rustwide/target/debug/deps/libproc_macro_hack-21719b54828cfe18.rlib --extern rand=/opt/rustwide/target/debug/deps/librand-fcd4d733b32cd4c2.rlib --extern serde=/opt/rustwide/target/debug/deps/libserde-8d72183392081d4f.rlib --extern serde_derive=/opt/rustwide/target/debug/deps/libserde_derive-0df77fa94e0ec881.so --extern serde_json=/opt/rustwide/target/debug/deps/libserde_json-f7e7de9bae5c986c.rlib --extern serde_plain=/opt/rustwide/target/debug/deps/libserde_plain-2873d4fa6920583d.rlib --extern serde_urlencoded=/opt/rustwide/target/debug/deps/libserde_urlencoded-861cece0a1efa061.rlib --extern tokio=/opt/rustwide/target/debug/deps/libtokio-b18284389fe32794.rlib --extern tokio_fs=/opt/rustwide/target/debug/deps/libtokio_fs-8c23e094eddb00f6.rlib --extern tokio_io=/opt/rustwide/target/debug/deps/libtokio_io-de52eed97cf650b3.rlib --extern tower_service=/opt/rustwide/target/debug/deps/libtower_service-a4d8c88f42031cbc.rlib --extern tower_web=/opt/rustwide/target/debug/deps/libtower_web-a12fc69a7800617f.rlib --extern tower_web_macros=/opt/rustwide/target/debug/deps/libtower_web_macros-713b61018790afe3.so --extern void=/opt/rustwide/target/debug/deps/libvoid-57759e2f45e50f47.rlib --cap-lints=warn` (signal: 9, SIGKILL: kill)
[INFO] [stderr] error: could not compile `tower-web` (example "catch")
[INFO] [stderr] 
[INFO] [stderr] Caused by:
[INFO] [stderr]   process didn't exit successfully: `/opt/rustwide/rustup-home/toolchains/1.75.0-x86_64-unknown-linux-gnu/bin/rustc --crate-name catch examples/catch.rs --error-format=json --json=diagnostic-rendered-ansi,artifacts,future-incompat --crate-type bin --emit=dep-info,link -C embed-bitcode=no -C debuginfo=2 --cfg 'feature="default"' --cfg 'feature="handlebars"' -C metadata=63b7f99ca7e588ad -C extra-filename=-63b7f99ca7e588ad --out-dir /opt/rustwide/target/debug/examples -L dependency=/opt/rustwide/target/debug/deps --extern atoi=/opt/rustwide/target/debug/deps/libatoi-273a356a50c1e501.rlib --extern bytes=/opt/rustwide/target/debug/deps/libbytes-24342ab55d8a5f14.rlib --extern checked=/opt/rustwide/target/debug/deps/libchecked-9180432417a30645.rlib --extern chrono=/opt/rustwide/target/debug/deps/libchrono-5adb78f4d288461a.rlib --extern env_logger=/opt/rustwide/target/debug/deps/libenv_logger-4e904c8f7c09d653.rlib --extern flate2=/opt/rustwide/target/debug/deps/libflate2-1347a47922d98cc4.rlib --extern futures=/opt/rustwide/target/debug/deps/libfutures-8d8915a23f05644b.rlib --extern handlebars=/opt/rustwide/target/debug/deps/libhandlebars-2608d46b5e156b56.rlib --extern headers=/opt/rustwide/target/debug/deps/libheaders-47fab4d03163604e.rlib --extern http=/opt/rustwide/target/debug/deps/libhttp-d8c21ae778ef9c88.rlib --extern hyper=/opt/rustwide/target/debug/deps/libhyper-18706d00ecfa4dda.rlib --extern lazy_static=/opt/rustwide/target/debug/deps/liblazy_static-591486ebcb9a7ead.rlib --extern log=/opt/rustwide/target/debug/deps/liblog-e491f2c1d0b13538.rlib --extern mime=/opt/rustwide/target/debug/deps/libmime-7e306270d8ceb372.rlib --extern mime_guess=/opt/rustwide/target/debug/deps/libmime_guess-ce25b976f0463369.rlib --extern percent_encoding=/opt/rustwide/target/debug/deps/libpercent_encoding-139f6dad4c5bd392.rlib --extern proc_macro_hack=/opt/rustwide/target/debug/deps/libproc_macro_hack-21719b54828cfe18.rlib --extern rand=/opt/rustwide/target/debug/deps/librand-fcd4d733b32cd4c2.rlib --extern serde=/opt/rustwide/target/debug/deps/libserde-8d72183392081d4f.rlib --extern serde_derive=/opt/rustwide/target/debug/deps/libserde_derive-0df77fa94e0ec881.so --extern serde_json=/opt/rustwide/target/debug/deps/libserde_json-f7e7de9bae5c986c.rlib --extern serde_plain=/opt/rustwide/target/debug/deps/libserde_plain-2873d4fa6920583d.rlib --extern serde_urlencoded=/opt/rustwide/target/debug/deps/libserde_urlencoded-861cece0a1efa061.rlib --extern tokio=/opt/rustwide/target/debug/deps/libtokio-b18284389fe32794.rlib --extern tokio_fs=/opt/rustwide/target/debug/deps/libtokio_fs-8c23e094eddb00f6.rlib --extern tokio_io=/opt/rustwide/target/debug/deps/libtokio_io-de52eed97cf650b3.rlib --extern tower_service=/opt/rustwide/target/debug/deps/libtower_service-a4d8c88f42031cbc.rlib --extern tower_web=/opt/rustwide/target/debug/deps/libtower_web-a12fc69a7800617f.rlib --extern tower_web_macros=/opt/rustwide/target/debug/deps/libtower_web_macros-713b61018790afe3.so --extern void=/opt/rustwide/target/debug/deps/libvoid-57759e2f45e50f47.rlib --cap-lints=warn` (signal: 9, SIGKILL: kill)
[INFO] [stdout] error: linking with `cc` failed: exit status: 1
[INFO] [stdout]   |
[INFO] [stdout]   = note: LC_ALL="C" PATH="/opt/rustwide/rustup-home/toolchains/1.75.0-x86_64-unknown-linux-gnu/lib/rustlib/x86_64-unknown-linux-gnu/bin:/opt/rustwide/cargo-home/bin:/usr/local/sbin:/usr/local/bin:/usr/sbin:/usr/bin:/sbin:/bin" VSLANG="1033" "cc" "-m64" "/tmp/rustcrlWeQl/symbols.o" "/opt/rustwide/target/debug/deps/deflate_stream-f6108a27029e7466.deflate_stream.14a860a50971f4b9-cgu.0.rcgu.o" "/opt/rustwide/target/debug/deps/deflate_stream-f6108a27029e7466.deflate_stream.14a860a50971f4b9-cgu.1.rcgu.o" "/opt/rustwide/target/debug/deps/deflate_stream-f6108a27029e7466.4vo07rmzvbjpekm2.rcgu.o" "-Wl,--as-needed" "-L" "/opt/rustwide/target/debug/deps" "-L" "/opt/rustwide/rustup-home/toolchains/1.75.0-x86_64-unknown-linux-gnu/lib/rustlib/x86_64-unknown-linux-gnu/lib" "-Wl,-Bstatic" "/opt/rustwide/rustup-home/toolchains/1.75.0-x86_64-unknown-linux-gnu/lib/rustlib/x86_64-unknown-linux-gnu/lib/libtest-3df1bed8075ce1de.rlib" "/opt/rustwide/rustup-home/toolchains/1.75.0-x86_64-unknown-linux-gnu/lib/rustlib/x86_64-unknown-linux-gnu/lib/libgetopts-2076fd86b325cb5d.rlib" "/opt/rustwide/rustup-home/toolchains/1.75.0-x86_64-unknown-linux-gnu/lib/rustlib/x86_64-unknown-linux-gnu/lib/libunicode_width-caa7152ee70c190f.rlib" "/opt/rustwide/rustup-home/toolchains/1.75.0-x86_64-unknown-linux-gnu/lib/rustlib/x86_64-unknown-linux-gnu/lib/librustc_std_workspace_std-04e6425e07f02a3c.rlib" "/opt/rustwide/target/debug/deps/librand-fcd4d733b32cd4c2.rlib" "/opt/rustwide/target/debug/deps/librand_core-09a7edfc524c3401.rlib" "/opt/rustwide/target/debug/deps/librand_core-5f8dc8f8f4491b97.rlib" "/opt/rustwide/target/debug/deps/libtower_web-a12fc69a7800617f.rlib" "/opt/rustwide/target/debug/deps/libproc_macro_hack-21719b54828cfe18.rlib" "/opt/rustwide/target/debug/deps/libhandlebars-2608d46b5e156b56.rlib" "/opt/rustwide/target/debug/deps/libwalkdir-855d0afe3de90c17.rlib" "/opt/rustwide/target/debug/deps/libsame_file-06a4c01142053b65.rlib" "/opt/rustwide/target/debug/deps/libregex-3fdc9a8f6eaf81cf.rlib" "/opt/rustwide/target/debug/deps/libregex_automata-7e239e4b359aa58c.rlib" "/opt/rustwide/target/debug/deps/libaho_corasick-c461b2416345444e.rlib" "/opt/rustwide/target/debug/deps/libmemchr-94009dd89ebb9d8d.rlib" "/opt/rustwide/target/debug/deps/libregex_syntax-e4dd3c3a3cb10e1d.rlib" "/opt/rustwide/target/debug/deps/libquick_error-e0931f21b2f0d487.rlib" "/opt/rustwide/target/debug/deps/libpest-f7f99fc0cabbda42.rlib" "/opt/rustwide/target/debug/deps/libvoid-57759e2f45e50f47.rlib" "/opt/rustwide/target/debug/deps/libtower_service-a4d8c88f42031cbc.rlib" "/opt/rustwide/target/debug/deps/libserde_urlencoded-861cece0a1efa061.rlib" "/opt/rustwide/target/debug/deps/liburl-5eb6abafa299dfb6.rlib" "/opt/rustwide/target/debug/deps/libidna-1c39b7924ead49eb.rlib" "/opt/rustwide/target/debug/deps/libunicode_normalization-e1c1be84a555e587.rlib" "/opt/rustwide/target/debug/deps/libtinyvec-cf6c9f6b792a5507.rlib" "/opt/rustwide/target/debug/deps/libtinyvec_macros-b1cb7f53f58c9f87.rlib" "/opt/rustwide/target/debug/deps/libunicode_bidi-9e36a2b0928c1d80.rlib" "/opt/rustwide/target/debug/deps/libmatches-5e4cb3d4c3233fbd.rlib" "/opt/rustwide/target/debug/deps/libdtoa-665aa5830ef0260e.rlib" "/opt/rustwide/target/debug/deps/libserde_plain-2873d4fa6920583d.rlib" "/opt/rustwide/target/debug/deps/libserde_json-f7e7de9bae5c986c.rlib" "/opt/rustwide/target/debug/deps/libryu-5f304b1b6393964f.rlib" "/opt/rustwide/target/debug/deps/libitoa-5f181af53b99b92c.rlib" "/opt/rustwide/target/debug/deps/libserde-8d72183392081d4f.rlib" "/opt/rustwide/target/debug/deps/libpercent_encoding-139f6dad4c5bd392.rlib" "/opt/rustwide/target/debug/deps/libmime_guess-ce25b976f0463369.rlib" "/opt/rustwide/target/debug/deps/libphf-d8dc818cb80d42d0.rlib" "/opt/rustwide/target/debug/deps/libphf_shared-bdf4703fe12b6e80.rlib" "/opt/rustwide/target/debug/deps/libunicase-60882e128d84442b.rlib" "/opt/rustwide/target/debug/deps/libsiphasher-9b4c33045bd62992.rlib" "/opt/rustwide/target/debug/deps/libmime-260542843f230567.rlib" "/opt/rustwide/target/debug/deps/liblog-efa70ab06cac8285.rlib" "/opt/rustwide/target/debug/deps/libhyper-18706d00ecfa4dda.rlib" "/opt/rustwide/target/debug/deps/libwant-7b498addc85954d6.rlib" "/opt/rustwide/target/debug/deps/libtry_lock-ba0ec0947155aa20.rlib" "/opt/rustwide/target/debug/deps/libtokio-b18284389fe32794.rlib" "/opt/rustwide/target/debug/deps/libtokio_trace_core-6ae2f23bfc8d4f7e.rlib" "/opt/rustwide/target/debug/deps/libtokio_uds-b0f0ce0c8f684737.rlib" "/opt/rustwide/target/debug/deps/libmio_uds-902f3edd6dab165b.rlib" "/opt/rustwide/target/debug/deps/libtokio_udp-cf777a3b9754865c.rlib" "/opt/rustwide/target/debug/deps/libtokio_timer-5879a73f13d790e8.rlib" "/opt/rustwide/target/debug/deps/libtokio_tcp-529feca01985e3e4.rlib" "/opt/rustwide/target/debug/deps/libtokio_reactor-00f3fb78e9e2abf7.rlib" "/opt/rustwide/target/debug/deps/libtokio_sync-08ea48bc61321deb.rlib" "/opt/rustwide/target/debug/deps/libparking_lot-b440e990721447f6.rlib" "/opt/rustwide/target/debug/deps/libparking_lot_core-4bb19395965576ec.rlib" "/opt/rustwide/target/debug/deps/libsmallvec-d0609e27bcb54d1d.rlib" "/opt/rustwide/target/debug/deps/liblock_api-66bae9b5c6af1fce.rlib" "/opt/rustwide/target/debug/deps/libtokio_fs-8c23e094eddb00f6.rlib" "/opt/rustwide/target/debug/deps/libtokio_threadpool-ee27785a8c2cff02.rlib" "/opt/rustwide/target/debug/deps/libcrossbeam_queue-c5563bd9f963b5a9.rlib" "/opt/rustwide/target/debug/deps/libcrossbeam_deque-b16be8723014cb64.rlib" "/opt/rustwide/target/debug/deps/libcrossbeam_epoch-2eefb546c17400b4.rlib" "/opt/rustwide/target/debug/deps/libscopeguard-012e5ed929fc2fe6.rlib" "/opt/rustwide/target/debug/deps/libmemoffset-391bf7ec82acb482.rlib" "/opt/rustwide/target/debug/deps/libmaybe_uninit-5d087cbaeefa52e2.rlib" "/opt/rustwide/target/debug/deps/libtokio_current_thread-0ec463f1ca04bf29.rlib" "/opt/rustwide/target/debug/deps/libtokio_executor-1cf9988edc02426a.rlib" "/opt/rustwide/target/debug/deps/libcrossbeam_utils-642de20fe914a5f2.rlib" "/opt/rustwide/target/debug/deps/liblazy_static-591486ebcb9a7ead.rlib" "/opt/rustwide/target/debug/deps/libtokio_codec-58ee2375e8cf1ece.rlib" "/opt/rustwide/target/debug/deps/libmio-066b38166b35d638.rlib" "/opt/rustwide/target/debug/deps/libnet2-aac182d35c91638a.rlib" "/opt/rustwide/target/debug/deps/libcfg_if-925b73a2e437f0c3.rlib" "/opt/rustwide/target/debug/deps/libhttparse-64f1ffbeda450424.rlib" "/opt/rustwide/target/debug/deps/libhttp_body-3068f75fa76c77b6.rlib" "/opt/rustwide/target/debug/deps/libtokio_buf-4af89d669900d253.rlib" "/opt/rustwide/target/debug/deps/libh2-ef04de23a979a353.rlib" "/opt/rustwide/target/debug/deps/libindexmap-7b2113ac7fccbab6.rlib" "/opt/rustwide/target/debug/deps/libhashbrown-567986452cb9bc94.rlib" "/opt/rustwide/target/debug/deps/libstring-4a18e2d9f2fa075a.rlib" "/opt/rustwide/target/debug/deps/libslab-6eb39baadbe9101c.rlib" "/opt/rustwide/target/debug/deps/libtokio_io-de52eed97cf650b3.rlib" "/opt/rustwide/target/debug/deps/liblog-e491f2c1d0b13538.rlib" "/opt/rustwide/target/debug/deps/libfutures_cpupool-d4c6de157e0818c5.rlib" "/opt/rustwide/target/debug/deps/libnum_cpus-cb81d41626d198af.rlib" "/opt/rustwide/target/debug/deps/libheaders-47fab4d03163604e.rlib" "/opt/rustwide/target/debug/deps/libtime-7b15c2e647edb1fd.rlib" "/opt/rustwide/target/debug/deps/libsha1-7b68b4c5fffb7cf2.rlib" "/opt/rustwide/target/debug/deps/libfake_simd-f5f63bdff85047cd.rlib" "/opt/rustwide/target/debug/deps/libdigest-3cac8537a9fce698.rlib" "/opt/rustwide/target/debug/deps/libopaque_debug-804d9e13b6282a7a.rlib" "/opt/rustwide/target/debug/deps/libblock_buffer-73e51baf97a5ab63.rlib" "/opt/rustwide/target/debug/deps/libgeneric_array-293301e9541471d9.rlib" "/opt/rustwide/target/debug/deps/libtypenum-da95465dc70d2c95.rlib" "/opt/rustwide/target/debug/deps/libblock_padding-2267d541f673c456.rlib" "/opt/rustwide/target/debug/deps/libbyte_tools-2219004c21e9b9ac.rlib" "/opt/rustwide/target/debug/deps/libmime-7e306270d8ceb372.rlib" "/opt/rustwide/target/debug/deps/libheaders_core-11e8054e8b92a714.rlib" "/opt/rustwide/target/debug/deps/libhttp-d8c21ae778ef9c88.rlib" "/opt/rustwide/target/debug/deps/libitoa-88dc5e7d606068cc.rlib" "/opt/rustwide/target/debug/deps/libfnv-18bf5144d055e772.rlib" "/opt/rustwide/target/debug/deps/libbitflags-b7cee2ca4fb438d0.rlib" "/opt/rustwide/target/debug/deps/libbase64-30cb3015b498dd6d.rlib" "/opt/rustwide/target/debug/deps/libfutures-8d8915a23f05644b.rlib" "/opt/rustwide/target/debug/deps/libflate2-1347a47922d98cc4.rlib" "/opt/rustwide/target/debug/deps/libminiz_oxide-f272f5814aa49507.rlib" "/opt/rustwide/target/debug/deps/libadler-c8f2240c56a0abca.rlib" "/opt/rustwide/target/debug/deps/libcrc32fast-664446237529ebff.rlib" "/opt/rustwide/target/debug/deps/libcfg_if-61dc7a6799e72b18.rlib" "/opt/rustwide/target/debug/deps/libchrono-5adb78f4d288461a.rlib" "/opt/rustwide/target/debug/deps/libiana_time_zone-528d9768cce5eb89.rlib" "/opt/rustwide/target/debug/deps/libchecked-9180432417a30645.rlib" "/opt/rustwide/target/debug/deps/libbytes-24342ab55d8a5f14.rlib" "/opt/rustwide/target/debug/deps/libeither-ff4e6ab7d60eb8c1.rlib" "/opt/rustwide/target/debug/deps/libiovec-daf395f292dc3363.rlib" "/opt/rustwide/target/debug/deps/liblibc-f01c1240f7c859d0.rlib" "/opt/rustwide/target/debug/deps/libbyteorder-e9468b374a0c0c11.rlib" "/opt/rustwide/target/debug/deps/libatoi-273a356a50c1e501.rlib" "/opt/rustwide/target/debug/deps/libnum_traits-dcf66cbda2c5463d.rlib" "/opt/rustwide/rustup-home/toolchains/1.75.0-x86_64-unknown-linux-gnu/lib/rustlib/x86_64-unknown-linux-gnu/lib/libstd-90f6ddbf82de36ec.rlib" "/opt/rustwide/rustup-home/toolchains/1.75.0-x86_64-unknown-linux-gnu/lib/rustlib/x86_64-unknown-linux-gnu/lib/libpanic_unwind-480c41e9d4e1f677.rlib" "/opt/rustwide/rustup-home/toolchains/1.75.0-x86_64-unknown-linux-gnu/lib/rustlib/x86_64-unknown-linux-gnu/lib/libobject-db744c0ca03eed1d.rlib" "/opt/rustwide/rustup-home/toolchains/1.75.0-x86_64-unknown-linux-gnu/lib/rustlib/x86_64-unknown-linux-gnu/lib/libmemchr-8ba652dc7d4b285a.rlib" "/opt/rustwide/rustup-home/toolchains/1.75.0-x86_64-unknown-linux-gnu/lib/rustlib/x86_64-unknown-linux-gnu/lib/libaddr2line-d5f4520a9ebc0d58.rlib" "/opt/rustwide/rustup-home/toolchains/1.75.0-x86_64-unknown-linux-gnu/lib/rustlib/x86_64-unknown-linux-gnu/lib/libgimli-4ad84de58f0cb463.rlib" "/opt/rustwide/rustup-home/toolchains/1.75.0-x86_64-unknown-linux-gnu/lib/rustlib/x86_64-unknown-linux-gnu/lib/librustc_demangle-0d10aae2e0f38735.rlib" "/opt/rustwide/rustup-home/toolchains/1.75.0-x86_64-unknown-linux-gnu/lib/rustlib/x86_64-unknown-linux-gnu/lib/libstd_detect-0c17cff739e6745b.rlib" "/opt/rustwide/rustup-home/toolchains/1.75.0-x86_64-unknown-linux-gnu/lib/rustlib/x86_64-unknown-linux-gnu/lib/libhashbrown-b29e17139dde1aa8.rlib" "/opt/rustwide/rustup-home/toolchains/1.75.0-x86_64-unknown-linux-gnu/lib/rustlib/x86_64-unknown-linux-gnu/lib/librustc_std_workspace_alloc-1f975299829cc7bd.rlib" "/opt/rustwide/rustup-home/toolchains/1.75.0-x86_64-unknown-linux-gnu/lib/rustlib/x86_64-unknown-linux-gnu/lib/libminiz_oxide-86bae3bc3079f89b.rlib" "/opt/rustwide/rustup-home/toolchains/1.75.0-x86_64-unknown-linux-gnu/lib/rustlib/x86_64-unknown-linux-gnu/lib/libadler-321b82c30dffdf5f.rlib" "/opt/rustwide/rustup-home/toolchains/1.75.0-x86_64-unknown-linux-gnu/lib/rustlib/x86_64-unknown-linux-gnu/lib/libunwind-3dd8a6810a0bdfef.rlib" "/opt/rustwide/rustup-home/toolchains/1.75.0-x86_64-unknown-linux-gnu/lib/rustlib/x86_64-unknown-linux-gnu/lib/libcfg_if-eb39a61c0c879984.rlib" "/opt/rustwide/rustup-home/toolchains/1.75.0-x86_64-unknown-linux-gnu/lib/rustlib/x86_64-unknown-linux-gnu/lib/liblibc-aa769569f91c3548.rlib" "/opt/rustwide/rustup-home/toolchains/1.75.0-x86_64-unknown-linux-gnu/lib/rustlib/x86_64-unknown-linux-gnu/lib/liballoc-510a192a50a983ed.rlib" "/opt/rustwide/rustup-home/toolchains/1.75.0-x86_64-unknown-linux-gnu/lib/rustlib/x86_64-unknown-linux-gnu/lib/librustc_std_workspace_core-0577018320f99037.rlib" "/opt/rustwide/rustup-home/toolchains/1.75.0-x86_64-unknown-linux-gnu/lib/rustlib/x86_64-unknown-linux-gnu/lib/libcore-193cf992125ccd4c.rlib" "/opt/rustwide/rustup-home/toolchains/1.75.0-x86_64-unknown-linux-gnu/lib/rustlib/x86_64-unknown-linux-gnu/lib/libcompiler_builtins-8e138eaf26ebb4a8.rlib" "-Wl,-Bdynamic" "-lgcc_s" "-lutil" "-lrt" "-lpthread" "-lm" "-ldl" "-lc" "-Wl,--eh-frame-hdr" "-Wl,-z,noexecstack" "-L" "/opt/rustwide/rustup-home/toolchains/1.75.0-x86_64-unknown-linux-gnu/lib/rustlib/x86_64-unknown-linux-gnu/lib" "-o" "/opt/rustwide/target/debug/deps/deflate_stream-f6108a27029e7466" "-Wl,--gc-sections" "-pie" "-Wl,-z,relro,-z,now" "-nodefaultlibs"
[INFO] [stdout]   = note: collect2: fatal error: ld terminated with signal 9 [Killed]
[INFO] [stdout]           compilation terminated.
[INFO] [stdout]           
[INFO] [stdout] 
[INFO] [stdout] 
[INFO] [stdout] error: aborting due to previous error
[INFO] [stdout] 
[INFO] [stdout] 
[INFO] [stderr] error: could not compile `tower-web` (test "deflate_stream") due to 2 previous errors
[INFO] [stdout] error: linking with `cc` failed: exit status: 1
[INFO] [stdout]   |
[INFO] [stdout]   = note: LC_ALL="C" PATH="/opt/rustwide/rustup-home/toolchains/1.75.0-x86_64-unknown-linux-gnu/lib/rustlib/x86_64-unknown-linux-gnu/bin:/opt/rustwide/cargo-home/bin:/usr/local/sbin:/usr/local/bin:/usr/sbin:/usr/bin:/sbin:/bin" VSLANG="1033" "cc" "-m64" "/tmp/rustcdrhFYe/symbols.o" "/opt/rustwide/target/debug/deps/params-5d7bc22d8db7f9c6.params.62de4a2d259450ce-cgu.0.rcgu.o" "/opt/rustwide/target/debug/deps/params-5d7bc22d8db7f9c6.params.62de4a2d259450ce-cgu.1.rcgu.o" "/opt/rustwide/target/debug/deps/params-5d7bc22d8db7f9c6.params.62de4a2d259450ce-cgu.2.rcgu.o" "/opt/rustwide/target/debug/deps/params-5d7bc22d8db7f9c6.params.62de4a2d259450ce-cgu.3.rcgu.o" "/opt/rustwide/target/debug/deps/params-5d7bc22d8db7f9c6.4yu9bvd9ffgqucnv.rcgu.o" "-Wl,--as-needed" "-L" "/opt/rustwide/target/debug/deps" "-L" "/opt/rustwide/rustup-home/toolchains/1.75.0-x86_64-unknown-linux-gnu/lib/rustlib/x86_64-unknown-linux-gnu/lib" "-Wl,-Bstatic" "/opt/rustwide/rustup-home/toolchains/1.75.0-x86_64-unknown-linux-gnu/lib/rustlib/x86_64-unknown-linux-gnu/lib/libtest-3df1bed8075ce1de.rlib" "/opt/rustwide/rustup-home/toolchains/1.75.0-x86_64-unknown-linux-gnu/lib/rustlib/x86_64-unknown-linux-gnu/lib/libgetopts-2076fd86b325cb5d.rlib" "/opt/rustwide/rustup-home/toolchains/1.75.0-x86_64-unknown-linux-gnu/lib/rustlib/x86_64-unknown-linux-gnu/lib/libunicode_width-caa7152ee70c190f.rlib" "/opt/rustwide/rustup-home/toolchains/1.75.0-x86_64-unknown-linux-gnu/lib/rustlib/x86_64-unknown-linux-gnu/lib/librustc_std_workspace_std-04e6425e07f02a3c.rlib" "/opt/rustwide/target/debug/deps/libtower_web-a12fc69a7800617f.rlib" "/opt/rustwide/target/debug/deps/libproc_macro_hack-21719b54828cfe18.rlib" "/opt/rustwide/target/debug/deps/libhandlebars-2608d46b5e156b56.rlib" "/opt/rustwide/target/debug/deps/libwalkdir-855d0afe3de90c17.rlib" "/opt/rustwide/target/debug/deps/libsame_file-06a4c01142053b65.rlib" "/opt/rustwide/target/debug/deps/libregex-3fdc9a8f6eaf81cf.rlib" "/opt/rustwide/target/debug/deps/libregex_automata-7e239e4b359aa58c.rlib" "/opt/rustwide/target/debug/deps/libaho_corasick-c461b2416345444e.rlib" "/opt/rustwide/target/debug/deps/libmemchr-94009dd89ebb9d8d.rlib" "/opt/rustwide/target/debug/deps/libregex_syntax-e4dd3c3a3cb10e1d.rlib" "/opt/rustwide/target/debug/deps/libquick_error-e0931f21b2f0d487.rlib" "/opt/rustwide/target/debug/deps/libpest-f7f99fc0cabbda42.rlib" "/opt/rustwide/target/debug/deps/libvoid-57759e2f45e50f47.rlib" "/opt/rustwide/target/debug/deps/libtower_service-a4d8c88f42031cbc.rlib" "/opt/rustwide/target/debug/deps/libserde_urlencoded-861cece0a1efa061.rlib" "/opt/rustwide/target/debug/deps/liburl-5eb6abafa299dfb6.rlib" "/opt/rustwide/target/debug/deps/libidna-1c39b7924ead49eb.rlib" "/opt/rustwide/target/debug/deps/libunicode_normalization-e1c1be84a555e587.rlib" "/opt/rustwide/target/debug/deps/libtinyvec-cf6c9f6b792a5507.rlib" "/opt/rustwide/target/debug/deps/libtinyvec_macros-b1cb7f53f58c9f87.rlib" "/opt/rustwide/target/debug/deps/libunicode_bidi-9e36a2b0928c1d80.rlib" "/opt/rustwide/target/debug/deps/libmatches-5e4cb3d4c3233fbd.rlib" "/opt/rustwide/target/debug/deps/libdtoa-665aa5830ef0260e.rlib" "/opt/rustwide/target/debug/deps/libserde_plain-2873d4fa6920583d.rlib" "/opt/rustwide/target/debug/deps/libserde_json-f7e7de9bae5c986c.rlib" "/opt/rustwide/target/debug/deps/libryu-5f304b1b6393964f.rlib" "/opt/rustwide/target/debug/deps/libitoa-5f181af53b99b92c.rlib" "/opt/rustwide/target/debug/deps/libserde-8d72183392081d4f.rlib" "/opt/rustwide/target/debug/deps/libpercent_encoding-139f6dad4c5bd392.rlib" "/opt/rustwide/target/debug/deps/libmime_guess-ce25b976f0463369.rlib" "/opt/rustwide/target/debug/deps/libphf-d8dc818cb80d42d0.rlib" "/opt/rustwide/target/debug/deps/libphf_shared-bdf4703fe12b6e80.rlib" "/opt/rustwide/target/debug/deps/libunicase-60882e128d84442b.rlib" "/opt/rustwide/target/debug/deps/libsiphasher-9b4c33045bd62992.rlib" "/opt/rustwide/target/debug/deps/libmime-260542843f230567.rlib" "/opt/rustwide/target/debug/deps/liblog-efa70ab06cac8285.rlib" "/opt/rustwide/target/debug/deps/libhyper-18706d00ecfa4dda.rlib" "/opt/rustwide/target/debug/deps/libwant-7b498addc85954d6.rlib" "/opt/rustwide/target/debug/deps/libtry_lock-ba0ec0947155aa20.rlib" "/opt/rustwide/target/debug/deps/libtokio-b18284389fe32794.rlib" "/opt/rustwide/target/debug/deps/libtokio_trace_core-6ae2f23bfc8d4f7e.rlib" "/opt/rustwide/target/debug/deps/libtokio_uds-b0f0ce0c8f684737.rlib" "/opt/rustwide/target/debug/deps/libmio_uds-902f3edd6dab165b.rlib" "/opt/rustwide/target/debug/deps/libtokio_udp-cf777a3b9754865c.rlib" "/opt/rustwide/target/debug/deps/libtokio_timer-5879a73f13d790e8.rlib" "/opt/rustwide/target/debug/deps/libtokio_tcp-529feca01985e3e4.rlib" "/opt/rustwide/target/debug/deps/libtokio_reactor-00f3fb78e9e2abf7.rlib" "/opt/rustwide/target/debug/deps/libtokio_sync-08ea48bc61321deb.rlib" "/opt/rustwide/target/debug/deps/libparking_lot-b440e990721447f6.rlib" "/opt/rustwide/target/debug/deps/libparking_lot_core-4bb19395965576ec.rlib" "/opt/rustwide/target/debug/deps/libsmallvec-d0609e27bcb54d1d.rlib" "/opt/rustwide/target/debug/deps/liblock_api-66bae9b5c6af1fce.rlib" "/opt/rustwide/target/debug/deps/libtokio_fs-8c23e094eddb00f6.rlib" "/opt/rustwide/target/debug/deps/libtokio_threadpool-ee27785a8c2cff02.rlib" "/opt/rustwide/target/debug/deps/libcrossbeam_queue-c5563bd9f963b5a9.rlib" "/opt/rustwide/target/debug/deps/libcrossbeam_deque-b16be8723014cb64.rlib" "/opt/rustwide/target/debug/deps/libcrossbeam_epoch-2eefb546c17400b4.rlib" "/opt/rustwide/target/debug/deps/libscopeguard-012e5ed929fc2fe6.rlib" "/opt/rustwide/target/debug/deps/libmemoffset-391bf7ec82acb482.rlib" "/opt/rustwide/target/debug/deps/libmaybe_uninit-5d087cbaeefa52e2.rlib" "/opt/rustwide/target/debug/deps/libtokio_current_thread-0ec463f1ca04bf29.rlib" "/opt/rustwide/target/debug/deps/libtokio_executor-1cf9988edc02426a.rlib" "/opt/rustwide/target/debug/deps/libcrossbeam_utils-642de20fe914a5f2.rlib" "/opt/rustwide/target/debug/deps/liblazy_static-591486ebcb9a7ead.rlib" "/opt/rustwide/target/debug/deps/libtokio_codec-58ee2375e8cf1ece.rlib" "/opt/rustwide/target/debug/deps/libmio-066b38166b35d638.rlib" "/opt/rustwide/target/debug/deps/libnet2-aac182d35c91638a.rlib" "/opt/rustwide/target/debug/deps/libcfg_if-925b73a2e437f0c3.rlib" "/opt/rustwide/target/debug/deps/libhttparse-64f1ffbeda450424.rlib" "/opt/rustwide/target/debug/deps/libhttp_body-3068f75fa76c77b6.rlib" "/opt/rustwide/target/debug/deps/libtokio_buf-4af89d669900d253.rlib" "/opt/rustwide/target/debug/deps/libh2-ef04de23a979a353.rlib" "/opt/rustwide/target/debug/deps/libindexmap-7b2113ac7fccbab6.rlib" "/opt/rustwide/target/debug/deps/libhashbrown-567986452cb9bc94.rlib" "/opt/rustwide/target/debug/deps/libstring-4a18e2d9f2fa075a.rlib" "/opt/rustwide/target/debug/deps/libslab-6eb39baadbe9101c.rlib" "/opt/rustwide/target/debug/deps/libtokio_io-de52eed97cf650b3.rlib" "/opt/rustwide/target/debug/deps/liblog-e491f2c1d0b13538.rlib" "/opt/rustwide/target/debug/deps/libfutures_cpupool-d4c6de157e0818c5.rlib" "/opt/rustwide/target/debug/deps/libnum_cpus-cb81d41626d198af.rlib" "/opt/rustwide/target/debug/deps/libheaders-47fab4d03163604e.rlib" "/opt/rustwide/target/debug/deps/libtime-7b15c2e647edb1fd.rlib" "/opt/rustwide/target/debug/deps/libsha1-7b68b4c5fffb7cf2.rlib" "/opt/rustwide/target/debug/deps/libfake_simd-f5f63bdff85047cd.rlib" "/opt/rustwide/target/debug/deps/libdigest-3cac8537a9fce698.rlib" "/opt/rustwide/target/debug/deps/libopaque_debug-804d9e13b6282a7a.rlib" "/opt/rustwide/target/debug/deps/libblock_buffer-73e51baf97a5ab63.rlib" "/opt/rustwide/target/debug/deps/libgeneric_array-293301e9541471d9.rlib" "/opt/rustwide/target/debug/deps/libtypenum-da95465dc70d2c95.rlib" "/opt/rustwide/target/debug/deps/libblock_padding-2267d541f673c456.rlib" "/opt/rustwide/target/debug/deps/libbyte_tools-2219004c21e9b9ac.rlib" "/opt/rustwide/target/debug/deps/libmime-7e306270d8ceb372.rlib" "/opt/rustwide/target/debug/deps/libheaders_core-11e8054e8b92a714.rlib" "/opt/rustwide/target/debug/deps/libbitflags-b7cee2ca4fb438d0.rlib" "/opt/rustwide/target/debug/deps/libbase64-30cb3015b498dd6d.rlib" "/opt/rustwide/target/debug/deps/libflate2-1347a47922d98cc4.rlib" "/opt/rustwide/target/debug/deps/libminiz_oxide-f272f5814aa49507.rlib" "/opt/rustwide/target/debug/deps/libadler-c8f2240c56a0abca.rlib" "/opt/rustwide/target/debug/deps/libcrc32fast-664446237529ebff.rlib" "/opt/rustwide/target/debug/deps/libcfg_if-61dc7a6799e72b18.rlib" "/opt/rustwide/target/debug/deps/libchrono-5adb78f4d288461a.rlib" "/opt/rustwide/target/debug/deps/libiana_time_zone-528d9768cce5eb89.rlib" "/opt/rustwide/target/debug/deps/libchecked-9180432417a30645.rlib" "/opt/rustwide/target/debug/deps/libatoi-273a356a50c1e501.rlib" "/opt/rustwide/target/debug/deps/libnum_traits-dcf66cbda2c5463d.rlib" "/opt/rustwide/target/debug/deps/libhttp-d8c21ae778ef9c88.rlib" "/opt/rustwide/target/debug/deps/libitoa-88dc5e7d606068cc.rlib" "/opt/rustwide/target/debug/deps/libfnv-18bf5144d055e772.rlib" "/opt/rustwide/target/debug/deps/libbytes-24342ab55d8a5f14.rlib" "/opt/rustwide/target/debug/deps/libeither-ff4e6ab7d60eb8c1.rlib" "/opt/rustwide/target/debug/deps/libiovec-daf395f292dc3363.rlib" "/opt/rustwide/target/debug/deps/liblibc-f01c1240f7c859d0.rlib" "/opt/rustwide/target/debug/deps/libbyteorder-e9468b374a0c0c11.rlib" "/opt/rustwide/target/debug/deps/libfutures-8d8915a23f05644b.rlib" "/opt/rustwide/rustup-home/toolchains/1.75.0-x86_64-unknown-linux-gnu/lib/rustlib/x86_64-unknown-linux-gnu/lib/libstd-90f6ddbf82de36ec.rlib" "/opt/rustwide/rustup-home/toolchains/1.75.0-x86_64-unknown-linux-gnu/lib/rustlib/x86_64-unknown-linux-gnu/lib/libpanic_unwind-480c41e9d4e1f677.rlib" "/opt/rustwide/rustup-home/toolchains/1.75.0-x86_64-unknown-linux-gnu/lib/rustlib/x86_64-unknown-linux-gnu/lib/libobject-db744c0ca03eed1d.rlib" "/opt/rustwide/rustup-home/toolchains/1.75.0-x86_64-unknown-linux-gnu/lib/rustlib/x86_64-unknown-linux-gnu/lib/libmemchr-8ba652dc7d4b285a.rlib" "/opt/rustwide/rustup-home/toolchains/1.75.0-x86_64-unknown-linux-gnu/lib/rustlib/x86_64-unknown-linux-gnu/lib/libaddr2line-d5f4520a9ebc0d58.rlib" "/opt/rustwide/rustup-home/toolchains/1.75.0-x86_64-unknown-linux-gnu/lib/rustlib/x86_64-unknown-linux-gnu/lib/libgimli-4ad84de58f0cb463.rlib" "/opt/rustwide/rustup-home/toolchains/1.75.0-x86_64-unknown-linux-gnu/lib/rustlib/x86_64-unknown-linux-gnu/lib/librustc_demangle-0d10aae2e0f38735.rlib" "/opt/rustwide/rustup-home/toolchains/1.75.0-x86_64-unknown-linux-gnu/lib/rustlib/x86_64-unknown-linux-gnu/lib/libstd_detect-0c17cff739e6745b.rlib" "/opt/rustwide/rustup-home/toolchains/1.75.0-x86_64-unknown-linux-gnu/lib/rustlib/x86_64-unknown-linux-gnu/lib/libhashbrown-b29e17139dde1aa8.rlib" "/opt/rustwide/rustup-home/toolchains/1.75.0-x86_64-unknown-linux-gnu/lib/rustlib/x86_64-unknown-linux-gnu/lib/librustc_std_workspace_alloc-1f975299829cc7bd.rlib" "/opt/rustwide/rustup-home/toolchains/1.75.0-x86_64-unknown-linux-gnu/lib/rustlib/x86_64-unknown-linux-gnu/lib/libminiz_oxide-86bae3bc3079f89b.rlib" "/opt/rustwide/rustup-home/toolchains/1.75.0-x86_64-unknown-linux-gnu/lib/rustlib/x86_64-unknown-linux-gnu/lib/libadler-321b82c30dffdf5f.rlib" "/opt/rustwide/rustup-home/toolchains/1.75.0-x86_64-unknown-linux-gnu/lib/rustlib/x86_64-unknown-linux-gnu/lib/libunwind-3dd8a6810a0bdfef.rlib" "/opt/rustwide/rustup-home/toolchains/1.75.0-x86_64-unknown-linux-gnu/lib/rustlib/x86_64-unknown-linux-gnu/lib/libcfg_if-eb39a61c0c879984.rlib" "/opt/rustwide/rustup-home/toolchains/1.75.0-x86_64-unknown-linux-gnu/lib/rustlib/x86_64-unknown-linux-gnu/lib/liblibc-aa769569f91c3548.rlib" "/opt/rustwide/rustup-home/toolchains/1.75.0-x86_64-unknown-linux-gnu/lib/rustlib/x86_64-unknown-linux-gnu/lib/liballoc-510a192a50a983ed.rlib" "/opt/rustwide/rustup-home/toolchains/1.75.0-x86_64-unknown-linux-gnu/lib/rustlib/x86_64-unknown-linux-gnu/lib/librustc_std_workspace_core-0577018320f99037.rlib" "/opt/rustwide/rustup-home/toolchains/1.75.0-x86_64-unknown-linux-gnu/lib/rustlib/x86_64-unknown-linux-gnu/lib/libcore-193cf992125ccd4c.rlib" "/opt/rustwide/rustup-home/toolchains/1.75.0-x86_64-unknown-linux-gnu/lib/rustlib/x86_64-unknown-linux-gnu/lib/libcompiler_builtins-8e138eaf26ebb4a8.rlib" "-Wl,-Bdynamic" "-lgcc_s" "-lutil" "-lrt" "-lpthread" "-lm" "-ldl" "-lc" "-Wl,--eh-frame-hdr" "-Wl,-z,noexecstack" "-L" "/opt/rustwide/rustup-home/toolchains/1.75.0-x86_64-unknown-linux-gnu/lib/rustlib/x86_64-unknown-linux-gnu/lib" "-o" "/opt/rustwide/target/debug/deps/params-5d7bc22d8db7f9c6" "-Wl,--gc-sections" "-pie" "-Wl,-z,relro,-z,now" "-nodefaultlibs"
[INFO] [stdout]   = note: collect2: fatal error: ld terminated with signal 9 [Killed]
[INFO] [stdout]           compilation terminated.
[INFO] [stdout]           
[INFO] [stdout] 
[INFO] [stdout] 
[INFO] [stdout] error: aborting due to previous error; 2 warnings emitted
[INFO] [stdout] 
[INFO] [stdout] 
[INFO] [stderr] error: could not compile `tower-web` (test "params") due to 2 previous errors; 2 warnings emitted
[INFO] [stdout] error: linking with `cc` failed: exit status: 1
[INFO] [stdout]   |
[INFO] [stdout]   = note: LC_ALL="C" PATH="/opt/rustwide/rustup-home/toolchains/1.75.0-x86_64-unknown-linux-gnu/lib/rustlib/x86_64-unknown-linux-gnu/bin:/opt/rustwide/cargo-home/bin:/usr/local/sbin:/usr/local/bin:/usr/sbin:/usr/bin:/sbin:/bin" VSLANG="1033" "cc" "-m64" "/tmp/rustc23djxg/symbols.o" "/opt/rustwide/target/debug/deps/methods-397ac6b0ddacf57c.methods.27665946964e1b6b-cgu.0.rcgu.o" "/opt/rustwide/target/debug/deps/methods-397ac6b0ddacf57c.methods.27665946964e1b6b-cgu.1.rcgu.o" "/opt/rustwide/target/debug/deps/methods-397ac6b0ddacf57c.methods.27665946964e1b6b-cgu.2.rcgu.o" "/opt/rustwide/target/debug/deps/methods-397ac6b0ddacf57c.methods.27665946964e1b6b-cgu.3.rcgu.o" "/opt/rustwide/target/debug/deps/methods-397ac6b0ddacf57c.1jnznlbf4qdxpb90.rcgu.o" "-Wl,--as-needed" "-L" "/opt/rustwide/target/debug/deps" "-L" "/opt/rustwide/rustup-home/toolchains/1.75.0-x86_64-unknown-linux-gnu/lib/rustlib/x86_64-unknown-linux-gnu/lib" "-Wl,-Bstatic" "/opt/rustwide/rustup-home/toolchains/1.75.0-x86_64-unknown-linux-gnu/lib/rustlib/x86_64-unknown-linux-gnu/lib/libtest-3df1bed8075ce1de.rlib" "/opt/rustwide/rustup-home/toolchains/1.75.0-x86_64-unknown-linux-gnu/lib/rustlib/x86_64-unknown-linux-gnu/lib/libgetopts-2076fd86b325cb5d.rlib" "/opt/rustwide/rustup-home/toolchains/1.75.0-x86_64-unknown-linux-gnu/lib/rustlib/x86_64-unknown-linux-gnu/lib/libunicode_width-caa7152ee70c190f.rlib" "/opt/rustwide/rustup-home/toolchains/1.75.0-x86_64-unknown-linux-gnu/lib/rustlib/x86_64-unknown-linux-gnu/lib/librustc_std_workspace_std-04e6425e07f02a3c.rlib" "/opt/rustwide/target/debug/deps/libtower_web-a12fc69a7800617f.rlib" "/opt/rustwide/target/debug/deps/libproc_macro_hack-21719b54828cfe18.rlib" "/opt/rustwide/target/debug/deps/libhandlebars-2608d46b5e156b56.rlib" "/opt/rustwide/target/debug/deps/libwalkdir-855d0afe3de90c17.rlib" "/opt/rustwide/target/debug/deps/libsame_file-06a4c01142053b65.rlib" "/opt/rustwide/target/debug/deps/libregex-3fdc9a8f6eaf81cf.rlib" "/opt/rustwide/target/debug/deps/libregex_automata-7e239e4b359aa58c.rlib" "/opt/rustwide/target/debug/deps/libaho_corasick-c461b2416345444e.rlib" "/opt/rustwide/target/debug/deps/libmemchr-94009dd89ebb9d8d.rlib" "/opt/rustwide/target/debug/deps/libregex_syntax-e4dd3c3a3cb10e1d.rlib" "/opt/rustwide/target/debug/deps/libquick_error-e0931f21b2f0d487.rlib" "/opt/rustwide/target/debug/deps/libpest-f7f99fc0cabbda42.rlib" "/opt/rustwide/target/debug/deps/libvoid-57759e2f45e50f47.rlib" "/opt/rustwide/target/debug/deps/libtower_service-a4d8c88f42031cbc.rlib" "/opt/rustwide/target/debug/deps/libserde_urlencoded-861cece0a1efa061.rlib" "/opt/rustwide/target/debug/deps/liburl-5eb6abafa299dfb6.rlib" "/opt/rustwide/target/debug/deps/libidna-1c39b7924ead49eb.rlib" "/opt/rustwide/target/debug/deps/libunicode_normalization-e1c1be84a555e587.rlib" "/opt/rustwide/target/debug/deps/libtinyvec-cf6c9f6b792a5507.rlib" "/opt/rustwide/target/debug/deps/libtinyvec_macros-b1cb7f53f58c9f87.rlib" "/opt/rustwide/target/debug/deps/libunicode_bidi-9e36a2b0928c1d80.rlib" "/opt/rustwide/target/debug/deps/libmatches-5e4cb3d4c3233fbd.rlib" "/opt/rustwide/target/debug/deps/libdtoa-665aa5830ef0260e.rlib" "/opt/rustwide/target/debug/deps/libserde_plain-2873d4fa6920583d.rlib" "/opt/rustwide/target/debug/deps/libserde_json-f7e7de9bae5c986c.rlib" "/opt/rustwide/target/debug/deps/libryu-5f304b1b6393964f.rlib" "/opt/rustwide/target/debug/deps/libitoa-5f181af53b99b92c.rlib" "/opt/rustwide/target/debug/deps/libserde-8d72183392081d4f.rlib" "/opt/rustwide/target/debug/deps/libpercent_encoding-139f6dad4c5bd392.rlib" "/opt/rustwide/target/debug/deps/libmime_guess-ce25b976f0463369.rlib" "/opt/rustwide/target/debug/deps/libphf-d8dc818cb80d42d0.rlib" "/opt/rustwide/target/debug/deps/libphf_shared-bdf4703fe12b6e80.rlib" "/opt/rustwide/target/debug/deps/libunicase-60882e128d84442b.rlib" "/opt/rustwide/target/debug/deps/libsiphasher-9b4c33045bd62992.rlib" "/opt/rustwide/target/debug/deps/libmime-260542843f230567.rlib" "/opt/rustwide/target/debug/deps/liblog-efa70ab06cac8285.rlib" "/opt/rustwide/target/debug/deps/libhyper-18706d00ecfa4dda.rlib" "/opt/rustwide/target/debug/deps/libwant-7b498addc85954d6.rlib" "/opt/rustwide/target/debug/deps/libtry_lock-ba0ec0947155aa20.rlib" "/opt/rustwide/target/debug/deps/libtokio-b18284389fe32794.rlib" "/opt/rustwide/target/debug/deps/libtokio_trace_core-6ae2f23bfc8d4f7e.rlib" "/opt/rustwide/target/debug/deps/libtokio_uds-b0f0ce0c8f684737.rlib" "/opt/rustwide/target/debug/deps/libmio_uds-902f3edd6dab165b.rlib" "/opt/rustwide/target/debug/deps/libtokio_udp-cf777a3b9754865c.rlib" "/opt/rustwide/target/debug/deps/libtokio_timer-5879a73f13d790e8.rlib" "/opt/rustwide/target/debug/deps/libtokio_tcp-529feca01985e3e4.rlib" "/opt/rustwide/target/debug/deps/libtokio_reactor-00f3fb78e9e2abf7.rlib" "/opt/rustwide/target/debug/deps/libtokio_sync-08ea48bc61321deb.rlib" "/opt/rustwide/target/debug/deps/libparking_lot-b440e990721447f6.rlib" "/opt/rustwide/target/debug/deps/libparking_lot_core-4bb19395965576ec.rlib" "/opt/rustwide/target/debug/deps/libsmallvec-d0609e27bcb54d1d.rlib" "/opt/rustwide/target/debug/deps/liblock_api-66bae9b5c6af1fce.rlib" "/opt/rustwide/target/debug/deps/libtokio_fs-8c23e094eddb00f6.rlib" "/opt/rustwide/target/debug/deps/libtokio_threadpool-ee27785a8c2cff02.rlib" "/opt/rustwide/target/debug/deps/libcrossbeam_queue-c5563bd9f963b5a9.rlib" "/opt/rustwide/target/debug/deps/libcrossbeam_deque-b16be8723014cb64.rlib" "/opt/rustwide/target/debug/deps/libcrossbeam_epoch-2eefb546c17400b4.rlib" "/opt/rustwide/target/debug/deps/libscopeguard-012e5ed929fc2fe6.rlib" "/opt/rustwide/target/debug/deps/libmemoffset-391bf7ec82acb482.rlib" "/opt/rustwide/target/debug/deps/libmaybe_uninit-5d087cbaeefa52e2.rlib" "/opt/rustwide/target/debug/deps/libtokio_current_thread-0ec463f1ca04bf29.rlib" "/opt/rustwide/target/debug/deps/libtokio_executor-1cf9988edc02426a.rlib" "/opt/rustwide/target/debug/deps/libcrossbeam_utils-642de20fe914a5f2.rlib" "/opt/rustwide/target/debug/deps/liblazy_static-591486ebcb9a7ead.rlib" "/opt/rustwide/target/debug/deps/libtokio_codec-58ee2375e8cf1ece.rlib" "/opt/rustwide/target/debug/deps/libmio-066b38166b35d638.rlib" "/opt/rustwide/target/debug/deps/libnet2-aac182d35c91638a.rlib" "/opt/rustwide/target/debug/deps/libcfg_if-925b73a2e437f0c3.rlib" "/opt/rustwide/target/debug/deps/libhttparse-64f1ffbeda450424.rlib" "/opt/rustwide/target/debug/deps/libhttp_body-3068f75fa76c77b6.rlib" "/opt/rustwide/target/debug/deps/libtokio_buf-4af89d669900d253.rlib" "/opt/rustwide/target/debug/deps/libh2-ef04de23a979a353.rlib" "/opt/rustwide/target/debug/deps/libindexmap-7b2113ac7fccbab6.rlib" "/opt/rustwide/target/debug/deps/libhashbrown-567986452cb9bc94.rlib" "/opt/rustwide/target/debug/deps/libstring-4a18e2d9f2fa075a.rlib" "/opt/rustwide/target/debug/deps/libslab-6eb39baadbe9101c.rlib" "/opt/rustwide/target/debug/deps/libtokio_io-de52eed97cf650b3.rlib" "/opt/rustwide/target/debug/deps/liblog-e491f2c1d0b13538.rlib" "/opt/rustwide/target/debug/deps/libfutures_cpupool-d4c6de157e0818c5.rlib" "/opt/rustwide/target/debug/deps/libnum_cpus-cb81d41626d198af.rlib" "/opt/rustwide/target/debug/deps/libheaders-47fab4d03163604e.rlib" "/opt/rustwide/target/debug/deps/libtime-7b15c2e647edb1fd.rlib" "/opt/rustwide/target/debug/deps/libsha1-7b68b4c5fffb7cf2.rlib" "/opt/rustwide/target/debug/deps/libfake_simd-f5f63bdff85047cd.rlib" "/opt/rustwide/target/debug/deps/libdigest-3cac8537a9fce698.rlib" "/opt/rustwide/target/debug/deps/libopaque_debug-804d9e13b6282a7a.rlib" "/opt/rustwide/target/debug/deps/libblock_buffer-73e51baf97a5ab63.rlib" "/opt/rustwide/target/debug/deps/libgeneric_array-293301e9541471d9.rlib" "/opt/rustwide/target/debug/deps/libtypenum-da95465dc70d2c95.rlib" "/opt/rustwide/target/debug/deps/libblock_padding-2267d541f673c456.rlib" "/opt/rustwide/target/debug/deps/libbyte_tools-2219004c21e9b9ac.rlib" "/opt/rustwide/target/debug/deps/libmime-7e306270d8ceb372.rlib" "/opt/rustwide/target/debug/deps/libheaders_core-11e8054e8b92a714.rlib" "/opt/rustwide/target/debug/deps/libbitflags-b7cee2ca4fb438d0.rlib" "/opt/rustwide/target/debug/deps/libbase64-30cb3015b498dd6d.rlib" "/opt/rustwide/target/debug/deps/libflate2-1347a47922d98cc4.rlib" "/opt/rustwide/target/debug/deps/libminiz_oxide-f272f5814aa49507.rlib" "/opt/rustwide/target/debug/deps/libadler-c8f2240c56a0abca.rlib" "/opt/rustwide/target/debug/deps/libcrc32fast-664446237529ebff.rlib" "/opt/rustwide/target/debug/deps/libcfg_if-61dc7a6799e72b18.rlib" "/opt/rustwide/target/debug/deps/libchrono-5adb78f4d288461a.rlib" "/opt/rustwide/target/debug/deps/libiana_time_zone-528d9768cce5eb89.rlib" "/opt/rustwide/target/debug/deps/libchecked-9180432417a30645.rlib" "/opt/rustwide/target/debug/deps/libatoi-273a356a50c1e501.rlib" "/opt/rustwide/target/debug/deps/libnum_traits-dcf66cbda2c5463d.rlib" "/opt/rustwide/target/debug/deps/libhttp-d8c21ae778ef9c88.rlib" "/opt/rustwide/target/debug/deps/libitoa-88dc5e7d606068cc.rlib" "/opt/rustwide/target/debug/deps/libfnv-18bf5144d055e772.rlib" "/opt/rustwide/target/debug/deps/libbytes-24342ab55d8a5f14.rlib" "/opt/rustwide/target/debug/deps/libeither-ff4e6ab7d60eb8c1.rlib" "/opt/rustwide/target/debug/deps/libiovec-daf395f292dc3363.rlib" "/opt/rustwide/target/debug/deps/liblibc-f01c1240f7c859d0.rlib" "/opt/rustwide/target/debug/deps/libbyteorder-e9468b374a0c0c11.rlib" "/opt/rustwide/target/debug/deps/libfutures-8d8915a23f05644b.rlib" "/opt/rustwide/rustup-home/toolchains/1.75.0-x86_64-unknown-linux-gnu/lib/rustlib/x86_64-unknown-linux-gnu/lib/libstd-90f6ddbf82de36ec.rlib" "/opt/rustwide/rustup-home/toolchains/1.75.0-x86_64-unknown-linux-gnu/lib/rustlib/x86_64-unknown-linux-gnu/lib/libpanic_unwind-480c41e9d4e1f677.rlib" "/opt/rustwide/rustup-home/toolchains/1.75.0-x86_64-unknown-linux-gnu/lib/rustlib/x86_64-unknown-linux-gnu/lib/libobject-db744c0ca03eed1d.rlib" "/opt/rustwide/rustup-home/toolchains/1.75.0-x86_64-unknown-linux-gnu/lib/rustlib/x86_64-unknown-linux-gnu/lib/libmemchr-8ba652dc7d4b285a.rlib" "/opt/rustwide/rustup-home/toolchains/1.75.0-x86_64-unknown-linux-gnu/lib/rustlib/x86_64-unknown-linux-gnu/lib/libaddr2line-d5f4520a9ebc0d58.rlib" "/opt/rustwide/rustup-home/toolchains/1.75.0-x86_64-unknown-linux-gnu/lib/rustlib/x86_64-unknown-linux-gnu/lib/libgimli-4ad84de58f0cb463.rlib" "/opt/rustwide/rustup-home/toolchains/1.75.0-x86_64-unknown-linux-gnu/lib/rustlib/x86_64-unknown-linux-gnu/lib/librustc_demangle-0d10aae2e0f38735.rlib" "/opt/rustwide/rustup-home/toolchains/1.75.0-x86_64-unknown-linux-gnu/lib/rustlib/x86_64-unknown-linux-gnu/lib/libstd_detect-0c17cff739e6745b.rlib" "/opt/rustwide/rustup-home/toolchains/1.75.0-x86_64-unknown-linux-gnu/lib/rustlib/x86_64-unknown-linux-gnu/lib/libhashbrown-b29e17139dde1aa8.rlib" "/opt/rustwide/rustup-home/toolchains/1.75.0-x86_64-unknown-linux-gnu/lib/rustlib/x86_64-unknown-linux-gnu/lib/librustc_std_workspace_alloc-1f975299829cc7bd.rlib" "/opt/rustwide/rustup-home/toolchains/1.75.0-x86_64-unknown-linux-gnu/lib/rustlib/x86_64-unknown-linux-gnu/lib/libminiz_oxide-86bae3bc3079f89b.rlib" "/opt/rustwide/rustup-home/toolchains/1.75.0-x86_64-unknown-linux-gnu/lib/rustlib/x86_64-unknown-linux-gnu/lib/libadler-321b82c30dffdf5f.rlib" "/opt/rustwide/rustup-home/toolchains/1.75.0-x86_64-unknown-linux-gnu/lib/rustlib/x86_64-unknown-linux-gnu/lib/libunwind-3dd8a6810a0bdfef.rlib" "/opt/rustwide/rustup-home/toolchains/1.75.0-x86_64-unknown-linux-gnu/lib/rustlib/x86_64-unknown-linux-gnu/lib/libcfg_if-eb39a61c0c879984.rlib" "/opt/rustwide/rustup-home/toolchains/1.75.0-x86_64-unknown-linux-gnu/lib/rustlib/x86_64-unknown-linux-gnu/lib/liblibc-aa769569f91c3548.rlib" "/opt/rustwide/rustup-home/toolchains/1.75.0-x86_64-unknown-linux-gnu/lib/rustlib/x86_64-unknown-linux-gnu/lib/liballoc-510a192a50a983ed.rlib" "/opt/rustwide/rustup-home/toolchains/1.75.0-x86_64-unknown-linux-gnu/lib/rustlib/x86_64-unknown-linux-gnu/lib/librustc_std_workspace_core-0577018320f99037.rlib" "/opt/rustwide/rustup-home/toolchains/1.75.0-x86_64-unknown-linux-gnu/lib/rustlib/x86_64-unknown-linux-gnu/lib/libcore-193cf992125ccd4c.rlib" "/opt/rustwide/rustup-home/toolchains/1.75.0-x86_64-unknown-linux-gnu/lib/rustlib/x86_64-unknown-linux-gnu/lib/libcompiler_builtins-8e138eaf26ebb4a8.rlib" "-Wl,-Bdynamic" "-lgcc_s" "-lutil" "-lrt" "-lpthread" "-lm" "-ldl" "-lc" "-Wl,--eh-frame-hdr" "-Wl,-z,noexecstack" "-L" "/opt/rustwide/rustup-home/toolchains/1.75.0-x86_64-unknown-linux-gnu/lib/rustlib/x86_64-unknown-linux-gnu/lib" "-o" "/opt/rustwide/target/debug/deps/methods-397ac6b0ddacf57c" "-Wl,--gc-sections" "-pie" "-Wl,-z,relro,-z,now" "-nodefaultlibs"
[INFO] [stdout]   = note: collect2: fatal error: ld terminated with signal 9 [Killed]
[INFO] [stdout]           compilation terminated.
[INFO] [stdout]           
[INFO] [stdout] 
[INFO] [stdout] 
[INFO] [stdout] error: aborting due to previous error; 2 warnings emitted
[INFO] [stdout] 
[INFO] [stdout] 
[INFO] [stderr] error: could not compile `tower-web` (test "methods") due to 2 previous errors; 2 warnings emitted
[INFO] [stdout] error: linking with `cc` failed: exit status: 1
[INFO] [stdout]   |
[INFO] [stdout]   = note: LC_ALL="C" PATH="/opt/rustwide/rustup-home/toolchains/1.75.0-x86_64-unknown-linux-gnu/lib/rustlib/x86_64-unknown-linux-gnu/bin:/opt/rustwide/cargo-home/bin:/usr/local/sbin:/usr/local/bin:/usr/sbin:/usr/bin:/sbin:/bin" VSLANG="1033" "cc" "-m64" "/tmp/rustcD6qw17/symbols.o" "/opt/rustwide/target/debug/deps/html_handlebars-aaa34a25b71bcc98.html_handlebars.e9ba6566db8b186b-cgu.0.rcgu.o" "/opt/rustwide/target/debug/deps/html_handlebars-aaa34a25b71bcc98.html_handlebars.e9ba6566db8b186b-cgu.1.rcgu.o" "/opt/rustwide/target/debug/deps/html_handlebars-aaa34a25b71bcc98.html_handlebars.e9ba6566db8b186b-cgu.2.rcgu.o" "/opt/rustwide/target/debug/deps/html_handlebars-aaa34a25b71bcc98.html_handlebars.e9ba6566db8b186b-cgu.3.rcgu.o" "/opt/rustwide/target/debug/deps/html_handlebars-aaa34a25b71bcc98.html_handlebars.e9ba6566db8b186b-cgu.4.rcgu.o" "/opt/rustwide/target/debug/deps/html_handlebars-aaa34a25b71bcc98.3y0cpgkh7qz8qe4y.rcgu.o" "-Wl,--as-needed" "-L" "/opt/rustwide/target/debug/deps" "-L" "/opt/rustwide/rustup-home/toolchains/1.75.0-x86_64-unknown-linux-gnu/lib/rustlib/x86_64-unknown-linux-gnu/lib" "-Wl,-Bstatic" "/opt/rustwide/rustup-home/toolchains/1.75.0-x86_64-unknown-linux-gnu/lib/rustlib/x86_64-unknown-linux-gnu/lib/libtest-3df1bed8075ce1de.rlib" "/opt/rustwide/rustup-home/toolchains/1.75.0-x86_64-unknown-linux-gnu/lib/rustlib/x86_64-unknown-linux-gnu/lib/libgetopts-2076fd86b325cb5d.rlib" "/opt/rustwide/rustup-home/toolchains/1.75.0-x86_64-unknown-linux-gnu/lib/rustlib/x86_64-unknown-linux-gnu/lib/libunicode_width-caa7152ee70c190f.rlib" "/opt/rustwide/rustup-home/toolchains/1.75.0-x86_64-unknown-linux-gnu/lib/rustlib/x86_64-unknown-linux-gnu/lib/librustc_std_workspace_std-04e6425e07f02a3c.rlib" "/opt/rustwide/target/debug/deps/libtower_web-a12fc69a7800617f.rlib" "/opt/rustwide/target/debug/deps/libproc_macro_hack-21719b54828cfe18.rlib" "/opt/rustwide/target/debug/deps/libvoid-57759e2f45e50f47.rlib" "/opt/rustwide/target/debug/deps/libtower_service-a4d8c88f42031cbc.rlib" "/opt/rustwide/target/debug/deps/libserde_urlencoded-861cece0a1efa061.rlib" "/opt/rustwide/target/debug/deps/liburl-5eb6abafa299dfb6.rlib" "/opt/rustwide/target/debug/deps/libidna-1c39b7924ead49eb.rlib" "/opt/rustwide/target/debug/deps/libunicode_normalization-e1c1be84a555e587.rlib" "/opt/rustwide/target/debug/deps/libtinyvec-cf6c9f6b792a5507.rlib" "/opt/rustwide/target/debug/deps/libtinyvec_macros-b1cb7f53f58c9f87.rlib" "/opt/rustwide/target/debug/deps/libunicode_bidi-9e36a2b0928c1d80.rlib" "/opt/rustwide/target/debug/deps/libmatches-5e4cb3d4c3233fbd.rlib" "/opt/rustwide/target/debug/deps/libdtoa-665aa5830ef0260e.rlib" "/opt/rustwide/target/debug/deps/libserde_plain-2873d4fa6920583d.rlib" "/opt/rustwide/target/debug/deps/libpercent_encoding-139f6dad4c5bd392.rlib" "/opt/rustwide/target/debug/deps/libmime_guess-ce25b976f0463369.rlib" "/opt/rustwide/target/debug/deps/libphf-d8dc818cb80d42d0.rlib" "/opt/rustwide/target/debug/deps/libphf_shared-bdf4703fe12b6e80.rlib" "/opt/rustwide/target/debug/deps/libunicase-60882e128d84442b.rlib" "/opt/rustwide/target/debug/deps/libsiphasher-9b4c33045bd62992.rlib" "/opt/rustwide/target/debug/deps/libmime-260542843f230567.rlib" "/opt/rustwide/target/debug/deps/liblog-efa70ab06cac8285.rlib" "/opt/rustwide/target/debug/deps/libhyper-18706d00ecfa4dda.rlib" "/opt/rustwide/target/debug/deps/libwant-7b498addc85954d6.rlib" "/opt/rustwide/target/debug/deps/libtry_lock-ba0ec0947155aa20.rlib" "/opt/rustwide/target/debug/deps/libtokio-b18284389fe32794.rlib" "/opt/rustwide/target/debug/deps/libtokio_trace_core-6ae2f23bfc8d4f7e.rlib" "/opt/rustwide/target/debug/deps/libtokio_uds-b0f0ce0c8f684737.rlib" "/opt/rustwide/target/debug/deps/libmio_uds-902f3edd6dab165b.rlib" "/opt/rustwide/target/debug/deps/libtokio_udp-cf777a3b9754865c.rlib" "/opt/rustwide/target/debug/deps/libtokio_timer-5879a73f13d790e8.rlib" "/opt/rustwide/target/debug/deps/libtokio_tcp-529feca01985e3e4.rlib" "/opt/rustwide/target/debug/deps/libtokio_reactor-00f3fb78e9e2abf7.rlib" "/opt/rustwide/target/debug/deps/libtokio_sync-08ea48bc61321deb.rlib" "/opt/rustwide/target/debug/deps/libparking_lot-b440e990721447f6.rlib" "/opt/rustwide/target/debug/deps/libparking_lot_core-4bb19395965576ec.rlib" "/opt/rustwide/target/debug/deps/libsmallvec-d0609e27bcb54d1d.rlib" "/opt/rustwide/target/debug/deps/liblock_api-66bae9b5c6af1fce.rlib" "/opt/rustwide/target/debug/deps/libtokio_fs-8c23e094eddb00f6.rlib" "/opt/rustwide/target/debug/deps/libtokio_threadpool-ee27785a8c2cff02.rlib" "/opt/rustwide/target/debug/deps/libcrossbeam_queue-c5563bd9f963b5a9.rlib" "/opt/rustwide/target/debug/deps/libcrossbeam_deque-b16be8723014cb64.rlib" "/opt/rustwide/target/debug/deps/libcrossbeam_epoch-2eefb546c17400b4.rlib" "/opt/rustwide/target/debug/deps/libscopeguard-012e5ed929fc2fe6.rlib" "/opt/rustwide/target/debug/deps/libmemoffset-391bf7ec82acb482.rlib" "/opt/rustwide/target/debug/deps/libmaybe_uninit-5d087cbaeefa52e2.rlib" "/opt/rustwide/target/debug/deps/libtokio_current_thread-0ec463f1ca04bf29.rlib" "/opt/rustwide/target/debug/deps/libtokio_executor-1cf9988edc02426a.rlib" "/opt/rustwide/target/debug/deps/libcrossbeam_utils-642de20fe914a5f2.rlib" "/opt/rustwide/target/debug/deps/libtokio_codec-58ee2375e8cf1ece.rlib" "/opt/rustwide/target/debug/deps/libmio-066b38166b35d638.rlib" "/opt/rustwide/target/debug/deps/libnet2-aac182d35c91638a.rlib" "/opt/rustwide/target/debug/deps/libcfg_if-925b73a2e437f0c3.rlib" "/opt/rustwide/target/debug/deps/libhttparse-64f1ffbeda450424.rlib" "/opt/rustwide/target/debug/deps/libhttp_body-3068f75fa76c77b6.rlib" "/opt/rustwide/target/debug/deps/libtokio_buf-4af89d669900d253.rlib" "/opt/rustwide/target/debug/deps/libh2-ef04de23a979a353.rlib" "/opt/rustwide/target/debug/deps/libindexmap-7b2113ac7fccbab6.rlib" "/opt/rustwide/target/debug/deps/libhashbrown-567986452cb9bc94.rlib" "/opt/rustwide/target/debug/deps/libstring-4a18e2d9f2fa075a.rlib" "/opt/rustwide/target/debug/deps/libslab-6eb39baadbe9101c.rlib" "/opt/rustwide/target/debug/deps/libtokio_io-de52eed97cf650b3.rlib" "/opt/rustwide/target/debug/deps/libfutures_cpupool-d4c6de157e0818c5.rlib" "/opt/rustwide/target/debug/deps/libnum_cpus-cb81d41626d198af.rlib" "/opt/rustwide/target/debug/deps/libheaders-47fab4d03163604e.rlib" "/opt/rustwide/target/debug/deps/libtime-7b15c2e647edb1fd.rlib" "/opt/rustwide/target/debug/deps/libsha1-7b68b4c5fffb7cf2.rlib" "/opt/rustwide/target/debug/deps/libfake_simd-f5f63bdff85047cd.rlib" "/opt/rustwide/target/debug/deps/libdigest-3cac8537a9fce698.rlib" "/opt/rustwide/target/debug/deps/libopaque_debug-804d9e13b6282a7a.rlib" "/opt/rustwide/target/debug/deps/libblock_buffer-73e51baf97a5ab63.rlib" "/opt/rustwide/target/debug/deps/libgeneric_array-293301e9541471d9.rlib" "/opt/rustwide/target/debug/deps/libtypenum-da95465dc70d2c95.rlib" "/opt/rustwide/target/debug/deps/libblock_padding-2267d541f673c456.rlib" "/opt/rustwide/target/debug/deps/libbyte_tools-2219004c21e9b9ac.rlib" "/opt/rustwide/target/debug/deps/libmime-7e306270d8ceb372.rlib" "/opt/rustwide/target/debug/deps/libheaders_core-11e8054e8b92a714.rlib" "/opt/rustwide/target/debug/deps/libbitflags-b7cee2ca4fb438d0.rlib" "/opt/rustwide/target/debug/deps/libbase64-30cb3015b498dd6d.rlib" "/opt/rustwide/target/debug/deps/libflate2-1347a47922d98cc4.rlib" "/opt/rustwide/target/debug/deps/libminiz_oxide-f272f5814aa49507.rlib" "/opt/rustwide/target/debug/deps/libadler-c8f2240c56a0abca.rlib" "/opt/rustwide/target/debug/deps/libcrc32fast-664446237529ebff.rlib" "/opt/rustwide/target/debug/deps/libcfg_if-61dc7a6799e72b18.rlib" "/opt/rustwide/target/debug/deps/libchrono-5adb78f4d288461a.rlib" "/opt/rustwide/target/debug/deps/libiana_time_zone-528d9768cce5eb89.rlib" "/opt/rustwide/target/debug/deps/libchecked-9180432417a30645.rlib" "/opt/rustwide/target/debug/deps/libatoi-273a356a50c1e501.rlib" "/opt/rustwide/target/debug/deps/libnum_traits-dcf66cbda2c5463d.rlib" "/opt/rustwide/target/debug/deps/libhttp-d8c21ae778ef9c88.rlib" "/opt/rustwide/target/debug/deps/libitoa-88dc5e7d606068cc.rlib" "/opt/rustwide/target/debug/deps/libfnv-18bf5144d055e772.rlib" "/opt/rustwide/target/debug/deps/libbytes-24342ab55d8a5f14.rlib" "/opt/rustwide/target/debug/deps/libeither-ff4e6ab7d60eb8c1.rlib" "/opt/rustwide/target/debug/deps/libiovec-daf395f292dc3363.rlib" "/opt/rustwide/target/debug/deps/libbyteorder-e9468b374a0c0c11.rlib" "/opt/rustwide/target/debug/deps/libhandlebars-2608d46b5e156b56.rlib" "/opt/rustwide/target/debug/deps/libwalkdir-855d0afe3de90c17.rlib" "/opt/rustwide/target/debug/deps/libsame_file-06a4c01142053b65.rlib" "/opt/rustwide/target/debug/deps/libserde_json-f7e7de9bae5c986c.rlib" "/opt/rustwide/target/debug/deps/libryu-5f304b1b6393964f.rlib" "/opt/rustwide/target/debug/deps/libitoa-5f181af53b99b92c.rlib" "/opt/rustwide/target/debug/deps/libserde-8d72183392081d4f.rlib" "/opt/rustwide/target/debug/deps/libpest-f7f99fc0cabbda42.rlib" "/opt/rustwide/target/debug/deps/liblazy_static-591486ebcb9a7ead.rlib" "/opt/rustwide/target/debug/deps/libfutures-8d8915a23f05644b.rlib" "/opt/rustwide/target/debug/deps/libenv_logger-4e904c8f7c09d653.rlib" "/opt/rustwide/target/debug/deps/libregex-3fdc9a8f6eaf81cf.rlib" "/opt/rustwide/target/debug/deps/libregex_automata-7e239e4b359aa58c.rlib" "/opt/rustwide/target/debug/deps/libaho_corasick-c461b2416345444e.rlib" "/opt/rustwide/target/debug/deps/libmemchr-94009dd89ebb9d8d.rlib" "/opt/rustwide/target/debug/deps/libregex_syntax-e4dd3c3a3cb10e1d.rlib" "/opt/rustwide/target/debug/deps/libatty-d81fb048a7e723a5.rlib" "/opt/rustwide/target/debug/deps/liblibc-f01c1240f7c859d0.rlib" "/opt/rustwide/target/debug/deps/libhumantime-ce043b5585f26040.rlib" "/opt/rustwide/target/debug/deps/libquick_error-e0931f21b2f0d487.rlib" "/opt/rustwide/target/debug/deps/libtermcolor-6dec0f4bbbe42dd1.rlib" "/opt/rustwide/target/debug/deps/liblog-e491f2c1d0b13538.rlib" "/opt/rustwide/rustup-home/toolchains/1.75.0-x86_64-unknown-linux-gnu/lib/rustlib/x86_64-unknown-linux-gnu/lib/libstd-90f6ddbf82de36ec.rlib" "/opt/rustwide/rustup-home/toolchains/1.75.0-x86_64-unknown-linux-gnu/lib/rustlib/x86_64-unknown-linux-gnu/lib/libpanic_unwind-480c41e9d4e1f677.rlib" "/opt/rustwide/rustup-home/toolchains/1.75.0-x86_64-unknown-linux-gnu/lib/rustlib/x86_64-unknown-linux-gnu/lib/libobject-db744c0ca03eed1d.rlib" "/opt/rustwide/rustup-home/toolchains/1.75.0-x86_64-unknown-linux-gnu/lib/rustlib/x86_64-unknown-linux-gnu/lib/libmemchr-8ba652dc7d4b285a.rlib" "/opt/rustwide/rustup-home/toolchains/1.75.0-x86_64-unknown-linux-gnu/lib/rustlib/x86_64-unknown-linux-gnu/lib/libaddr2line-d5f4520a9ebc0d58.rlib" "/opt/rustwide/rustup-home/toolchains/1.75.0-x86_64-unknown-linux-gnu/lib/rustlib/x86_64-unknown-linux-gnu/lib/libgimli-4ad84de58f0cb463.rlib" "/opt/rustwide/rustup-home/toolchains/1.75.0-x86_64-unknown-linux-gnu/lib/rustlib/x86_64-unknown-linux-gnu/lib/librustc_demangle-0d10aae2e0f38735.rlib" "/opt/rustwide/rustup-home/toolchains/1.75.0-x86_64-unknown-linux-gnu/lib/rustlib/x86_64-unknown-linux-gnu/lib/libstd_detect-0c17cff739e6745b.rlib" "/opt/rustwide/rustup-home/toolchains/1.75.0-x86_64-unknown-linux-gnu/lib/rustlib/x86_64-unknown-linux-gnu/lib/libhashbrown-b29e17139dde1aa8.rlib" "/opt/rustwide/rustup-home/toolchains/1.75.0-x86_64-unknown-linux-gnu/lib/rustlib/x86_64-unknown-linux-gnu/lib/librustc_std_workspace_alloc-1f975299829cc7bd.rlib" "/opt/rustwide/rustup-home/toolchains/1.75.0-x86_64-unknown-linux-gnu/lib/rustlib/x86_64-unknown-linux-gnu/lib/libminiz_oxide-86bae3bc3079f89b.rlib" "/opt/rustwide/rustup-home/toolchains/1.75.0-x86_64-unknown-linux-gnu/lib/rustlib/x86_64-unknown-linux-gnu/lib/libadler-321b82c30dffdf5f.rlib" "/opt/rustwide/rustup-home/toolchains/1.75.0-x86_64-unknown-linux-gnu/lib/rustlib/x86_64-unknown-linux-gnu/lib/libunwind-3dd8a6810a0bdfef.rlib" "/opt/rustwide/rustup-home/toolchains/1.75.0-x86_64-unknown-linux-gnu/lib/rustlib/x86_64-unknown-linux-gnu/lib/libcfg_if-eb39a61c0c879984.rlib" "/opt/rustwide/rustup-home/toolchains/1.75.0-x86_64-unknown-linux-gnu/lib/rustlib/x86_64-unknown-linux-gnu/lib/liblibc-aa769569f91c3548.rlib" "/opt/rustwide/rustup-home/toolchains/1.75.0-x86_64-unknown-linux-gnu/lib/rustlib/x86_64-unknown-linux-gnu/lib/liballoc-510a192a50a983ed.rlib" "/opt/rustwide/rustup-home/toolchains/1.75.0-x86_64-unknown-linux-gnu/lib/rustlib/x86_64-unknown-linux-gnu/lib/librustc_std_workspace_core-0577018320f99037.rlib" "/opt/rustwide/rustup-home/toolchains/1.75.0-x86_64-unknown-linux-gnu/lib/rustlib/x86_64-unknown-linux-gnu/lib/libcore-193cf992125ccd4c.rlib" "/opt/rustwide/rustup-home/toolchains/1.75.0-x86_64-unknown-linux-gnu/lib/rustlib/x86_64-unknown-linux-gnu/lib/libcompiler_builtins-8e138eaf26ebb4a8.rlib" "-Wl,-Bdynamic" "-lgcc_s" "-lutil" "-lrt" "-lpthread" "-lm" "-ldl" "-lc" "-Wl,--eh-frame-hdr" "-Wl,-z,noexecstack" "-L" "/opt/rustwide/rustup-home/toolchains/1.75.0-x86_64-unknown-linux-gnu/lib/rustlib/x86_64-unknown-linux-gnu/lib" "-o" "/opt/rustwide/target/debug/deps/html_handlebars-aaa34a25b71bcc98" "-Wl,--gc-sections" "-pie" "-Wl,-z,relro,-z,now" "-nodefaultlibs"
[INFO] [stdout]   = note: collect2: fatal error: ld terminated with signal 9 [Killed]
[INFO] [stdout]           compilation terminated.
[INFO] [stdout]           
[INFO] [stdout] 
[INFO] [stdout] 
[INFO] [stdout] error: aborting due to previous error; 2 warnings emitted
[INFO] [stdout] 
[INFO] [stdout] 
[INFO] [stderr] error: could not compile `tower-web` (test "html_handlebars") due to 2 previous errors; 2 warnings emitted
[INFO] [stdout] warning: 2 warnings emitted
[INFO] [stdout] 
[INFO] [stdout] 
[INFO] [stdout] warning: 2 warnings emitted
[INFO] [stdout] 
[INFO] [stdout] 
[INFO] [stdout] warning: 2 warnings emitted
[INFO] [stdout] 
[INFO] [stdout] 
[INFO] [stdout] warning: 2 warnings emitted
[INFO] [stdout] 
[INFO] [stdout] 
[INFO] [stdout] warning: 2 warnings emitted
[INFO] [stdout] 
[INFO] [stdout] 
[INFO] running `Command { std: "docker" "inspect" "aae7c88243a45dd287175e51388b824da1ef231f38ebf622fc8613c141be41bf", kill_on_drop: false }`
[INFO] running `Command { std: "docker" "rm" "-f" "aae7c88243a45dd287175e51388b824da1ef231f38ebf622fc8613c141be41bf", kill_on_drop: false }`
[INFO] [stdout] aae7c88243a45dd287175e51388b824da1ef231f38ebf622fc8613c141be41bf
[INFO] testing tower-web-0.3.7 against beta-2023-12-22 for beta-1.76-1
[INFO] extracting crate tower-web 0.3.7 into /workspace/builds/worker-3-tc2/source
[INFO] validating manifest of crates.io crate tower-web 0.3.7 on toolchain beta-2023-12-22
[INFO] running `Command { std: CARGO_HOME="/workspace/cargo-home" RUSTUP_HOME="/workspace/rustup-home" "/workspace/cargo-home/bin/cargo" "+beta-2023-12-22" "metadata" "--manifest-path" "Cargo.toml" "--no-deps", kill_on_drop: false }`
[INFO] started tweaking crates.io crate tower-web 0.3.7
[INFO] finished tweaking crates.io crate tower-web 0.3.7
[INFO] tweaked toml for crates.io crate tower-web 0.3.7 written to /workspace/builds/worker-3-tc2/source/Cargo.toml
[INFO] running `Command { std: CARGO_HOME="/workspace/cargo-home" RUSTUP_HOME="/workspace/rustup-home" "/workspace/cargo-home/bin/cargo" "+beta-2023-12-22" "generate-lockfile" "--manifest-path" "Cargo.toml", kill_on_drop: false }`
[INFO] [stderr]     Updating crates.io index
[INFO] running `Command { std: CARGO_HOME="/workspace/cargo-home" RUSTUP_HOME="/workspace/rustup-home" "/workspace/cargo-home/bin/cargo" "+beta-2023-12-22" "fetch" "--manifest-path" "Cargo.toml", kill_on_drop: false }`
[INFO] [stderr]     Blocking waiting for file lock on package cache
[INFO] running `Command { std: "docker" "create" "-v" "/var/lib/crater-agent-workspace/builds/worker-3-tc2/target:/opt/rustwide/target:rw,Z" "-v" "/var/lib/crater-agent-workspace/builds/worker-3-tc2/source:/opt/rustwide/workdir:ro,Z" "-v" "/var/lib/crater-agent-workspace/cargo-home:/opt/rustwide/cargo-home:ro,Z" "-v" "/var/lib/crater-agent-workspace/rustup-home:/opt/rustwide/rustup-home:ro,Z" "-e" "SOURCE_DIR=/opt/rustwide/workdir" "-e" "CARGO_TARGET_DIR=/opt/rustwide/target" "-e" "CARGO_HOME=/opt/rustwide/cargo-home" "-e" "RUSTUP_HOME=/opt/rustwide/rustup-home" "-w" "/opt/rustwide/workdir" "-m" "1610612736" "--user" "0:0" "--network" "none" "ghcr.io/rust-lang/crates-build-env/linux@sha256:2788e3201cd34a07e3172128adcd8b3090168a8e3bcc40d7c032b9dda1df7d1c" "/opt/rustwide/cargo-home/bin/cargo" "+beta-2023-12-22" "metadata" "--no-deps" "--format-version=1", kill_on_drop: false }`
[INFO] [stdout] 7cbf2f1ab4e9f0f8e3a39df02509ec17f3a69667d75a5bb11ad012a5febee1b5
[INFO] running `Command { std: "docker" "start" "-a" "7cbf2f1ab4e9f0f8e3a39df02509ec17f3a69667d75a5bb11ad012a5febee1b5", kill_on_drop: false }`
[INFO] running `Command { std: "docker" "inspect" "7cbf2f1ab4e9f0f8e3a39df02509ec17f3a69667d75a5bb11ad012a5febee1b5", kill_on_drop: false }`
[INFO] running `Command { std: "docker" "rm" "-f" "7cbf2f1ab4e9f0f8e3a39df02509ec17f3a69667d75a5bb11ad012a5febee1b5", kill_on_drop: false }`
[INFO] [stdout] 7cbf2f1ab4e9f0f8e3a39df02509ec17f3a69667d75a5bb11ad012a5febee1b5
[INFO] running `Command { std: "docker" "create" "-v" "/var/lib/crater-agent-workspace/builds/worker-3-tc2/target:/opt/rustwide/target:rw,Z" "-v" "/var/lib/crater-agent-workspace/builds/worker-3-tc2/source:/opt/rustwide/workdir:ro,Z" "-v" "/var/lib/crater-agent-workspace/cargo-home:/opt/rustwide/cargo-home:ro,Z" "-v" "/var/lib/crater-agent-workspace/rustup-home:/opt/rustwide/rustup-home:ro,Z" "-e" "SOURCE_DIR=/opt/rustwide/workdir" "-e" "CARGO_TARGET_DIR=/opt/rustwide/target" "-e" "CARGO_INCREMENTAL=0" "-e" "RUST_BACKTRACE=full" "-e" "RUSTFLAGS=--cap-lints=warn" "-e" "RUSTDOCFLAGS=--cap-lints=warn" "-e" "CARGO_HOME=/opt/rustwide/cargo-home" "-e" "RUSTUP_HOME=/opt/rustwide/rustup-home" "-w" "/opt/rustwide/workdir" "-m" "1610612736" "--user" "0:0" "--network" "none" "ghcr.io/rust-lang/crates-build-env/linux@sha256:2788e3201cd34a07e3172128adcd8b3090168a8e3bcc40d7c032b9dda1df7d1c" "/opt/rustwide/cargo-home/bin/cargo" "+beta-2023-12-22" "build" "--frozen" "--message-format=json", kill_on_drop: false }`
[INFO] [stdout] 71211f2bd5ecfd1f6bc66b84c8bf4d94103b7b342985e311af34a5f182dc0fef
[INFO] running `Command { std: "docker" "start" "-a" "71211f2bd5ecfd1f6bc66b84c8bf4d94103b7b342985e311af34a5f182dc0fef", kill_on_drop: false }`
[INFO] [stderr]    Compiling futures v0.1.31
[INFO] [stderr]    Compiling cfg-if v0.1.10
[INFO] [stderr]    Compiling either v1.9.0
[INFO] [stderr]    Compiling crossbeam-utils v0.7.2
[INFO] [stderr]    Compiling semver-parser v0.7.0
[INFO] [stderr]    Compiling maybe-uninit v2.0.0
[INFO] [stderr]    Compiling autocfg v0.1.8
[INFO] [stderr]    Compiling rand_core v0.4.2
[INFO] [stderr]    Compiling scopeguard v1.2.0
[INFO] [stderr]    Compiling version_check v0.1.5
[INFO] [stderr]    Compiling memoffset v0.5.6
[INFO] [stderr]    Compiling itoa v0.4.8
[INFO] [stderr]    Compiling crossbeam-epoch v0.8.2
[INFO] [stderr]    Compiling siphasher v0.2.3
[INFO] [stderr]    Compiling iovec v0.1.4
[INFO] [stderr]    Compiling num_cpus v1.16.0
[INFO] [stderr]    Compiling rand_pcg v0.1.2
[INFO] [stderr]    Compiling rand_chacha v0.1.1
[INFO] [stderr]    Compiling net2 v0.2.39
[INFO] [stderr]    Compiling semver v0.9.0
[INFO] [stderr]    Compiling bytes v0.4.12
[INFO] [stderr]    Compiling lock_api v0.3.4
[INFO] [stderr]    Compiling rand v0.6.5
[INFO] [stderr]    Compiling rand_core v0.3.1
[INFO] [stderr]    Compiling rand_isaac v0.1.1
[INFO] [stderr]    Compiling rand_hc v0.1.0
[INFO] [stderr]    Compiling unicase v1.4.2
[INFO] [stderr]    Compiling rand_xorshift v0.1.1
[INFO] [stderr]    Compiling rustc_version v0.2.3
[INFO] [stderr]    Compiling smallvec v0.6.14
[INFO] [stderr]    Compiling http v0.1.21
[INFO] [stderr]    Compiling mio v0.6.23
[INFO] [stderr]    Compiling rand_jitter v0.1.4
[INFO] [stderr]    Compiling rand_os v0.1.3
[INFO] [stderr]    Compiling serde v1.0.194
[INFO] [stderr]    Compiling num-traits v0.2.17
[INFO] [stderr]    Compiling tinyvec_macros v0.1.1
[INFO] [stderr]    Compiling proc-macro2 v0.4.30
[INFO] [stderr]    Compiling generic-array v0.12.4
[INFO] [stderr]    Compiling tinyvec v1.6.0
[INFO] [stderr]    Compiling indexmap v1.9.3
[INFO] [stderr]    Compiling byte-tools v0.3.1
[INFO] [stderr]    Compiling parking_lot_core v0.6.3
[INFO] [stderr]    Compiling parking_lot v0.9.0
[INFO] [stderr]    Compiling unicode-xid v0.0.4
[INFO] [stderr]    Compiling phf_shared v0.7.24
[INFO] [stderr]    Compiling unicode-xid v0.1.0
[INFO] [stderr]    Compiling phf v0.7.24
[INFO] [stderr]    Compiling synom v0.11.3
[INFO] [stderr]    Compiling aho-corasick v1.1.2
[INFO] [stderr]    Compiling block-padding v0.1.5
[INFO] [stderr]    Compiling crossbeam-queue v0.2.3
[INFO] [stderr]    Compiling hashbrown v0.12.3
[INFO] [stderr]    Compiling syn v0.15.44
[INFO] [stderr]    Compiling quote v0.3.15
[INFO] [stderr]    Compiling matches v0.1.10
[INFO] [stderr]    Compiling tokio-executor v0.1.10
[INFO] [stderr]    Compiling tokio-io v0.1.13
[INFO] [stderr]    Compiling tokio-sync v0.1.8
[INFO] [stderr]    Compiling crossbeam-deque v0.7.4
[INFO] [stderr]    Compiling mio-uds v0.6.8
[INFO] [stderr]    Compiling regex-syntax v0.8.2
[INFO] [stderr]    Compiling unicode-bidi v0.3.14
[INFO] [stderr]    Compiling phf_generator v0.7.24
[INFO] [stderr]    Compiling tokio-codec v0.1.2
[INFO] [stderr]    Compiling phf_codegen v0.7.24
[INFO] [stderr]    Compiling tokio-threadpool v0.1.18
[INFO] [stderr]    Compiling quote v0.6.13
[INFO] [stderr]    Compiling tokio-reactor v0.1.12
[INFO] [stderr]    Compiling mime_guess v1.8.8
[INFO] [stderr]    Compiling unicode-normalization v0.1.22
[INFO] [stderr]    Compiling tokio-current-thread v0.1.7
[INFO] [stderr]    Compiling tokio-timer v0.2.13
[INFO] [stderr]    Compiling syn v0.11.11
[INFO] [stderr]    Compiling tokio-buf v0.1.1
[INFO] [stderr]    Compiling block-buffer v0.7.3
[INFO] [stderr]    Compiling tokio-fs v0.1.7
[INFO] [stderr]    Compiling tokio-uds v0.2.7
[INFO] [stderr]    Compiling tokio-tcp v0.1.4
[INFO] [stderr]    Compiling tokio-udp v0.1.6
[INFO] [stderr]    Compiling digest v0.8.1
[INFO] [stderr]    Compiling hyper v0.12.36
[INFO] [stderr]    Compiling string v0.2.1
[INFO] [stderr]    Compiling time v0.1.45
[INFO] [stderr]    Compiling log v0.3.9
[INFO] [stderr]    Compiling tokio-trace-core v0.1.0
[INFO] [stderr]    Compiling pest v1.0.6
[INFO] [stderr]    Compiling try-lock v0.2.5
[INFO] [stderr]    Compiling percent-encoding v1.0.1
[INFO] [stderr]    Compiling fake-simd v0.1.2
[INFO] [stderr]    Compiling proc-macro-hack-impl v0.4.3
[INFO] [stderr]    Compiling idna v0.1.5
[INFO] [stderr]    Compiling opaque-debug v0.2.3
[INFO] [stderr]    Compiling tokio v0.1.19
[INFO] [stderr]    Compiling mime v0.2.6
[INFO] [stderr]    Compiling sha-1 v0.8.2
[INFO] [stderr]    Compiling want v0.2.0
[INFO] [stderr]    Compiling miniz_oxide v0.7.1
[INFO] [stderr]    Compiling h2 v0.1.26
[INFO] [stderr]    Compiling http-body v0.1.0
[INFO] [stderr]    Compiling headers-core v0.1.1
[INFO] [stderr]    Compiling syn v2.0.48
[INFO] [stderr]    Compiling futures-cpupool v0.1.8
[INFO] [stderr]    Compiling base64 v0.10.1
[INFO] [stderr]    Compiling dtoa v0.4.8
[INFO] [stderr]    Compiling iana-time-zone v0.1.59
[INFO] [stderr]    Compiling proc-macro-hack v0.4.3
[INFO] [stderr]    Compiling mime v0.3.17
[INFO] [stderr]    Compiling quick-error v1.2.3
[INFO] [stderr]    Compiling headers v0.2.3
[INFO] [stderr]    Compiling flate2 v1.0.28
[INFO] [stderr]    Compiling chrono v0.4.31
[INFO] [stderr]    Compiling pest_derive v1.0.8
[INFO] [stderr]    Compiling atoi v0.2.3
[INFO] [stderr]    Compiling url v1.7.2
[INFO] [stderr]    Compiling regex-automata v0.4.3
[INFO] [stderr]    Compiling checked v0.5.0
[INFO] [stderr]    Compiling tower-service v0.1.0
[INFO] [stderr]    Compiling void v1.0.2
[INFO] [stderr]    Compiling serde_json v1.0.111
[INFO] [stderr]    Compiling serde_urlencoded v0.5.5
[INFO] [stderr]    Compiling serde_plain v0.3.0
[INFO] [stderr]    Compiling regex v1.10.2
[INFO] [stderr]    Compiling handlebars v1.0.5
[INFO] [stderr]    Compiling serde_derive v1.0.194
[INFO] [stderr]    Compiling tower-web-macros v0.3.5
[INFO] [stderr]    Compiling tower-web v0.3.7 (/opt/rustwide/workdir)
[INFO] [stdout] warning: unnecessary trailing semicolon
[INFO] [stdout]    --> src/middleware/cors/config.rs:191:48
[INFO] [stdout]     |
[INFO] [stdout] 191 |         let mut headers = self.basic_headers();;
[INFO] [stdout]     |                                                ^ help: remove this semicolon
[INFO] [stdout]     |
[INFO] [stdout]     = note: `#[warn(redundant_semicolons)]` on by default
[INFO] [stdout] 
[INFO] [stdout] 
[INFO] [stdout] warning: `...` range patterns are deprecated
[INFO] [stdout]    --> src/middleware/log/service.rs:101:24
[INFO] [stdout]     |
[INFO] [stdout] 101 |                     400...599 => Level::Error,
[INFO] [stdout]     |                        ^^^ help: use `..=` for an inclusive range
[INFO] [stdout]     |
[INFO] [stdout]     = warning: this is accepted in the current edition (Rust 2015) but is a hard error in Rust 2021!
[INFO] [stdout]     = note: for more information, see <https://doc.rust-lang.org/nightly/edition-guide/rust-2021/warnings-promoted-to-error.html>
[INFO] [stdout]     = note: `#[warn(ellipsis_inclusive_range_patterns)]` on by default
[INFO] [stdout] 
[INFO] [stdout] 
[INFO] [stdout] warning: trait objects without an explicit `dyn` are deprecated
[INFO] [stdout]   --> src/config/mod.rs:12:35
[INFO] [stdout]    |
[INFO] [stdout] 12 | type AnyMap = HashMap<TypeId, Box<Any + Send + Sync>, BuildHasherDefault<IdHasher>>;
[INFO] [stdout]    |                                   ^^^^^^^^^^^^^^^^^
[INFO] [stdout]    |
[INFO] [stdout]    = warning: this is accepted in the current edition (Rust 2015) but is a hard error in Rust 2021!
[INFO] [stdout]    = note: for more information, see <https://doc.rust-lang.org/nightly/edition-guide/rust-2021/warnings-promoted-to-error.html>
[INFO] [stdout]    = note: `#[warn(bare_trait_objects)]` on by default
[INFO] [stdout] help: use `dyn`
[INFO] [stdout]    |
[INFO] [stdout] 12 | type AnyMap = HashMap<TypeId, Box<dyn Any + Send + Sync>, BuildHasherDefault<IdHasher>>;
[INFO] [stdout]    |                                   +++
[INFO] [stdout] 
[INFO] [stdout] 
[INFO] [stdout] warning: trait objects without an explicit `dyn` are deprecated
[INFO] [stdout]   --> src/run.rs:78:23
[INFO] [stdout]    |
[INFO] [stdout] 78 |     type Future = Box<Future<Item = http::Response<Self::ResBody>, Error = Self::Error> + Send>;
[INFO] [stdout]    |                       ^^^^^^^^^^^^^^^^^^^^^^^^^^^^^^^^^^^^^^^^^^^^^^^^^^^^^^^^^^^^^^^^^^^^^^^^
[INFO] [stdout]    |
[INFO] [stdout]    = warning: this is accepted in the current edition (Rust 2015) but is a hard error in Rust 2021!
[INFO] [stdout]    = note: for more information, see <https://doc.rust-lang.org/nightly/edition-guide/rust-2021/warnings-promoted-to-error.html>
[INFO] [stdout] help: use `dyn`
[INFO] [stdout]    |
[INFO] [stdout] 78 |     type Future = Box<dyn Future<Item = http::Response<Self::ResBody>, Error = Self::Error> + Send>;
[INFO] [stdout]    |                       +++
[INFO] [stdout] 
[INFO] [stdout] 
[INFO] [stdout] warning: trait objects without an explicit `dyn` are deprecated
[INFO] [stdout]   --> src/config/mod.rs:74:31
[INFO] [stdout]    |
[INFO] [stdout] 74 |                 (&**boxed as &Any).downcast_ref()
[INFO] [stdout]    |                               ^^^
[INFO] [stdout]    |
[INFO] [stdout]    = warning: this is accepted in the current edition (Rust 2015) but is a hard error in Rust 2021!
[INFO] [stdout]    = note: for more information, see <https://doc.rust-lang.org/nightly/edition-guide/rust-2021/warnings-promoted-to-error.html>
[INFO] [stdout] help: use `dyn`
[INFO] [stdout]    |
[INFO] [stdout] 74 |                 (&**boxed as &dyn Any).downcast_ref()
[INFO] [stdout]    |                               +++
[INFO] [stdout] 
[INFO] [stdout] 
[INFO] [stdout] warning: use of deprecated method `std::error::Error::description`: use the Display impl or to_string()
[INFO] [stdout]   --> src/extract/num.rs:25:62
[INFO] [stdout]    |
[INFO] [stdout] 25 |                                 Error::invalid_argument(&err.description())
[INFO] [stdout]    |                                                              ^^^^^^^^^^^
[INFO] [stdout] ...
[INFO] [stdout] 58 | num_extract_impls!(u8, u16, u32, u64, i8, i16, i32, i64);
[INFO] [stdout]    | -------------------------------------------------------- in this macro invocation
[INFO] [stdout]    |
[INFO] [stdout]    = note: `#[warn(deprecated)]` on by default
[INFO] [stdout]    = note: this warning originates in the macro `num_extract_impls` (in Nightly builds, run with -Z macro-backtrace for more info)
[INFO] [stdout] 
[INFO] [stdout] 
[INFO] [stdout] warning: use of deprecated method `std::error::Error::description`: use the Display impl or to_string()
[INFO] [stdout]   --> src/extract/serde.rs:86:63
[INFO] [stdout]    |
[INFO] [stdout] 86 | ...                   Some(Error::invalid_argument(&err.description()))
[INFO] [stdout]    |                                                         ^^^^^^^^^^^
[INFO] [stdout] 
[INFO] [stdout] 
[INFO] [stdout] warning: variable does not need to be mutable
[INFO] [stdout]    --> src/middleware/cors/config.rs:110:21
[INFO] [stdout]     |
[INFO] [stdout] 110 |                 let mut headers = self.basic_headers();
[INFO] [stdout]     |                     ----^^^^^^^
[INFO] [stdout]     |                     |
[INFO] [stdout]     |                     help: remove this `mut`
[INFO] [stdout]     |
[INFO] [stdout]     = note: `#[warn(unused_mut)]` on by default
[INFO] [stdout] 
[INFO] [stdout] 
[INFO] [stdout] warning: field `inner` is never read
[INFO] [stdout]   --> src/util/buf_stream/deflate.rs:39:5
[INFO] [stdout]    |
[INFO] [stdout] 37 | pub struct Error<T> {
[INFO] [stdout]    |            ----- field in this struct
[INFO] [stdout] 38 |     /// `None` represents a deflate error
[INFO] [stdout] 39 |     inner: Option<T>,
[INFO] [stdout]    |     ^^^^^
[INFO] [stdout]    |
[INFO] [stdout]    = note: `Error` has a derived impl for the trait `Debug`, but this is intentionally ignored during dead code analysis
[INFO] [stdout]    = note: `#[warn(dead_code)]` on by default
[INFO] [stdout] 
[INFO] [stdout] 
[INFO] [stdout] warning: calls to `std::mem::drop` with a reference instead of an owned value does nothing
[INFO] [stdout]   --> src/extract/mod.rs:79:9
[INFO] [stdout]    |
[INFO] [stdout] 79 |         drop(callsite);
[INFO] [stdout]    |         ^^^^^--------^
[INFO] [stdout]    |              |
[INFO] [stdout]    |              argument has type `&CallSite`
[INFO] [stdout]    |
[INFO] [stdout]    = note: use `let _ = ...` to ignore the expression or result
[INFO] [stdout]    = note: `#[warn(dropping_references)]` on by default
[INFO] [stdout] 
[INFO] [stdout] 
[INFO] [stdout] warning: 10 warnings emitted
[INFO] [stdout] 
[INFO] [stdout] 
[INFO] [stderr]     Finished dev [unoptimized + debuginfo] target(s) in 21.05s
[INFO] running `Command { std: "docker" "inspect" "71211f2bd5ecfd1f6bc66b84c8bf4d94103b7b342985e311af34a5f182dc0fef", kill_on_drop: false }`
[INFO] running `Command { std: "docker" "rm" "-f" "71211f2bd5ecfd1f6bc66b84c8bf4d94103b7b342985e311af34a5f182dc0fef", kill_on_drop: false }`
[INFO] [stdout] 71211f2bd5ecfd1f6bc66b84c8bf4d94103b7b342985e311af34a5f182dc0fef
[INFO] running `Command { std: "docker" "create" "-v" "/var/lib/crater-agent-workspace/builds/worker-3-tc2/target:/opt/rustwide/target:rw,Z" "-v" "/var/lib/crater-agent-workspace/builds/worker-3-tc2/source:/opt/rustwide/workdir:ro,Z" "-v" "/var/lib/crater-agent-workspace/cargo-home:/opt/rustwide/cargo-home:ro,Z" "-v" "/var/lib/crater-agent-workspace/rustup-home:/opt/rustwide/rustup-home:ro,Z" "-e" "SOURCE_DIR=/opt/rustwide/workdir" "-e" "CARGO_TARGET_DIR=/opt/rustwide/target" "-e" "CARGO_INCREMENTAL=0" "-e" "RUST_BACKTRACE=full" "-e" "RUSTFLAGS=--cap-lints=warn" "-e" "RUSTDOCFLAGS=--cap-lints=warn" "-e" "CARGO_HOME=/opt/rustwide/cargo-home" "-e" "RUSTUP_HOME=/opt/rustwide/rustup-home" "-w" "/opt/rustwide/workdir" "-m" "1610612736" "--user" "0:0" "--network" "none" "ghcr.io/rust-lang/crates-build-env/linux@sha256:2788e3201cd34a07e3172128adcd8b3090168a8e3bcc40d7c032b9dda1df7d1c" "/opt/rustwide/cargo-home/bin/cargo" "+beta-2023-12-22" "test" "--frozen" "--no-run" "--message-format=json", kill_on_drop: false }`
[INFO] [stdout] 98e7508c4854bffa5224878d0c76401cfd2017be4cd2ffa62eb24eeaeef4360e
[INFO] running `Command { std: "docker" "start" "-a" "98e7508c4854bffa5224878d0c76401cfd2017be4cd2ffa62eb24eeaeef4360e", kill_on_drop: false }`
[INFO] [stderr]    Compiling rand_core v0.4.2
[INFO] [stderr]    Compiling humantime v1.3.0
[INFO] [stderr]    Compiling atty v0.2.14
[INFO] [stderr]    Compiling termcolor v1.4.0
[INFO] [stderr]    Compiling rand_core v0.3.1
[INFO] [stderr]    Compiling rand_os v0.1.3
[INFO] [stderr]    Compiling rand_pcg v0.1.2
[INFO] [stderr]    Compiling rand_jitter v0.1.4
[INFO] [stderr]    Compiling rand_hc v0.1.0
[INFO] [stderr]    Compiling rand_xorshift v0.1.1
[INFO] [stderr]    Compiling rand_chacha v0.1.1
[INFO] [stderr]    Compiling rand_isaac v0.1.1
[INFO] [stderr]    Compiling rand v0.5.6
[INFO] [stderr]    Compiling env_logger v0.5.13
[INFO] [stderr]    Compiling rand v0.6.5
[INFO] [stderr]    Compiling phf_generator v0.7.24
[INFO] [stderr]    Compiling phf_codegen v0.7.24
[INFO] [stderr]    Compiling mime_guess v1.8.8
[INFO] [stderr]    Compiling tower-web v0.3.7 (/opt/rustwide/workdir)
[INFO] [stdout] warning: unnecessary trailing semicolon
[INFO] [stdout]    --> src/middleware/cors/config.rs:191:48
[INFO] [stdout]     |
[INFO] [stdout] 191 |         let mut headers = self.basic_headers();;
[INFO] [stdout]     |                                                ^ help: remove this semicolon
[INFO] [stdout]     |
[INFO] [stdout]     = note: `#[warn(redundant_semicolons)]` on by default
[INFO] [stdout] 
[INFO] [stdout] 
[INFO] [stdout] warning: `...` range patterns are deprecated
[INFO] [stdout]    --> src/middleware/log/service.rs:101:24
[INFO] [stdout]     |
[INFO] [stdout] 101 |                     400...599 => Level::Error,
[INFO] [stdout]     |                        ^^^ help: use `..=` for an inclusive range
[INFO] [stdout]     |
[INFO] [stdout]     = warning: this is accepted in the current edition (Rust 2015) but is a hard error in Rust 2021!
[INFO] [stdout]     = note: for more information, see <https://doc.rust-lang.org/nightly/edition-guide/rust-2021/warnings-promoted-to-error.html>
[INFO] [stdout]     = note: `#[warn(ellipsis_inclusive_range_patterns)]` on by default
[INFO] [stdout] 
[INFO] [stdout] 
[INFO] [stdout] warning: trait objects without an explicit `dyn` are deprecated
[INFO] [stdout]   --> src/config/mod.rs:12:35
[INFO] [stdout]    |
[INFO] [stdout] 12 | type AnyMap = HashMap<TypeId, Box<Any + Send + Sync>, BuildHasherDefault<IdHasher>>;
[INFO] [stdout]    |                                   ^^^^^^^^^^^^^^^^^
[INFO] [stdout]    |
[INFO] [stdout]    = warning: this is accepted in the current edition (Rust 2015) but is a hard error in Rust 2021!
[INFO] [stdout]    = note: for more information, see <https://doc.rust-lang.org/nightly/edition-guide/rust-2021/warnings-promoted-to-error.html>
[INFO] [stdout]    = note: `#[warn(bare_trait_objects)]` on by default
[INFO] [stdout] help: use `dyn`
[INFO] [stdout]    |
[INFO] [stdout] 12 | type AnyMap = HashMap<TypeId, Box<dyn Any + Send + Sync>, BuildHasherDefault<IdHasher>>;
[INFO] [stdout]    |                                   +++
[INFO] [stdout] 
[INFO] [stdout] 
[INFO] [stdout] warning: trait objects without an explicit `dyn` are deprecated
[INFO] [stdout]   --> src/run.rs:78:23
[INFO] [stdout]    |
[INFO] [stdout] 78 |     type Future = Box<Future<Item = http::Response<Self::ResBody>, Error = Self::Error> + Send>;
[INFO] [stdout]    |                       ^^^^^^^^^^^^^^^^^^^^^^^^^^^^^^^^^^^^^^^^^^^^^^^^^^^^^^^^^^^^^^^^^^^^^^^^
[INFO] [stdout]    |
[INFO] [stdout]    = warning: this is accepted in the current edition (Rust 2015) but is a hard error in Rust 2021!
[INFO] [stdout]    = note: for more information, see <https://doc.rust-lang.org/nightly/edition-guide/rust-2021/warnings-promoted-to-error.html>
[INFO] [stdout] help: use `dyn`
[INFO] [stdout]    |
[INFO] [stdout] 78 |     type Future = Box<dyn Future<Item = http::Response<Self::ResBody>, Error = Self::Error> + Send>;
[INFO] [stdout]    |                       +++
[INFO] [stdout] 
[INFO] [stdout] 
[INFO] [stdout] warning: unnecessary trailing semicolon
[INFO] [stdout]    --> src/middleware/cors/config.rs:191:48
[INFO] [stdout]     |
[INFO] [stdout] 191 |         let mut headers = self.basic_headers();;
[INFO] [stdout]     |                                                ^ help: remove this semicolon
[INFO] [stdout]     |
[INFO] [stdout] note: the lint level is defined here
[INFO] [stdout]    --> src/lib.rs:3:24
[INFO] [stdout]     |
[INFO] [stdout] 3   | #![cfg_attr(test, deny(warnings))]
[INFO] [stdout]     |                        ^^^^^^^^
[INFO] [stdout]     = note: `#[warn(redundant_semicolons)]` implied by `#[warn(warnings)]`
[INFO] [stdout] 
[INFO] [stdout] 
[INFO] [stdout] warning: `...` range patterns are deprecated
[INFO] [stdout]    --> src/middleware/log/service.rs:101:24
[INFO] [stdout]     |
[INFO] [stdout] 101 |                     400...599 => Level::Error,
[INFO] [stdout]     |                        ^^^ help: use `..=` for an inclusive range
[INFO] [stdout]     |
[INFO] [stdout]     = warning: this is accepted in the current edition (Rust 2015) but is a hard error in Rust 2021!
[INFO] [stdout]     = note: for more information, see <https://doc.rust-lang.org/nightly/edition-guide/rust-2021/warnings-promoted-to-error.html>
[INFO] [stdout]     = note: `#[warn(ellipsis_inclusive_range_patterns)]` implied by `#[warn(warnings)]`
[INFO] [stdout] 
[INFO] [stdout] 
[INFO] [stdout] warning: trait objects without an explicit `dyn` are deprecated
[INFO] [stdout]   --> src/config/mod.rs:12:35
[INFO] [stdout]    |
[INFO] [stdout] 12 | type AnyMap = HashMap<TypeId, Box<Any + Send + Sync>, BuildHasherDefault<IdHasher>>;
[INFO] [stdout]    |                                   ^^^^^^^^^^^^^^^^^
[INFO] [stdout]    |
[INFO] [stdout]    = warning: this is accepted in the current edition (Rust 2015) but is a hard error in Rust 2021!
[INFO] [stdout]    = note: for more information, see <https://doc.rust-lang.org/nightly/edition-guide/rust-2021/warnings-promoted-to-error.html>
[INFO] [stdout]    = note: `#[warn(bare_trait_objects)]` implied by `#[warn(warnings)]`
[INFO] [stdout] help: use `dyn`
[INFO] [stdout]    |
[INFO] [stdout] 12 | type AnyMap = HashMap<TypeId, Box<dyn Any + Send + Sync>, BuildHasherDefault<IdHasher>>;
[INFO] [stdout]    |                                   +++
[INFO] [stdout] 
[INFO] [stdout] 
[INFO] [stdout] warning: trait objects without an explicit `dyn` are deprecated
[INFO] [stdout]   --> src/config/mod.rs:74:31
[INFO] [stdout]    |
[INFO] [stdout] 74 |                 (&**boxed as &Any).downcast_ref()
[INFO] [stdout]    |                               ^^^
[INFO] [stdout]    |
[INFO] [stdout]    = warning: this is accepted in the current edition (Rust 2015) but is a hard error in Rust 2021!
[INFO] [stdout]    = note: for more information, see <https://doc.rust-lang.org/nightly/edition-guide/rust-2021/warnings-promoted-to-error.html>
[INFO] [stdout] help: use `dyn`
[INFO] [stdout]    |
[INFO] [stdout] 74 |                 (&**boxed as &dyn Any).downcast_ref()
[INFO] [stdout]    |                               +++
[INFO] [stdout] 
[INFO] [stdout] 
[INFO] [stdout] warning: trait objects without an explicit `dyn` are deprecated
[INFO] [stdout]    --> src/middleware/cors/config.rs:229:26
[INFO] [stdout]     |
[INFO] [stdout] 229 |     type TestError = Box<::std::error::Error>;
[INFO] [stdout]     |                          ^^^^^^^^^^^^^^^^^^^
[INFO] [stdout]     |
[INFO] [stdout]     = warning: this is accepted in the current edition (Rust 2015) but is a hard error in Rust 2021!
[INFO] [stdout]     = note: for more information, see <https://doc.rust-lang.org/nightly/edition-guide/rust-2021/warnings-promoted-to-error.html>
[INFO] [stdout] help: use `dyn`
[INFO] [stdout]     |
[INFO] [stdout] 229 |     type TestError = Box<dyn (::std::error::Error)>;
[INFO] [stdout]     |                          +++++                   +
[INFO] [stdout] 
[INFO] [stdout] 
[INFO] [stdout] warning: trait objects without an explicit `dyn` are deprecated
[INFO] [stdout]    --> src/middleware/cors/service.rs:118:26
[INFO] [stdout]     |
[INFO] [stdout] 118 |     type TestError = Box<::std::error::Error>;
[INFO] [stdout]     |                          ^^^^^^^^^^^^^^^^^^^
[INFO] [stdout]     |
[INFO] [stdout]     = warning: this is accepted in the current edition (Rust 2015) but is a hard error in Rust 2021!
[INFO] [stdout]     = note: for more information, see <https://doc.rust-lang.org/nightly/edition-guide/rust-2021/warnings-promoted-to-error.html>
[INFO] [stdout] help: use `dyn`
[INFO] [stdout]     |
[INFO] [stdout] 118 |     type TestError = Box<dyn (::std::error::Error)>;
[INFO] [stdout]     |                          +++++                   +
[INFO] [stdout] 
[INFO] [stdout] 
[INFO] [stdout] warning: use of deprecated method `std::error::Error::description`: use the Display impl or to_string()
[INFO] [stdout]   --> src/extract/num.rs:25:62
[INFO] [stdout]    |
[INFO] [stdout] 25 |                                 Error::invalid_argument(&err.description())
[INFO] [stdout]    |                                                              ^^^^^^^^^^^
[INFO] [stdout] ...
[INFO] [stdout] 58 | num_extract_impls!(u8, u16, u32, u64, i8, i16, i32, i64);
[INFO] [stdout]    | -------------------------------------------------------- in this macro invocation
[INFO] [stdout]    |
[INFO] [stdout]    = note: `#[warn(deprecated)]` on by default
[INFO] [stdout]    = note: this warning originates in the macro `num_extract_impls` (in Nightly builds, run with -Z macro-backtrace for more info)
[INFO] [stdout] 
[INFO] [stdout] 
[INFO] [stdout] warning: trait objects without an explicit `dyn` are deprecated
[INFO] [stdout]   --> src/run.rs:78:23
[INFO] [stdout]    |
[INFO] [stdout] 78 |     type Future = Box<Future<Item = http::Response<Self::ResBody>, Error = Self::Error> + Send>;
[INFO] [stdout]    |                       ^^^^^^^^^^^^^^^^^^^^^^^^^^^^^^^^^^^^^^^^^^^^^^^^^^^^^^^^^^^^^^^^^^^^^^^^
[INFO] [stdout]    |
[INFO] [stdout]    = warning: this is accepted in the current edition (Rust 2015) but is a hard error in Rust 2021!
[INFO] [stdout]    = note: for more information, see <https://doc.rust-lang.org/nightly/edition-guide/rust-2021/warnings-promoted-to-error.html>
[INFO] [stdout] help: use `dyn`
[INFO] [stdout]    |
[INFO] [stdout] 78 |     type Future = Box<dyn Future<Item = http::Response<Self::ResBody>, Error = Self::Error> + Send>;
[INFO] [stdout]    |                       +++
[INFO] [stdout] 
[INFO] [stdout] 
[INFO] [stdout] warning: use of deprecated method `std::error::Error::description`: use the Display impl or to_string()
[INFO] [stdout]   --> src/extract/serde.rs:86:63
[INFO] [stdout]    |
[INFO] [stdout] 86 | ...                   Some(Error::invalid_argument(&err.description()))
[INFO] [stdout]    |                                                         ^^^^^^^^^^^
[INFO] [stdout] 
[INFO] [stdout] 
[INFO] [stdout] warning: trait objects without an explicit `dyn` are deprecated
[INFO] [stdout]   --> src/config/mod.rs:74:31
[INFO] [stdout]    |
[INFO] [stdout] 74 |                 (&**boxed as &Any).downcast_ref()
[INFO] [stdout]    |                               ^^^
[INFO] [stdout]    |
[INFO] [stdout]    = warning: this is accepted in the current edition (Rust 2015) but is a hard error in Rust 2021!
[INFO] [stdout]    = note: for more information, see <https://doc.rust-lang.org/nightly/edition-guide/rust-2021/warnings-promoted-to-error.html>
[INFO] [stdout] help: use `dyn`
[INFO] [stdout]    |
[INFO] [stdout] 74 |                 (&**boxed as &dyn Any).downcast_ref()
[INFO] [stdout]    |                               +++
[INFO] [stdout] 
[INFO] [stdout] 
[INFO] [stdout] warning: use of deprecated method `std::error::Error::description`: use the Display impl or to_string()
[INFO] [stdout]   --> src/extract/num.rs:25:62
[INFO] [stdout]    |
[INFO] [stdout] 25 |                                 Error::invalid_argument(&err.description())
[INFO] [stdout]    |                                                              ^^^^^^^^^^^
[INFO] [stdout] ...
[INFO] [stdout] 58 | num_extract_impls!(u8, u16, u32, u64, i8, i16, i32, i64);
[INFO] [stdout]    | -------------------------------------------------------- in this macro invocation
[INFO] [stdout]    |
[INFO] [stdout]    = note: `#[warn(deprecated)]` implied by `#[warn(warnings)]`
[INFO] [stdout]    = note: this warning originates in the macro `num_extract_impls` (in Nightly builds, run with -Z macro-backtrace for more info)
[INFO] [stdout] 
[INFO] [stdout] 
[INFO] [stdout] warning: use of deprecated method `std::error::Error::description`: use the Display impl or to_string()
[INFO] [stdout]   --> src/extract/serde.rs:86:63
[INFO] [stdout]    |
[INFO] [stdout] 86 | ...                   Some(Error::invalid_argument(&err.description()))
[INFO] [stdout]    |                                                         ^^^^^^^^^^^
[INFO] [stdout] 
[INFO] [stdout] 
[INFO] [stdout] warning: variable does not need to be mutable
[INFO] [stdout]    --> src/middleware/cors/config.rs:110:21
[INFO] [stdout]     |
[INFO] [stdout] 110 |                 let mut headers = self.basic_headers();
[INFO] [stdout]     |                     ----^^^^^^^
[INFO] [stdout]     |                     |
[INFO] [stdout]     |                     help: remove this `mut`
[INFO] [stdout]     |
[INFO] [stdout]     = note: `#[warn(unused_mut)]` on by default
[INFO] [stdout] 
[INFO] [stdout] 
[INFO] [stdout] warning: variable does not need to be mutable
[INFO] [stdout]    --> src/middleware/cors/config.rs:110:21
[INFO] [stdout]     |
[INFO] [stdout] 110 |                 let mut headers = self.basic_headers();
[INFO] [stdout]     |                     ----^^^^^^^
[INFO] [stdout]     |                     |
[INFO] [stdout]     |                     help: remove this `mut`
[INFO] [stdout]     |
[INFO] [stdout]     = note: `#[warn(unused_mut)]` implied by `#[warn(warnings)]`
[INFO] [stdout] 
[INFO] [stdout] 
[INFO] [stdout] warning: field `inner` is never read
[INFO] [stdout]   --> src/util/buf_stream/deflate.rs:39:5
[INFO] [stdout]    |
[INFO] [stdout] 37 | pub struct Error<T> {
[INFO] [stdout]    |            ----- field in this struct
[INFO] [stdout] 38 |     /// `None` represents a deflate error
[INFO] [stdout] 39 |     inner: Option<T>,
[INFO] [stdout]    |     ^^^^^
[INFO] [stdout]    |
[INFO] [stdout]    = note: `Error` has a derived impl for the trait `Debug`, but this is intentionally ignored during dead code analysis
[INFO] [stdout]    = note: `#[warn(dead_code)]` on by default
[INFO] [stdout] 
[INFO] [stdout] 
[INFO] [stdout] warning: calls to `std::mem::drop` with a reference instead of an owned value does nothing
[INFO] [stdout]   --> src/extract/mod.rs:79:9
[INFO] [stdout]    |
[INFO] [stdout] 79 |         drop(callsite);
[INFO] [stdout]    |         ^^^^^--------^
[INFO] [stdout]    |              |
[INFO] [stdout]    |              argument has type `&CallSite`
[INFO] [stdout]    |
[INFO] [stdout]    = note: use `let _ = ...` to ignore the expression or result
[INFO] [stdout]    = note: `#[warn(dropping_references)]` on by default
[INFO] [stdout] 
[INFO] [stdout] 
[INFO] [stdout] warning: field `inner` is never read
[INFO] [stdout]   --> src/util/buf_stream/deflate.rs:39:5
[INFO] [stdout]    |
[INFO] [stdout] 37 | pub struct Error<T> {
[INFO] [stdout]    |            ----- field in this struct
[INFO] [stdout] 38 |     /// `None` represents a deflate error
[INFO] [stdout] 39 |     inner: Option<T>,
[INFO] [stdout]    |     ^^^^^
[INFO] [stdout]    |
[INFO] [stdout]    = note: `Error` has a derived impl for the trait `Debug`, but this is intentionally ignored during dead code analysis
[INFO] [stdout]    = note: `#[warn(dead_code)]` implied by `#[warn(warnings)]`
[INFO] [stdout] 
[INFO] [stdout] 
[INFO] [stdout] warning: calls to `std::mem::drop` with a reference instead of an owned value does nothing
[INFO] [stdout]   --> src/extract/mod.rs:79:9
[INFO] [stdout]    |
[INFO] [stdout] 79 |         drop(callsite);
[INFO] [stdout]    |         ^^^^^--------^
[INFO] [stdout]    |              |
[INFO] [stdout]    |              argument has type `&CallSite`
[INFO] [stdout]    |
[INFO] [stdout]    = note: use `let _ = ...` to ignore the expression or result
[INFO] [stdout]    = note: `#[warn(dropping_references)]` implied by `#[warn(warnings)]`
[INFO] [stdout] 
[INFO] [stdout] 
[INFO] [stdout] warning: 10 warnings emitted
[INFO] [stdout] 
[INFO] [stdout] 
[INFO] [stdout] warning: unused doc comment
[INFO] [stdout]   --> examples/hello_world.rs:64:1
[INFO] [stdout]    |
[INFO] [stdout] 64 | / /// To derive `Resource`, the implementation of `HelloWorld` is contained in the
[INFO] [stdout] 65 | | /// `impl_web!` macro. This macro does not modify any of its contents. It will
[INFO] [stdout] 66 | | /// inspect the implementation and, with the help of some annotations, generate
[INFO] [stdout] 67 | | /// the necessary glue code to run the web service.
[INFO] [stdout] 68 | | ///
[INFO] [stdout] 69 | | /// impl_web! is a temporary solution to enable tower-web to work with stable
[INFO] [stdout] 70 | | /// rust. In the near future, this will be transitioned to use attribute macros.
[INFO] [stdout]    | |_-------------------------------------------------------------------------------^
[INFO] [stdout]    |   |
[INFO] [stdout]    |   rustdoc does not generate documentation for macro invocations
[INFO] [stdout]    |
[INFO] [stdout]    = help: to document an item produced by a macro, the macro must produce the documentation as part of its expansion
[INFO] [stdout]    = note: `#[warn(unused_doc_comments)]` on by default
[INFO] [stdout] 
[INFO] [stdout] 
[INFO] [stdout] warning: the item `Future` is imported redundantly
[INFO] [stdout]    --> tests/support/mod.rs:113:9
[INFO] [stdout]     |
[INFO] [stdout] 12  | pub use self::futures::Future;
[INFO] [stdout]     |         --------------------- the item `Future` is already imported here
[INFO] [stdout] ...
[INFO] [stdout] 113 |     use self::futures::Future;
[INFO] [stdout]     |         ^^^^^^^^^^^^^^^^^^^^^
[INFO] [stdout]     |
[INFO] [stdout]     = note: `#[warn(unused_imports)]` on by default
[INFO] [stdout] 
[INFO] [stdout] 
[INFO] [stdout] warning: the item `Future` is imported redundantly
[INFO] [stdout]    --> tests/support/mod.rs:128:9
[INFO] [stdout]     |
[INFO] [stdout] 12  | pub use self::futures::Future;
[INFO] [stdout]     |         --------------------- the item `Future` is already imported here
[INFO] [stdout] ...
[INFO] [stdout] 128 |     use self::futures::Future;
[INFO] [stdout]     |         ^^^^^^^^^^^^^^^^^^^^^
[INFO] [stdout] 
[INFO] [stdout] 
[INFO] [stdout] warning: the item `Future` is imported redundantly
[INFO] [stdout]    --> tests/support/mod.rs:113:9
[INFO] [stdout]     |
[INFO] [stdout] 12  | pub use self::futures::Future;
[INFO] [stdout]     |         --------------------- the item `Future` is already imported here
[INFO] [stdout] ...
[INFO] [stdout] 113 |     use self::futures::Future;
[INFO] [stdout]     |         ^^^^^^^^^^^^^^^^^^^^^
[INFO] [stdout]     |
[INFO] [stdout]     = note: `#[warn(unused_imports)]` on by default
[INFO] [stdout] 
[INFO] [stdout] 
[INFO] [stdout] warning: the item `Future` is imported redundantly
[INFO] [stdout]    --> tests/support/mod.rs:128:9
[INFO] [stdout]     |
[INFO] [stdout] 12  | pub use self::futures::Future;
[INFO] [stdout]     |         --------------------- the item `Future` is already imported here
[INFO] [stdout] ...
[INFO] [stdout] 128 |     use self::futures::Future;
[INFO] [stdout]     |         ^^^^^^^^^^^^^^^^^^^^^
[INFO] [stdout] 
[INFO] [stdout] 
[INFO] [stdout] warning: the item `Future` is imported redundantly
[INFO] [stdout]    --> tests/support/mod.rs:113:9
[INFO] [stdout]     |
[INFO] [stdout] 12  | pub use self::futures::Future;
[INFO] [stdout]     |         --------------------- the item `Future` is already imported here
[INFO] [stdout] ...
[INFO] [stdout] 113 |     use self::futures::Future;
[INFO] [stdout]     |         ^^^^^^^^^^^^^^^^^^^^^
[INFO] [stdout]     |
[INFO] [stdout]     = note: `#[warn(unused_imports)]` on by default
[INFO] [stdout] 
[INFO] [stdout] 
[INFO] [stdout] warning: the item `Future` is imported redundantly
[INFO] [stdout]    --> tests/support/mod.rs:128:9
[INFO] [stdout]     |
[INFO] [stdout] 12  | pub use self::futures::Future;
[INFO] [stdout]     |         --------------------- the item `Future` is already imported here
[INFO] [stdout] ...
[INFO] [stdout] 128 |     use self::futures::Future;
[INFO] [stdout]     |         ^^^^^^^^^^^^^^^^^^^^^
[INFO] [stdout] 
[INFO] [stdout] 
[INFO] [stdout] warning: the item `Future` is imported redundantly
[INFO] [stdout]    --> tests/support/mod.rs:113:9
[INFO] [stdout]     |
[INFO] [stdout] 12  | pub use self::futures::Future;
[INFO] [stdout]     |         --------------------- the item `Future` is already imported here
[INFO] [stdout] ...
[INFO] [stdout] 113 |     use self::futures::Future;
[INFO] [stdout]     |         ^^^^^^^^^^^^^^^^^^^^^
[INFO] [stdout]     |
[INFO] [stdout]     = note: `#[warn(unused_imports)]` on by default
[INFO] [stdout] 
[INFO] [stdout] 
[INFO] [stdout] warning: the item `Future` is imported redundantly
[INFO] [stdout]    --> tests/support/mod.rs:128:9
[INFO] [stdout]     |
[INFO] [stdout] 12  | pub use self::futures::Future;
[INFO] [stdout]     |         --------------------- the item `Future` is already imported here
[INFO] [stdout] ...
[INFO] [stdout] 128 |     use self::futures::Future;
[INFO] [stdout]     |         ^^^^^^^^^^^^^^^^^^^^^
[INFO] [stdout] 
[INFO] [stdout] 
[INFO] [stdout] warning: the item `Future` is imported redundantly
[INFO] [stdout]    --> tests/support/mod.rs:113:9
[INFO] [stdout]     |
[INFO] [stdout] 12  | pub use self::futures::Future;
[INFO] [stdout]     |         --------------------- the item `Future` is already imported here
[INFO] [stdout] ...
[INFO] [stdout] 113 |     use self::futures::Future;
[INFO] [stdout]     |         ^^^^^^^^^^^^^^^^^^^^^
[INFO] [stdout]     |
[INFO] [stdout]     = note: `#[warn(unused_imports)]` on by default
[INFO] [stdout] 
[INFO] [stdout] 
[INFO] [stdout] warning: the item `Future` is imported redundantly
[INFO] [stdout]    --> tests/support/mod.rs:128:9
[INFO] [stdout]     |
[INFO] [stdout] 12  | pub use self::futures::Future;
[INFO] [stdout]     |         --------------------- the item `Future` is already imported here
[INFO] [stdout] ...
[INFO] [stdout] 128 |     use self::futures::Future;
[INFO] [stdout]     |         ^^^^^^^^^^^^^^^^^^^^^
[INFO] [stdout] 
[INFO] [stdout] 
[INFO] [stdout] warning: the item `Future` is imported redundantly
[INFO] [stdout]    --> tests/support/mod.rs:113:9
[INFO] [stdout]     |
[INFO] [stdout] 12  | pub use self::futures::Future;
[INFO] [stdout]     |         --------------------- the item `Future` is already imported here
[INFO] [stdout] ...
[INFO] [stdout] 113 |     use self::futures::Future;
[INFO] [stdout]     |         ^^^^^^^^^^^^^^^^^^^^^
[INFO] [stdout]     |
[INFO] [stdout]     = note: `#[warn(unused_imports)]` on by default
[INFO] [stdout] 
[INFO] [stdout] 
[INFO] [stdout] warning: the item `Future` is imported redundantly
[INFO] [stdout]    --> tests/support/mod.rs:128:9
[INFO] [stdout]     |
[INFO] [stdout] 12  | pub use self::futures::Future;
[INFO] [stdout]     |         --------------------- the item `Future` is already imported here
[INFO] [stdout] ...
[INFO] [stdout] 128 |     use self::futures::Future;
[INFO] [stdout]     |         ^^^^^^^^^^^^^^^^^^^^^
[INFO] [stdout] 
[INFO] [stdout] 
[INFO] [stdout] warning: the item `Future` is imported redundantly
[INFO] [stdout]    --> tests/support/mod.rs:113:9
[INFO] [stdout]     |
[INFO] [stdout] 12  | pub use self::futures::Future;
[INFO] [stdout]     |         --------------------- the item `Future` is already imported here
[INFO] [stdout] ...
[INFO] [stdout] 113 |     use self::futures::Future;
[INFO] [stdout]     |         ^^^^^^^^^^^^^^^^^^^^^
[INFO] [stdout]     |
[INFO] [stdout]     = note: `#[warn(unused_imports)]` on by default
[INFO] [stdout] 
[INFO] [stdout] 
[INFO] [stdout] warning: the item `Future` is imported redundantly
[INFO] [stdout]    --> tests/support/mod.rs:128:9
[INFO] [stdout]     |
[INFO] [stdout] 12  | pub use self::futures::Future;
[INFO] [stdout]     |         --------------------- the item `Future` is already imported here
[INFO] [stdout] ...
[INFO] [stdout] 128 |     use self::futures::Future;
[INFO] [stdout]     |         ^^^^^^^^^^^^^^^^^^^^^
[INFO] [stdout] 
[INFO] [stdout] 
[INFO] [stderr] error: could not compile `tower-web` (example "json")
[INFO] [stderr] 
[INFO] [stderr] Caused by:
[INFO] [stderr]   process didn't exit successfully: `/opt/rustwide/rustup-home/toolchains/beta-2023-12-22-x86_64-unknown-linux-gnu/bin/rustc --crate-name json examples/json.rs --error-format=json --json=diagnostic-rendered-ansi,artifacts,future-incompat --crate-type bin --emit=dep-info,link -C embed-bitcode=no -C debuginfo=2 --cfg 'feature="default"' --cfg 'feature="handlebars"' -C metadata=3266828edfb674fb -C extra-filename=-3266828edfb674fb --out-dir /opt/rustwide/target/debug/examples -L dependency=/opt/rustwide/target/debug/deps --extern atoi=/opt/rustwide/target/debug/deps/libatoi-78ec62335de95ad3.rlib --extern bytes=/opt/rustwide/target/debug/deps/libbytes-961528039a8c4046.rlib --extern checked=/opt/rustwide/target/debug/deps/libchecked-17da8c96a1a02602.rlib --extern chrono=/opt/rustwide/target/debug/deps/libchrono-521db0ddecb225ca.rlib --extern env_logger=/opt/rustwide/target/debug/deps/libenv_logger-9a99c123576d6820.rlib --extern flate2=/opt/rustwide/target/debug/deps/libflate2-8e6e456291549b86.rlib --extern futures=/opt/rustwide/target/debug/deps/libfutures-cad31b25443ec5c2.rlib --extern handlebars=/opt/rustwide/target/debug/deps/libhandlebars-d82f93da4f586c2e.rlib --extern headers=/opt/rustwide/target/debug/deps/libheaders-2fd2813eeef839be.rlib --extern http=/opt/rustwide/target/debug/deps/libhttp-8c3e39a2dd5ee881.rlib --extern hyper=/opt/rustwide/target/debug/deps/libhyper-ad8a1fd484ba1356.rlib --extern lazy_static=/opt/rustwide/target/debug/deps/liblazy_static-efa3519517df6cf0.rlib --extern log=/opt/rustwide/target/debug/deps/liblog-2cf4a51dfa4e790a.rlib --extern mime=/opt/rustwide/target/debug/deps/libmime-a9df5a780629fb7d.rlib --extern mime_guess=/opt/rustwide/target/debug/deps/libmime_guess-4b254265372ca772.rlib --extern percent_encoding=/opt/rustwide/target/debug/deps/libpercent_encoding-39f007c0633ec8a6.rlib --extern proc_macro_hack=/opt/rustwide/target/debug/deps/libproc_macro_hack-7a75b417ac440c63.rlib --extern rand=/opt/rustwide/target/debug/deps/librand-56467298c894a8c5.rlib --extern serde=/opt/rustwide/target/debug/deps/libserde-43396d81f5c62e04.rlib --extern serde_derive=/opt/rustwide/target/debug/deps/libserde_derive-a21b68545240bac1.so --extern serde_json=/opt/rustwide/target/debug/deps/libserde_json-4c7675d40885eab7.rlib --extern serde_plain=/opt/rustwide/target/debug/deps/libserde_plain-130cf148a4b5a21b.rlib --extern serde_urlencoded=/opt/rustwide/target/debug/deps/libserde_urlencoded-71ad746edda2c930.rlib --extern tokio=/opt/rustwide/target/debug/deps/libtokio-76642e0dca3ca29a.rlib --extern tokio_fs=/opt/rustwide/target/debug/deps/libtokio_fs-191fdb62f48a1cf6.rlib --extern tokio_io=/opt/rustwide/target/debug/deps/libtokio_io-b745c7c6a00c29a8.rlib --extern tower_service=/opt/rustwide/target/debug/deps/libtower_service-60a58ee35a9e28a8.rlib --extern tower_web=/opt/rustwide/target/debug/deps/libtower_web-ad0f36955351fe03.rlib --extern tower_web_macros=/opt/rustwide/target/debug/deps/libtower_web_macros-7ae06c0b45763fe7.so --extern void=/opt/rustwide/target/debug/deps/libvoid-e9e66bdf6e7605ed.rlib --cap-lints=warn` (signal: 9, SIGKILL: kill)
[INFO] [stderr] warning: build failed, waiting for other jobs to finish...
[INFO] [stderr] error: could not compile `tower-web` (test "extract"); 2 warnings emitted
[INFO] [stderr] 
[INFO] [stderr] Caused by:
[INFO] [stderr]   process didn't exit successfully: `/opt/rustwide/rustup-home/toolchains/beta-2023-12-22-x86_64-unknown-linux-gnu/bin/rustc --crate-name extract tests/extract.rs --error-format=json --json=diagnostic-rendered-ansi,artifacts,future-incompat --emit=dep-info,link -C embed-bitcode=no -C debuginfo=2 --test --cfg 'feature="default"' --cfg 'feature="handlebars"' -C metadata=678f8ac6a7869a9c -C extra-filename=-678f8ac6a7869a9c --out-dir /opt/rustwide/target/debug/deps -L dependency=/opt/rustwide/target/debug/deps --extern atoi=/opt/rustwide/target/debug/deps/libatoi-78ec62335de95ad3.rlib --extern bytes=/opt/rustwide/target/debug/deps/libbytes-961528039a8c4046.rlib --extern checked=/opt/rustwide/target/debug/deps/libchecked-17da8c96a1a02602.rlib --extern chrono=/opt/rustwide/target/debug/deps/libchrono-521db0ddecb225ca.rlib --extern env_logger=/opt/rustwide/target/debug/deps/libenv_logger-9a99c123576d6820.rlib --extern flate2=/opt/rustwide/target/debug/deps/libflate2-8e6e456291549b86.rlib --extern futures=/opt/rustwide/target/debug/deps/libfutures-cad31b25443ec5c2.rlib --extern handlebars=/opt/rustwide/target/debug/deps/libhandlebars-d82f93da4f586c2e.rlib --extern headers=/opt/rustwide/target/debug/deps/libheaders-2fd2813eeef839be.rlib --extern http=/opt/rustwide/target/debug/deps/libhttp-8c3e39a2dd5ee881.rlib --extern hyper=/opt/rustwide/target/debug/deps/libhyper-ad8a1fd484ba1356.rlib --extern lazy_static=/opt/rustwide/target/debug/deps/liblazy_static-efa3519517df6cf0.rlib --extern log=/opt/rustwide/target/debug/deps/liblog-2cf4a51dfa4e790a.rlib --extern mime=/opt/rustwide/target/debug/deps/libmime-a9df5a780629fb7d.rlib --extern mime_guess=/opt/rustwide/target/debug/deps/libmime_guess-4b254265372ca772.rlib --extern percent_encoding=/opt/rustwide/target/debug/deps/libpercent_encoding-39f007c0633ec8a6.rlib --extern proc_macro_hack=/opt/rustwide/target/debug/deps/libproc_macro_hack-7a75b417ac440c63.rlib --extern rand=/opt/rustwide/target/debug/deps/librand-56467298c894a8c5.rlib --extern serde=/opt/rustwide/target/debug/deps/libserde-43396d81f5c62e04.rlib --extern serde_derive=/opt/rustwide/target/debug/deps/libserde_derive-a21b68545240bac1.so --extern serde_json=/opt/rustwide/target/debug/deps/libserde_json-4c7675d40885eab7.rlib --extern serde_plain=/opt/rustwide/target/debug/deps/libserde_plain-130cf148a4b5a21b.rlib --extern serde_urlencoded=/opt/rustwide/target/debug/deps/libserde_urlencoded-71ad746edda2c930.rlib --extern tokio=/opt/rustwide/target/debug/deps/libtokio-76642e0dca3ca29a.rlib --extern tokio_fs=/opt/rustwide/target/debug/deps/libtokio_fs-191fdb62f48a1cf6.rlib --extern tokio_io=/opt/rustwide/target/debug/deps/libtokio_io-b745c7c6a00c29a8.rlib --extern tower_service=/opt/rustwide/target/debug/deps/libtower_service-60a58ee35a9e28a8.rlib --extern tower_web=/opt/rustwide/target/debug/deps/libtower_web-ad0f36955351fe03.rlib --extern tower_web_macros=/opt/rustwide/target/debug/deps/libtower_web_macros-7ae06c0b45763fe7.so --extern void=/opt/rustwide/target/debug/deps/libvoid-e9e66bdf6e7605ed.rlib --cap-lints=warn` (signal: 9, SIGKILL: kill)
[INFO] [stderr] error: could not compile `tower-web` (example "html_handlebars")
[INFO] [stderr] 
[INFO] [stderr] Caused by:
[INFO] [stderr]   process didn't exit successfully: `/opt/rustwide/rustup-home/toolchains/beta-2023-12-22-x86_64-unknown-linux-gnu/bin/rustc --crate-name html_handlebars examples/html_handlebars.rs --error-format=json --json=diagnostic-rendered-ansi,artifacts,future-incompat --crate-type bin --emit=dep-info,link -C embed-bitcode=no -C debuginfo=2 --cfg 'feature="default"' --cfg 'feature="handlebars"' -C metadata=e9dd56a9605f7e14 -C extra-filename=-e9dd56a9605f7e14 --out-dir /opt/rustwide/target/debug/examples -L dependency=/opt/rustwide/target/debug/deps --extern atoi=/opt/rustwide/target/debug/deps/libatoi-78ec62335de95ad3.rlib --extern bytes=/opt/rustwide/target/debug/deps/libbytes-961528039a8c4046.rlib --extern checked=/opt/rustwide/target/debug/deps/libchecked-17da8c96a1a02602.rlib --extern chrono=/opt/rustwide/target/debug/deps/libchrono-521db0ddecb225ca.rlib --extern env_logger=/opt/rustwide/target/debug/deps/libenv_logger-9a99c123576d6820.rlib --extern flate2=/opt/rustwide/target/debug/deps/libflate2-8e6e456291549b86.rlib --extern futures=/opt/rustwide/target/debug/deps/libfutures-cad31b25443ec5c2.rlib --extern handlebars=/opt/rustwide/target/debug/deps/libhandlebars-d82f93da4f586c2e.rlib --extern headers=/opt/rustwide/target/debug/deps/libheaders-2fd2813eeef839be.rlib --extern http=/opt/rustwide/target/debug/deps/libhttp-8c3e39a2dd5ee881.rlib --extern hyper=/opt/rustwide/target/debug/deps/libhyper-ad8a1fd484ba1356.rlib --extern lazy_static=/opt/rustwide/target/debug/deps/liblazy_static-efa3519517df6cf0.rlib --extern log=/opt/rustwide/target/debug/deps/liblog-2cf4a51dfa4e790a.rlib --extern mime=/opt/rustwide/target/debug/deps/libmime-a9df5a780629fb7d.rlib --extern mime_guess=/opt/rustwide/target/debug/deps/libmime_guess-4b254265372ca772.rlib --extern percent_encoding=/opt/rustwide/target/debug/deps/libpercent_encoding-39f007c0633ec8a6.rlib --extern proc_macro_hack=/opt/rustwide/target/debug/deps/libproc_macro_hack-7a75b417ac440c63.rlib --extern rand=/opt/rustwide/target/debug/deps/librand-56467298c894a8c5.rlib --extern serde=/opt/rustwide/target/debug/deps/libserde-43396d81f5c62e04.rlib --extern serde_derive=/opt/rustwide/target/debug/deps/libserde_derive-a21b68545240bac1.so --extern serde_json=/opt/rustwide/target/debug/deps/libserde_json-4c7675d40885eab7.rlib --extern serde_plain=/opt/rustwide/target/debug/deps/libserde_plain-130cf148a4b5a21b.rlib --extern serde_urlencoded=/opt/rustwide/target/debug/deps/libserde_urlencoded-71ad746edda2c930.rlib --extern tokio=/opt/rustwide/target/debug/deps/libtokio-76642e0dca3ca29a.rlib --extern tokio_fs=/opt/rustwide/target/debug/deps/libtokio_fs-191fdb62f48a1cf6.rlib --extern tokio_io=/opt/rustwide/target/debug/deps/libtokio_io-b745c7c6a00c29a8.rlib --extern tower_service=/opt/rustwide/target/debug/deps/libtower_service-60a58ee35a9e28a8.rlib --extern tower_web=/opt/rustwide/target/debug/deps/libtower_web-ad0f36955351fe03.rlib --extern tower_web_macros=/opt/rustwide/target/debug/deps/libtower_web_macros-7ae06c0b45763fe7.so --extern void=/opt/rustwide/target/debug/deps/libvoid-e9e66bdf6e7605ed.rlib --cap-lints=warn` (signal: 9, SIGKILL: kill)
[INFO] [stderr] error: could not compile `tower-web` (example "hello_world"); 1 warning emitted
[INFO] [stderr] 
[INFO] [stderr] Caused by:
[INFO] [stderr]   process didn't exit successfully: `/opt/rustwide/rustup-home/toolchains/beta-2023-12-22-x86_64-unknown-linux-gnu/bin/rustc --crate-name hello_world examples/hello_world.rs --error-format=json --json=diagnostic-rendered-ansi,artifacts,future-incompat --crate-type bin --emit=dep-info,link -C embed-bitcode=no -C debuginfo=2 --cfg 'feature="default"' --cfg 'feature="handlebars"' -C metadata=9fc0442262258321 -C extra-filename=-9fc0442262258321 --out-dir /opt/rustwide/target/debug/examples -L dependency=/opt/rustwide/target/debug/deps --extern atoi=/opt/rustwide/target/debug/deps/libatoi-78ec62335de95ad3.rlib --extern bytes=/opt/rustwide/target/debug/deps/libbytes-961528039a8c4046.rlib --extern checked=/opt/rustwide/target/debug/deps/libchecked-17da8c96a1a02602.rlib --extern chrono=/opt/rustwide/target/debug/deps/libchrono-521db0ddecb225ca.rlib --extern env_logger=/opt/rustwide/target/debug/deps/libenv_logger-9a99c123576d6820.rlib --extern flate2=/opt/rustwide/target/debug/deps/libflate2-8e6e456291549b86.rlib --extern futures=/opt/rustwide/target/debug/deps/libfutures-cad31b25443ec5c2.rlib --extern handlebars=/opt/rustwide/target/debug/deps/libhandlebars-d82f93da4f586c2e.rlib --extern headers=/opt/rustwide/target/debug/deps/libheaders-2fd2813eeef839be.rlib --extern http=/opt/rustwide/target/debug/deps/libhttp-8c3e39a2dd5ee881.rlib --extern hyper=/opt/rustwide/target/debug/deps/libhyper-ad8a1fd484ba1356.rlib --extern lazy_static=/opt/rustwide/target/debug/deps/liblazy_static-efa3519517df6cf0.rlib --extern log=/opt/rustwide/target/debug/deps/liblog-2cf4a51dfa4e790a.rlib --extern mime=/opt/rustwide/target/debug/deps/libmime-a9df5a780629fb7d.rlib --extern mime_guess=/opt/rustwide/target/debug/deps/libmime_guess-4b254265372ca772.rlib --extern percent_encoding=/opt/rustwide/target/debug/deps/libpercent_encoding-39f007c0633ec8a6.rlib --extern proc_macro_hack=/opt/rustwide/target/debug/deps/libproc_macro_hack-7a75b417ac440c63.rlib --extern rand=/opt/rustwide/target/debug/deps/librand-56467298c894a8c5.rlib --extern serde=/opt/rustwide/target/debug/deps/libserde-43396d81f5c62e04.rlib --extern serde_derive=/opt/rustwide/target/debug/deps/libserde_derive-a21b68545240bac1.so --extern serde_json=/opt/rustwide/target/debug/deps/libserde_json-4c7675d40885eab7.rlib --extern serde_plain=/opt/rustwide/target/debug/deps/libserde_plain-130cf148a4b5a21b.rlib --extern serde_urlencoded=/opt/rustwide/target/debug/deps/libserde_urlencoded-71ad746edda2c930.rlib --extern tokio=/opt/rustwide/target/debug/deps/libtokio-76642e0dca3ca29a.rlib --extern tokio_fs=/opt/rustwide/target/debug/deps/libtokio_fs-191fdb62f48a1cf6.rlib --extern tokio_io=/opt/rustwide/target/debug/deps/libtokio_io-b745c7c6a00c29a8.rlib --extern tower_service=/opt/rustwide/target/debug/deps/libtower_service-60a58ee35a9e28a8.rlib --extern tower_web=/opt/rustwide/target/debug/deps/libtower_web-ad0f36955351fe03.rlib --extern tower_web_macros=/opt/rustwide/target/debug/deps/libtower_web_macros-7ae06c0b45763fe7.so --extern void=/opt/rustwide/target/debug/deps/libvoid-e9e66bdf6e7605ed.rlib --cap-lints=warn` (signal: 9, SIGKILL: kill)
[INFO] [stderr] error: could not compile `tower-web` (lib test); 12 warnings emitted
[INFO] [stderr] 
[INFO] [stderr] Caused by:
[INFO] [stderr]   process didn't exit successfully: `/opt/rustwide/rustup-home/toolchains/beta-2023-12-22-x86_64-unknown-linux-gnu/bin/rustc --crate-name tower_web src/lib.rs --error-format=json --json=diagnostic-rendered-ansi,artifacts,future-incompat --emit=dep-info,link -C embed-bitcode=no -C debuginfo=2 --test --cfg 'feature="default"' --cfg 'feature="handlebars"' -C metadata=454885fd5a698ba7 -C extra-filename=-454885fd5a698ba7 --out-dir /opt/rustwide/target/debug/deps -L dependency=/opt/rustwide/target/debug/deps --extern atoi=/opt/rustwide/target/debug/deps/libatoi-78ec62335de95ad3.rlib --extern bytes=/opt/rustwide/target/debug/deps/libbytes-961528039a8c4046.rlib --extern checked=/opt/rustwide/target/debug/deps/libchecked-17da8c96a1a02602.rlib --extern chrono=/opt/rustwide/target/debug/deps/libchrono-521db0ddecb225ca.rlib --extern env_logger=/opt/rustwide/target/debug/deps/libenv_logger-9a99c123576d6820.rlib --extern flate2=/opt/rustwide/target/debug/deps/libflate2-8e6e456291549b86.rlib --extern futures=/opt/rustwide/target/debug/deps/libfutures-cad31b25443ec5c2.rlib --extern handlebars=/opt/rustwide/target/debug/deps/libhandlebars-d82f93da4f586c2e.rlib --extern headers=/opt/rustwide/target/debug/deps/libheaders-2fd2813eeef839be.rlib --extern http=/opt/rustwide/target/debug/deps/libhttp-8c3e39a2dd5ee881.rlib --extern hyper=/opt/rustwide/target/debug/deps/libhyper-ad8a1fd484ba1356.rlib --extern lazy_static=/opt/rustwide/target/debug/deps/liblazy_static-efa3519517df6cf0.rlib --extern log=/opt/rustwide/target/debug/deps/liblog-2cf4a51dfa4e790a.rlib --extern mime=/opt/rustwide/target/debug/deps/libmime-a9df5a780629fb7d.rlib --extern mime_guess=/opt/rustwide/target/debug/deps/libmime_guess-4b254265372ca772.rlib --extern percent_encoding=/opt/rustwide/target/debug/deps/libpercent_encoding-39f007c0633ec8a6.rlib --extern proc_macro_hack=/opt/rustwide/target/debug/deps/libproc_macro_hack-7a75b417ac440c63.rlib --extern rand=/opt/rustwide/target/debug/deps/librand-56467298c894a8c5.rlib --extern serde=/opt/rustwide/target/debug/deps/libserde-43396d81f5c62e04.rlib --extern serde_derive=/opt/rustwide/target/debug/deps/libserde_derive-a21b68545240bac1.so --extern serde_json=/opt/rustwide/target/debug/deps/libserde_json-4c7675d40885eab7.rlib --extern serde_plain=/opt/rustwide/target/debug/deps/libserde_plain-130cf148a4b5a21b.rlib --extern serde_urlencoded=/opt/rustwide/target/debug/deps/libserde_urlencoded-71ad746edda2c930.rlib --extern tokio=/opt/rustwide/target/debug/deps/libtokio-76642e0dca3ca29a.rlib --extern tokio_fs=/opt/rustwide/target/debug/deps/libtokio_fs-191fdb62f48a1cf6.rlib --extern tokio_io=/opt/rustwide/target/debug/deps/libtokio_io-b745c7c6a00c29a8.rlib --extern tower_service=/opt/rustwide/target/debug/deps/libtower_service-60a58ee35a9e28a8.rlib --extern tower_web_macros=/opt/rustwide/target/debug/deps/libtower_web_macros-7ae06c0b45763fe7.so --extern void=/opt/rustwide/target/debug/deps/libvoid-e9e66bdf6e7605ed.rlib --cap-lints=warn` (signal: 9, SIGKILL: kill)
[INFO] [stderr] error: could not compile `tower-web` (example "static_file")
[INFO] [stderr] 
[INFO] [stderr] Caused by:
[INFO] [stderr]   process didn't exit successfully: `/opt/rustwide/rustup-home/toolchains/beta-2023-12-22-x86_64-unknown-linux-gnu/bin/rustc --crate-name static_file examples/static_file.rs --error-format=json --json=diagnostic-rendered-ansi,artifacts,future-incompat --crate-type bin --emit=dep-info,link -C embed-bitcode=no -C debuginfo=2 --cfg 'feature="default"' --cfg 'feature="handlebars"' -C metadata=e978662ad958d8f6 -C extra-filename=-e978662ad958d8f6 --out-dir /opt/rustwide/target/debug/examples -L dependency=/opt/rustwide/target/debug/deps --extern atoi=/opt/rustwide/target/debug/deps/libatoi-78ec62335de95ad3.rlib --extern bytes=/opt/rustwide/target/debug/deps/libbytes-961528039a8c4046.rlib --extern checked=/opt/rustwide/target/debug/deps/libchecked-17da8c96a1a02602.rlib --extern chrono=/opt/rustwide/target/debug/deps/libchrono-521db0ddecb225ca.rlib --extern env_logger=/opt/rustwide/target/debug/deps/libenv_logger-9a99c123576d6820.rlib --extern flate2=/opt/rustwide/target/debug/deps/libflate2-8e6e456291549b86.rlib --extern futures=/opt/rustwide/target/debug/deps/libfutures-cad31b25443ec5c2.rlib --extern handlebars=/opt/rustwide/target/debug/deps/libhandlebars-d82f93da4f586c2e.rlib --extern headers=/opt/rustwide/target/debug/deps/libheaders-2fd2813eeef839be.rlib --extern http=/opt/rustwide/target/debug/deps/libhttp-8c3e39a2dd5ee881.rlib --extern hyper=/opt/rustwide/target/debug/deps/libhyper-ad8a1fd484ba1356.rlib --extern lazy_static=/opt/rustwide/target/debug/deps/liblazy_static-efa3519517df6cf0.rlib --extern log=/opt/rustwide/target/debug/deps/liblog-2cf4a51dfa4e790a.rlib --extern mime=/opt/rustwide/target/debug/deps/libmime-a9df5a780629fb7d.rlib --extern mime_guess=/opt/rustwide/target/debug/deps/libmime_guess-4b254265372ca772.rlib --extern percent_encoding=/opt/rustwide/target/debug/deps/libpercent_encoding-39f007c0633ec8a6.rlib --extern proc_macro_hack=/opt/rustwide/target/debug/deps/libproc_macro_hack-7a75b417ac440c63.rlib --extern rand=/opt/rustwide/target/debug/deps/librand-56467298c894a8c5.rlib --extern serde=/opt/rustwide/target/debug/deps/libserde-43396d81f5c62e04.rlib --extern serde_derive=/opt/rustwide/target/debug/deps/libserde_derive-a21b68545240bac1.so --extern serde_json=/opt/rustwide/target/debug/deps/libserde_json-4c7675d40885eab7.rlib --extern serde_plain=/opt/rustwide/target/debug/deps/libserde_plain-130cf148a4b5a21b.rlib --extern serde_urlencoded=/opt/rustwide/target/debug/deps/libserde_urlencoded-71ad746edda2c930.rlib --extern tokio=/opt/rustwide/target/debug/deps/libtokio-76642e0dca3ca29a.rlib --extern tokio_fs=/opt/rustwide/target/debug/deps/libtokio_fs-191fdb62f48a1cf6.rlib --extern tokio_io=/opt/rustwide/target/debug/deps/libtokio_io-b745c7c6a00c29a8.rlib --extern tower_service=/opt/rustwide/target/debug/deps/libtower_service-60a58ee35a9e28a8.rlib --extern tower_web=/opt/rustwide/target/debug/deps/libtower_web-ad0f36955351fe03.rlib --extern tower_web_macros=/opt/rustwide/target/debug/deps/libtower_web_macros-7ae06c0b45763fe7.so --extern void=/opt/rustwide/target/debug/deps/libvoid-e9e66bdf6e7605ed.rlib --cap-lints=warn` (signal: 9, SIGKILL: kill)
[INFO] [stderr] error: could not compile `tower-web` (example "args")
[INFO] [stderr] 
[INFO] [stderr] Caused by:
[INFO] [stderr]   process didn't exit successfully: `/opt/rustwide/rustup-home/toolchains/beta-2023-12-22-x86_64-unknown-linux-gnu/bin/rustc --crate-name args examples/args.rs --error-format=json --json=diagnostic-rendered-ansi,artifacts,future-incompat --crate-type bin --emit=dep-info,link -C embed-bitcode=no -C debuginfo=2 --cfg 'feature="default"' --cfg 'feature="handlebars"' -C metadata=65beb807071d4bdc -C extra-filename=-65beb807071d4bdc --out-dir /opt/rustwide/target/debug/examples -L dependency=/opt/rustwide/target/debug/deps --extern atoi=/opt/rustwide/target/debug/deps/libatoi-78ec62335de95ad3.rlib --extern bytes=/opt/rustwide/target/debug/deps/libbytes-961528039a8c4046.rlib --extern checked=/opt/rustwide/target/debug/deps/libchecked-17da8c96a1a02602.rlib --extern chrono=/opt/rustwide/target/debug/deps/libchrono-521db0ddecb225ca.rlib --extern env_logger=/opt/rustwide/target/debug/deps/libenv_logger-9a99c123576d6820.rlib --extern flate2=/opt/rustwide/target/debug/deps/libflate2-8e6e456291549b86.rlib --extern futures=/opt/rustwide/target/debug/deps/libfutures-cad31b25443ec5c2.rlib --extern handlebars=/opt/rustwide/target/debug/deps/libhandlebars-d82f93da4f586c2e.rlib --extern headers=/opt/rustwide/target/debug/deps/libheaders-2fd2813eeef839be.rlib --extern http=/opt/rustwide/target/debug/deps/libhttp-8c3e39a2dd5ee881.rlib --extern hyper=/opt/rustwide/target/debug/deps/libhyper-ad8a1fd484ba1356.rlib --extern lazy_static=/opt/rustwide/target/debug/deps/liblazy_static-efa3519517df6cf0.rlib --extern log=/opt/rustwide/target/debug/deps/liblog-2cf4a51dfa4e790a.rlib --extern mime=/opt/rustwide/target/debug/deps/libmime-a9df5a780629fb7d.rlib --extern mime_guess=/opt/rustwide/target/debug/deps/libmime_guess-4b254265372ca772.rlib --extern percent_encoding=/opt/rustwide/target/debug/deps/libpercent_encoding-39f007c0633ec8a6.rlib --extern proc_macro_hack=/opt/rustwide/target/debug/deps/libproc_macro_hack-7a75b417ac440c63.rlib --extern rand=/opt/rustwide/target/debug/deps/librand-56467298c894a8c5.rlib --extern serde=/opt/rustwide/target/debug/deps/libserde-43396d81f5c62e04.rlib --extern serde_derive=/opt/rustwide/target/debug/deps/libserde_derive-a21b68545240bac1.so --extern serde_json=/opt/rustwide/target/debug/deps/libserde_json-4c7675d40885eab7.rlib --extern serde_plain=/opt/rustwide/target/debug/deps/libserde_plain-130cf148a4b5a21b.rlib --extern serde_urlencoded=/opt/rustwide/target/debug/deps/libserde_urlencoded-71ad746edda2c930.rlib --extern tokio=/opt/rustwide/target/debug/deps/libtokio-76642e0dca3ca29a.rlib --extern tokio_fs=/opt/rustwide/target/debug/deps/libtokio_fs-191fdb62f48a1cf6.rlib --extern tokio_io=/opt/rustwide/target/debug/deps/libtokio_io-b745c7c6a00c29a8.rlib --extern tower_service=/opt/rustwide/target/debug/deps/libtower_service-60a58ee35a9e28a8.rlib --extern tower_web=/opt/rustwide/target/debug/deps/libtower_web-ad0f36955351fe03.rlib --extern tower_web_macros=/opt/rustwide/target/debug/deps/libtower_web_macros-7ae06c0b45763fe7.so --extern void=/opt/rustwide/target/debug/deps/libvoid-e9e66bdf6e7605ed.rlib --cap-lints=warn` (signal: 9, SIGKILL: kill)
[INFO] [stderr] error: could not compile `tower-web` (example "middleware")
[INFO] [stderr] 
[INFO] [stderr] Caused by:
[INFO] [stderr]   process didn't exit successfully: `/opt/rustwide/rustup-home/toolchains/beta-2023-12-22-x86_64-unknown-linux-gnu/bin/rustc --crate-name middleware examples/middleware.rs --error-format=json --json=diagnostic-rendered-ansi,artifacts,future-incompat --crate-type bin --emit=dep-info,link -C embed-bitcode=no -C debuginfo=2 --cfg 'feature="default"' --cfg 'feature="handlebars"' -C metadata=3ed49f904787629a -C extra-filename=-3ed49f904787629a --out-dir /opt/rustwide/target/debug/examples -L dependency=/opt/rustwide/target/debug/deps --extern atoi=/opt/rustwide/target/debug/deps/libatoi-78ec62335de95ad3.rlib --extern bytes=/opt/rustwide/target/debug/deps/libbytes-961528039a8c4046.rlib --extern checked=/opt/rustwide/target/debug/deps/libchecked-17da8c96a1a02602.rlib --extern chrono=/opt/rustwide/target/debug/deps/libchrono-521db0ddecb225ca.rlib --extern env_logger=/opt/rustwide/target/debug/deps/libenv_logger-9a99c123576d6820.rlib --extern flate2=/opt/rustwide/target/debug/deps/libflate2-8e6e456291549b86.rlib --extern futures=/opt/rustwide/target/debug/deps/libfutures-cad31b25443ec5c2.rlib --extern handlebars=/opt/rustwide/target/debug/deps/libhandlebars-d82f93da4f586c2e.rlib --extern headers=/opt/rustwide/target/debug/deps/libheaders-2fd2813eeef839be.rlib --extern http=/opt/rustwide/target/debug/deps/libhttp-8c3e39a2dd5ee881.rlib --extern hyper=/opt/rustwide/target/debug/deps/libhyper-ad8a1fd484ba1356.rlib --extern lazy_static=/opt/rustwide/target/debug/deps/liblazy_static-efa3519517df6cf0.rlib --extern log=/opt/rustwide/target/debug/deps/liblog-2cf4a51dfa4e790a.rlib --extern mime=/opt/rustwide/target/debug/deps/libmime-a9df5a780629fb7d.rlib --extern mime_guess=/opt/rustwide/target/debug/deps/libmime_guess-4b254265372ca772.rlib --extern percent_encoding=/opt/rustwide/target/debug/deps/libpercent_encoding-39f007c0633ec8a6.rlib --extern proc_macro_hack=/opt/rustwide/target/debug/deps/libproc_macro_hack-7a75b417ac440c63.rlib --extern rand=/opt/rustwide/target/debug/deps/librand-56467298c894a8c5.rlib --extern serde=/opt/rustwide/target/debug/deps/libserde-43396d81f5c62e04.rlib --extern serde_derive=/opt/rustwide/target/debug/deps/libserde_derive-a21b68545240bac1.so --extern serde_json=/opt/rustwide/target/debug/deps/libserde_json-4c7675d40885eab7.rlib --extern serde_plain=/opt/rustwide/target/debug/deps/libserde_plain-130cf148a4b5a21b.rlib --extern serde_urlencoded=/opt/rustwide/target/debug/deps/libserde_urlencoded-71ad746edda2c930.rlib --extern tokio=/opt/rustwide/target/debug/deps/libtokio-76642e0dca3ca29a.rlib --extern tokio_fs=/opt/rustwide/target/debug/deps/libtokio_fs-191fdb62f48a1cf6.rlib --extern tokio_io=/opt/rustwide/target/debug/deps/libtokio_io-b745c7c6a00c29a8.rlib --extern tower_service=/opt/rustwide/target/debug/deps/libtower_service-60a58ee35a9e28a8.rlib --extern tower_web=/opt/rustwide/target/debug/deps/libtower_web-ad0f36955351fe03.rlib --extern tower_web_macros=/opt/rustwide/target/debug/deps/libtower_web_macros-7ae06c0b45763fe7.so --extern void=/opt/rustwide/target/debug/deps/libvoid-e9e66bdf6e7605ed.rlib --cap-lints=warn` (signal: 9, SIGKILL: kill)
[INFO] [stderr] error: could not compile `tower-web` (example "catch")
[INFO] [stderr] 
[INFO] [stderr] Caused by:
[INFO] [stderr]   process didn't exit successfully: `/opt/rustwide/rustup-home/toolchains/beta-2023-12-22-x86_64-unknown-linux-gnu/bin/rustc --crate-name catch examples/catch.rs --error-format=json --json=diagnostic-rendered-ansi,artifacts,future-incompat --crate-type bin --emit=dep-info,link -C embed-bitcode=no -C debuginfo=2 --cfg 'feature="default"' --cfg 'feature="handlebars"' -C metadata=4bcd179713246f74 -C extra-filename=-4bcd179713246f74 --out-dir /opt/rustwide/target/debug/examples -L dependency=/opt/rustwide/target/debug/deps --extern atoi=/opt/rustwide/target/debug/deps/libatoi-78ec62335de95ad3.rlib --extern bytes=/opt/rustwide/target/debug/deps/libbytes-961528039a8c4046.rlib --extern checked=/opt/rustwide/target/debug/deps/libchecked-17da8c96a1a02602.rlib --extern chrono=/opt/rustwide/target/debug/deps/libchrono-521db0ddecb225ca.rlib --extern env_logger=/opt/rustwide/target/debug/deps/libenv_logger-9a99c123576d6820.rlib --extern flate2=/opt/rustwide/target/debug/deps/libflate2-8e6e456291549b86.rlib --extern futures=/opt/rustwide/target/debug/deps/libfutures-cad31b25443ec5c2.rlib --extern handlebars=/opt/rustwide/target/debug/deps/libhandlebars-d82f93da4f586c2e.rlib --extern headers=/opt/rustwide/target/debug/deps/libheaders-2fd2813eeef839be.rlib --extern http=/opt/rustwide/target/debug/deps/libhttp-8c3e39a2dd5ee881.rlib --extern hyper=/opt/rustwide/target/debug/deps/libhyper-ad8a1fd484ba1356.rlib --extern lazy_static=/opt/rustwide/target/debug/deps/liblazy_static-efa3519517df6cf0.rlib --extern log=/opt/rustwide/target/debug/deps/liblog-2cf4a51dfa4e790a.rlib --extern mime=/opt/rustwide/target/debug/deps/libmime-a9df5a780629fb7d.rlib --extern mime_guess=/opt/rustwide/target/debug/deps/libmime_guess-4b254265372ca772.rlib --extern percent_encoding=/opt/rustwide/target/debug/deps/libpercent_encoding-39f007c0633ec8a6.rlib --extern proc_macro_hack=/opt/rustwide/target/debug/deps/libproc_macro_hack-7a75b417ac440c63.rlib --extern rand=/opt/rustwide/target/debug/deps/librand-56467298c894a8c5.rlib --extern serde=/opt/rustwide/target/debug/deps/libserde-43396d81f5c62e04.rlib --extern serde_derive=/opt/rustwide/target/debug/deps/libserde_derive-a21b68545240bac1.so --extern serde_json=/opt/rustwide/target/debug/deps/libserde_json-4c7675d40885eab7.rlib --extern serde_plain=/opt/rustwide/target/debug/deps/libserde_plain-130cf148a4b5a21b.rlib --extern serde_urlencoded=/opt/rustwide/target/debug/deps/libserde_urlencoded-71ad746edda2c930.rlib --extern tokio=/opt/rustwide/target/debug/deps/libtokio-76642e0dca3ca29a.rlib --extern tokio_fs=/opt/rustwide/target/debug/deps/libtokio_fs-191fdb62f48a1cf6.rlib --extern tokio_io=/opt/rustwide/target/debug/deps/libtokio_io-b745c7c6a00c29a8.rlib --extern tower_service=/opt/rustwide/target/debug/deps/libtower_service-60a58ee35a9e28a8.rlib --extern tower_web=/opt/rustwide/target/debug/deps/libtower_web-ad0f36955351fe03.rlib --extern tower_web_macros=/opt/rustwide/target/debug/deps/libtower_web_macros-7ae06c0b45763fe7.so --extern void=/opt/rustwide/target/debug/deps/libvoid-e9e66bdf6e7605ed.rlib --cap-lints=warn` (signal: 9, SIGKILL: kill)
[INFO] [stderr] error: could not compile `tower-web` (test "html_handlebars"); 2 warnings emitted
[INFO] [stderr] 
[INFO] [stderr] Caused by:
[INFO] [stderr]   process didn't exit successfully: `/opt/rustwide/rustup-home/toolchains/beta-2023-12-22-x86_64-unknown-linux-gnu/bin/rustc --crate-name html_handlebars tests/html_handlebars.rs --error-format=json --json=diagnostic-rendered-ansi,artifacts,future-incompat --emit=dep-info,link -C embed-bitcode=no -C debuginfo=2 --test --cfg 'feature="default"' --cfg 'feature="handlebars"' -C metadata=29e8240507264774 -C extra-filename=-29e8240507264774 --out-dir /opt/rustwide/target/debug/deps -L dependency=/opt/rustwide/target/debug/deps --extern atoi=/opt/rustwide/target/debug/deps/libatoi-78ec62335de95ad3.rlib --extern bytes=/opt/rustwide/target/debug/deps/libbytes-961528039a8c4046.rlib --extern checked=/opt/rustwide/target/debug/deps/libchecked-17da8c96a1a02602.rlib --extern chrono=/opt/rustwide/target/debug/deps/libchrono-521db0ddecb225ca.rlib --extern env_logger=/opt/rustwide/target/debug/deps/libenv_logger-9a99c123576d6820.rlib --extern flate2=/opt/rustwide/target/debug/deps/libflate2-8e6e456291549b86.rlib --extern futures=/opt/rustwide/target/debug/deps/libfutures-cad31b25443ec5c2.rlib --extern handlebars=/opt/rustwide/target/debug/deps/libhandlebars-d82f93da4f586c2e.rlib --extern headers=/opt/rustwide/target/debug/deps/libheaders-2fd2813eeef839be.rlib --extern http=/opt/rustwide/target/debug/deps/libhttp-8c3e39a2dd5ee881.rlib --extern hyper=/opt/rustwide/target/debug/deps/libhyper-ad8a1fd484ba1356.rlib --extern lazy_static=/opt/rustwide/target/debug/deps/liblazy_static-efa3519517df6cf0.rlib --extern log=/opt/rustwide/target/debug/deps/liblog-2cf4a51dfa4e790a.rlib --extern mime=/opt/rustwide/target/debug/deps/libmime-a9df5a780629fb7d.rlib --extern mime_guess=/opt/rustwide/target/debug/deps/libmime_guess-4b254265372ca772.rlib --extern percent_encoding=/opt/rustwide/target/debug/deps/libpercent_encoding-39f007c0633ec8a6.rlib --extern proc_macro_hack=/opt/rustwide/target/debug/deps/libproc_macro_hack-7a75b417ac440c63.rlib --extern rand=/opt/rustwide/target/debug/deps/librand-56467298c894a8c5.rlib --extern serde=/opt/rustwide/target/debug/deps/libserde-43396d81f5c62e04.rlib --extern serde_derive=/opt/rustwide/target/debug/deps/libserde_derive-a21b68545240bac1.so --extern serde_json=/opt/rustwide/target/debug/deps/libserde_json-4c7675d40885eab7.rlib --extern serde_plain=/opt/rustwide/target/debug/deps/libserde_plain-130cf148a4b5a21b.rlib --extern serde_urlencoded=/opt/rustwide/target/debug/deps/libserde_urlencoded-71ad746edda2c930.rlib --extern tokio=/opt/rustwide/target/debug/deps/libtokio-76642e0dca3ca29a.rlib --extern tokio_fs=/opt/rustwide/target/debug/deps/libtokio_fs-191fdb62f48a1cf6.rlib --extern tokio_io=/opt/rustwide/target/debug/deps/libtokio_io-b745c7c6a00c29a8.rlib --extern tower_service=/opt/rustwide/target/debug/deps/libtower_service-60a58ee35a9e28a8.rlib --extern tower_web=/opt/rustwide/target/debug/deps/libtower_web-ad0f36955351fe03.rlib --extern tower_web_macros=/opt/rustwide/target/debug/deps/libtower_web_macros-7ae06c0b45763fe7.so --extern void=/opt/rustwide/target/debug/deps/libvoid-e9e66bdf6e7605ed.rlib --cap-lints=warn` (signal: 9, SIGKILL: kill)
[INFO] [stdout] error: linking with `cc` failed: exit status: 1
[INFO] [stdout]   |
[INFO] [stdout]   = note: LC_ALL="C" PATH="/opt/rustwide/rustup-home/toolchains/beta-2023-12-22-x86_64-unknown-linux-gnu/lib/rustlib/x86_64-unknown-linux-gnu/bin:/opt/rustwide/cargo-home/bin:/usr/local/sbin:/usr/local/bin:/usr/sbin:/usr/bin:/sbin:/bin" VSLANG="1033" "cc" "-m64" "/tmp/rustcSnuwJP/symbols.o" "/opt/rustwide/target/debug/deps/deflate_stream-2e99e103346b3157.deflate_stream.8e90c9298a85aeca-cgu.0.rcgu.o" "/opt/rustwide/target/debug/deps/deflate_stream-2e99e103346b3157.deflate_stream.8e90c9298a85aeca-cgu.1.rcgu.o" "/opt/rustwide/target/debug/deps/deflate_stream-2e99e103346b3157.5fst15jvj1hhbfkx.rcgu.o" "-Wl,--as-needed" "-L" "/opt/rustwide/target/debug/deps" "-L" "/opt/rustwide/rustup-home/toolchains/beta-2023-12-22-x86_64-unknown-linux-gnu/lib/rustlib/x86_64-unknown-linux-gnu/lib" "-Wl,-Bstatic" "/opt/rustwide/rustup-home/toolchains/beta-2023-12-22-x86_64-unknown-linux-gnu/lib/rustlib/x86_64-unknown-linux-gnu/lib/libtest-cbab71697df97b00.rlib" "/opt/rustwide/rustup-home/toolchains/beta-2023-12-22-x86_64-unknown-linux-gnu/lib/rustlib/x86_64-unknown-linux-gnu/lib/libgetopts-2a2cf8f16c536007.rlib" "/opt/rustwide/rustup-home/toolchains/beta-2023-12-22-x86_64-unknown-linux-gnu/lib/rustlib/x86_64-unknown-linux-gnu/lib/libunicode_width-c5f3cc3cceaf9070.rlib" "/opt/rustwide/rustup-home/toolchains/beta-2023-12-22-x86_64-unknown-linux-gnu/lib/rustlib/x86_64-unknown-linux-gnu/lib/librustc_std_workspace_std-a31324ec815b09db.rlib" "/opt/rustwide/target/debug/deps/librand-56467298c894a8c5.rlib" "/opt/rustwide/target/debug/deps/librand_core-4c51f1f2a7f810f5.rlib" "/opt/rustwide/target/debug/deps/librand_core-1adf33305417fb82.rlib" "/opt/rustwide/target/debug/deps/libtower_web-ad0f36955351fe03.rlib" "/opt/rustwide/target/debug/deps/libproc_macro_hack-7a75b417ac440c63.rlib" "/opt/rustwide/target/debug/deps/libhandlebars-d82f93da4f586c2e.rlib" "/opt/rustwide/target/debug/deps/libwalkdir-55706bb0eac46bcc.rlib" "/opt/rustwide/target/debug/deps/libsame_file-5e62a1af5be346fb.rlib" "/opt/rustwide/target/debug/deps/libregex-6b2e15812834269a.rlib" "/opt/rustwide/target/debug/deps/libregex_automata-18e9b4bafe25d656.rlib" "/opt/rustwide/target/debug/deps/libaho_corasick-0efee17d6ff570a3.rlib" "/opt/rustwide/target/debug/deps/libmemchr-14a47255884553ca.rlib" "/opt/rustwide/target/debug/deps/libregex_syntax-2fba322c2516c6a3.rlib" "/opt/rustwide/target/debug/deps/libquick_error-4f8a11f127df9c4f.rlib" "/opt/rustwide/target/debug/deps/libpest-467407c1a34fada0.rlib" "/opt/rustwide/target/debug/deps/libvoid-e9e66bdf6e7605ed.rlib" "/opt/rustwide/target/debug/deps/libtower_service-60a58ee35a9e28a8.rlib" "/opt/rustwide/target/debug/deps/libserde_urlencoded-71ad746edda2c930.rlib" "/opt/rustwide/target/debug/deps/liburl-b7e8506f15bc6729.rlib" "/opt/rustwide/target/debug/deps/libidna-9c132200a865b598.rlib" "/opt/rustwide/target/debug/deps/libunicode_normalization-6720ecd938ebfb2b.rlib" "/opt/rustwide/target/debug/deps/libtinyvec-dcbbce603bc23510.rlib" "/opt/rustwide/target/debug/deps/libtinyvec_macros-333661e3b238a9a3.rlib" "/opt/rustwide/target/debug/deps/libunicode_bidi-1d5be417c01f34b2.rlib" "/opt/rustwide/target/debug/deps/libmatches-59081526691d27d6.rlib" "/opt/rustwide/target/debug/deps/libdtoa-12091a2276cdb1a6.rlib" "/opt/rustwide/target/debug/deps/libserde_plain-130cf148a4b5a21b.rlib" "/opt/rustwide/target/debug/deps/libserde_json-4c7675d40885eab7.rlib" "/opt/rustwide/target/debug/deps/libryu-4b03a7708da1319d.rlib" "/opt/rustwide/target/debug/deps/libitoa-34968a9f29c36fec.rlib" "/opt/rustwide/target/debug/deps/libserde-43396d81f5c62e04.rlib" "/opt/rustwide/target/debug/deps/libpercent_encoding-39f007c0633ec8a6.rlib" "/opt/rustwide/target/debug/deps/libmime_guess-4b254265372ca772.rlib" "/opt/rustwide/target/debug/deps/libphf-386b9c973bf85174.rlib" "/opt/rustwide/target/debug/deps/libphf_shared-a2fee05fc50e5301.rlib" "/opt/rustwide/target/debug/deps/libunicase-36bb90371b25ab51.rlib" "/opt/rustwide/target/debug/deps/libsiphasher-99d53a43b4064198.rlib" "/opt/rustwide/target/debug/deps/libmime-a78df461880e30ad.rlib" "/opt/rustwide/target/debug/deps/liblog-9f0ae329ac7e5a32.rlib" "/opt/rustwide/target/debug/deps/libhyper-ad8a1fd484ba1356.rlib" "/opt/rustwide/target/debug/deps/libwant-f9deb728609e6537.rlib" "/opt/rustwide/target/debug/deps/libtry_lock-61552f3200b10770.rlib" "/opt/rustwide/target/debug/deps/libtokio-76642e0dca3ca29a.rlib" "/opt/rustwide/target/debug/deps/libtokio_trace_core-5f95e811e9225dc1.rlib" "/opt/rustwide/target/debug/deps/libtokio_uds-ba4649de9723dd9d.rlib" "/opt/rustwide/target/debug/deps/libmio_uds-b4b86fb41558396a.rlib" "/opt/rustwide/target/debug/deps/libtokio_udp-a6387d457e58bb8e.rlib" "/opt/rustwide/target/debug/deps/libtokio_timer-95b6883e43f8ae79.rlib" "/opt/rustwide/target/debug/deps/libtokio_tcp-c96ab79009233cca.rlib" "/opt/rustwide/target/debug/deps/libtokio_reactor-6cf52da861909cc2.rlib" "/opt/rustwide/target/debug/deps/libtokio_sync-8198c264564a8d25.rlib" "/opt/rustwide/target/debug/deps/libparking_lot-7e4ea3598cbcc8f1.rlib" "/opt/rustwide/target/debug/deps/libparking_lot_core-898167863617bc98.rlib" "/opt/rustwide/target/debug/deps/libsmallvec-eafb20b88e9b2b51.rlib" "/opt/rustwide/target/debug/deps/liblock_api-ebbb9309bca5176b.rlib" "/opt/rustwide/target/debug/deps/libtokio_fs-191fdb62f48a1cf6.rlib" "/opt/rustwide/target/debug/deps/libtokio_threadpool-aba7305ca17455bc.rlib" "/opt/rustwide/target/debug/deps/libcrossbeam_queue-69cfc0c615cdfbcb.rlib" "/opt/rustwide/target/debug/deps/libcrossbeam_deque-b5ace0bfc480f607.rlib" "/opt/rustwide/target/debug/deps/libcrossbeam_epoch-0c3985f000be774a.rlib" "/opt/rustwide/target/debug/deps/libscopeguard-f937485db0060aca.rlib" "/opt/rustwide/target/debug/deps/libmemoffset-6a1519d63a7d13cb.rlib" "/opt/rustwide/target/debug/deps/libmaybe_uninit-28ff06c455fb66db.rlib" "/opt/rustwide/target/debug/deps/libtokio_current_thread-ff6735076ee4eeb2.rlib" "/opt/rustwide/target/debug/deps/libtokio_executor-fb4c34bb267d814d.rlib" "/opt/rustwide/target/debug/deps/libcrossbeam_utils-52e6e479da9af301.rlib" "/opt/rustwide/target/debug/deps/liblazy_static-efa3519517df6cf0.rlib" "/opt/rustwide/target/debug/deps/libtokio_codec-1d4826b7de522a59.rlib" "/opt/rustwide/target/debug/deps/libmio-2de258f22f0769c3.rlib" "/opt/rustwide/target/debug/deps/libnet2-cfb81395dd07cf30.rlib" "/opt/rustwide/target/debug/deps/libcfg_if-e83968822db62928.rlib" "/opt/rustwide/target/debug/deps/libhttparse-2dbc320ca65411a3.rlib" "/opt/rustwide/target/debug/deps/libhttp_body-b3eb74d90ccdafb8.rlib" "/opt/rustwide/target/debug/deps/libtokio_buf-3128fc66c981b0df.rlib" "/opt/rustwide/target/debug/deps/libh2-b0f136d5e457f5f0.rlib" "/opt/rustwide/target/debug/deps/libindexmap-62fedebfd28271ec.rlib" "/opt/rustwide/target/debug/deps/libhashbrown-e273ba0f8cdcbe5b.rlib" "/opt/rustwide/target/debug/deps/libstring-a6b365dacb4dc5e1.rlib" "/opt/rustwide/target/debug/deps/libslab-0a39a638bccea296.rlib" "/opt/rustwide/target/debug/deps/libtokio_io-b745c7c6a00c29a8.rlib" "/opt/rustwide/target/debug/deps/liblog-2cf4a51dfa4e790a.rlib" "/opt/rustwide/target/debug/deps/libfutures_cpupool-52f084fa2d7c0553.rlib" "/opt/rustwide/target/debug/deps/libnum_cpus-8571ef1a3f762e93.rlib" "/opt/rustwide/target/debug/deps/libheaders-2fd2813eeef839be.rlib" "/opt/rustwide/target/debug/deps/libtime-03edf8a509b46ae9.rlib" "/opt/rustwide/target/debug/deps/libsha1-ba4d483b6bec1d99.rlib" "/opt/rustwide/target/debug/deps/libfake_simd-4d740743d885698a.rlib" "/opt/rustwide/target/debug/deps/libdigest-07b287da3e3287dc.rlib" "/opt/rustwide/target/debug/deps/libopaque_debug-538aec25f2cb79e4.rlib" "/opt/rustwide/target/debug/deps/libblock_buffer-50a2a4f607a09a4f.rlib" "/opt/rustwide/target/debug/deps/libgeneric_array-494b73b3d09ca6a8.rlib" "/opt/rustwide/target/debug/deps/libtypenum-b40ba058056b0bf8.rlib" "/opt/rustwide/target/debug/deps/libblock_padding-925bc307f7f93709.rlib" "/opt/rustwide/target/debug/deps/libbyte_tools-d716e523cae38164.rlib" "/opt/rustwide/target/debug/deps/libmime-a9df5a780629fb7d.rlib" "/opt/rustwide/target/debug/deps/libheaders_core-c511f5b433740327.rlib" "/opt/rustwide/target/debug/deps/libhttp-8c3e39a2dd5ee881.rlib" "/opt/rustwide/target/debug/deps/libitoa-a2832f2392deebad.rlib" "/opt/rustwide/target/debug/deps/libfnv-953831fe314029b4.rlib" "/opt/rustwide/target/debug/deps/libbitflags-85e13ed1e0c6d910.rlib" "/opt/rustwide/target/debug/deps/libbase64-7ae3f4974b235e08.rlib" "/opt/rustwide/target/debug/deps/libfutures-cad31b25443ec5c2.rlib" "/opt/rustwide/target/debug/deps/libflate2-8e6e456291549b86.rlib" "/opt/rustwide/target/debug/deps/libminiz_oxide-fdd9e74574a7bd2a.rlib" "/opt/rustwide/target/debug/deps/libadler-eba61f23bb3cdb48.rlib" "/opt/rustwide/target/debug/deps/libcrc32fast-dbea8ee6fb11ce73.rlib" "/opt/rustwide/target/debug/deps/libcfg_if-e7002d307f97bc56.rlib" "/opt/rustwide/target/debug/deps/libchrono-521db0ddecb225ca.rlib" "/opt/rustwide/target/debug/deps/libiana_time_zone-0d3ced6f0a9aca0f.rlib" "/opt/rustwide/target/debug/deps/libchecked-17da8c96a1a02602.rlib" "/opt/rustwide/target/debug/deps/libbytes-961528039a8c4046.rlib" "/opt/rustwide/target/debug/deps/libeither-bc25dbceced3a40f.rlib" "/opt/rustwide/target/debug/deps/libiovec-9291a67d71b01cb3.rlib" "/opt/rustwide/target/debug/deps/liblibc-9bdc13f38078ecbe.rlib" "/opt/rustwide/target/debug/deps/libbyteorder-6ac88002c46ec63a.rlib" "/opt/rustwide/target/debug/deps/libatoi-78ec62335de95ad3.rlib" "/opt/rustwide/target/debug/deps/libnum_traits-d78ef80edf268e06.rlib" "/opt/rustwide/rustup-home/toolchains/beta-2023-12-22-x86_64-unknown-linux-gnu/lib/rustlib/x86_64-unknown-linux-gnu/lib/libstd-0672489a78b613de.rlib" "/opt/rustwide/rustup-home/toolchains/beta-2023-12-22-x86_64-unknown-linux-gnu/lib/rustlib/x86_64-unknown-linux-gnu/lib/libpanic_unwind-7eb3ffc34a49f675.rlib" "/opt/rustwide/rustup-home/toolchains/beta-2023-12-22-x86_64-unknown-linux-gnu/lib/rustlib/x86_64-unknown-linux-gnu/lib/libobject-6478a9daa4bee8e2.rlib" "/opt/rustwide/rustup-home/toolchains/beta-2023-12-22-x86_64-unknown-linux-gnu/lib/rustlib/x86_64-unknown-linux-gnu/lib/libmemchr-0c75d871a5c3923d.rlib" "/opt/rustwide/rustup-home/toolchains/beta-2023-12-22-x86_64-unknown-linux-gnu/lib/rustlib/x86_64-unknown-linux-gnu/lib/libaddr2line-d163ef63ad37bb71.rlib" "/opt/rustwide/rustup-home/toolchains/beta-2023-12-22-x86_64-unknown-linux-gnu/lib/rustlib/x86_64-unknown-linux-gnu/lib/libgimli-8a3fd810a85b9f4c.rlib" "/opt/rustwide/rustup-home/toolchains/beta-2023-12-22-x86_64-unknown-linux-gnu/lib/rustlib/x86_64-unknown-linux-gnu/lib/librustc_demangle-462a2cde8c5dfc10.rlib" "/opt/rustwide/rustup-home/toolchains/beta-2023-12-22-x86_64-unknown-linux-gnu/lib/rustlib/x86_64-unknown-linux-gnu/lib/libstd_detect-cb06ac9f54713f71.rlib" "/opt/rustwide/rustup-home/toolchains/beta-2023-12-22-x86_64-unknown-linux-gnu/lib/rustlib/x86_64-unknown-linux-gnu/lib/libhashbrown-f20bfd1f8e59b393.rlib" "/opt/rustwide/rustup-home/toolchains/beta-2023-12-22-x86_64-unknown-linux-gnu/lib/rustlib/x86_64-unknown-linux-gnu/lib/librustc_std_workspace_alloc-1ef460949b49da4b.rlib" "/opt/rustwide/rustup-home/toolchains/beta-2023-12-22-x86_64-unknown-linux-gnu/lib/rustlib/x86_64-unknown-linux-gnu/lib/libminiz_oxide-2cb0c0ffe4f87514.rlib" "/opt/rustwide/rustup-home/toolchains/beta-2023-12-22-x86_64-unknown-linux-gnu/lib/rustlib/x86_64-unknown-linux-gnu/lib/libadler-58d841eb322a11a2.rlib" "/opt/rustwide/rustup-home/toolchains/beta-2023-12-22-x86_64-unknown-linux-gnu/lib/rustlib/x86_64-unknown-linux-gnu/lib/libunwind-aa2ae0b0a9d11533.rlib" "/opt/rustwide/rustup-home/toolchains/beta-2023-12-22-x86_64-unknown-linux-gnu/lib/rustlib/x86_64-unknown-linux-gnu/lib/libcfg_if-23874e15830ed336.rlib" "/opt/rustwide/rustup-home/toolchains/beta-2023-12-22-x86_64-unknown-linux-gnu/lib/rustlib/x86_64-unknown-linux-gnu/lib/liblibc-e47cddc003bce885.rlib" "/opt/rustwide/rustup-home/toolchains/beta-2023-12-22-x86_64-unknown-linux-gnu/lib/rustlib/x86_64-unknown-linux-gnu/lib/liballoc-c22b13b48a8f128e.rlib" "/opt/rustwide/rustup-home/toolchains/beta-2023-12-22-x86_64-unknown-linux-gnu/lib/rustlib/x86_64-unknown-linux-gnu/lib/librustc_std_workspace_core-e46bc3da6d7c462f.rlib" "/opt/rustwide/rustup-home/toolchains/beta-2023-12-22-x86_64-unknown-linux-gnu/lib/rustlib/x86_64-unknown-linux-gnu/lib/libcore-8d1ac131d3cb2645.rlib" "/opt/rustwide/rustup-home/toolchains/beta-2023-12-22-x86_64-unknown-linux-gnu/lib/rustlib/x86_64-unknown-linux-gnu/lib/libcompiler_builtins-a1b43df8c6899c1f.rlib" "-Wl,-Bdynamic" "-lgcc_s" "-lutil" "-lrt" "-lpthread" "-lm" "-ldl" "-lc" "-Wl,--eh-frame-hdr" "-Wl,-z,noexecstack" "-L" "/opt/rustwide/rustup-home/toolchains/beta-2023-12-22-x86_64-unknown-linux-gnu/lib/rustlib/x86_64-unknown-linux-gnu/lib" "-o" "/opt/rustwide/target/debug/deps/deflate_stream-2e99e103346b3157" "-Wl,--gc-sections" "-pie" "-Wl,-z,relro,-z,now" "-nodefaultlibs"
[INFO] [stdout]   = note: collect2: fatal error: ld terminated with signal 9 [Killed]
[INFO] [stdout]           compilation terminated.
[INFO] [stdout]           
[INFO] [stdout] 
[INFO] [stdout] 
[INFO] [stdout] error: aborting due to 1 previous error
[INFO] [stdout] 
[INFO] [stdout] 
[INFO] [stderr] error: could not compile `tower-web` (test "deflate_stream") due to 2 previous errors
[INFO] [stdout] warning: 2 warnings emitted
[INFO] [stdout] 
[INFO] [stdout] 
[INFO] [stdout] warning: 2 warnings emitted
[INFO] [stdout] 
[INFO] [stdout] 
[INFO] [stdout] warning: 2 warnings emitted
[INFO] [stdout] 
[INFO] [stdout] 
[INFO] [stdout] warning: 2 warnings emitted
[INFO] [stdout] 
[INFO] [stdout] 
[INFO] [stdout] warning: 2 warnings emitted
[INFO] [stdout] 
[INFO] [stdout] 
[INFO] running `Command { std: "docker" "inspect" "98e7508c4854bffa5224878d0c76401cfd2017be4cd2ffa62eb24eeaeef4360e", kill_on_drop: false }`
[INFO] running `Command { std: "docker" "rm" "-f" "98e7508c4854bffa5224878d0c76401cfd2017be4cd2ffa62eb24eeaeef4360e", kill_on_drop: false }`
[INFO] [stdout] 98e7508c4854bffa5224878d0c76401cfd2017be4cd2ffa62eb24eeaeef4360e
