[INFO] fetching crate tower-fallback 0.2.41-beta.7...
[INFO] testing tower-fallback-0.2.41-beta.7 against 1.75.0 for beta-1.76-1
[INFO] extracting crate tower-fallback 0.2.41-beta.7 into /workspace/builds/worker-3-tc1/source
[INFO] validating manifest of crates.io crate tower-fallback 0.2.41-beta.7 on toolchain 1.75.0
[INFO] running `Command { std: CARGO_HOME="/workspace/cargo-home" RUSTUP_HOME="/workspace/rustup-home" "/workspace/cargo-home/bin/cargo" "+1.75.0" "metadata" "--manifest-path" "Cargo.toml" "--no-deps", kill_on_drop: false }`
[INFO] started tweaking crates.io crate tower-fallback 0.2.41-beta.7
[INFO] finished tweaking crates.io crate tower-fallback 0.2.41-beta.7
[INFO] tweaked toml for crates.io crate tower-fallback 0.2.41-beta.7 written to /workspace/builds/worker-3-tc1/source/Cargo.toml
[INFO] running `Command { std: CARGO_HOME="/workspace/cargo-home" RUSTUP_HOME="/workspace/rustup-home" "/workspace/cargo-home/bin/cargo" "+1.75.0" "generate-lockfile" "--manifest-path" "Cargo.toml", kill_on_drop: false }`
[INFO] [stderr]     Updating crates.io index
[INFO] running `Command { std: CARGO_HOME="/workspace/cargo-home" RUSTUP_HOME="/workspace/rustup-home" "/workspace/cargo-home/bin/cargo" "+1.75.0" "fetch" "--manifest-path" "Cargo.toml", kill_on_drop: false }`
[INFO] running `Command { std: "docker" "create" "-v" "/var/lib/crater-agent-workspace/builds/worker-3-tc1/target:/opt/rustwide/target:rw,Z" "-v" "/var/lib/crater-agent-workspace/builds/worker-3-tc1/source:/opt/rustwide/workdir:ro,Z" "-v" "/var/lib/crater-agent-workspace/cargo-home:/opt/rustwide/cargo-home:ro,Z" "-v" "/var/lib/crater-agent-workspace/rustup-home:/opt/rustwide/rustup-home:ro,Z" "-e" "SOURCE_DIR=/opt/rustwide/workdir" "-e" "CARGO_TARGET_DIR=/opt/rustwide/target" "-e" "CARGO_HOME=/opt/rustwide/cargo-home" "-e" "RUSTUP_HOME=/opt/rustwide/rustup-home" "-w" "/opt/rustwide/workdir" "-m" "1610612736" "--user" "0:0" "--network" "none" "ghcr.io/rust-lang/crates-build-env/linux@sha256:2788e3201cd34a07e3172128adcd8b3090168a8e3bcc40d7c032b9dda1df7d1c" "/opt/rustwide/cargo-home/bin/cargo" "+1.75.0" "metadata" "--no-deps" "--format-version=1", kill_on_drop: false }`
[INFO] [stdout] eb7f54b28d860799c801c7893df556157c6496cb742aea332b81e1bc637ca24b
[INFO] running `Command { std: "docker" "start" "-a" "eb7f54b28d860799c801c7893df556157c6496cb742aea332b81e1bc637ca24b", kill_on_drop: false }`
[INFO] running `Command { std: "docker" "inspect" "eb7f54b28d860799c801c7893df556157c6496cb742aea332b81e1bc637ca24b", kill_on_drop: false }`
[INFO] running `Command { std: "docker" "rm" "-f" "eb7f54b28d860799c801c7893df556157c6496cb742aea332b81e1bc637ca24b", kill_on_drop: false }`
[INFO] [stdout] eb7f54b28d860799c801c7893df556157c6496cb742aea332b81e1bc637ca24b
[INFO] running `Command { std: "docker" "create" "-v" "/var/lib/crater-agent-workspace/builds/worker-3-tc1/target:/opt/rustwide/target:rw,Z" "-v" "/var/lib/crater-agent-workspace/builds/worker-3-tc1/source:/opt/rustwide/workdir:ro,Z" "-v" "/var/lib/crater-agent-workspace/cargo-home:/opt/rustwide/cargo-home:ro,Z" "-v" "/var/lib/crater-agent-workspace/rustup-home:/opt/rustwide/rustup-home:ro,Z" "-e" "SOURCE_DIR=/opt/rustwide/workdir" "-e" "CARGO_TARGET_DIR=/opt/rustwide/target" "-e" "CARGO_INCREMENTAL=0" "-e" "RUST_BACKTRACE=full" "-e" "RUSTFLAGS=--cap-lints=warn" "-e" "RUSTDOCFLAGS=--cap-lints=warn" "-e" "CARGO_HOME=/opt/rustwide/cargo-home" "-e" "RUSTUP_HOME=/opt/rustwide/rustup-home" "-w" "/opt/rustwide/workdir" "-m" "1610612736" "--user" "0:0" "--network" "none" "ghcr.io/rust-lang/crates-build-env/linux@sha256:2788e3201cd34a07e3172128adcd8b3090168a8e3bcc40d7c032b9dda1df7d1c" "/opt/rustwide/cargo-home/bin/cargo" "+1.75.0" "build" "--frozen" "--message-format=json", kill_on_drop: false }`
[INFO] [stdout] 2a78bc20433a26a14075727b58d0dbd5b287ed2c83d163ecdf9cece89045d25e
[INFO] running `Command { std: "docker" "start" "-a" "2a78bc20433a26a14075727b58d0dbd5b287ed2c83d163ecdf9cece89045d25e", kill_on_drop: false }`
[INFO] [stderr]    Compiling tracing-core v0.1.32
[INFO] [stderr]    Compiling tower-layer v0.3.2
[INFO] [stderr]    Compiling syn v2.0.48
[INFO] [stderr]    Compiling tracing-attributes v0.1.27
[INFO] [stderr]    Compiling pin-project-internal v1.1.3
[INFO] [stderr]    Compiling pin-project v1.1.3
[INFO] [stderr]    Compiling tracing v0.1.40
[INFO] [stderr]    Compiling tower v0.4.13
[INFO] [stderr]    Compiling tower-fallback v0.2.41-beta.7 (/opt/rustwide/workdir)
[INFO] [stderr]     Finished dev [unoptimized + debuginfo] target(s) in 4.98s
[INFO] running `Command { std: "docker" "inspect" "2a78bc20433a26a14075727b58d0dbd5b287ed2c83d163ecdf9cece89045d25e", kill_on_drop: false }`
[INFO] running `Command { std: "docker" "rm" "-f" "2a78bc20433a26a14075727b58d0dbd5b287ed2c83d163ecdf9cece89045d25e", kill_on_drop: false }`
[INFO] [stdout] 2a78bc20433a26a14075727b58d0dbd5b287ed2c83d163ecdf9cece89045d25e
[INFO] running `Command { std: "docker" "create" "-v" "/var/lib/crater-agent-workspace/builds/worker-3-tc1/target:/opt/rustwide/target:rw,Z" "-v" "/var/lib/crater-agent-workspace/builds/worker-3-tc1/source:/opt/rustwide/workdir:ro,Z" "-v" "/var/lib/crater-agent-workspace/cargo-home:/opt/rustwide/cargo-home:ro,Z" "-v" "/var/lib/crater-agent-workspace/rustup-home:/opt/rustwide/rustup-home:ro,Z" "-e" "SOURCE_DIR=/opt/rustwide/workdir" "-e" "CARGO_TARGET_DIR=/opt/rustwide/target" "-e" "CARGO_INCREMENTAL=0" "-e" "RUST_BACKTRACE=full" "-e" "RUSTFLAGS=--cap-lints=warn" "-e" "RUSTDOCFLAGS=--cap-lints=warn" "-e" "CARGO_HOME=/opt/rustwide/cargo-home" "-e" "RUSTUP_HOME=/opt/rustwide/rustup-home" "-w" "/opt/rustwide/workdir" "-m" "1610612736" "--user" "0:0" "--network" "none" "ghcr.io/rust-lang/crates-build-env/linux@sha256:2788e3201cd34a07e3172128adcd8b3090168a8e3bcc40d7c032b9dda1df7d1c" "/opt/rustwide/cargo-home/bin/cargo" "+1.75.0" "test" "--frozen" "--no-run" "--message-format=json", kill_on_drop: false }`
[INFO] [stdout] 339ad53091f39d1e56817be004a14130e8f58dbd7fd2ab3162960a3369aa87b1
[INFO] running `Command { std: "docker" "start" "-a" "339ad53091f39d1e56817be004a14130e8f58dbd7fd2ab3162960a3369aa87b1", kill_on_drop: false }`
[INFO] [stderr]    Compiling tokio-macros v2.2.0
[INFO] [stderr]    Compiling tokio v1.35.1
[INFO] [stderr]    Compiling tower-fallback v0.2.41-beta.7 (/opt/rustwide/workdir)
[INFO] [stdout] error[E0432]: unresolved imports `tower::service_fn`, `tower::ServiceExt`
[INFO] [stdout]    --> tests/fallback.rs:1:13
[INFO] [stdout]     |
[INFO] [stdout] 1   | use tower::{service_fn, Service, ServiceExt};
[INFO] [stdout]     |             ^^^^^^^^^^           ^^^^^^^^^^
[INFO] [stdout]     |             |                    |
[INFO] [stdout]     |             |                    no `ServiceExt` in the root
[INFO] [stdout]     |             |                    help: a similar name exists in the module: `Service`
[INFO] [stdout]     |             no `service_fn` in the root
[INFO] [stdout]     |
[INFO] [stdout] note: found an item that was configured out
[INFO] [stdout]    --> /opt/rustwide/cargo-home/registry/src/index.crates.io-6f17d22bba15001f/tower-0.4.13/src/lib.rs:223:22
[INFO] [stdout]     |
[INFO] [stdout] 223 | pub use self::util::{service_fn, ServiceExt};
[INFO] [stdout]     |                      ^^^^^^^^^^
[INFO] [stdout]     = note: the item is gated behind the `util` feature
[INFO] [stdout] note: found an item that was configured out
[INFO] [stdout]    --> /opt/rustwide/cargo-home/registry/src/index.crates.io-6f17d22bba15001f/tower-0.4.13/src/lib.rs:223:34
[INFO] [stdout]     |
[INFO] [stdout] 223 | pub use self::util::{service_fn, ServiceExt};
[INFO] [stdout]     |                                  ^^^^^^^^^^
[INFO] [stdout]     = note: the item is gated behind the `util` feature
[INFO] [stdout] 
[INFO] [stdout] 
[INFO] [stdout] error[E0433]: failed to resolve: use of undeclared crate or module `zebra_test`
[INFO] [stdout]  --> tests/fallback.rs:6:23
[INFO] [stdout]   |
[INFO] [stdout] 6 |     let _init_guard = zebra_test::init();
[INFO] [stdout]   |                       ^^^^^^^^^^ use of undeclared crate or module `zebra_test`
[INFO] [stdout] 
[INFO] [stdout] 
[INFO] [stdout] warning: unused import: `Service`
[INFO] [stdout]  --> tests/fallback.rs:1:25
[INFO] [stdout]   |
[INFO] [stdout] 1 | use tower::{service_fn, Service, ServiceExt};
[INFO] [stdout]   |                         ^^^^^^^
[INFO] [stdout]   |
[INFO] [stdout]   = note: `#[warn(unused_imports)]` on by default
[INFO] [stdout] 
[INFO] [stdout] 
[INFO] [stdout] error: aborting due to 2 previous errors; 1 warning emitted
[INFO] [stdout] 
[INFO] [stdout] 
[INFO] [stdout] Some errors have detailed explanations: E0432, E0433.
[INFO] [stdout] 
[INFO] [stdout] For more information about an error, try `rustc --explain E0432`.
[INFO] [stdout] 
[INFO] [stderr] error: could not compile `tower-fallback` (test "fallback") due to 3 previous errors; 1 warning emitted
[INFO] [stderr] warning: build failed, waiting for other jobs to finish...
[INFO] running `Command { std: "docker" "inspect" "339ad53091f39d1e56817be004a14130e8f58dbd7fd2ab3162960a3369aa87b1", kill_on_drop: false }`
[INFO] running `Command { std: "docker" "rm" "-f" "339ad53091f39d1e56817be004a14130e8f58dbd7fd2ab3162960a3369aa87b1", kill_on_drop: false }`
[INFO] [stdout] 339ad53091f39d1e56817be004a14130e8f58dbd7fd2ab3162960a3369aa87b1
[INFO] testing tower-fallback-0.2.41-beta.7 against beta-2023-12-22 for beta-1.76-1
[INFO] extracting crate tower-fallback 0.2.41-beta.7 into /workspace/builds/worker-3-tc2/source
[INFO] validating manifest of crates.io crate tower-fallback 0.2.41-beta.7 on toolchain beta-2023-12-22
[INFO] running `Command { std: CARGO_HOME="/workspace/cargo-home" RUSTUP_HOME="/workspace/rustup-home" "/workspace/cargo-home/bin/cargo" "+beta-2023-12-22" "metadata" "--manifest-path" "Cargo.toml" "--no-deps", kill_on_drop: false }`
[INFO] started tweaking crates.io crate tower-fallback 0.2.41-beta.7
[INFO] finished tweaking crates.io crate tower-fallback 0.2.41-beta.7
[INFO] tweaked toml for crates.io crate tower-fallback 0.2.41-beta.7 written to /workspace/builds/worker-3-tc2/source/Cargo.toml
[INFO] running `Command { std: CARGO_HOME="/workspace/cargo-home" RUSTUP_HOME="/workspace/rustup-home" "/workspace/cargo-home/bin/cargo" "+beta-2023-12-22" "generate-lockfile" "--manifest-path" "Cargo.toml", kill_on_drop: false }`
[INFO] [stderr]     Updating crates.io index
[INFO] running `Command { std: CARGO_HOME="/workspace/cargo-home" RUSTUP_HOME="/workspace/rustup-home" "/workspace/cargo-home/bin/cargo" "+beta-2023-12-22" "fetch" "--manifest-path" "Cargo.toml", kill_on_drop: false }`
[INFO] running `Command { std: "docker" "create" "-v" "/var/lib/crater-agent-workspace/builds/worker-3-tc2/target:/opt/rustwide/target:rw,Z" "-v" "/var/lib/crater-agent-workspace/builds/worker-3-tc2/source:/opt/rustwide/workdir:ro,Z" "-v" "/var/lib/crater-agent-workspace/cargo-home:/opt/rustwide/cargo-home:ro,Z" "-v" "/var/lib/crater-agent-workspace/rustup-home:/opt/rustwide/rustup-home:ro,Z" "-e" "SOURCE_DIR=/opt/rustwide/workdir" "-e" "CARGO_TARGET_DIR=/opt/rustwide/target" "-e" "CARGO_HOME=/opt/rustwide/cargo-home" "-e" "RUSTUP_HOME=/opt/rustwide/rustup-home" "-w" "/opt/rustwide/workdir" "-m" "1610612736" "--user" "0:0" "--network" "none" "ghcr.io/rust-lang/crates-build-env/linux@sha256:2788e3201cd34a07e3172128adcd8b3090168a8e3bcc40d7c032b9dda1df7d1c" "/opt/rustwide/cargo-home/bin/cargo" "+beta-2023-12-22" "metadata" "--no-deps" "--format-version=1", kill_on_drop: false }`
[INFO] [stdout] 34a048003c12daab5ade1fa4c495457b86a2ecec1e5586d6e14ae9d683d84adc
[INFO] running `Command { std: "docker" "start" "-a" "34a048003c12daab5ade1fa4c495457b86a2ecec1e5586d6e14ae9d683d84adc", kill_on_drop: false }`
[INFO] running `Command { std: "docker" "inspect" "34a048003c12daab5ade1fa4c495457b86a2ecec1e5586d6e14ae9d683d84adc", kill_on_drop: false }`
[INFO] running `Command { std: "docker" "rm" "-f" "34a048003c12daab5ade1fa4c495457b86a2ecec1e5586d6e14ae9d683d84adc", kill_on_drop: false }`
[INFO] [stdout] 34a048003c12daab5ade1fa4c495457b86a2ecec1e5586d6e14ae9d683d84adc
[INFO] running `Command { std: "docker" "create" "-v" "/var/lib/crater-agent-workspace/builds/worker-3-tc2/target:/opt/rustwide/target:rw,Z" "-v" "/var/lib/crater-agent-workspace/builds/worker-3-tc2/source:/opt/rustwide/workdir:ro,Z" "-v" "/var/lib/crater-agent-workspace/cargo-home:/opt/rustwide/cargo-home:ro,Z" "-v" "/var/lib/crater-agent-workspace/rustup-home:/opt/rustwide/rustup-home:ro,Z" "-e" "SOURCE_DIR=/opt/rustwide/workdir" "-e" "CARGO_TARGET_DIR=/opt/rustwide/target" "-e" "CARGO_INCREMENTAL=0" "-e" "RUST_BACKTRACE=full" "-e" "RUSTFLAGS=--cap-lints=warn" "-e" "RUSTDOCFLAGS=--cap-lints=warn" "-e" "CARGO_HOME=/opt/rustwide/cargo-home" "-e" "RUSTUP_HOME=/opt/rustwide/rustup-home" "-w" "/opt/rustwide/workdir" "-m" "1610612736" "--user" "0:0" "--network" "none" "ghcr.io/rust-lang/crates-build-env/linux@sha256:2788e3201cd34a07e3172128adcd8b3090168a8e3bcc40d7c032b9dda1df7d1c" "/opt/rustwide/cargo-home/bin/cargo" "+beta-2023-12-22" "build" "--frozen" "--message-format=json", kill_on_drop: false }`
[INFO] [stdout] f2861f7e38c891e73d7420c1e96a4308cecb51bb15ba4f7defc1b8e6d85dea5d
[INFO] running `Command { std: "docker" "start" "-a" "f2861f7e38c891e73d7420c1e96a4308cecb51bb15ba4f7defc1b8e6d85dea5d", kill_on_drop: false }`
[INFO] [stderr]    Compiling tower-layer v0.3.2
[INFO] [stderr]    Compiling tracing-core v0.1.32
[INFO] [stderr]    Compiling syn v2.0.48
[INFO] [stderr]    Compiling tracing-attributes v0.1.27
[INFO] [stderr]    Compiling pin-project-internal v1.1.3
[INFO] [stderr]    Compiling pin-project v1.1.3
[INFO] [stderr]    Compiling tracing v0.1.40
[INFO] [stderr]    Compiling tower v0.4.13
[INFO] [stderr]    Compiling tower-fallback v0.2.41-beta.7 (/opt/rustwide/workdir)
[INFO] [stderr]     Finished dev [unoptimized + debuginfo] target(s) in 3.70s
[INFO] running `Command { std: "docker" "inspect" "f2861f7e38c891e73d7420c1e96a4308cecb51bb15ba4f7defc1b8e6d85dea5d", kill_on_drop: false }`
[INFO] running `Command { std: "docker" "rm" "-f" "f2861f7e38c891e73d7420c1e96a4308cecb51bb15ba4f7defc1b8e6d85dea5d", kill_on_drop: false }`
[INFO] [stdout] f2861f7e38c891e73d7420c1e96a4308cecb51bb15ba4f7defc1b8e6d85dea5d
[INFO] running `Command { std: "docker" "create" "-v" "/var/lib/crater-agent-workspace/builds/worker-3-tc2/target:/opt/rustwide/target:rw,Z" "-v" "/var/lib/crater-agent-workspace/builds/worker-3-tc2/source:/opt/rustwide/workdir:ro,Z" "-v" "/var/lib/crater-agent-workspace/cargo-home:/opt/rustwide/cargo-home:ro,Z" "-v" "/var/lib/crater-agent-workspace/rustup-home:/opt/rustwide/rustup-home:ro,Z" "-e" "SOURCE_DIR=/opt/rustwide/workdir" "-e" "CARGO_TARGET_DIR=/opt/rustwide/target" "-e" "CARGO_INCREMENTAL=0" "-e" "RUST_BACKTRACE=full" "-e" "RUSTFLAGS=--cap-lints=warn" "-e" "RUSTDOCFLAGS=--cap-lints=warn" "-e" "CARGO_HOME=/opt/rustwide/cargo-home" "-e" "RUSTUP_HOME=/opt/rustwide/rustup-home" "-w" "/opt/rustwide/workdir" "-m" "1610612736" "--user" "0:0" "--network" "none" "ghcr.io/rust-lang/crates-build-env/linux@sha256:2788e3201cd34a07e3172128adcd8b3090168a8e3bcc40d7c032b9dda1df7d1c" "/opt/rustwide/cargo-home/bin/cargo" "+beta-2023-12-22" "test" "--frozen" "--no-run" "--message-format=json", kill_on_drop: false }`
[INFO] [stdout] 2db06b8df1c6a25ced020b982f39e484dceced9b30c80da56774fc466adec9ff
[INFO] running `Command { std: "docker" "start" "-a" "2db06b8df1c6a25ced020b982f39e484dceced9b30c80da56774fc466adec9ff", kill_on_drop: false }`
[INFO] [stderr]    Compiling tokio-macros v2.2.0
[INFO] [stderr]    Compiling tokio v1.35.1
[INFO] [stderr]    Compiling tower-fallback v0.2.41-beta.7 (/opt/rustwide/workdir)
[INFO] [stdout] error[E0432]: unresolved imports `tower::service_fn`, `tower::ServiceExt`
[INFO] [stdout]    --> tests/fallback.rs:1:13
[INFO] [stdout]     |
[INFO] [stdout] 1   | use tower::{service_fn, Service, ServiceExt};
[INFO] [stdout]     |             ^^^^^^^^^^           ^^^^^^^^^^
[INFO] [stdout]     |             |                    |
[INFO] [stdout]     |             |                    no `ServiceExt` in the root
[INFO] [stdout]     |             |                    help: a similar name exists in the module: `Service`
[INFO] [stdout]     |             no `service_fn` in the root
[INFO] [stdout]     |
[INFO] [stdout] note: found an item that was configured out
[INFO] [stdout]    --> /opt/rustwide/cargo-home/registry/src/index.crates.io-6f17d22bba15001f/tower-0.4.13/src/lib.rs:223:22
[INFO] [stdout]     |
[INFO] [stdout] 223 | pub use self::util::{service_fn, ServiceExt};
[INFO] [stdout]     |                      ^^^^^^^^^^
[INFO] [stdout]     = note: the item is gated behind the `util` feature
[INFO] [stdout] note: found an item that was configured out
[INFO] [stdout]    --> /opt/rustwide/cargo-home/registry/src/index.crates.io-6f17d22bba15001f/tower-0.4.13/src/lib.rs:223:34
[INFO] [stdout]     |
[INFO] [stdout] 223 | pub use self::util::{service_fn, ServiceExt};
[INFO] [stdout]     |                                  ^^^^^^^^^^
[INFO] [stdout]     = note: the item is gated behind the `util` feature
[INFO] [stdout] 
[INFO] [stdout] 
[INFO] [stdout] error[E0433]: failed to resolve: use of undeclared crate or module `zebra_test`
[INFO] [stdout]  --> tests/fallback.rs:6:23
[INFO] [stdout]   |
[INFO] [stdout] 6 |     let _init_guard = zebra_test::init();
[INFO] [stdout]   |                       ^^^^^^^^^^ use of undeclared crate or module `zebra_test`
[INFO] [stdout] 
[INFO] [stdout] 
[INFO] [stdout] warning: unused import: `Service`
[INFO] [stdout]  --> tests/fallback.rs:1:25
[INFO] [stdout]   |
[INFO] [stdout] 1 | use tower::{service_fn, Service, ServiceExt};
[INFO] [stdout]   |                         ^^^^^^^
[INFO] [stdout]   |
[INFO] [stdout]   = note: `#[warn(unused_imports)]` on by default
[INFO] [stdout] 
[INFO] [stdout] 
[INFO] [stdout] error: aborting due to 2 previous errors; 1 warning emitted
[INFO] [stdout] 
[INFO] [stdout] 
[INFO] [stdout] Some errors have detailed explanations: E0432, E0433.
[INFO] [stdout] 
[INFO] [stdout] For more information about an error, try `rustc --explain E0432`.
[INFO] [stdout] 
[INFO] [stderr] error: could not compile `tower-fallback` (test "fallback") due to 3 previous errors; 1 warning emitted
[INFO] [stderr] warning: build failed, waiting for other jobs to finish...
[INFO] running `Command { std: "docker" "inspect" "2db06b8df1c6a25ced020b982f39e484dceced9b30c80da56774fc466adec9ff", kill_on_drop: false }`
[INFO] running `Command { std: "docker" "rm" "-f" "2db06b8df1c6a25ced020b982f39e484dceced9b30c80da56774fc466adec9ff", kill_on_drop: false }`
[INFO] [stdout] 2db06b8df1c6a25ced020b982f39e484dceced9b30c80da56774fc466adec9ff
