[INFO] fetching crate tower-batch-control 0.2.41-beta.7...
[INFO] testing tower-batch-control-0.2.41-beta.7 against 1.75.0 for beta-1.76-1
[INFO] extracting crate tower-batch-control 0.2.41-beta.7 into /workspace/builds/worker-1-tc1/source
[INFO] validating manifest of crates.io crate tower-batch-control 0.2.41-beta.7 on toolchain 1.75.0
[INFO] running `Command { std: CARGO_HOME="/workspace/cargo-home" RUSTUP_HOME="/workspace/rustup-home" "/workspace/cargo-home/bin/cargo" "+1.75.0" "metadata" "--manifest-path" "Cargo.toml" "--no-deps", kill_on_drop: false }`
[INFO] started tweaking crates.io crate tower-batch-control 0.2.41-beta.7
[INFO] finished tweaking crates.io crate tower-batch-control 0.2.41-beta.7
[INFO] tweaked toml for crates.io crate tower-batch-control 0.2.41-beta.7 written to /workspace/builds/worker-1-tc1/source/Cargo.toml
[INFO] running `Command { std: CARGO_HOME="/workspace/cargo-home" RUSTUP_HOME="/workspace/rustup-home" "/workspace/cargo-home/bin/cargo" "+1.75.0" "generate-lockfile" "--manifest-path" "Cargo.toml", kill_on_drop: false }`
[INFO] [stderr]     Updating crates.io index
[INFO] running `Command { std: CARGO_HOME="/workspace/cargo-home" RUSTUP_HOME="/workspace/rustup-home" "/workspace/cargo-home/bin/cargo" "+1.75.0" "fetch" "--manifest-path" "Cargo.toml", kill_on_drop: false }`
[INFO] [stderr]  Downloading crates ...
[INFO] [stderr]   Downloaded tower-test v0.4.0
[INFO] [stderr]   Downloaded ed25519-zebra v4.0.3
[INFO] running `Command { std: "docker" "create" "-v" "/var/lib/crater-agent-workspace/builds/worker-1-tc1/target:/opt/rustwide/target:rw,Z" "-v" "/var/lib/crater-agent-workspace/builds/worker-1-tc1/source:/opt/rustwide/workdir:ro,Z" "-v" "/var/lib/crater-agent-workspace/cargo-home:/opt/rustwide/cargo-home:ro,Z" "-v" "/var/lib/crater-agent-workspace/rustup-home:/opt/rustwide/rustup-home:ro,Z" "-e" "SOURCE_DIR=/opt/rustwide/workdir" "-e" "CARGO_TARGET_DIR=/opt/rustwide/target" "-e" "CARGO_HOME=/opt/rustwide/cargo-home" "-e" "RUSTUP_HOME=/opt/rustwide/rustup-home" "-w" "/opt/rustwide/workdir" "-m" "1610612736" "--user" "0:0" "--network" "none" "ghcr.io/rust-lang/crates-build-env/linux@sha256:2788e3201cd34a07e3172128adcd8b3090168a8e3bcc40d7c032b9dda1df7d1c" "/opt/rustwide/cargo-home/bin/cargo" "+1.75.0" "metadata" "--no-deps" "--format-version=1", kill_on_drop: false }`
[INFO] [stdout] 62c94a91b8891156f3be3d61e25713bc963d8445847d1eda05018ae16fc6d3cf
[INFO] running `Command { std: "docker" "start" "-a" "62c94a91b8891156f3be3d61e25713bc963d8445847d1eda05018ae16fc6d3cf", kill_on_drop: false }`
[INFO] running `Command { std: "docker" "inspect" "62c94a91b8891156f3be3d61e25713bc963d8445847d1eda05018ae16fc6d3cf", kill_on_drop: false }`
[INFO] running `Command { std: "docker" "rm" "-f" "62c94a91b8891156f3be3d61e25713bc963d8445847d1eda05018ae16fc6d3cf", kill_on_drop: false }`
[INFO] [stdout] 62c94a91b8891156f3be3d61e25713bc963d8445847d1eda05018ae16fc6d3cf
[INFO] running `Command { std: "docker" "create" "-v" "/var/lib/crater-agent-workspace/builds/worker-1-tc1/target:/opt/rustwide/target:rw,Z" "-v" "/var/lib/crater-agent-workspace/builds/worker-1-tc1/source:/opt/rustwide/workdir:ro,Z" "-v" "/var/lib/crater-agent-workspace/cargo-home:/opt/rustwide/cargo-home:ro,Z" "-v" "/var/lib/crater-agent-workspace/rustup-home:/opt/rustwide/rustup-home:ro,Z" "-e" "SOURCE_DIR=/opt/rustwide/workdir" "-e" "CARGO_TARGET_DIR=/opt/rustwide/target" "-e" "CARGO_INCREMENTAL=0" "-e" "RUST_BACKTRACE=full" "-e" "RUSTFLAGS=--cap-lints=warn" "-e" "RUSTDOCFLAGS=--cap-lints=warn" "-e" "CARGO_HOME=/opt/rustwide/cargo-home" "-e" "RUSTUP_HOME=/opt/rustwide/rustup-home" "-w" "/opt/rustwide/workdir" "-m" "1610612736" "--user" "0:0" "--network" "none" "ghcr.io/rust-lang/crates-build-env/linux@sha256:2788e3201cd34a07e3172128adcd8b3090168a8e3bcc40d7c032b9dda1df7d1c" "/opt/rustwide/cargo-home/bin/cargo" "+1.75.0" "build" "--frozen" "--message-format=json", kill_on_drop: false }`
[INFO] [stdout] 0630a9f6701ed4aaee590ea099bfbd9d14bcc5ca687520f80d7e70c6286df823
[INFO] running `Command { std: "docker" "start" "-a" "0630a9f6701ed4aaee590ea099bfbd9d14bcc5ca687520f80d7e70c6286df823", kill_on_drop: false }`
[INFO] [stderr]    Compiling futures-channel v0.3.30
[INFO] [stderr]    Compiling syn v2.0.48
[INFO] [stderr]    Compiling tower-layer v0.3.2
[INFO] [stderr]    Compiling futures-macro v0.3.30
[INFO] [stderr]    Compiling pin-project-internal v1.1.3
[INFO] [stderr]    Compiling tokio-macros v2.2.0
[INFO] [stderr]    Compiling tracing-attributes v0.1.27
[INFO] [stderr]    Compiling tokio v1.35.1
[INFO] [stderr]    Compiling futures-util v0.3.30
[INFO] [stderr]    Compiling pin-project v1.1.3
[INFO] [stderr]    Compiling tracing v0.1.40
[INFO] [stderr]    Compiling tracing-futures v0.2.5
[INFO] [stderr]    Compiling tokio-util v0.7.10
[INFO] [stderr]    Compiling futures-executor v0.3.30
[INFO] [stderr]    Compiling tower v0.4.13
[INFO] [stderr]    Compiling futures v0.3.30
[INFO] [stderr]    Compiling tower-batch-control v0.2.41-beta.7 (/opt/rustwide/workdir)
[INFO] [stderr]     Finished dev [unoptimized + debuginfo] target(s) in 5.95s
[INFO] running `Command { std: "docker" "inspect" "0630a9f6701ed4aaee590ea099bfbd9d14bcc5ca687520f80d7e70c6286df823", kill_on_drop: false }`
[INFO] running `Command { std: "docker" "rm" "-f" "0630a9f6701ed4aaee590ea099bfbd9d14bcc5ca687520f80d7e70c6286df823", kill_on_drop: false }`
[INFO] [stdout] 0630a9f6701ed4aaee590ea099bfbd9d14bcc5ca687520f80d7e70c6286df823
[INFO] running `Command { std: "docker" "create" "-v" "/var/lib/crater-agent-workspace/builds/worker-1-tc1/target:/opt/rustwide/target:rw,Z" "-v" "/var/lib/crater-agent-workspace/builds/worker-1-tc1/source:/opt/rustwide/workdir:ro,Z" "-v" "/var/lib/crater-agent-workspace/cargo-home:/opt/rustwide/cargo-home:ro,Z" "-v" "/var/lib/crater-agent-workspace/rustup-home:/opt/rustwide/rustup-home:ro,Z" "-e" "SOURCE_DIR=/opt/rustwide/workdir" "-e" "CARGO_TARGET_DIR=/opt/rustwide/target" "-e" "CARGO_INCREMENTAL=0" "-e" "RUST_BACKTRACE=full" "-e" "RUSTFLAGS=--cap-lints=warn" "-e" "RUSTDOCFLAGS=--cap-lints=warn" "-e" "CARGO_HOME=/opt/rustwide/cargo-home" "-e" "RUSTUP_HOME=/opt/rustwide/rustup-home" "-w" "/opt/rustwide/workdir" "-m" "1610612736" "--user" "0:0" "--network" "none" "ghcr.io/rust-lang/crates-build-env/linux@sha256:2788e3201cd34a07e3172128adcd8b3090168a8e3bcc40d7c032b9dda1df7d1c" "/opt/rustwide/cargo-home/bin/cargo" "+1.75.0" "test" "--frozen" "--no-run" "--message-format=json", kill_on_drop: false }`
[INFO] [stdout] b93fa6a08f01db435ad2a807b09a3f4c1acf28f07a2f5c095c0f2d5d7499ee96
[INFO] running `Command { std: "docker" "start" "-a" "b93fa6a08f01db435ad2a807b09a3f4c1acf28f07a2f5c095c0f2d5d7499ee96", kill_on_drop: false }`
[INFO] [stderr]    Compiling tracing-core v0.1.32
[INFO] [stderr]    Compiling syn v2.0.48
[INFO] [stderr]    Compiling signal-hook-registry v1.4.1
[INFO] [stderr]    Compiling num_cpus v1.16.0
[INFO] [stderr]    Compiling semver v1.0.21
[INFO] [stderr]    Compiling crypto-common v0.1.6
[INFO] [stderr]    Compiling thread_local v1.1.7
[INFO] [stderr]    Compiling ahash v0.8.7
[INFO] [stderr]    Compiling platforms v3.3.0
[INFO] [stderr]    Compiling serde v1.0.194
[INFO] [stderr]    Compiling digest v0.10.7
[INFO] [stderr]    Compiling tracing-subscriber v0.3.18
[INFO] [stderr]    Compiling backtrace v0.3.69
[INFO] [stderr]    Compiling rustc_version v0.4.0
[INFO] [stderr]    Compiling eyre v0.6.11
[INFO] [stderr]    Compiling gimli v0.28.1
[INFO] [stderr]    Compiling zerocopy v0.7.32
[INFO] [stderr]    Compiling object v0.32.2
[INFO] [stderr]    Compiling allocator-api2 v0.2.16
[INFO] [stderr]    Compiling curve25519-dalek v4.1.1
[INFO] [stderr]    Compiling subtle v2.5.0
[INFO] [stderr]    Compiling signature v2.2.0
[INFO] [stderr]    Compiling sha2 v0.10.8
[INFO] [stderr]    Compiling hex v0.4.3
[INFO] [stderr]    Compiling hashbrown v0.14.3
[INFO] [stderr]    Compiling tinyvec v1.6.0
[INFO] [stderr]    Compiling addr2line v0.21.0
[INFO] [stderr]    Compiling tokio-macros v2.2.0
[INFO] [stderr]    Compiling tracing-attributes v0.1.27
[INFO] [stderr]    Compiling futures-macro v0.3.30
[INFO] [stderr]    Compiling pin-project-internal v1.1.3
[INFO] [stderr]    Compiling serde_derive v1.0.194
[INFO] [stderr]    Compiling zeroize_derive v1.4.2
[INFO] [stderr]    Compiling async-stream-impl v0.3.5
[INFO] [stderr]    Compiling async-stream v0.3.5
[INFO] [stderr]    Compiling zeroize v1.7.0
[INFO] [stderr]    Compiling curve25519-dalek-derive v0.1.1
[INFO] [stderr]    Compiling tokio v1.35.1
[INFO] [stderr]    Compiling futures-util v0.3.30
[INFO] [stderr]    Compiling pin-project v1.1.3
[INFO] [stderr]    Compiling tracing v0.1.40
[INFO] [stderr]    Compiling tracing-error v0.2.0
[INFO] [stderr]    Compiling tracing-futures v0.2.5
[INFO] [stderr]    Compiling color-spantrace v0.2.1
[INFO] [stderr]    Compiling color-eyre v0.6.2
[INFO] [stderr]    Compiling futures-executor v0.3.30
[INFO] [stderr]    Compiling futures v0.3.30
[INFO] [stderr]    Compiling ed25519 v2.2.3
[INFO] [stderr]    Compiling ed25519-zebra v4.0.3
[INFO] [stderr]    Compiling tokio-util v0.7.10
[INFO] [stderr]    Compiling tokio-stream v0.1.14
[INFO] [stderr]    Compiling tower v0.4.13
[INFO] [stderr]    Compiling tokio-test v0.4.3
[INFO] [stderr]    Compiling tower-test v0.4.0
[INFO] [stderr]    Compiling tower-batch-control v0.2.41-beta.7 (/opt/rustwide/workdir)
[INFO] [stdout] error[E0433]: failed to resolve: use of undeclared crate or module `zebra_consensus`
[INFO] [stdout]   --> tests/ed25519.rs:15:5
[INFO] [stdout]    |
[INFO] [stdout] 15 | use zebra_consensus::ed25519::{Item as Ed25519Item, Verifier as Ed25519Verifier};
[INFO] [stdout]    |     ^^^^^^^^^^^^^^^ use of undeclared crate or module `zebra_consensus`
[INFO] [stdout] 
[INFO] [stdout] 
[INFO] [stdout] error[E0432]: unresolved import `tower_fallback`
[INFO] [stdout]   --> tests/ed25519.rs:11:5
[INFO] [stdout]    |
[INFO] [stdout] 11 | use tower_fallback::Fallback;
[INFO] [stdout]    |     ^^^^^^^^^^^^^^ use of undeclared crate or module `tower_fallback`
[INFO] [stdout] 
[INFO] [stdout] 
[INFO] [stdout] error[E0433]: failed to resolve: use of undeclared crate or module `zebra_test`
[INFO] [stdout]   --> tests/worker.rs:12:23
[INFO] [stdout]    |
[INFO] [stdout] 12 |     let _init_guard = zebra_test::init();
[INFO] [stdout]    |                       ^^^^^^^^^^ use of undeclared crate or module `zebra_test`
[INFO] [stdout] 
[INFO] [stdout] 
[INFO] [stdout] error[E0433]: failed to resolve: use of undeclared crate or module `zebra_test`
[INFO] [stdout]   --> tests/worker.rs:68:23
[INFO] [stdout]    |
[INFO] [stdout] 68 |     let _init_guard = zebra_test::init();
[INFO] [stdout]    |                       ^^^^^^^^^^ use of undeclared crate or module `zebra_test`
[INFO] [stdout] 
[INFO] [stdout] 
[INFO] [stdout] error: aborting due to 2 previous errors
[INFO] [stdout] 
[INFO] [stdout] 
[INFO] [stdout] For more information about this error, try `rustc --explain E0433`.
[INFO] [stdout] 
[INFO] [stderr] error: could not compile `tower-batch-control` (test "worker") due to 3 previous errors
[INFO] [stderr] warning: build failed, waiting for other jobs to finish...
[INFO] [stdout] error[E0599]: the method `ready` exists for type parameter `V`, but its trait bounds were not satisfied
[INFO] [stdout]   --> tests/ed25519.rs:39:18
[INFO] [stdout]    |
[INFO] [stdout] 19 | async fn sign_and_verify<V>(
[INFO] [stdout]    |                          - method `ready` not found for this type parameter
[INFO] [stdout] ...
[INFO] [stdout] 39 |         verifier.ready().await?;
[INFO] [stdout]    |                  ^^^^^
[INFO] [stdout]    |
[INFO] [stdout]    = note: the following trait bounds were not satisfied:
[INFO] [stdout]            `V: Service<_>`
[INFO] [stdout]            which is required by `V: ServiceExt<_>`
[INFO] [stdout] 
[INFO] [stdout] 
[INFO] [stdout] error[E0433]: failed to resolve: use of undeclared crate or module `zebra_test`
[INFO] [stdout]   --> tests/ed25519.rs:58:23
[INFO] [stdout]    |
[INFO] [stdout] 58 |     let _init_guard = zebra_test::init();
[INFO] [stdout]    |                       ^^^^^^^^^^ use of undeclared crate or module `zebra_test`
[INFO] [stdout] 
[INFO] [stdout] 
[INFO] [stdout] error[E0433]: failed to resolve: use of undeclared crate or module `zebra_test`
[INFO] [stdout]   --> tests/ed25519.rs:76:23
[INFO] [stdout]    |
[INFO] [stdout] 76 |     let _init_guard = zebra_test::init();
[INFO] [stdout]    |                       ^^^^^^^^^^ use of undeclared crate or module `zebra_test`
[INFO] [stdout] 
[INFO] [stdout] 
[INFO] [stdout] error[E0433]: failed to resolve: use of undeclared crate or module `zebra_test`
[INFO] [stdout]   --> tests/ed25519.rs:98:23
[INFO] [stdout]    |
[INFO] [stdout] 98 |     let _init_guard = zebra_test::init();
[INFO] [stdout]    |                       ^^^^^^^^^^ use of undeclared crate or module `zebra_test`
[INFO] [stdout] 
[INFO] [stdout] 
[INFO] [stdout] error: aborting due to 6 previous errors
[INFO] [stdout] 
[INFO] [stdout] 
[INFO] [stdout] Some errors have detailed explanations: E0432, E0433, E0599.
[INFO] [stdout] 
[INFO] [stdout] For more information about an error, try `rustc --explain E0432`.
[INFO] [stdout] 
[INFO] [stderr] error: could not compile `tower-batch-control` (test "ed25519") due to 7 previous errors
[INFO] running `Command { std: "docker" "inspect" "b93fa6a08f01db435ad2a807b09a3f4c1acf28f07a2f5c095c0f2d5d7499ee96", kill_on_drop: false }`
[INFO] running `Command { std: "docker" "rm" "-f" "b93fa6a08f01db435ad2a807b09a3f4c1acf28f07a2f5c095c0f2d5d7499ee96", kill_on_drop: false }`
[INFO] [stdout] b93fa6a08f01db435ad2a807b09a3f4c1acf28f07a2f5c095c0f2d5d7499ee96
[INFO] testing tower-batch-control-0.2.41-beta.7 against beta-2023-12-22 for beta-1.76-1
[INFO] extracting crate tower-batch-control 0.2.41-beta.7 into /workspace/builds/worker-1-tc2/source
[INFO] validating manifest of crates.io crate tower-batch-control 0.2.41-beta.7 on toolchain beta-2023-12-22
[INFO] running `Command { std: CARGO_HOME="/workspace/cargo-home" RUSTUP_HOME="/workspace/rustup-home" "/workspace/cargo-home/bin/cargo" "+beta-2023-12-22" "metadata" "--manifest-path" "Cargo.toml" "--no-deps", kill_on_drop: false }`
[INFO] started tweaking crates.io crate tower-batch-control 0.2.41-beta.7
[INFO] finished tweaking crates.io crate tower-batch-control 0.2.41-beta.7
[INFO] tweaked toml for crates.io crate tower-batch-control 0.2.41-beta.7 written to /workspace/builds/worker-1-tc2/source/Cargo.toml
[INFO] running `Command { std: CARGO_HOME="/workspace/cargo-home" RUSTUP_HOME="/workspace/rustup-home" "/workspace/cargo-home/bin/cargo" "+beta-2023-12-22" "generate-lockfile" "--manifest-path" "Cargo.toml", kill_on_drop: false }`
[INFO] [stderr]     Updating crates.io index
[INFO] running `Command { std: CARGO_HOME="/workspace/cargo-home" RUSTUP_HOME="/workspace/rustup-home" "/workspace/cargo-home/bin/cargo" "+beta-2023-12-22" "fetch" "--manifest-path" "Cargo.toml", kill_on_drop: false }`
[INFO] running `Command { std: "docker" "create" "-v" "/var/lib/crater-agent-workspace/builds/worker-1-tc2/target:/opt/rustwide/target:rw,Z" "-v" "/var/lib/crater-agent-workspace/builds/worker-1-tc2/source:/opt/rustwide/workdir:ro,Z" "-v" "/var/lib/crater-agent-workspace/cargo-home:/opt/rustwide/cargo-home:ro,Z" "-v" "/var/lib/crater-agent-workspace/rustup-home:/opt/rustwide/rustup-home:ro,Z" "-e" "SOURCE_DIR=/opt/rustwide/workdir" "-e" "CARGO_TARGET_DIR=/opt/rustwide/target" "-e" "CARGO_HOME=/opt/rustwide/cargo-home" "-e" "RUSTUP_HOME=/opt/rustwide/rustup-home" "-w" "/opt/rustwide/workdir" "-m" "1610612736" "--user" "0:0" "--network" "none" "ghcr.io/rust-lang/crates-build-env/linux@sha256:2788e3201cd34a07e3172128adcd8b3090168a8e3bcc40d7c032b9dda1df7d1c" "/opt/rustwide/cargo-home/bin/cargo" "+beta-2023-12-22" "metadata" "--no-deps" "--format-version=1", kill_on_drop: false }`
[INFO] [stdout] b3945a49d18279685ce0dc06568913672f7f23943662eb9e649e80827dd587dc
[INFO] running `Command { std: "docker" "start" "-a" "b3945a49d18279685ce0dc06568913672f7f23943662eb9e649e80827dd587dc", kill_on_drop: false }`
[INFO] running `Command { std: "docker" "inspect" "b3945a49d18279685ce0dc06568913672f7f23943662eb9e649e80827dd587dc", kill_on_drop: false }`
[INFO] running `Command { std: "docker" "rm" "-f" "b3945a49d18279685ce0dc06568913672f7f23943662eb9e649e80827dd587dc", kill_on_drop: false }`
[INFO] [stdout] b3945a49d18279685ce0dc06568913672f7f23943662eb9e649e80827dd587dc
[INFO] running `Command { std: "docker" "create" "-v" "/var/lib/crater-agent-workspace/builds/worker-1-tc2/target:/opt/rustwide/target:rw,Z" "-v" "/var/lib/crater-agent-workspace/builds/worker-1-tc2/source:/opt/rustwide/workdir:ro,Z" "-v" "/var/lib/crater-agent-workspace/cargo-home:/opt/rustwide/cargo-home:ro,Z" "-v" "/var/lib/crater-agent-workspace/rustup-home:/opt/rustwide/rustup-home:ro,Z" "-e" "SOURCE_DIR=/opt/rustwide/workdir" "-e" "CARGO_TARGET_DIR=/opt/rustwide/target" "-e" "CARGO_INCREMENTAL=0" "-e" "RUST_BACKTRACE=full" "-e" "RUSTFLAGS=--cap-lints=warn" "-e" "RUSTDOCFLAGS=--cap-lints=warn" "-e" "CARGO_HOME=/opt/rustwide/cargo-home" "-e" "RUSTUP_HOME=/opt/rustwide/rustup-home" "-w" "/opt/rustwide/workdir" "-m" "1610612736" "--user" "0:0" "--network" "none" "ghcr.io/rust-lang/crates-build-env/linux@sha256:2788e3201cd34a07e3172128adcd8b3090168a8e3bcc40d7c032b9dda1df7d1c" "/opt/rustwide/cargo-home/bin/cargo" "+beta-2023-12-22" "build" "--frozen" "--message-format=json", kill_on_drop: false }`
[INFO] [stdout] cc614a40851179c24ef20dbe00f3b53e4ea579cb1f6b3b4736ab9bc66a5d6183
[INFO] running `Command { std: "docker" "start" "-a" "cc614a40851179c24ef20dbe00f3b53e4ea579cb1f6b3b4736ab9bc66a5d6183", kill_on_drop: false }`
[INFO] [stderr]    Compiling futures-channel v0.3.30
[INFO] [stderr]    Compiling syn v2.0.48
[INFO] [stderr]    Compiling tower-layer v0.3.2
[INFO] [stderr]    Compiling futures-macro v0.3.30
[INFO] [stderr]    Compiling pin-project-internal v1.1.3
[INFO] [stderr]    Compiling tracing-attributes v0.1.27
[INFO] [stderr]    Compiling tokio-macros v2.2.0
[INFO] [stderr]    Compiling tokio v1.35.1
[INFO] [stderr]    Compiling futures-util v0.3.30
[INFO] [stderr]    Compiling tracing v0.1.40
[INFO] [stderr]    Compiling pin-project v1.1.3
[INFO] [stderr]    Compiling tracing-futures v0.2.5
[INFO] [stderr]    Compiling tokio-util v0.7.10
[INFO] [stderr]    Compiling futures-executor v0.3.30
[INFO] [stderr]    Compiling tower v0.4.13
[INFO] [stderr]    Compiling futures v0.3.30
[INFO] [stderr]    Compiling tower-batch-control v0.2.41-beta.7 (/opt/rustwide/workdir)
[INFO] [stderr]     Finished dev [unoptimized + debuginfo] target(s) in 5.53s
[INFO] running `Command { std: "docker" "inspect" "cc614a40851179c24ef20dbe00f3b53e4ea579cb1f6b3b4736ab9bc66a5d6183", kill_on_drop: false }`
[INFO] running `Command { std: "docker" "rm" "-f" "cc614a40851179c24ef20dbe00f3b53e4ea579cb1f6b3b4736ab9bc66a5d6183", kill_on_drop: false }`
[INFO] [stdout] cc614a40851179c24ef20dbe00f3b53e4ea579cb1f6b3b4736ab9bc66a5d6183
[INFO] running `Command { std: "docker" "create" "-v" "/var/lib/crater-agent-workspace/builds/worker-1-tc2/target:/opt/rustwide/target:rw,Z" "-v" "/var/lib/crater-agent-workspace/builds/worker-1-tc2/source:/opt/rustwide/workdir:ro,Z" "-v" "/var/lib/crater-agent-workspace/cargo-home:/opt/rustwide/cargo-home:ro,Z" "-v" "/var/lib/crater-agent-workspace/rustup-home:/opt/rustwide/rustup-home:ro,Z" "-e" "SOURCE_DIR=/opt/rustwide/workdir" "-e" "CARGO_TARGET_DIR=/opt/rustwide/target" "-e" "CARGO_INCREMENTAL=0" "-e" "RUST_BACKTRACE=full" "-e" "RUSTFLAGS=--cap-lints=warn" "-e" "RUSTDOCFLAGS=--cap-lints=warn" "-e" "CARGO_HOME=/opt/rustwide/cargo-home" "-e" "RUSTUP_HOME=/opt/rustwide/rustup-home" "-w" "/opt/rustwide/workdir" "-m" "1610612736" "--user" "0:0" "--network" "none" "ghcr.io/rust-lang/crates-build-env/linux@sha256:2788e3201cd34a07e3172128adcd8b3090168a8e3bcc40d7c032b9dda1df7d1c" "/opt/rustwide/cargo-home/bin/cargo" "+beta-2023-12-22" "test" "--frozen" "--no-run" "--message-format=json", kill_on_drop: false }`
[INFO] [stdout] b95a60aab36e1916eaa6702c9a2b5b6679ffccdb639254d3db9dcf8bea152d0c
[INFO] running `Command { std: "docker" "start" "-a" "b95a60aab36e1916eaa6702c9a2b5b6679ffccdb639254d3db9dcf8bea152d0c", kill_on_drop: false }`
[INFO] [stderr]    Compiling syn v2.0.48
[INFO] [stderr]    Compiling tracing-core v0.1.32
[INFO] [stderr]    Compiling signal-hook-registry v1.4.1
[INFO] [stderr]    Compiling num_cpus v1.16.0
[INFO] [stderr]    Compiling semver v1.0.21
[INFO] [stderr]    Compiling crypto-common v0.1.6
[INFO] [stderr]    Compiling ahash v0.8.7
[INFO] [stderr]    Compiling thread_local v1.1.7
[INFO] [stderr]    Compiling platforms v3.3.0
[INFO] [stderr]    Compiling serde v1.0.194
[INFO] [stderr]    Compiling tracing-subscriber v0.3.18
[INFO] [stderr]    Compiling digest v0.10.7
[INFO] [stderr]    Compiling rustc_version v0.4.0
[INFO] [stderr]    Compiling backtrace v0.3.69
[INFO] [stderr]    Compiling gimli v0.28.1
[INFO] [stderr]    Compiling eyre v0.6.11
[INFO] [stderr]    Compiling zerocopy v0.7.32
[INFO] [stderr]    Compiling object v0.32.2
[INFO] [stderr]    Compiling subtle v2.5.0
[INFO] [stderr]    Compiling curve25519-dalek v4.1.1
[INFO] [stderr]    Compiling allocator-api2 v0.2.16
[INFO] [stderr]    Compiling signature v2.2.0
[INFO] [stderr]    Compiling sha2 v0.10.8
[INFO] [stderr]    Compiling hashbrown v0.14.3
[INFO] [stderr]    Compiling hex v0.4.3
[INFO] [stderr]    Compiling tinyvec v1.6.0
[INFO] [stderr]    Compiling addr2line v0.21.0
[INFO] [stderr]    Compiling tracing-attributes v0.1.27
[INFO] [stderr]    Compiling tokio-macros v2.2.0
[INFO] [stderr]    Compiling futures-macro v0.3.30
[INFO] [stderr]    Compiling pin-project-internal v1.1.3
[INFO] [stderr]    Compiling zeroize_derive v1.4.2
[INFO] [stderr]    Compiling serde_derive v1.0.194
[INFO] [stderr]    Compiling async-stream-impl v0.3.5
[INFO] [stderr]    Compiling async-stream v0.3.5
[INFO] [stderr]    Compiling curve25519-dalek-derive v0.1.1
[INFO] [stderr]    Compiling zeroize v1.7.0
[INFO] [stderr]    Compiling tokio v1.35.1
[INFO] [stderr]    Compiling futures-util v0.3.30
[INFO] [stderr]    Compiling pin-project v1.1.3
[INFO] [stderr]    Compiling tracing v0.1.40
[INFO] [stderr]    Compiling tracing-error v0.2.0
[INFO] [stderr]    Compiling tracing-futures v0.2.5
[INFO] [stderr]    Compiling color-spantrace v0.2.1
[INFO] [stderr]    Compiling color-eyre v0.6.2
[INFO] [stderr]    Compiling futures-executor v0.3.30
[INFO] [stderr]    Compiling futures v0.3.30
[INFO] [stderr]    Compiling ed25519 v2.2.3
[INFO] [stderr]    Compiling ed25519-zebra v4.0.3
[INFO] [stderr]    Compiling tokio-stream v0.1.14
[INFO] [stderr]    Compiling tokio-util v0.7.10
[INFO] [stderr]    Compiling tower v0.4.13
[INFO] [stderr]    Compiling tokio-test v0.4.3
[INFO] [stderr]    Compiling tower-test v0.4.0
[INFO] [stderr]    Compiling tower-batch-control v0.2.41-beta.7 (/opt/rustwide/workdir)
[INFO] [stdout] error[E0433]: failed to resolve: use of undeclared crate or module `zebra_consensus`
[INFO] [stdout]   --> tests/ed25519.rs:15:5
[INFO] [stdout]    |
[INFO] [stdout] 15 | use zebra_consensus::ed25519::{Item as Ed25519Item, Verifier as Ed25519Verifier};
[INFO] [stdout]    |     ^^^^^^^^^^^^^^^ use of undeclared crate or module `zebra_consensus`
[INFO] [stdout] 
[INFO] [stdout] 
[INFO] [stdout] error[E0432]: unresolved import `tower_fallback`
[INFO] [stdout]   --> tests/ed25519.rs:11:5
[INFO] [stdout]    |
[INFO] [stdout] 11 | use tower_fallback::Fallback;
[INFO] [stdout]    |     ^^^^^^^^^^^^^^ use of undeclared crate or module `tower_fallback`
[INFO] [stdout] 
[INFO] [stdout] 
[INFO] [stdout] error[E0433]: failed to resolve: use of undeclared crate or module `zebra_test`
[INFO] [stdout]   --> tests/worker.rs:12:23
[INFO] [stdout]    |
[INFO] [stdout] 12 |     let _init_guard = zebra_test::init();
[INFO] [stdout]    |                       ^^^^^^^^^^ use of undeclared crate or module `zebra_test`
[INFO] [stdout] 
[INFO] [stdout] 
[INFO] [stdout] error[E0433]: failed to resolve: use of undeclared crate or module `zebra_test`
[INFO] [stdout]   --> tests/worker.rs:68:23
[INFO] [stdout]    |
[INFO] [stdout] 68 |     let _init_guard = zebra_test::init();
[INFO] [stdout]    |                       ^^^^^^^^^^ use of undeclared crate or module `zebra_test`
[INFO] [stdout] 
[INFO] [stdout] 
[INFO] [stdout] error: aborting due to 2 previous errors
[INFO] [stdout] 
[INFO] [stdout] 
[INFO] [stdout] For more information about this error, try `rustc --explain E0433`.
[INFO] [stdout] 
[INFO] [stderr] error: could not compile `tower-batch-control` (test "worker") due to 3 previous errors
[INFO] [stderr] warning: build failed, waiting for other jobs to finish...
[INFO] [stdout] error[E0599]: the method `ready` exists for type parameter `V`, but its trait bounds were not satisfied
[INFO] [stdout]   --> tests/ed25519.rs:39:18
[INFO] [stdout]    |
[INFO] [stdout] 19 | async fn sign_and_verify<V>(
[INFO] [stdout]    |                          - method `ready` not found for this type parameter
[INFO] [stdout] ...
[INFO] [stdout] 39 |         verifier.ready().await?;
[INFO] [stdout]    |                  ^^^^^
[INFO] [stdout]    |
[INFO] [stdout]    = note: the following trait bounds were not satisfied:
[INFO] [stdout]            `V: Service<_>`
[INFO] [stdout]            which is required by `V: ServiceExt<_>`
[INFO] [stdout] 
[INFO] [stdout] 
[INFO] [stdout] error[E0433]: failed to resolve: use of undeclared crate or module `zebra_test`
[INFO] [stdout]   --> tests/ed25519.rs:58:23
[INFO] [stdout]    |
[INFO] [stdout] 58 |     let _init_guard = zebra_test::init();
[INFO] [stdout]    |                       ^^^^^^^^^^ use of undeclared crate or module `zebra_test`
[INFO] [stdout] 
[INFO] [stdout] 
[INFO] [stdout] error[E0433]: failed to resolve: use of undeclared crate or module `zebra_test`
[INFO] [stdout]   --> tests/ed25519.rs:76:23
[INFO] [stdout]    |
[INFO] [stdout] 76 |     let _init_guard = zebra_test::init();
[INFO] [stdout]    |                       ^^^^^^^^^^ use of undeclared crate or module `zebra_test`
[INFO] [stdout] 
[INFO] [stdout] 
[INFO] [stdout] error[E0433]: failed to resolve: use of undeclared crate or module `zebra_test`
[INFO] [stdout]   --> tests/ed25519.rs:98:23
[INFO] [stdout]    |
[INFO] [stdout] 98 |     let _init_guard = zebra_test::init();
[INFO] [stdout]    |                       ^^^^^^^^^^ use of undeclared crate or module `zebra_test`
[INFO] [stdout] 
[INFO] [stdout] 
[INFO] [stdout] error: aborting due to 6 previous errors
[INFO] [stdout] 
[INFO] [stdout] 
[INFO] [stdout] Some errors have detailed explanations: E0432, E0433, E0599.
[INFO] [stdout] 
[INFO] [stdout] For more information about an error, try `rustc --explain E0432`.
[INFO] [stdout] 
[INFO] [stderr] error: could not compile `tower-batch-control` (test "ed25519") due to 7 previous errors
[INFO] running `Command { std: "docker" "inspect" "b95a60aab36e1916eaa6702c9a2b5b6679ffccdb639254d3db9dcf8bea152d0c", kill_on_drop: false }`
[INFO] running `Command { std: "docker" "rm" "-f" "b95a60aab36e1916eaa6702c9a2b5b6679ffccdb639254d3db9dcf8bea152d0c", kill_on_drop: false }`
[INFO] [stdout] b95a60aab36e1916eaa6702c9a2b5b6679ffccdb639254d3db9dcf8bea152d0c
