[INFO] fetching crate touptek 1.1.0...
[INFO] testing touptek-1.1.0 against 1.75.0 for beta-1.76-1
[INFO] extracting crate touptek 1.1.0 into /workspace/builds/worker-4-tc1/source
[INFO] validating manifest of crates.io crate touptek 1.1.0 on toolchain 1.75.0
[INFO] running `Command { std: CARGO_HOME="/workspace/cargo-home" RUSTUP_HOME="/workspace/rustup-home" "/workspace/cargo-home/bin/cargo" "+1.75.0" "metadata" "--manifest-path" "Cargo.toml" "--no-deps", kill_on_drop: false }`
[INFO] started tweaking crates.io crate touptek 1.1.0
[INFO] finished tweaking crates.io crate touptek 1.1.0
[INFO] tweaked toml for crates.io crate touptek 1.1.0 written to /workspace/builds/worker-4-tc1/source/Cargo.toml
[INFO] running `Command { std: CARGO_HOME="/workspace/cargo-home" RUSTUP_HOME="/workspace/rustup-home" "/workspace/cargo-home/bin/cargo" "+1.75.0" "generate-lockfile" "--manifest-path" "Cargo.toml", kill_on_drop: false }`
[INFO] [stderr]     Updating crates.io index
[INFO] running `Command { std: CARGO_HOME="/workspace/cargo-home" RUSTUP_HOME="/workspace/rustup-home" "/workspace/cargo-home/bin/cargo" "+1.75.0" "fetch" "--manifest-path" "Cargo.toml", kill_on_drop: false }`
[INFO] running `Command { std: "docker" "create" "-v" "/var/lib/crater-agent-workspace/builds/worker-4-tc1/target:/opt/rustwide/target:rw,Z" "-v" "/var/lib/crater-agent-workspace/builds/worker-4-tc1/source:/opt/rustwide/workdir:ro,Z" "-v" "/var/lib/crater-agent-workspace/cargo-home:/opt/rustwide/cargo-home:ro,Z" "-v" "/var/lib/crater-agent-workspace/rustup-home:/opt/rustwide/rustup-home:ro,Z" "-e" "SOURCE_DIR=/opt/rustwide/workdir" "-e" "CARGO_TARGET_DIR=/opt/rustwide/target" "-e" "CARGO_HOME=/opt/rustwide/cargo-home" "-e" "RUSTUP_HOME=/opt/rustwide/rustup-home" "-w" "/opt/rustwide/workdir" "-m" "1610612736" "--user" "0:0" "--network" "none" "ghcr.io/rust-lang/crates-build-env/linux@sha256:2788e3201cd34a07e3172128adcd8b3090168a8e3bcc40d7c032b9dda1df7d1c" "/opt/rustwide/cargo-home/bin/cargo" "+1.75.0" "metadata" "--no-deps" "--format-version=1", kill_on_drop: false }`
[INFO] [stdout] 684ed9d15c52f62567b5fdcf7e7ecb113975fa802af21214ac771369aa971732
[INFO] running `Command { std: "docker" "start" "-a" "684ed9d15c52f62567b5fdcf7e7ecb113975fa802af21214ac771369aa971732", kill_on_drop: false }`
[INFO] running `Command { std: "docker" "inspect" "684ed9d15c52f62567b5fdcf7e7ecb113975fa802af21214ac771369aa971732", kill_on_drop: false }`
[INFO] running `Command { std: "docker" "rm" "-f" "684ed9d15c52f62567b5fdcf7e7ecb113975fa802af21214ac771369aa971732", kill_on_drop: false }`
[INFO] [stdout] 684ed9d15c52f62567b5fdcf7e7ecb113975fa802af21214ac771369aa971732
[INFO] running `Command { std: "docker" "create" "-v" "/var/lib/crater-agent-workspace/builds/worker-4-tc1/target:/opt/rustwide/target:rw,Z" "-v" "/var/lib/crater-agent-workspace/builds/worker-4-tc1/source:/opt/rustwide/workdir:ro,Z" "-v" "/var/lib/crater-agent-workspace/cargo-home:/opt/rustwide/cargo-home:ro,Z" "-v" "/var/lib/crater-agent-workspace/rustup-home:/opt/rustwide/rustup-home:ro,Z" "-e" "SOURCE_DIR=/opt/rustwide/workdir" "-e" "CARGO_TARGET_DIR=/opt/rustwide/target" "-e" "CARGO_INCREMENTAL=0" "-e" "RUST_BACKTRACE=full" "-e" "RUSTFLAGS=--cap-lints=warn" "-e" "RUSTDOCFLAGS=--cap-lints=warn" "-e" "CARGO_HOME=/opt/rustwide/cargo-home" "-e" "RUSTUP_HOME=/opt/rustwide/rustup-home" "-w" "/opt/rustwide/workdir" "-m" "1610612736" "--user" "0:0" "--network" "none" "ghcr.io/rust-lang/crates-build-env/linux@sha256:2788e3201cd34a07e3172128adcd8b3090168a8e3bcc40d7c032b9dda1df7d1c" "/opt/rustwide/cargo-home/bin/cargo" "+1.75.0" "build" "--frozen" "--message-format=json", kill_on_drop: false }`
[INFO] [stdout] ad2130e4a425750a46826ffc67dfe28fd6590486b371553a5b65ad54654722ef
[INFO] running `Command { std: "docker" "start" "-a" "ad2130e4a425750a46826ffc67dfe28fd6590486b371553a5b65ad54654722ef", kill_on_drop: false }`
[INFO] [stderr]    Compiling bitflags v0.3.3
[INFO] [stderr]    Compiling touptek v1.1.0 (/opt/rustwide/workdir)
[INFO] [stdout] warning: use of deprecated macro `try`: use the `?` operator instead
[INFO] [stdout]   --> src/lib.rs:28:1
[INFO] [stdout]    |
[INFO] [stdout] 28 | / bitflags! {
[INFO] [stdout] 29 | |     flags Flags: u32 {
[INFO] [stdout] 30 | |         const FLAG_CMOS               = 0x00000001,  /* cmos sensor */
[INFO] [stdout] 31 | |         const FLAG_CCD_PROGRESSIVE    = 0x00000002,  /* progressive ccd sensor */
[INFO] [stdout] ...  |
[INFO] [stdout] 50 | |     }
[INFO] [stdout] 51 | | }
[INFO] [stdout]    | |_^
[INFO] [stdout]    |
[INFO] [stdout]    = note: `#[warn(deprecated)]` on by default
[INFO] [stdout]    = note: this warning originates in the macro `bitflags` (in Nightly builds, run with -Z macro-backtrace for more info)
[INFO] [stdout] 
[INFO] [stdout] 
[INFO] [stdout] warning: use of deprecated macro `try`: use the `?` operator instead
[INFO] [stdout]   --> src/lib.rs:28:1
[INFO] [stdout]    |
[INFO] [stdout] 28 | / bitflags! {
[INFO] [stdout] 29 | |     flags Flags: u32 {
[INFO] [stdout] 30 | |         const FLAG_CMOS               = 0x00000001,  /* cmos sensor */
[INFO] [stdout] 31 | |         const FLAG_CCD_PROGRESSIVE    = 0x00000002,  /* progressive ccd sensor */
[INFO] [stdout] ...  |
[INFO] [stdout] 50 | |     }
[INFO] [stdout] 51 | | }
[INFO] [stdout]    | |_^
[INFO] [stdout]    |
[INFO] [stdout]    = note: this warning originates in the macro `bitflags` (in Nightly builds, run with -Z macro-backtrace for more info)
[INFO] [stdout] 
[INFO] [stdout] 
[INFO] [stdout] warning: 2 warnings emitted
[INFO] [stdout] 
[INFO] [stdout] 
[INFO] [stderr]     Finished dev [unoptimized + debuginfo] target(s) in 0.30s
[INFO] running `Command { std: "docker" "inspect" "ad2130e4a425750a46826ffc67dfe28fd6590486b371553a5b65ad54654722ef", kill_on_drop: false }`
[INFO] running `Command { std: "docker" "rm" "-f" "ad2130e4a425750a46826ffc67dfe28fd6590486b371553a5b65ad54654722ef", kill_on_drop: false }`
[INFO] [stdout] ad2130e4a425750a46826ffc67dfe28fd6590486b371553a5b65ad54654722ef
[INFO] running `Command { std: "docker" "create" "-v" "/var/lib/crater-agent-workspace/builds/worker-4-tc1/target:/opt/rustwide/target:rw,Z" "-v" "/var/lib/crater-agent-workspace/builds/worker-4-tc1/source:/opt/rustwide/workdir:ro,Z" "-v" "/var/lib/crater-agent-workspace/cargo-home:/opt/rustwide/cargo-home:ro,Z" "-v" "/var/lib/crater-agent-workspace/rustup-home:/opt/rustwide/rustup-home:ro,Z" "-e" "SOURCE_DIR=/opt/rustwide/workdir" "-e" "CARGO_TARGET_DIR=/opt/rustwide/target" "-e" "CARGO_INCREMENTAL=0" "-e" "RUST_BACKTRACE=full" "-e" "RUSTFLAGS=--cap-lints=warn" "-e" "RUSTDOCFLAGS=--cap-lints=warn" "-e" "CARGO_HOME=/opt/rustwide/cargo-home" "-e" "RUSTUP_HOME=/opt/rustwide/rustup-home" "-w" "/opt/rustwide/workdir" "-m" "1610612736" "--user" "0:0" "--network" "none" "ghcr.io/rust-lang/crates-build-env/linux@sha256:2788e3201cd34a07e3172128adcd8b3090168a8e3bcc40d7c032b9dda1df7d1c" "/opt/rustwide/cargo-home/bin/cargo" "+1.75.0" "test" "--frozen" "--no-run" "--message-format=json", kill_on_drop: false }`
[INFO] [stdout] a03e0015a6fe78beb1efa4485a3fe362a852d1e267d79a1d9222411bff099e97
[INFO] running `Command { std: "docker" "start" "-a" "a03e0015a6fe78beb1efa4485a3fe362a852d1e267d79a1d9222411bff099e97", kill_on_drop: false }`
[INFO] [stdout] warning: use of deprecated macro `try`: use the `?` operator instead
[INFO] [stdout]   --> src/lib.rs:28:1
[INFO] [stdout]    |
[INFO] [stdout] 28 | / bitflags! {
[INFO] [stdout] 29 | |     flags Flags: u32 {
[INFO] [stdout] 30 | |         const FLAG_CMOS               = 0x00000001,  /* cmos sensor */
[INFO] [stdout] 31 | |         const FLAG_CCD_PROGRESSIVE    = 0x00000002,  /* progressive ccd sensor */
[INFO] [stdout] ...  |
[INFO] [stdout] 50 | |     }
[INFO] [stdout] 51 | | }
[INFO] [stdout]    | |_^
[INFO] [stdout]    |
[INFO] [stdout]    = note: `#[warn(deprecated)]` on by default
[INFO] [stdout]    = note: this warning originates in the macro `bitflags` (in Nightly builds, run with -Z macro-backtrace for more info)
[INFO] [stdout] 
[INFO] [stdout] 
[INFO] [stdout] warning: use of deprecated macro `try`: use the `?` operator instead
[INFO] [stdout]   --> src/lib.rs:28:1
[INFO] [stdout]    |
[INFO] [stdout] 28 | / bitflags! {
[INFO] [stdout] 29 | |     flags Flags: u32 {
[INFO] [stdout] 30 | |         const FLAG_CMOS               = 0x00000001,  /* cmos sensor */
[INFO] [stdout] 31 | |         const FLAG_CCD_PROGRESSIVE    = 0x00000002,  /* progressive ccd sensor */
[INFO] [stdout] ...  |
[INFO] [stdout] 50 | |     }
[INFO] [stdout] 51 | | }
[INFO] [stdout]    | |_^
[INFO] [stdout]    |
[INFO] [stdout]    = note: this warning originates in the macro `bitflags` (in Nightly builds, run with -Z macro-backtrace for more info)
[INFO] [stdout] 
[INFO] [stdout] 
[INFO] [stderr]    Compiling touptek v1.1.0 (/opt/rustwide/workdir)
[INFO] [stdout] warning: 2 warnings emitted
[INFO] [stdout] 
[INFO] [stdout] 
[INFO] [stdout] error[E0463]: can't find crate for `png`
[INFO] [stdout]  --> examples/capture_png.rs:2:1
[INFO] [stdout]   |
[INFO] [stdout] 2 | extern crate png;
[INFO] [stdout]   | ^^^^^^^^^^^^^^^^^ can't find crate
[INFO] [stdout] 
[INFO] [stdout] 
[INFO] [stdout] error[E0463]: can't find crate for `simd`
[INFO] [stdout]  --> examples/capture_png.rs:3:1
[INFO] [stdout]   |
[INFO] [stdout] 3 | extern crate simd;
[INFO] [stdout]   | ^^^^^^^^^^^^^^^^^^ can't find crate
[INFO] [stdout] 
[INFO] [stdout] 
[INFO] [stdout] error: aborting due to 2 previous errors
[INFO] [stdout] 
[INFO] [stdout] 
[INFO] [stdout] For more information about this error, try `rustc --explain E0463`.
[INFO] [stdout] 
[INFO] [stderr] error: could not compile `touptek` (example "capture_png") due to 3 previous errors
[INFO] [stderr] warning: build failed, waiting for other jobs to finish...
[INFO] [stdout] warning: use of deprecated macro `try`: use the `?` operator instead
[INFO] [stdout]   --> src/lib.rs:28:1
[INFO] [stdout]    |
[INFO] [stdout] 28 | / bitflags! {
[INFO] [stdout] 29 | |     flags Flags: u32 {
[INFO] [stdout] 30 | |         const FLAG_CMOS               = 0x00000001,  /* cmos sensor */
[INFO] [stdout] 31 | |         const FLAG_CCD_PROGRESSIVE    = 0x00000002,  /* progressive ccd sensor */
[INFO] [stdout] ...  |
[INFO] [stdout] 50 | |     }
[INFO] [stdout] 51 | | }
[INFO] [stdout]    | |_^
[INFO] [stdout]    |
[INFO] [stdout]    = note: `#[warn(deprecated)]` on by default
[INFO] [stdout]    = note: this warning originates in the macro `bitflags` (in Nightly builds, run with -Z macro-backtrace for more info)
[INFO] [stdout] 
[INFO] [stdout] 
[INFO] [stdout] warning: use of deprecated macro `try`: use the `?` operator instead
[INFO] [stdout]   --> src/lib.rs:28:1
[INFO] [stdout]    |
[INFO] [stdout] 28 | / bitflags! {
[INFO] [stdout] 29 | |     flags Flags: u32 {
[INFO] [stdout] 30 | |         const FLAG_CMOS               = 0x00000001,  /* cmos sensor */
[INFO] [stdout] 31 | |         const FLAG_CCD_PROGRESSIVE    = 0x00000002,  /* progressive ccd sensor */
[INFO] [stdout] ...  |
[INFO] [stdout] 50 | |     }
[INFO] [stdout] 51 | | }
[INFO] [stdout]    | |_^
[INFO] [stdout]    |
[INFO] [stdout]    = note: this warning originates in the macro `bitflags` (in Nightly builds, run with -Z macro-backtrace for more info)
[INFO] [stdout] 
[INFO] [stdout] 
[INFO] [stdout] error: linking with `cc` failed: exit status: 1
[INFO] [stdout]   |
[INFO] [stdout]   = note: LC_ALL="C" PATH="/opt/rustwide/rustup-home/toolchains/1.75.0-x86_64-unknown-linux-gnu/lib/rustlib/x86_64-unknown-linux-gnu/bin:/opt/rustwide/cargo-home/bin:/usr/local/sbin:/usr/local/bin:/usr/sbin:/usr/bin:/sbin:/bin" VSLANG="1033" "cc" "-m64" "/tmp/rustcMxgEAx/symbols.o" "/opt/rustwide/target/debug/deps/touptek-a7e364e9dbfcc105.touptek.14511aa55df8a0eb-cgu.0.rcgu.o" "/opt/rustwide/target/debug/deps/touptek-a7e364e9dbfcc105.touptek.14511aa55df8a0eb-cgu.1.rcgu.o" "/opt/rustwide/target/debug/deps/touptek-a7e364e9dbfcc105.touptek.14511aa55df8a0eb-cgu.2.rcgu.o" "/opt/rustwide/target/debug/deps/touptek-a7e364e9dbfcc105.touptek.14511aa55df8a0eb-cgu.3.rcgu.o" "/opt/rustwide/target/debug/deps/touptek-a7e364e9dbfcc105.touptek.14511aa55df8a0eb-cgu.4.rcgu.o" "/opt/rustwide/target/debug/deps/touptek-a7e364e9dbfcc105.touptek.14511aa55df8a0eb-cgu.5.rcgu.o" "/opt/rustwide/target/debug/deps/touptek-a7e364e9dbfcc105.touptek.14511aa55df8a0eb-cgu.6.rcgu.o" "/opt/rustwide/target/debug/deps/touptek-a7e364e9dbfcc105.touptek.14511aa55df8a0eb-cgu.7.rcgu.o" "/opt/rustwide/target/debug/deps/touptek-a7e364e9dbfcc105.touptek.14511aa55df8a0eb-cgu.8.rcgu.o" "/opt/rustwide/target/debug/deps/touptek-a7e364e9dbfcc105.4aplf2yi1uurrz5l.rcgu.o" "-Wl,--as-needed" "-L" "/opt/rustwide/target/debug/deps" "-L" "/opt/rustwide/rustup-home/toolchains/1.75.0-x86_64-unknown-linux-gnu/lib/rustlib/x86_64-unknown-linux-gnu/lib" "-Wl,-Bdynamic" "-ltoupcam" "-Wl,-Bstatic" "/opt/rustwide/rustup-home/toolchains/1.75.0-x86_64-unknown-linux-gnu/lib/rustlib/x86_64-unknown-linux-gnu/lib/libtest-3df1bed8075ce1de.rlib" "/opt/rustwide/rustup-home/toolchains/1.75.0-x86_64-unknown-linux-gnu/lib/rustlib/x86_64-unknown-linux-gnu/lib/libgetopts-2076fd86b325cb5d.rlib" "/opt/rustwide/rustup-home/toolchains/1.75.0-x86_64-unknown-linux-gnu/lib/rustlib/x86_64-unknown-linux-gnu/lib/libunicode_width-caa7152ee70c190f.rlib" "/opt/rustwide/rustup-home/toolchains/1.75.0-x86_64-unknown-linux-gnu/lib/rustlib/x86_64-unknown-linux-gnu/lib/librustc_std_workspace_std-04e6425e07f02a3c.rlib" "/opt/rustwide/target/debug/deps/libbitflags-1dd1e2075154fb4e.rlib" "/opt/rustwide/target/debug/deps/liblibc-f01c1240f7c859d0.rlib" "/opt/rustwide/rustup-home/toolchains/1.75.0-x86_64-unknown-linux-gnu/lib/rustlib/x86_64-unknown-linux-gnu/lib/libstd-90f6ddbf82de36ec.rlib" "/opt/rustwide/rustup-home/toolchains/1.75.0-x86_64-unknown-linux-gnu/lib/rustlib/x86_64-unknown-linux-gnu/lib/libpanic_unwind-480c41e9d4e1f677.rlib" "/opt/rustwide/rustup-home/toolchains/1.75.0-x86_64-unknown-linux-gnu/lib/rustlib/x86_64-unknown-linux-gnu/lib/libobject-db744c0ca03eed1d.rlib" "/opt/rustwide/rustup-home/toolchains/1.75.0-x86_64-unknown-linux-gnu/lib/rustlib/x86_64-unknown-linux-gnu/lib/libmemchr-8ba652dc7d4b285a.rlib" "/opt/rustwide/rustup-home/toolchains/1.75.0-x86_64-unknown-linux-gnu/lib/rustlib/x86_64-unknown-linux-gnu/lib/libaddr2line-d5f4520a9ebc0d58.rlib" "/opt/rustwide/rustup-home/toolchains/1.75.0-x86_64-unknown-linux-gnu/lib/rustlib/x86_64-unknown-linux-gnu/lib/libgimli-4ad84de58f0cb463.rlib" "/opt/rustwide/rustup-home/toolchains/1.75.0-x86_64-unknown-linux-gnu/lib/rustlib/x86_64-unknown-linux-gnu/lib/librustc_demangle-0d10aae2e0f38735.rlib" "/opt/rustwide/rustup-home/toolchains/1.75.0-x86_64-unknown-linux-gnu/lib/rustlib/x86_64-unknown-linux-gnu/lib/libstd_detect-0c17cff739e6745b.rlib" "/opt/rustwide/rustup-home/toolchains/1.75.0-x86_64-unknown-linux-gnu/lib/rustlib/x86_64-unknown-linux-gnu/lib/libhashbrown-b29e17139dde1aa8.rlib" "/opt/rustwide/rustup-home/toolchains/1.75.0-x86_64-unknown-linux-gnu/lib/rustlib/x86_64-unknown-linux-gnu/lib/librustc_std_workspace_alloc-1f975299829cc7bd.rlib" "/opt/rustwide/rustup-home/toolchains/1.75.0-x86_64-unknown-linux-gnu/lib/rustlib/x86_64-unknown-linux-gnu/lib/libminiz_oxide-86bae3bc3079f89b.rlib" "/opt/rustwide/rustup-home/toolchains/1.75.0-x86_64-unknown-linux-gnu/lib/rustlib/x86_64-unknown-linux-gnu/lib/libadler-321b82c30dffdf5f.rlib" "/opt/rustwide/rustup-home/toolchains/1.75.0-x86_64-unknown-linux-gnu/lib/rustlib/x86_64-unknown-linux-gnu/lib/libunwind-3dd8a6810a0bdfef.rlib" "/opt/rustwide/rustup-home/toolchains/1.75.0-x86_64-unknown-linux-gnu/lib/rustlib/x86_64-unknown-linux-gnu/lib/libcfg_if-eb39a61c0c879984.rlib" "/opt/rustwide/rustup-home/toolchains/1.75.0-x86_64-unknown-linux-gnu/lib/rustlib/x86_64-unknown-linux-gnu/lib/liblibc-aa769569f91c3548.rlib" "/opt/rustwide/rustup-home/toolchains/1.75.0-x86_64-unknown-linux-gnu/lib/rustlib/x86_64-unknown-linux-gnu/lib/liballoc-510a192a50a983ed.rlib" "/opt/rustwide/rustup-home/toolchains/1.75.0-x86_64-unknown-linux-gnu/lib/rustlib/x86_64-unknown-linux-gnu/lib/librustc_std_workspace_core-0577018320f99037.rlib" "/opt/rustwide/rustup-home/toolchains/1.75.0-x86_64-unknown-linux-gnu/lib/rustlib/x86_64-unknown-linux-gnu/lib/libcore-193cf992125ccd4c.rlib" "/opt/rustwide/rustup-home/toolchains/1.75.0-x86_64-unknown-linux-gnu/lib/rustlib/x86_64-unknown-linux-gnu/lib/libcompiler_builtins-8e138eaf26ebb4a8.rlib" "-Wl,-Bdynamic" "-lgcc_s" "-lutil" "-lrt" "-lpthread" "-lm" "-ldl" "-lc" "-Wl,--eh-frame-hdr" "-Wl,-z,noexecstack" "-L" "/opt/rustwide/rustup-home/toolchains/1.75.0-x86_64-unknown-linux-gnu/lib/rustlib/x86_64-unknown-linux-gnu/lib" "-o" "/opt/rustwide/target/debug/deps/touptek-a7e364e9dbfcc105" "-Wl,--gc-sections" "-pie" "-Wl,-z,relro,-z,now" "-nodefaultlibs"
[INFO] [stdout]   = note: /usr/bin/ld: cannot find -ltoupcam: No such file or directory
[INFO] [stdout]           collect2: error: ld returned 1 exit status
[INFO] [stdout]           
[INFO] [stdout] 
[INFO] [stdout] 
[INFO] [stdout] error: aborting due to previous error; 2 warnings emitted
[INFO] [stdout] 
[INFO] [stdout] 
[INFO] [stderr] error: could not compile `touptek` (lib test) due to 2 previous errors; 2 warnings emitted
[INFO] running `Command { std: "docker" "inspect" "a03e0015a6fe78beb1efa4485a3fe362a852d1e267d79a1d9222411bff099e97", kill_on_drop: false }`
[INFO] running `Command { std: "docker" "rm" "-f" "a03e0015a6fe78beb1efa4485a3fe362a852d1e267d79a1d9222411bff099e97", kill_on_drop: false }`
[INFO] [stdout] a03e0015a6fe78beb1efa4485a3fe362a852d1e267d79a1d9222411bff099e97
[INFO] testing touptek-1.1.0 against beta-2023-12-22 for beta-1.76-1
[INFO] extracting crate touptek 1.1.0 into /workspace/builds/worker-4-tc2/source
[INFO] validating manifest of crates.io crate touptek 1.1.0 on toolchain beta-2023-12-22
[INFO] running `Command { std: CARGO_HOME="/workspace/cargo-home" RUSTUP_HOME="/workspace/rustup-home" "/workspace/cargo-home/bin/cargo" "+beta-2023-12-22" "metadata" "--manifest-path" "Cargo.toml" "--no-deps", kill_on_drop: false }`
[INFO] started tweaking crates.io crate touptek 1.1.0
[INFO] finished tweaking crates.io crate touptek 1.1.0
[INFO] tweaked toml for crates.io crate touptek 1.1.0 written to /workspace/builds/worker-4-tc2/source/Cargo.toml
[INFO] running `Command { std: CARGO_HOME="/workspace/cargo-home" RUSTUP_HOME="/workspace/rustup-home" "/workspace/cargo-home/bin/cargo" "+beta-2023-12-22" "generate-lockfile" "--manifest-path" "Cargo.toml", kill_on_drop: false }`
[INFO] [stderr]     Updating crates.io index
[INFO] running `Command { std: CARGO_HOME="/workspace/cargo-home" RUSTUP_HOME="/workspace/rustup-home" "/workspace/cargo-home/bin/cargo" "+beta-2023-12-22" "fetch" "--manifest-path" "Cargo.toml", kill_on_drop: false }`
[INFO] running `Command { std: "docker" "create" "-v" "/var/lib/crater-agent-workspace/builds/worker-4-tc2/target:/opt/rustwide/target:rw,Z" "-v" "/var/lib/crater-agent-workspace/builds/worker-4-tc2/source:/opt/rustwide/workdir:ro,Z" "-v" "/var/lib/crater-agent-workspace/cargo-home:/opt/rustwide/cargo-home:ro,Z" "-v" "/var/lib/crater-agent-workspace/rustup-home:/opt/rustwide/rustup-home:ro,Z" "-e" "SOURCE_DIR=/opt/rustwide/workdir" "-e" "CARGO_TARGET_DIR=/opt/rustwide/target" "-e" "CARGO_HOME=/opt/rustwide/cargo-home" "-e" "RUSTUP_HOME=/opt/rustwide/rustup-home" "-w" "/opt/rustwide/workdir" "-m" "1610612736" "--user" "0:0" "--network" "none" "ghcr.io/rust-lang/crates-build-env/linux@sha256:2788e3201cd34a07e3172128adcd8b3090168a8e3bcc40d7c032b9dda1df7d1c" "/opt/rustwide/cargo-home/bin/cargo" "+beta-2023-12-22" "metadata" "--no-deps" "--format-version=1", kill_on_drop: false }`
[INFO] [stdout] 87254feadc6f7677ae9ca13d294749fed9aead7291d580e3f7f7b12009e2a5d6
[INFO] running `Command { std: "docker" "start" "-a" "87254feadc6f7677ae9ca13d294749fed9aead7291d580e3f7f7b12009e2a5d6", kill_on_drop: false }`
[INFO] running `Command { std: "docker" "inspect" "87254feadc6f7677ae9ca13d294749fed9aead7291d580e3f7f7b12009e2a5d6", kill_on_drop: false }`
[INFO] running `Command { std: "docker" "rm" "-f" "87254feadc6f7677ae9ca13d294749fed9aead7291d580e3f7f7b12009e2a5d6", kill_on_drop: false }`
[INFO] [stdout] 87254feadc6f7677ae9ca13d294749fed9aead7291d580e3f7f7b12009e2a5d6
[INFO] running `Command { std: "docker" "create" "-v" "/var/lib/crater-agent-workspace/builds/worker-4-tc2/target:/opt/rustwide/target:rw,Z" "-v" "/var/lib/crater-agent-workspace/builds/worker-4-tc2/source:/opt/rustwide/workdir:ro,Z" "-v" "/var/lib/crater-agent-workspace/cargo-home:/opt/rustwide/cargo-home:ro,Z" "-v" "/var/lib/crater-agent-workspace/rustup-home:/opt/rustwide/rustup-home:ro,Z" "-e" "SOURCE_DIR=/opt/rustwide/workdir" "-e" "CARGO_TARGET_DIR=/opt/rustwide/target" "-e" "CARGO_INCREMENTAL=0" "-e" "RUST_BACKTRACE=full" "-e" "RUSTFLAGS=--cap-lints=warn" "-e" "RUSTDOCFLAGS=--cap-lints=warn" "-e" "CARGO_HOME=/opt/rustwide/cargo-home" "-e" "RUSTUP_HOME=/opt/rustwide/rustup-home" "-w" "/opt/rustwide/workdir" "-m" "1610612736" "--user" "0:0" "--network" "none" "ghcr.io/rust-lang/crates-build-env/linux@sha256:2788e3201cd34a07e3172128adcd8b3090168a8e3bcc40d7c032b9dda1df7d1c" "/opt/rustwide/cargo-home/bin/cargo" "+beta-2023-12-22" "build" "--frozen" "--message-format=json", kill_on_drop: false }`
[INFO] [stdout] 46fb9db507092fbb38159d7ca9113cddd1a7f7d45a3ba2a022a65e3a9718eafc
[INFO] running `Command { std: "docker" "start" "-a" "46fb9db507092fbb38159d7ca9113cddd1a7f7d45a3ba2a022a65e3a9718eafc", kill_on_drop: false }`
[INFO] [stderr]    Compiling bitflags v0.3.3
[INFO] [stderr]    Compiling touptek v1.1.0 (/opt/rustwide/workdir)
[INFO] [stdout] warning: use of deprecated macro `try`: use the `?` operator instead
[INFO] [stdout]   --> src/lib.rs:28:1
[INFO] [stdout]    |
[INFO] [stdout] 28 | / bitflags! {
[INFO] [stdout] 29 | |     flags Flags: u32 {
[INFO] [stdout] 30 | |         const FLAG_CMOS               = 0x00000001,  /* cmos sensor */
[INFO] [stdout] 31 | |         const FLAG_CCD_PROGRESSIVE    = 0x00000002,  /* progressive ccd sensor */
[INFO] [stdout] ...  |
[INFO] [stdout] 50 | |     }
[INFO] [stdout] 51 | | }
[INFO] [stdout]    | |_^
[INFO] [stdout]    |
[INFO] [stdout]    = note: `#[warn(deprecated)]` on by default
[INFO] [stdout]    = note: this warning originates in the macro `bitflags` (in Nightly builds, run with -Z macro-backtrace for more info)
[INFO] [stdout] 
[INFO] [stdout] 
[INFO] [stdout] warning: use of deprecated macro `try`: use the `?` operator instead
[INFO] [stdout]   --> src/lib.rs:28:1
[INFO] [stdout]    |
[INFO] [stdout] 28 | / bitflags! {
[INFO] [stdout] 29 | |     flags Flags: u32 {
[INFO] [stdout] 30 | |         const FLAG_CMOS               = 0x00000001,  /* cmos sensor */
[INFO] [stdout] 31 | |         const FLAG_CCD_PROGRESSIVE    = 0x00000002,  /* progressive ccd sensor */
[INFO] [stdout] ...  |
[INFO] [stdout] 50 | |     }
[INFO] [stdout] 51 | | }
[INFO] [stdout]    | |_^
[INFO] [stdout]    |
[INFO] [stdout]    = note: this warning originates in the macro `bitflags` (in Nightly builds, run with -Z macro-backtrace for more info)
[INFO] [stdout] 
[INFO] [stdout] 
[INFO] [stdout] warning: 2 warnings emitted
[INFO] [stdout] 
[INFO] [stdout] 
[INFO] [stderr]     Finished dev [unoptimized + debuginfo] target(s) in 0.26s
[INFO] running `Command { std: "docker" "inspect" "46fb9db507092fbb38159d7ca9113cddd1a7f7d45a3ba2a022a65e3a9718eafc", kill_on_drop: false }`
[INFO] running `Command { std: "docker" "rm" "-f" "46fb9db507092fbb38159d7ca9113cddd1a7f7d45a3ba2a022a65e3a9718eafc", kill_on_drop: false }`
[INFO] [stdout] 46fb9db507092fbb38159d7ca9113cddd1a7f7d45a3ba2a022a65e3a9718eafc
[INFO] running `Command { std: "docker" "create" "-v" "/var/lib/crater-agent-workspace/builds/worker-4-tc2/target:/opt/rustwide/target:rw,Z" "-v" "/var/lib/crater-agent-workspace/builds/worker-4-tc2/source:/opt/rustwide/workdir:ro,Z" "-v" "/var/lib/crater-agent-workspace/cargo-home:/opt/rustwide/cargo-home:ro,Z" "-v" "/var/lib/crater-agent-workspace/rustup-home:/opt/rustwide/rustup-home:ro,Z" "-e" "SOURCE_DIR=/opt/rustwide/workdir" "-e" "CARGO_TARGET_DIR=/opt/rustwide/target" "-e" "CARGO_INCREMENTAL=0" "-e" "RUST_BACKTRACE=full" "-e" "RUSTFLAGS=--cap-lints=warn" "-e" "RUSTDOCFLAGS=--cap-lints=warn" "-e" "CARGO_HOME=/opt/rustwide/cargo-home" "-e" "RUSTUP_HOME=/opt/rustwide/rustup-home" "-w" "/opt/rustwide/workdir" "-m" "1610612736" "--user" "0:0" "--network" "none" "ghcr.io/rust-lang/crates-build-env/linux@sha256:2788e3201cd34a07e3172128adcd8b3090168a8e3bcc40d7c032b9dda1df7d1c" "/opt/rustwide/cargo-home/bin/cargo" "+beta-2023-12-22" "test" "--frozen" "--no-run" "--message-format=json", kill_on_drop: false }`
[INFO] [stdout] 5af233271bb1c70b9ff7a8c4e974d5e49d13169d4b64978db89002cee3d9e30f
[INFO] running `Command { std: "docker" "start" "-a" "5af233271bb1c70b9ff7a8c4e974d5e49d13169d4b64978db89002cee3d9e30f", kill_on_drop: false }`
[INFO] [stdout] warning: use of deprecated macro `try`: use the `?` operator instead
[INFO] [stdout]   --> src/lib.rs:28:1
[INFO] [stdout]    |
[INFO] [stdout] 28 | / bitflags! {
[INFO] [stdout] 29 | |     flags Flags: u32 {
[INFO] [stdout] 30 | |         const FLAG_CMOS               = 0x00000001,  /* cmos sensor */
[INFO] [stdout] 31 | |         const FLAG_CCD_PROGRESSIVE    = 0x00000002,  /* progressive ccd sensor */
[INFO] [stdout] ...  |
[INFO] [stdout] 50 | |     }
[INFO] [stdout] 51 | | }
[INFO] [stdout]    | |_^
[INFO] [stdout]    |
[INFO] [stdout]    = note: `#[warn(deprecated)]` on by default
[INFO] [stdout]    = note: this warning originates in the macro `bitflags` (in Nightly builds, run with -Z macro-backtrace for more info)
[INFO] [stdout] 
[INFO] [stdout] 
[INFO] [stderr]    Compiling touptek v1.1.0 (/opt/rustwide/workdir)
[INFO] [stdout] warning: use of deprecated macro `try`: use the `?` operator instead
[INFO] [stdout]   --> src/lib.rs:28:1
[INFO] [stdout]    |
[INFO] [stdout] 28 | / bitflags! {
[INFO] [stdout] 29 | |     flags Flags: u32 {
[INFO] [stdout] 30 | |         const FLAG_CMOS               = 0x00000001,  /* cmos sensor */
[INFO] [stdout] 31 | |         const FLAG_CCD_PROGRESSIVE    = 0x00000002,  /* progressive ccd sensor */
[INFO] [stdout] ...  |
[INFO] [stdout] 50 | |     }
[INFO] [stdout] 51 | | }
[INFO] [stdout]    | |_^
[INFO] [stdout]    |
[INFO] [stdout]    = note: this warning originates in the macro `bitflags` (in Nightly builds, run with -Z macro-backtrace for more info)
[INFO] [stdout] 
[INFO] [stdout] 
[INFO] [stdout] warning: 2 warnings emitted
[INFO] [stdout] 
[INFO] [stdout] 
[INFO] [stdout] error[E0463]: can't find crate for `png`
[INFO] [stdout]  --> examples/capture_png.rs:2:1
[INFO] [stdout]   |
[INFO] [stdout] 2 | extern crate png;
[INFO] [stdout]   | ^^^^^^^^^^^^^^^^^ can't find crate
[INFO] [stdout] 
[INFO] [stdout] 
[INFO] [stdout] error[E0463]: can't find crate for `simd`
[INFO] [stdout]  --> examples/capture_png.rs:3:1
[INFO] [stdout]   |
[INFO] [stdout] 3 | extern crate simd;
[INFO] [stdout]   | ^^^^^^^^^^^^^^^^^^ can't find crate
[INFO] [stdout] 
[INFO] [stdout] 
[INFO] [stdout] error: aborting due to 2 previous errors
[INFO] [stdout] 
[INFO] [stdout] 
[INFO] [stdout] For more information about this error, try `rustc --explain E0463`.
[INFO] [stdout] 
[INFO] [stdout] warning: use of deprecated macro `try`: use the `?` operator instead
[INFO] [stdout]   --> src/lib.rs:28:1
[INFO] [stdout]    |
[INFO] [stdout] 28 | / bitflags! {
[INFO] [stdout] 29 | |     flags Flags: u32 {
[INFO] [stdout] 30 | |         const FLAG_CMOS               = 0x00000001,  /* cmos sensor */
[INFO] [stdout] 31 | |         const FLAG_CCD_PROGRESSIVE    = 0x00000002,  /* progressive ccd sensor */
[INFO] [stdout] ...  |
[INFO] [stdout] 50 | |     }
[INFO] [stdout] 51 | | }
[INFO] [stdout]    | |_^
[INFO] [stdout]    |
[INFO] [stdout]    = note: `#[warn(deprecated)]` on by default
[INFO] [stdout]    = note: this warning originates in the macro `bitflags` (in Nightly builds, run with -Z macro-backtrace for more info)
[INFO] [stdout] 
[INFO] [stdout] 
[INFO] [stdout] warning: use of deprecated macro `try`: use the `?` operator instead
[INFO] [stdout]   --> src/lib.rs:28:1
[INFO] [stdout]    |
[INFO] [stdout] 28 | / bitflags! {
[INFO] [stdout] 29 | |     flags Flags: u32 {
[INFO] [stdout] 30 | |         const FLAG_CMOS               = 0x00000001,  /* cmos sensor */
[INFO] [stdout] 31 | |         const FLAG_CCD_PROGRESSIVE    = 0x00000002,  /* progressive ccd sensor */
[INFO] [stdout] ...  |
[INFO] [stdout] 50 | |     }
[INFO] [stdout] 51 | | }
[INFO] [stdout]    | |_^
[INFO] [stdout]    |
[INFO] [stdout]    = note: this warning originates in the macro `bitflags` (in Nightly builds, run with -Z macro-backtrace for more info)
[INFO] [stdout] 
[INFO] [stdout] 
[INFO] [stderr] error: could not compile `touptek` (example "capture_png") due to 3 previous errors
[INFO] [stderr] warning: build failed, waiting for other jobs to finish...
[INFO] [stdout] error: linking with `cc` failed: exit status: 1
[INFO] [stdout]   |
[INFO] [stdout]   = note: LC_ALL="C" PATH="/opt/rustwide/rustup-home/toolchains/beta-2023-12-22-x86_64-unknown-linux-gnu/lib/rustlib/x86_64-unknown-linux-gnu/bin:/opt/rustwide/cargo-home/bin:/usr/local/sbin:/usr/local/bin:/usr/sbin:/usr/bin:/sbin:/bin" VSLANG="1033" "cc" "-m64" "/tmp/rustcRgPqmK/symbols.o" "/opt/rustwide/target/debug/deps/touptek-3257850e79da3109.touptek.8b9e248a8de8b6d7-cgu.0.rcgu.o" "/opt/rustwide/target/debug/deps/touptek-3257850e79da3109.touptek.8b9e248a8de8b6d7-cgu.1.rcgu.o" "/opt/rustwide/target/debug/deps/touptek-3257850e79da3109.touptek.8b9e248a8de8b6d7-cgu.2.rcgu.o" "/opt/rustwide/target/debug/deps/touptek-3257850e79da3109.touptek.8b9e248a8de8b6d7-cgu.3.rcgu.o" "/opt/rustwide/target/debug/deps/touptek-3257850e79da3109.touptek.8b9e248a8de8b6d7-cgu.4.rcgu.o" "/opt/rustwide/target/debug/deps/touptek-3257850e79da3109.touptek.8b9e248a8de8b6d7-cgu.5.rcgu.o" "/opt/rustwide/target/debug/deps/touptek-3257850e79da3109.touptek.8b9e248a8de8b6d7-cgu.6.rcgu.o" "/opt/rustwide/target/debug/deps/touptek-3257850e79da3109.touptek.8b9e248a8de8b6d7-cgu.7.rcgu.o" "/opt/rustwide/target/debug/deps/touptek-3257850e79da3109.touptek.8b9e248a8de8b6d7-cgu.8.rcgu.o" "/opt/rustwide/target/debug/deps/touptek-3257850e79da3109.1j7ecprq5552b7h3.rcgu.o" "-Wl,--as-needed" "-L" "/opt/rustwide/target/debug/deps" "-L" "/opt/rustwide/rustup-home/toolchains/beta-2023-12-22-x86_64-unknown-linux-gnu/lib/rustlib/x86_64-unknown-linux-gnu/lib" "-Wl,-Bdynamic" "-ltoupcam" "-Wl,-Bstatic" "/opt/rustwide/rustup-home/toolchains/beta-2023-12-22-x86_64-unknown-linux-gnu/lib/rustlib/x86_64-unknown-linux-gnu/lib/libtest-cbab71697df97b00.rlib" "/opt/rustwide/rustup-home/toolchains/beta-2023-12-22-x86_64-unknown-linux-gnu/lib/rustlib/x86_64-unknown-linux-gnu/lib/libgetopts-2a2cf8f16c536007.rlib" "/opt/rustwide/rustup-home/toolchains/beta-2023-12-22-x86_64-unknown-linux-gnu/lib/rustlib/x86_64-unknown-linux-gnu/lib/libunicode_width-c5f3cc3cceaf9070.rlib" "/opt/rustwide/rustup-home/toolchains/beta-2023-12-22-x86_64-unknown-linux-gnu/lib/rustlib/x86_64-unknown-linux-gnu/lib/librustc_std_workspace_std-a31324ec815b09db.rlib" "/opt/rustwide/target/debug/deps/libbitflags-c4111cf505fed896.rlib" "/opt/rustwide/target/debug/deps/liblibc-9bdc13f38078ecbe.rlib" "/opt/rustwide/rustup-home/toolchains/beta-2023-12-22-x86_64-unknown-linux-gnu/lib/rustlib/x86_64-unknown-linux-gnu/lib/libstd-0672489a78b613de.rlib" "/opt/rustwide/rustup-home/toolchains/beta-2023-12-22-x86_64-unknown-linux-gnu/lib/rustlib/x86_64-unknown-linux-gnu/lib/libpanic_unwind-7eb3ffc34a49f675.rlib" "/opt/rustwide/rustup-home/toolchains/beta-2023-12-22-x86_64-unknown-linux-gnu/lib/rustlib/x86_64-unknown-linux-gnu/lib/libobject-6478a9daa4bee8e2.rlib" "/opt/rustwide/rustup-home/toolchains/beta-2023-12-22-x86_64-unknown-linux-gnu/lib/rustlib/x86_64-unknown-linux-gnu/lib/libmemchr-0c75d871a5c3923d.rlib" "/opt/rustwide/rustup-home/toolchains/beta-2023-12-22-x86_64-unknown-linux-gnu/lib/rustlib/x86_64-unknown-linux-gnu/lib/libaddr2line-d163ef63ad37bb71.rlib" "/opt/rustwide/rustup-home/toolchains/beta-2023-12-22-x86_64-unknown-linux-gnu/lib/rustlib/x86_64-unknown-linux-gnu/lib/libgimli-8a3fd810a85b9f4c.rlib" "/opt/rustwide/rustup-home/toolchains/beta-2023-12-22-x86_64-unknown-linux-gnu/lib/rustlib/x86_64-unknown-linux-gnu/lib/librustc_demangle-462a2cde8c5dfc10.rlib" "/opt/rustwide/rustup-home/toolchains/beta-2023-12-22-x86_64-unknown-linux-gnu/lib/rustlib/x86_64-unknown-linux-gnu/lib/libstd_detect-cb06ac9f54713f71.rlib" "/opt/rustwide/rustup-home/toolchains/beta-2023-12-22-x86_64-unknown-linux-gnu/lib/rustlib/x86_64-unknown-linux-gnu/lib/libhashbrown-f20bfd1f8e59b393.rlib" "/opt/rustwide/rustup-home/toolchains/beta-2023-12-22-x86_64-unknown-linux-gnu/lib/rustlib/x86_64-unknown-linux-gnu/lib/librustc_std_workspace_alloc-1ef460949b49da4b.rlib" "/opt/rustwide/rustup-home/toolchains/beta-2023-12-22-x86_64-unknown-linux-gnu/lib/rustlib/x86_64-unknown-linux-gnu/lib/libminiz_oxide-2cb0c0ffe4f87514.rlib" "/opt/rustwide/rustup-home/toolchains/beta-2023-12-22-x86_64-unknown-linux-gnu/lib/rustlib/x86_64-unknown-linux-gnu/lib/libadler-58d841eb322a11a2.rlib" "/opt/rustwide/rustup-home/toolchains/beta-2023-12-22-x86_64-unknown-linux-gnu/lib/rustlib/x86_64-unknown-linux-gnu/lib/libunwind-aa2ae0b0a9d11533.rlib" "/opt/rustwide/rustup-home/toolchains/beta-2023-12-22-x86_64-unknown-linux-gnu/lib/rustlib/x86_64-unknown-linux-gnu/lib/libcfg_if-23874e15830ed336.rlib" "/opt/rustwide/rustup-home/toolchains/beta-2023-12-22-x86_64-unknown-linux-gnu/lib/rustlib/x86_64-unknown-linux-gnu/lib/liblibc-e47cddc003bce885.rlib" "/opt/rustwide/rustup-home/toolchains/beta-2023-12-22-x86_64-unknown-linux-gnu/lib/rustlib/x86_64-unknown-linux-gnu/lib/liballoc-c22b13b48a8f128e.rlib" "/opt/rustwide/rustup-home/toolchains/beta-2023-12-22-x86_64-unknown-linux-gnu/lib/rustlib/x86_64-unknown-linux-gnu/lib/librustc_std_workspace_core-e46bc3da6d7c462f.rlib" "/opt/rustwide/rustup-home/toolchains/beta-2023-12-22-x86_64-unknown-linux-gnu/lib/rustlib/x86_64-unknown-linux-gnu/lib/libcore-8d1ac131d3cb2645.rlib" "/opt/rustwide/rustup-home/toolchains/beta-2023-12-22-x86_64-unknown-linux-gnu/lib/rustlib/x86_64-unknown-linux-gnu/lib/libcompiler_builtins-a1b43df8c6899c1f.rlib" "-Wl,-Bdynamic" "-lgcc_s" "-lutil" "-lrt" "-lpthread" "-lm" "-ldl" "-lc" "-Wl,--eh-frame-hdr" "-Wl,-z,noexecstack" "-L" "/opt/rustwide/rustup-home/toolchains/beta-2023-12-22-x86_64-unknown-linux-gnu/lib/rustlib/x86_64-unknown-linux-gnu/lib" "-o" "/opt/rustwide/target/debug/deps/touptek-3257850e79da3109" "-Wl,--gc-sections" "-pie" "-Wl,-z,relro,-z,now" "-nodefaultlibs"
[INFO] [stdout]   = note: /usr/bin/ld: cannot find -ltoupcam: No such file or directory
[INFO] [stdout]           collect2: error: ld returned 1 exit status
[INFO] [stdout]           
[INFO] [stdout] 
[INFO] [stdout] 
[INFO] [stdout] error: aborting due to 1 previous error; 2 warnings emitted
[INFO] [stdout] 
[INFO] [stdout] 
[INFO] [stderr] error: could not compile `touptek` (lib test) due to 2 previous errors; 2 warnings emitted
[INFO] running `Command { std: "docker" "inspect" "5af233271bb1c70b9ff7a8c4e974d5e49d13169d4b64978db89002cee3d9e30f", kill_on_drop: false }`
[INFO] running `Command { std: "docker" "rm" "-f" "5af233271bb1c70b9ff7a8c4e974d5e49d13169d4b64978db89002cee3d9e30f", kill_on_drop: false }`
[INFO] [stdout] 5af233271bb1c70b9ff7a8c4e974d5e49d13169d4b64978db89002cee3d9e30f
