[INFO] fetching crate torrosion 0.3.1...
[INFO] testing torrosion-0.3.1 against 1.75.0 for beta-1.76-1
[INFO] extracting crate torrosion 0.3.1 into /workspace/builds/worker-2-tc1/source
[INFO] validating manifest of crates.io crate torrosion 0.3.1 on toolchain 1.75.0
[INFO] running `Command { std: CARGO_HOME="/workspace/cargo-home" RUSTUP_HOME="/workspace/rustup-home" "/workspace/cargo-home/bin/cargo" "+1.75.0" "metadata" "--manifest-path" "Cargo.toml" "--no-deps", kill_on_drop: false }`
[INFO] started tweaking crates.io crate torrosion 0.3.1
[INFO] finished tweaking crates.io crate torrosion 0.3.1
[INFO] tweaked toml for crates.io crate torrosion 0.3.1 written to /workspace/builds/worker-2-tc1/source/Cargo.toml
[INFO] running `Command { std: CARGO_HOME="/workspace/cargo-home" RUSTUP_HOME="/workspace/rustup-home" "/workspace/cargo-home/bin/cargo" "+1.75.0" "generate-lockfile" "--manifest-path" "Cargo.toml", kill_on_drop: false }`
[INFO] [stderr]     Updating crates.io index
[INFO] running `Command { std: CARGO_HOME="/workspace/cargo-home" RUSTUP_HOME="/workspace/rustup-home" "/workspace/cargo-home/bin/cargo" "+1.75.0" "fetch" "--manifest-path" "Cargo.toml", kill_on_drop: false }`
[INFO] running `Command { std: "docker" "create" "-v" "/var/lib/crater-agent-workspace/builds/worker-2-tc1/target:/opt/rustwide/target:rw,Z" "-v" "/var/lib/crater-agent-workspace/builds/worker-2-tc1/source:/opt/rustwide/workdir:ro,Z" "-v" "/var/lib/crater-agent-workspace/cargo-home:/opt/rustwide/cargo-home:ro,Z" "-v" "/var/lib/crater-agent-workspace/rustup-home:/opt/rustwide/rustup-home:ro,Z" "-e" "SOURCE_DIR=/opt/rustwide/workdir" "-e" "CARGO_TARGET_DIR=/opt/rustwide/target" "-e" "CARGO_HOME=/opt/rustwide/cargo-home" "-e" "RUSTUP_HOME=/opt/rustwide/rustup-home" "-w" "/opt/rustwide/workdir" "-m" "1610612736" "--user" "0:0" "--network" "none" "ghcr.io/rust-lang/crates-build-env/linux@sha256:2788e3201cd34a07e3172128adcd8b3090168a8e3bcc40d7c032b9dda1df7d1c" "/opt/rustwide/cargo-home/bin/cargo" "+1.75.0" "metadata" "--no-deps" "--format-version=1", kill_on_drop: false }`
[INFO] [stdout] 0c12c88391c6c2fea5c6d06fcb042cfd7247c67437dc10d0b4f2dc70f205a24d
[INFO] running `Command { std: "docker" "start" "-a" "0c12c88391c6c2fea5c6d06fcb042cfd7247c67437dc10d0b4f2dc70f205a24d", kill_on_drop: false }`
[INFO] running `Command { std: "docker" "inspect" "0c12c88391c6c2fea5c6d06fcb042cfd7247c67437dc10d0b4f2dc70f205a24d", kill_on_drop: false }`
[INFO] running `Command { std: "docker" "rm" "-f" "0c12c88391c6c2fea5c6d06fcb042cfd7247c67437dc10d0b4f2dc70f205a24d", kill_on_drop: false }`
[INFO] [stdout] 0c12c88391c6c2fea5c6d06fcb042cfd7247c67437dc10d0b4f2dc70f205a24d
[INFO] running `Command { std: "docker" "create" "-v" "/var/lib/crater-agent-workspace/builds/worker-2-tc1/target:/opt/rustwide/target:rw,Z" "-v" "/var/lib/crater-agent-workspace/builds/worker-2-tc1/source:/opt/rustwide/workdir:ro,Z" "-v" "/var/lib/crater-agent-workspace/cargo-home:/opt/rustwide/cargo-home:ro,Z" "-v" "/var/lib/crater-agent-workspace/rustup-home:/opt/rustwide/rustup-home:ro,Z" "-e" "SOURCE_DIR=/opt/rustwide/workdir" "-e" "CARGO_TARGET_DIR=/opt/rustwide/target" "-e" "CARGO_INCREMENTAL=0" "-e" "RUST_BACKTRACE=full" "-e" "RUSTFLAGS=--cap-lints=warn" "-e" "RUSTDOCFLAGS=--cap-lints=warn" "-e" "CARGO_HOME=/opt/rustwide/cargo-home" "-e" "RUSTUP_HOME=/opt/rustwide/rustup-home" "-w" "/opt/rustwide/workdir" "-m" "1610612736" "--user" "0:0" "--network" "none" "ghcr.io/rust-lang/crates-build-env/linux@sha256:2788e3201cd34a07e3172128adcd8b3090168a8e3bcc40d7c032b9dda1df7d1c" "/opt/rustwide/cargo-home/bin/cargo" "+1.75.0" "build" "--frozen" "--message-format=json", kill_on_drop: false }`
[INFO] [stdout] e1ca36b95544598c9d61e871ca9c54c95a52d57be3b4509902c52da1a6f148a8
[INFO] running `Command { std: "docker" "start" "-a" "e1ca36b95544598c9d61e871ca9c54c95a52d57be3b4509902c52da1a6f148a8", kill_on_drop: false }`
[INFO] [stderr]    Compiling generic-array v0.14.7
[INFO] [stderr]    Compiling const-oid v0.9.6
[INFO] [stderr]    Compiling libm v0.2.8
[INFO] [stderr]    Compiling subtle v2.5.0
[INFO] [stderr]    Compiling jobserver v0.1.27
[INFO] [stderr]    Compiling num-traits v0.2.17
[INFO] [stderr]    Compiling zeroize_derive v1.4.2
[INFO] [stderr]    Compiling syn v1.0.109
[INFO] [stderr]    Compiling tokio-macros v2.2.0
[INFO] [stderr]    Compiling mio v0.8.10
[INFO] [stderr]    Compiling cc v1.0.83
[INFO] [stderr]    Compiling socket2 v0.5.5
[INFO] [stderr]    Compiling crypto-common v0.1.6
[INFO] [stderr]    Compiling block-buffer v0.10.4
[INFO] [stderr]    Compiling digest v0.10.7
[INFO] [stderr]    Compiling zeroize v1.7.0
[INFO] [stderr]    Compiling spin v0.5.2
[INFO] [stderr]    Compiling time-core v0.1.2
[INFO] [stderr]    Compiling powerfmt v0.2.0
[INFO] [stderr]    Compiling tokio v1.35.1
[INFO] [stderr]    Compiling base64ct v1.6.0
[INFO] [stderr]    Compiling semver v1.0.21
[INFO] [stderr]    Compiling time-macros v0.2.16
[INFO] [stderr]    Compiling deranged v0.3.11
[INFO] [stderr]    Compiling pem-rfc7468 v0.6.0
[INFO] [stderr]    Compiling nom v7.1.3
[INFO] [stderr]    Compiling openssl-sys v0.9.98
[INFO] [stderr]    Compiling num-integer v0.1.45
[INFO] [stderr]    Compiling zstd-sys v2.0.9+zstd.1.5.5
[INFO] [stderr]    Compiling ring v0.17.7
[INFO] [stderr]    Compiling ring v0.16.20
[INFO] [stderr]    Compiling untrusted v0.9.0
[INFO] [stderr]    Compiling spin v0.9.8
[INFO] [stderr]    Compiling lzma-sys v0.1.20
[INFO] [stderr]    Compiling der v0.6.1
[INFO] [stderr]    Compiling futures-channel v0.3.30
[INFO] [stderr]    Compiling digest v0.9.0
[INFO] [stderr]    Compiling displaydoc v0.2.4
[INFO] [stderr]    Compiling time v0.3.31
[INFO] [stderr]    Compiling rusticata-macros v4.1.0
[INFO] [stderr]    Compiling num-iter v0.1.43
[INFO] [stderr]    Compiling log v0.4.20
[INFO] [stderr]    Compiling zstd-safe v5.0.2+zstd.1.5.2
[INFO] [stderr]    Compiling futures-util v0.3.30
[INFO] [stderr]    Compiling synstructure v0.12.6
[INFO] [stderr]    Compiling openssl v0.10.62
[INFO] [stderr]    Compiling spki v0.6.0
[INFO] [stderr]    Compiling rustc_version v0.4.0
[INFO] [stderr]    Compiling lazy_static v1.4.0
[INFO] [stderr]    Compiling signature v1.6.4
[INFO] [stderr]    Compiling rand_chacha v0.3.1
[INFO] [stderr]    Compiling inout v0.1.3
[INFO] [stderr]    Compiling oid-registry v0.6.1
[INFO] [stderr]    Compiling rustls v0.20.9
[INFO] [stderr]    Compiling serde v1.0.194
[INFO] [stderr]    Compiling num-bigint-dig v0.8.4
[INFO] [stderr]    Compiling platforms v3.3.0
[INFO] [stderr]    Compiling untrusted v0.7.1
[INFO] [stderr]    Compiling miniz_oxide v0.7.1
[INFO] [stderr]    Compiling curve25519-dalek v4.1.1
[INFO] [stderr]    Compiling native-tls v0.2.11
[INFO] [stderr]    Compiling rand v0.8.5
[INFO] [stderr]    Compiling cipher v0.4.4
[INFO] [stderr]    Compiling pkcs8 v0.9.0
[INFO] [stderr]    Compiling num-bigint v0.4.4
[INFO] [stderr]    Compiling curve25519-dalek v3.2.0
[INFO] [stderr]    Compiling block-buffer v0.9.0
[INFO] [stderr]    Compiling aho-corasick v1.1.2
[INFO] [stderr]    Compiling regex-syntax v0.8.2
[INFO] [stderr]    Compiling asn1-rs-derive v0.4.0
[INFO] [stderr]    Compiling asn1-rs-impl v0.1.0
[INFO] [stderr]    Compiling try-lock v0.2.5
[INFO] [stderr]    Compiling smallvec v1.11.2
[INFO] [stderr]    Compiling want v0.3.1
[INFO] [stderr]    Compiling sha2 v0.9.9
[INFO] [stderr]    Compiling asn1-rs v0.5.2
[INFO] [stderr]    Compiling tracing v0.1.40
[INFO] [stderr]    Compiling regex-automata v0.4.3
[INFO] [stderr]    Compiling flate2 v1.0.28
[INFO] [stderr]    Compiling pkcs1 v0.4.1
[INFO] [stderr]    Compiling futures-executor v0.3.30
[INFO] [stderr]    Compiling der-parser v8.2.0
[INFO] [stderr]    Compiling xz2 v0.1.7
[INFO] [stderr]    Compiling url v2.5.0
[INFO] [stderr]    Compiling http-body v0.4.6
[INFO] [stderr]    Compiling ed25519 v1.5.3
[INFO] [stderr]    Compiling hmac v0.12.1
[INFO] [stderr]    Compiling curve25519-dalek-derive v0.1.1
[INFO] [stderr]    Compiling data-encoding v2.5.0
[INFO] [stderr]    Compiling httpdate v1.0.3
[INFO] [stderr]    Compiling sha3 v0.10.8
[INFO] [stderr]    Compiling hyper v0.14.28
[INFO] [stderr]    Compiling x509-parser v0.14.0
[INFO] [stderr]    Compiling hkdf v0.12.4
[INFO] [stderr]    Compiling regex v1.10.2
[INFO] [stderr]    Compiling chrono v0.4.31
[INFO] [stderr]    Compiling async-native-tls v0.4.0
[INFO] [stderr]    Compiling rsa v0.7.2
[INFO] [stderr]    Compiling futures v0.3.30
[INFO] [stderr]    Compiling x25519-dalek v1.1.1
[INFO] [stderr]    Compiling ctr v0.9.2
[INFO] [stderr]    Compiling aes v0.8.3
[INFO] [stderr]    Compiling tokio-stream v0.1.14
[INFO] [stderr]    Compiling tokio-util v0.7.10
[INFO] [stderr]    Compiling sha1 v0.10.6
[INFO] [stderr]    Compiling sha2 v0.10.8
[INFO] [stderr]    Compiling base32 v0.4.0
[INFO] [stderr]    Compiling ed25519-dalek v1.0.1
[INFO] [stderr]    Compiling hex v0.4.3
[INFO] [stderr]    Compiling base64 v0.21.5
[INFO] [stderr]    Compiling sct v0.7.1
[INFO] [stderr]    Compiling webpki v0.22.4
[INFO] [stderr]    Compiling zstd v0.11.2+zstd.1.5.2
[INFO] [stderr]    Compiling async-compression v0.3.15
[INFO] [stderr]    Compiling tokio-rustls v0.23.4
[INFO] [stderr]    Compiling torrosion v0.3.1 (/opt/rustwide/workdir)
[INFO] [stdout] warning: use of deprecated associated function `chrono::DateTime::<Tz>::from_utc`: Use TimeZone::from_utc_datetime() or DateTime::from_naive_utc_and_offset instead
[INFO] [stdout]    --> src/net_status/descriptor.rs:469:55
[INFO] [stdout]     |
[INFO] [stdout] 469 |                     Self::Published(chrono::DateTime::from_utc(date_time, chrono::Utc))
[INFO] [stdout]     |                                                       ^^^^^^^^
[INFO] [stdout]     |
[INFO] [stdout]     = note: `#[warn(deprecated)]` on by default
[INFO] [stdout] 
[INFO] [stdout] 
[INFO] [stdout] warning: use of deprecated associated function `chrono::DateTime::<Tz>::from_utc`: Use TimeZone::from_utc_datetime() or DateTime::from_naive_utc_and_offset instead
[INFO] [stdout]    --> src/net_status/descriptor.rs:566:54
[INFO] [stdout]     |
[INFO] [stdout] 566 |                     Self::Overload(chrono::DateTime::from_utc(date_time, chrono::Utc))
[INFO] [stdout]     |                                                      ^^^^^^^^
[INFO] [stdout] 
[INFO] [stdout] 
[INFO] [stdout] warning: use of deprecated associated function `chrono::DateTime::<Tz>::from_utc`: Use TimeZone::from_utc_datetime() or DateTime::from_naive_utc_and_offset instead
[INFO] [stdout]    --> src/net_status/dir_key_certificate.rs:222:67
[INFO] [stdout]     |
[INFO] [stdout] 222 |                     Self::DirectoryKeyPublished(chrono::DateTime::from_utc(date_time, chrono::Utc))
[INFO] [stdout]     |                                                                   ^^^^^^^^
[INFO] [stdout] 
[INFO] [stdout] 
[INFO] [stdout] warning: use of deprecated associated function `chrono::DateTime::<Tz>::from_utc`: Use TimeZone::from_utc_datetime() or DateTime::from_naive_utc_and_offset instead
[INFO] [stdout]    --> src/net_status/dir_key_certificate.rs:234:65
[INFO] [stdout]     |
[INFO] [stdout] 234 |                     Self::DirectoryKeyExpires(chrono::DateTime::from_utc(date_time, chrono::Utc))
[INFO] [stdout]     |                                                                 ^^^^^^^^
[INFO] [stdout] 
[INFO] [stdout] 
[INFO] [stdout] warning: use of deprecated associated function `chrono::DateTime::<Tz>::from_utc`: Use TimeZone::from_utc_datetime() or DateTime::from_naive_utc_and_offset instead
[INFO] [stdout]    --> src/net_status/consensus.rs:273:34
[INFO] [stdout]     |
[INFO] [stdout] 273 |         let datetime = DateTime::from_utc(date.and_time(time), Utc);
[INFO] [stdout]     |                                  ^^^^^^^^
[INFO] [stdout] 
[INFO] [stdout] 
[INFO] [stdout] warning: 5 warnings emitted
[INFO] [stdout] 
[INFO] [stdout] 
[INFO] [stderr]     Finished dev [unoptimized + debuginfo] target(s) in 19.16s
[INFO] running `Command { std: "docker" "inspect" "e1ca36b95544598c9d61e871ca9c54c95a52d57be3b4509902c52da1a6f148a8", kill_on_drop: false }`
[INFO] running `Command { std: "docker" "rm" "-f" "e1ca36b95544598c9d61e871ca9c54c95a52d57be3b4509902c52da1a6f148a8", kill_on_drop: false }`
[INFO] [stdout] e1ca36b95544598c9d61e871ca9c54c95a52d57be3b4509902c52da1a6f148a8
[INFO] running `Command { std: "docker" "create" "-v" "/var/lib/crater-agent-workspace/builds/worker-2-tc1/target:/opt/rustwide/target:rw,Z" "-v" "/var/lib/crater-agent-workspace/builds/worker-2-tc1/source:/opt/rustwide/workdir:ro,Z" "-v" "/var/lib/crater-agent-workspace/cargo-home:/opt/rustwide/cargo-home:ro,Z" "-v" "/var/lib/crater-agent-workspace/rustup-home:/opt/rustwide/rustup-home:ro,Z" "-e" "SOURCE_DIR=/opt/rustwide/workdir" "-e" "CARGO_TARGET_DIR=/opt/rustwide/target" "-e" "CARGO_INCREMENTAL=0" "-e" "RUST_BACKTRACE=full" "-e" "RUSTFLAGS=--cap-lints=warn" "-e" "RUSTDOCFLAGS=--cap-lints=warn" "-e" "CARGO_HOME=/opt/rustwide/cargo-home" "-e" "RUSTUP_HOME=/opt/rustwide/rustup-home" "-w" "/opt/rustwide/workdir" "-m" "1610612736" "--user" "0:0" "--network" "none" "ghcr.io/rust-lang/crates-build-env/linux@sha256:2788e3201cd34a07e3172128adcd8b3090168a8e3bcc40d7c032b9dda1df7d1c" "/opt/rustwide/cargo-home/bin/cargo" "+1.75.0" "test" "--frozen" "--no-run" "--message-format=json", kill_on_drop: false }`
[INFO] [stdout] e3061460dcdb28097d7c734a949f81c707182e2a687258323dadfb0a3367f16d
[INFO] running `Command { std: "docker" "start" "-a" "e3061460dcdb28097d7c734a949f81c707182e2a687258323dadfb0a3367f16d", kill_on_drop: false }`
[INFO] [stdout] warning: use of deprecated associated function `chrono::DateTime::<Tz>::from_utc`: Use TimeZone::from_utc_datetime() or DateTime::from_naive_utc_and_offset instead
[INFO] [stdout]    --> src/net_status/descriptor.rs:469:55
[INFO] [stdout]     |
[INFO] [stdout] 469 |                     Self::Published(chrono::DateTime::from_utc(date_time, chrono::Utc))
[INFO] [stdout]     |                                                       ^^^^^^^^
[INFO] [stdout]     |
[INFO] [stdout]     = note: `#[warn(deprecated)]` on by default
[INFO] [stdout] 
[INFO] [stdout] 
[INFO] [stdout] warning: use of deprecated associated function `chrono::DateTime::<Tz>::from_utc`: Use TimeZone::from_utc_datetime() or DateTime::from_naive_utc_and_offset instead
[INFO] [stdout]    --> src/net_status/descriptor.rs:566:54
[INFO] [stdout]     |
[INFO] [stdout] 566 |                     Self::Overload(chrono::DateTime::from_utc(date_time, chrono::Utc))
[INFO] [stdout]     |                                                      ^^^^^^^^
[INFO] [stdout] 
[INFO] [stdout] 
[INFO] [stdout] warning: use of deprecated associated function `chrono::DateTime::<Tz>::from_utc`: Use TimeZone::from_utc_datetime() or DateTime::from_naive_utc_and_offset instead
[INFO] [stdout]    --> src/net_status/dir_key_certificate.rs:222:67
[INFO] [stdout]     |
[INFO] [stdout] 222 |                     Self::DirectoryKeyPublished(chrono::DateTime::from_utc(date_time, chrono::Utc))
[INFO] [stdout]     |                                                                   ^^^^^^^^
[INFO] [stdout] 
[INFO] [stdout] 
[INFO] [stdout] warning: use of deprecated associated function `chrono::DateTime::<Tz>::from_utc`: Use TimeZone::from_utc_datetime() or DateTime::from_naive_utc_and_offset instead
[INFO] [stdout]    --> src/net_status/dir_key_certificate.rs:234:65
[INFO] [stdout]     |
[INFO] [stdout] 234 |                     Self::DirectoryKeyExpires(chrono::DateTime::from_utc(date_time, chrono::Utc))
[INFO] [stdout]     |                                                                 ^^^^^^^^
[INFO] [stdout] 
[INFO] [stdout] 
[INFO] [stdout] warning: use of deprecated associated function `chrono::DateTime::<Tz>::from_utc`: Use TimeZone::from_utc_datetime() or DateTime::from_naive_utc_and_offset instead
[INFO] [stdout]    --> src/net_status/consensus.rs:273:34
[INFO] [stdout]     |
[INFO] [stdout] 273 |         let datetime = DateTime::from_utc(date.and_time(time), Utc);
[INFO] [stdout]     |                                  ^^^^^^^^
[INFO] [stdout] 
[INFO] [stdout] 
[INFO] [stdout] warning: 5 warnings emitted
[INFO] [stdout] 
[INFO] [stdout] 
[INFO] [stderr]    Compiling torrosion v0.3.1 (/opt/rustwide/workdir)
[INFO] [stdout] error[E0425]: cannot find value `Utc` in this scope
[INFO] [stdout]    --> src/hs/mod.rs:580:26
[INFO] [stdout]     |
[INFO] [stdout] 580 |             valid_after: Utc.with_ymd_and_hms(2016, 04, 13, 11, 0, 0).unwrap(),
[INFO] [stdout]     |                          ^^^ not found in this scope
[INFO] [stdout]     |
[INFO] [stdout] help: consider importing one of these items
[INFO] [stdout]     |
[INFO] [stdout] 577 +     use chrono::Utc;
[INFO] [stdout]     |
[INFO] [stdout] 577 +     use crate::hs::Utc;
[INFO] [stdout]     |
[INFO] [stdout] 
[INFO] [stdout] 
[INFO] [stdout] error[E0425]: cannot find value `Utc` in this scope
[INFO] [stdout]    --> src/hs/mod.rs:581:26
[INFO] [stdout]     |
[INFO] [stdout] 581 |             fresh_until: Utc.with_ymd_and_hms(2016, 04, 13, 12, 0, 0).unwrap(),
[INFO] [stdout]     |                          ^^^ not found in this scope
[INFO] [stdout]     |
[INFO] [stdout] help: consider importing one of these items
[INFO] [stdout]     |
[INFO] [stdout] 577 +     use chrono::Utc;
[INFO] [stdout]     |
[INFO] [stdout] 577 +     use crate::hs::Utc;
[INFO] [stdout]     |
[INFO] [stdout] 
[INFO] [stdout] 
[INFO] [stdout] error[E0425]: cannot find value `Utc` in this scope
[INFO] [stdout]    --> src/hs/mod.rs:582:26
[INFO] [stdout]     |
[INFO] [stdout] 582 |             valid_until: Utc.with_ymd_and_hms(2016, 04, 13, 17, 0, 0).unwrap(),
[INFO] [stdout]     |                          ^^^ not found in this scope
[INFO] [stdout]     |
[INFO] [stdout] help: consider importing one of these items
[INFO] [stdout]     |
[INFO] [stdout] 577 +     use chrono::Utc;
[INFO] [stdout]     |
[INFO] [stdout] 577 +     use crate::hs::Utc;
[INFO] [stdout]     |
[INFO] [stdout] 
[INFO] [stdout] 
[INFO] [stdout] warning: use of deprecated associated function `chrono::DateTime::<Tz>::from_utc`: Use TimeZone::from_utc_datetime() or DateTime::from_naive_utc_and_offset instead
[INFO] [stdout]    --> src/net_status/descriptor.rs:469:55
[INFO] [stdout]     |
[INFO] [stdout] 469 |                     Self::Published(chrono::DateTime::from_utc(date_time, chrono::Utc))
[INFO] [stdout]     |                                                       ^^^^^^^^
[INFO] [stdout]     |
[INFO] [stdout]     = note: `#[warn(deprecated)]` on by default
[INFO] [stdout] 
[INFO] [stdout] 
[INFO] [stdout] warning: use of deprecated associated function `chrono::DateTime::<Tz>::from_utc`: Use TimeZone::from_utc_datetime() or DateTime::from_naive_utc_and_offset instead
[INFO] [stdout]    --> src/net_status/descriptor.rs:566:54
[INFO] [stdout]     |
[INFO] [stdout] 566 |                     Self::Overload(chrono::DateTime::from_utc(date_time, chrono::Utc))
[INFO] [stdout]     |                                                      ^^^^^^^^
[INFO] [stdout] 
[INFO] [stdout] 
[INFO] [stdout] warning: use of deprecated associated function `chrono::DateTime::<Tz>::from_utc`: Use TimeZone::from_utc_datetime() or DateTime::from_naive_utc_and_offset instead
[INFO] [stdout]    --> src/net_status/dir_key_certificate.rs:222:67
[INFO] [stdout]     |
[INFO] [stdout] 222 |                     Self::DirectoryKeyPublished(chrono::DateTime::from_utc(date_time, chrono::Utc))
[INFO] [stdout]     |                                                                   ^^^^^^^^
[INFO] [stdout] 
[INFO] [stdout] 
[INFO] [stdout] warning: use of deprecated associated function `chrono::DateTime::<Tz>::from_utc`: Use TimeZone::from_utc_datetime() or DateTime::from_naive_utc_and_offset instead
[INFO] [stdout]    --> src/net_status/dir_key_certificate.rs:234:65
[INFO] [stdout]     |
[INFO] [stdout] 234 |                     Self::DirectoryKeyExpires(chrono::DateTime::from_utc(date_time, chrono::Utc))
[INFO] [stdout]     |                                                                 ^^^^^^^^
[INFO] [stdout] 
[INFO] [stdout] 
[INFO] [stdout] warning: use of deprecated associated function `chrono::DateTime::<Tz>::from_utc`: Use TimeZone::from_utc_datetime() or DateTime::from_naive_utc_and_offset instead
[INFO] [stdout]    --> src/net_status/consensus.rs:273:34
[INFO] [stdout]     |
[INFO] [stdout] 273 |         let datetime = DateTime::from_utc(date.and_time(time), Utc);
[INFO] [stdout]     |                                  ^^^^^^^^
[INFO] [stdout] 
[INFO] [stdout] 
[INFO] [stdout] error: aborting due to 3 previous errors; 5 warnings emitted
[INFO] [stdout] 
[INFO] [stdout] 
[INFO] [stdout] For more information about this error, try `rustc --explain E0425`.
[INFO] [stdout] 
[INFO] [stderr] error: could not compile `torrosion` (lib test) due to 4 previous errors; 5 warnings emitted
[INFO] running `Command { std: "docker" "inspect" "e3061460dcdb28097d7c734a949f81c707182e2a687258323dadfb0a3367f16d", kill_on_drop: false }`
[INFO] running `Command { std: "docker" "rm" "-f" "e3061460dcdb28097d7c734a949f81c707182e2a687258323dadfb0a3367f16d", kill_on_drop: false }`
[INFO] [stdout] e3061460dcdb28097d7c734a949f81c707182e2a687258323dadfb0a3367f16d
