[INFO] fetching crate toql 0.4.2...
[INFO] testing toql-0.4.2 against 1.75.0 for beta-1.76-1
[INFO] extracting crate toql 0.4.2 into /workspace/builds/worker-3-tc1/source
[INFO] validating manifest of crates.io crate toql 0.4.2 on toolchain 1.75.0
[INFO] running `Command { std: CARGO_HOME="/workspace/cargo-home" RUSTUP_HOME="/workspace/rustup-home" "/workspace/cargo-home/bin/cargo" "+1.75.0" "metadata" "--manifest-path" "Cargo.toml" "--no-deps", kill_on_drop: false }`
[INFO] started tweaking crates.io crate toql 0.4.2
[INFO] finished tweaking crates.io crate toql 0.4.2
[INFO] tweaked toml for crates.io crate toql 0.4.2 written to /workspace/builds/worker-3-tc1/source/Cargo.toml
[INFO] running `Command { std: CARGO_HOME="/workspace/cargo-home" RUSTUP_HOME="/workspace/rustup-home" "/workspace/cargo-home/bin/cargo" "+1.75.0" "generate-lockfile" "--manifest-path" "Cargo.toml", kill_on_drop: false }`
[INFO] [stderr]     Updating crates.io index
[INFO] running `Command { std: CARGO_HOME="/workspace/cargo-home" RUSTUP_HOME="/workspace/rustup-home" "/workspace/cargo-home/bin/cargo" "+1.75.0" "fetch" "--manifest-path" "Cargo.toml", kill_on_drop: false }`
[INFO] [stderr]  Downloading crates ...
[INFO] [stderr]   Downloaded tracing-test-macro v0.1.0
[INFO] [stderr]   Downloaded darling v0.9.0
[INFO] [stderr]   Downloaded tracing-test v0.1.0
[INFO] [stderr]   Downloaded strsim v0.7.0
[INFO] [stderr]   Downloaded darling_core v0.9.0
[INFO] [stderr]   Downloaded toql_field_list_parser v0.4.0
[INFO] [stderr]   Downloaded enquote v1.1.0
[INFO] [stderr]   Downloaded toql_derive v0.4.0
[INFO] [stderr]   Downloaded darling_macro v0.9.0
[INFO] [stderr]   Downloaded toql_core v0.4.2
[INFO] [stderr]   Downloaded toql_role_expr_macro v0.4.0
[INFO] [stderr]   Downloaded toql_sql_expr_parser v0.4.0
[INFO] [stderr]   Downloaded toql_role_expr_parser v0.4.0
[INFO] [stderr]   Downloaded toql_enum_derive v0.4.0
[INFO] [stderr]   Downloaded toql_query_parser v0.4.0
[INFO] [stderr]   Downloaded toql_sql_expr_macro v0.4.0
[INFO] [stderr]   Downloaded toql_fields_macro v0.4.0
[INFO] [stderr]   Downloaded toql_paths_macro v0.4.0
[INFO] [stderr]   Downloaded toql_query_macro v0.4.0
[INFO] running `Command { std: "docker" "create" "-v" "/var/lib/crater-agent-workspace/builds/worker-3-tc1/target:/opt/rustwide/target:rw,Z" "-v" "/var/lib/crater-agent-workspace/builds/worker-3-tc1/source:/opt/rustwide/workdir:ro,Z" "-v" "/var/lib/crater-agent-workspace/cargo-home:/opt/rustwide/cargo-home:ro,Z" "-v" "/var/lib/crater-agent-workspace/rustup-home:/opt/rustwide/rustup-home:ro,Z" "-e" "SOURCE_DIR=/opt/rustwide/workdir" "-e" "CARGO_TARGET_DIR=/opt/rustwide/target" "-e" "CARGO_HOME=/opt/rustwide/cargo-home" "-e" "RUSTUP_HOME=/opt/rustwide/rustup-home" "-w" "/opt/rustwide/workdir" "-m" "1610612736" "--user" "0:0" "--network" "none" "ghcr.io/rust-lang/crates-build-env/linux@sha256:2788e3201cd34a07e3172128adcd8b3090168a8e3bcc40d7c032b9dda1df7d1c" "/opt/rustwide/cargo-home/bin/cargo" "+1.75.0" "metadata" "--no-deps" "--format-version=1", kill_on_drop: false }`
[INFO] [stdout] c95d0903b50e374cc24d9a8b6b35ba32236905c0090345d309271e51ee17a809
[INFO] running `Command { std: "docker" "start" "-a" "c95d0903b50e374cc24d9a8b6b35ba32236905c0090345d309271e51ee17a809", kill_on_drop: false }`
[INFO] running `Command { std: "docker" "inspect" "c95d0903b50e374cc24d9a8b6b35ba32236905c0090345d309271e51ee17a809", kill_on_drop: false }`
[INFO] running `Command { std: "docker" "rm" "-f" "c95d0903b50e374cc24d9a8b6b35ba32236905c0090345d309271e51ee17a809", kill_on_drop: false }`
[INFO] [stdout] c95d0903b50e374cc24d9a8b6b35ba32236905c0090345d309271e51ee17a809
[INFO] running `Command { std: "docker" "create" "-v" "/var/lib/crater-agent-workspace/builds/worker-3-tc1/target:/opt/rustwide/target:rw,Z" "-v" "/var/lib/crater-agent-workspace/builds/worker-3-tc1/source:/opt/rustwide/workdir:ro,Z" "-v" "/var/lib/crater-agent-workspace/cargo-home:/opt/rustwide/cargo-home:ro,Z" "-v" "/var/lib/crater-agent-workspace/rustup-home:/opt/rustwide/rustup-home:ro,Z" "-e" "SOURCE_DIR=/opt/rustwide/workdir" "-e" "CARGO_TARGET_DIR=/opt/rustwide/target" "-e" "CARGO_INCREMENTAL=0" "-e" "RUST_BACKTRACE=full" "-e" "RUSTFLAGS=--cap-lints=warn" "-e" "RUSTDOCFLAGS=--cap-lints=warn" "-e" "CARGO_HOME=/opt/rustwide/cargo-home" "-e" "RUSTUP_HOME=/opt/rustwide/rustup-home" "-w" "/opt/rustwide/workdir" "-m" "1610612736" "--user" "0:0" "--network" "none" "ghcr.io/rust-lang/crates-build-env/linux@sha256:2788e3201cd34a07e3172128adcd8b3090168a8e3bcc40d7c032b9dda1df7d1c" "/opt/rustwide/cargo-home/bin/cargo" "+1.75.0" "build" "--frozen" "--message-format=json", kill_on_drop: false }`
[INFO] [stdout] 44b92624c63005ab31a7a13225ba4f15799995e80e2626714267bd49910a7a3f
[INFO] running `Command { std: "docker" "start" "-a" "44b92624c63005ab31a7a13225ba4f15799995e80e2626714267bd49910a7a3f", kill_on_drop: false }`
[INFO] [stderr]    Compiling ucd-trie v0.1.6
[INFO] [stderr]    Compiling proc-macro2 v0.4.30
[INFO] [stderr]    Compiling log v0.4.20
[INFO] [stderr]    Compiling unicode-xid v0.1.0
[INFO] [stderr]    Compiling syn v0.15.44
[INFO] [stderr]    Compiling fnv v1.0.7
[INFO] [stderr]    Compiling quick-error v1.2.3
[INFO] [stderr]    Compiling ident_case v1.0.1
[INFO] [stderr]    Compiling strsim v0.7.0
[INFO] [stderr]    Compiling unicode-segmentation v1.10.1
[INFO] [stderr]    Compiling termcolor v1.4.0
[INFO] [stderr]    Compiling tracing-core v0.1.32
[INFO] [stderr]    Compiling syn v2.0.48
[INFO] [stderr]    Compiling atty v0.2.14
[INFO] [stderr]    Compiling ahash v0.7.7
[INFO] [stderr]    Compiling num-traits v0.2.17
[INFO] [stderr]    Compiling humantime v1.3.0
[INFO] [stderr]    Compiling getrandom v0.2.11
[INFO] [stderr]    Compiling async-trait v0.1.77
[INFO] [stderr]    Compiling syn v1.0.109
[INFO] [stderr]    Compiling iana-time-zone v0.1.59
[INFO] [stderr]    Compiling levenshtein v1.0.5
[INFO] [stderr]    Compiling env_logger v0.6.2
[INFO] [stderr]    Compiling heck v0.3.3
[INFO] [stderr]    Compiling hashbrown v0.11.2
[INFO] [stderr]    Compiling quote v0.6.13
[INFO] [stderr]    Compiling lru v0.6.6
[INFO] [stderr]    Compiling chrono v0.4.31
[INFO] [stderr]    Compiling darling_core v0.9.0
[INFO] [stderr]    Compiling toql_derive v0.4.0
[INFO] [stderr]    Compiling thiserror-impl v1.0.56
[INFO] [stderr]    Compiling tracing-attributes v0.1.27
[INFO] [stderr]    Compiling darling_macro v0.9.0
[INFO] [stderr]    Compiling thiserror v1.0.56
[INFO] [stderr]    Compiling tracing v0.1.40
[INFO] [stderr]    Compiling pest v2.7.6
[INFO] [stderr]    Compiling enquote v1.1.0
[INFO] [stderr]    Compiling darling v0.9.0
[INFO] [stderr]    Compiling toql_enum_derive v0.4.0
[INFO] [stderr]    Compiling pest_meta v2.7.6
[INFO] [stderr]    Compiling pest_generator v2.7.6
[INFO] [stderr]    Compiling pest_derive v2.7.6
[INFO] [stderr]    Compiling toql_field_list_parser v0.4.0
[INFO] [stderr]    Compiling toql_sql_expr_parser v0.4.0
[INFO] [stderr]    Compiling toql_query_parser v0.4.0
[INFO] [stderr]    Compiling toql_role_expr_parser v0.4.0
[INFO] [stderr]    Compiling toql_core v0.4.2
[INFO] [stderr]    Compiling toql_fields_macro v0.4.0
[INFO] [stderr]    Compiling toql_paths_macro v0.4.0
[INFO] [stderr]    Compiling toql_sql_expr_macro v0.4.0
[INFO] [stderr]    Compiling toql_role_expr_macro v0.4.0
[INFO] [stderr]    Compiling toql_query_macro v0.4.0
[INFO] [stderr]    Compiling toql v0.4.2 (/opt/rustwide/workdir)
[INFO] [stderr]     Finished dev [unoptimized + debuginfo] target(s) in 8.61s
[INFO] running `Command { std: "docker" "inspect" "44b92624c63005ab31a7a13225ba4f15799995e80e2626714267bd49910a7a3f", kill_on_drop: false }`
[INFO] running `Command { std: "docker" "rm" "-f" "44b92624c63005ab31a7a13225ba4f15799995e80e2626714267bd49910a7a3f", kill_on_drop: false }`
[INFO] [stdout] 44b92624c63005ab31a7a13225ba4f15799995e80e2626714267bd49910a7a3f
[INFO] running `Command { std: "docker" "create" "-v" "/var/lib/crater-agent-workspace/builds/worker-3-tc1/target:/opt/rustwide/target:rw,Z" "-v" "/var/lib/crater-agent-workspace/builds/worker-3-tc1/source:/opt/rustwide/workdir:ro,Z" "-v" "/var/lib/crater-agent-workspace/cargo-home:/opt/rustwide/cargo-home:ro,Z" "-v" "/var/lib/crater-agent-workspace/rustup-home:/opt/rustwide/rustup-home:ro,Z" "-e" "SOURCE_DIR=/opt/rustwide/workdir" "-e" "CARGO_TARGET_DIR=/opt/rustwide/target" "-e" "CARGO_INCREMENTAL=0" "-e" "RUST_BACKTRACE=full" "-e" "RUSTFLAGS=--cap-lints=warn" "-e" "RUSTDOCFLAGS=--cap-lints=warn" "-e" "CARGO_HOME=/opt/rustwide/cargo-home" "-e" "RUSTUP_HOME=/opt/rustwide/rustup-home" "-w" "/opt/rustwide/workdir" "-m" "1610612736" "--user" "0:0" "--network" "none" "ghcr.io/rust-lang/crates-build-env/linux@sha256:2788e3201cd34a07e3172128adcd8b3090168a8e3bcc40d7c032b9dda1df7d1c" "/opt/rustwide/cargo-home/bin/cargo" "+1.75.0" "test" "--frozen" "--no-run" "--message-format=json", kill_on_drop: false }`
[INFO] [stdout] 6968f0b4012266256e2b816a0818c71315a0779a9ca26b7cffd4208a1b2f8263
[INFO] running `Command { std: "docker" "start" "-a" "6968f0b4012266256e2b816a0818c71315a0779a9ca26b7cffd4208a1b2f8263", kill_on_drop: false }`
[INFO] [stderr]    Compiling smallvec v1.11.2
[INFO] [stderr]    Compiling lock_api v0.4.11
[INFO] [stderr]    Compiling parking_lot_core v0.9.9
[INFO] [stderr]    Compiling regex-syntax v0.6.29
[INFO] [stderr]    Compiling serde v1.0.194
[INFO] [stderr]    Compiling serde_json v1.0.111
[INFO] [stderr]    Compiling ryu v1.0.16
[INFO] [stderr]    Compiling scopeguard v1.2.0
[INFO] [stderr]    Compiling itoa v1.0.10
[INFO] [stderr]    Compiling tracing-log v0.1.4
[INFO] [stderr]    Compiling sharded-slab v0.1.7
[INFO] [stderr]    Compiling thread_local v1.1.7
[INFO] [stderr]    Compiling ansi_term v0.12.1
[INFO] [stderr]    Compiling tokio-macros v2.2.0
[INFO] [stderr]    Compiling tracing-test-macro v0.1.0
[INFO] [stderr]    Compiling socket2 v0.5.5
[INFO] [stderr]    Compiling diff v0.1.13
[INFO] [stderr]    Compiling yansi v0.5.1
[INFO] [stderr]    Compiling pretty_assertions v1.4.0
[INFO] [stderr]    Compiling parking_lot v0.12.1
[INFO] [stderr]    Compiling tokio v1.35.1
[INFO] [stderr]    Compiling regex-automata v0.1.10
[INFO] [stderr]    Compiling matchers v0.0.1
[INFO] [stderr]    Compiling tracing-serde v0.1.3
[INFO] [stderr]    Compiling tracing-subscriber v0.2.25
[INFO] [stderr]    Compiling tracing-test v0.1.0
[INFO] [stderr]    Compiling toql v0.4.2 (/opt/rustwide/workdir)
[INFO] [stdout] error[E0433]: failed to resolve: could not find `TableMapperError` in `table_mapper`
[INFO] [stdout]   --> tests/partial_join.rs:32:26
[INFO] [stdout]    |
[INFO] [stdout] 32 | #[derive(Debug, Default, Toql)]
[INFO] [stdout]    |                          ^^^^ could not find `TableMapperError` in `table_mapper`
[INFO] [stdout]    |
[INFO] [stdout]    = note: this error originates in the derive macro `Toql` (in Nightly builds, run with -Z macro-backtrace for more info)
[INFO] [stdout] help: a struct with a similar name exists
[INFO] [stdout]    |
[INFO] [stdout] 32 | #[derive(Debug, Default, TableMapper)]
[INFO] [stdout]    |                          ~~~~~~~~~~~
[INFO] [stdout] help: consider importing one of these items
[INFO] [stdout]    |
[INFO] [stdout] 1  + use toql::table_mapper::error::TableMapperError;
[INFO] [stdout]    |
[INFO] [stdout] 1  + use toql_core::table_mapper::error::TableMapperError;
[INFO] [stdout]    |
[INFO] [stdout] 
[INFO] [stdout] 
[INFO] [stdout] error[E0433]: failed to resolve: could not find `TableMapperError` in `table_mapper`
[INFO] [stdout]   --> tests/partial_join.rs:42:26
[INFO] [stdout]    |
[INFO] [stdout] 42 | #[derive(Debug, Default, Toql)]
[INFO] [stdout]    |                          ^^^^ could not find `TableMapperError` in `table_mapper`
[INFO] [stdout]    |
[INFO] [stdout]    = note: this error originates in the derive macro `Toql` (in Nightly builds, run with -Z macro-backtrace for more info)
[INFO] [stdout] help: a struct with a similar name exists
[INFO] [stdout]    |
[INFO] [stdout] 42 | #[derive(Debug, Default, TableMapper)]
[INFO] [stdout]    |                          ~~~~~~~~~~~
[INFO] [stdout] help: consider importing one of these items
[INFO] [stdout]    |
[INFO] [stdout] 1  + use toql::table_mapper::error::TableMapperError;
[INFO] [stdout]    |
[INFO] [stdout] 1  + use toql_core::table_mapper::error::TableMapperError;
[INFO] [stdout]    |
[INFO] [stdout] 
[INFO] [stdout] 
[INFO] [stdout] error[E0433]: failed to resolve: could not find `TableMapperError` in `table_mapper`
[INFO] [stdout]   --> tests/merge_partial_join.rs:16:26
[INFO] [stdout]    |
[INFO] [stdout] 16 | #[derive(Debug, Default, Toql)]
[INFO] [stdout]    |                          ^^^^ could not find `TableMapperError` in `table_mapper`
[INFO] [stdout]    |
[INFO] [stdout]    = note: this error originates in the derive macro `Toql` (in Nightly builds, run with -Z macro-backtrace for more info)
[INFO] [stdout] help: a struct with a similar name exists
[INFO] [stdout]    |
[INFO] [stdout] 16 | #[derive(Debug, Default, TableMapper)]
[INFO] [stdout]    |                          ~~~~~~~~~~~
[INFO] [stdout] help: consider importing one of these items
[INFO] [stdout]    |
[INFO] [stdout] 1  + use toql::table_mapper::error::TableMapperError;
[INFO] [stdout]    |
[INFO] [stdout] 1  + use toql_core::table_mapper::error::TableMapperError;
[INFO] [stdout]    |
[INFO] [stdout] 
[INFO] [stdout] 
[INFO] [stdout] warning: field `text2` is never read
[INFO] [stdout]   --> tests/selection_join.rs:13:5
[INFO] [stdout]    |
[INFO] [stdout] 7  | pub struct Level1 {
[INFO] [stdout]    |            ------ field in this struct
[INFO] [stdout] ...
[INFO] [stdout] 13 |     text2: Option<String>,
[INFO] [stdout]    |     ^^^^^
[INFO] [stdout]    |
[INFO] [stdout]    = note: `Level1` has a derived impl for the trait `Debug`, but this is intentionally ignored during dead code analysis
[INFO] [stdout]    = note: `#[warn(dead_code)]` on by default
[INFO] [stdout] 
[INFO] [stdout] 
[INFO] [stdout] warning: field `text2` is never read
[INFO] [stdout]   --> tests/selection_merge.rs:15:5
[INFO] [stdout]    |
[INFO] [stdout] 8  | pub struct Level1 {
[INFO] [stdout]    |            ------ field in this struct
[INFO] [stdout] ...
[INFO] [stdout] 15 |     text2: Option<String>,
[INFO] [stdout]    |     ^^^^^
[INFO] [stdout]    |
[INFO] [stdout]    = note: `Level1` has a derived impl for the trait `Debug`, but this is intentionally ignored during dead code analysis
[INFO] [stdout]    = note: `#[warn(dead_code)]` on by default
[INFO] [stdout] 
[INFO] [stdout] 
[INFO] [stdout] error: aborting due to 2 previous errors
[INFO] [stdout] 
[INFO] [stdout] 
[INFO] [stdout] For more information about this error, try `rustc --explain E0433`.
[INFO] [stdout] 
[INFO] [stderr] error: could not compile `toql` (test "partial_join") due to 3 previous errors
[INFO] [stderr] warning: build failed, waiting for other jobs to finish...
[INFO] [stdout] warning: fields `text1`, `text2`, and `text3` are never read
[INFO] [stdout]   --> tests/aux_params.rs:21:5
[INFO] [stdout]    |
[INFO] [stdout] 17 | pub struct Level1 {
[INFO] [stdout]    |            ------ fields in this struct
[INFO] [stdout] ...
[INFO] [stdout] 21 |     text1: Option<String>,
[INFO] [stdout]    |     ^^^^^
[INFO] [stdout] ...
[INFO] [stdout] 25 |     text2: Option<String>,
[INFO] [stdout]    |     ^^^^^
[INFO] [stdout] ...
[INFO] [stdout] 32 |     text3: Option<String>,
[INFO] [stdout]    |     ^^^^^
[INFO] [stdout]    |
[INFO] [stdout]    = note: `Level1` has a derived impl for the trait `Debug`, but this is intentionally ignored during dead code analysis
[INFO] [stdout]    = note: `#[warn(dead_code)]` on by default
[INFO] [stdout] 
[INFO] [stdout] 
[INFO] [stdout] warning: unused borrow that must be used
[INFO] [stdout]   --> tests/field_roles_join.rs:52:26
[INFO] [stdout]    |
[INFO] [stdout] 52 | #[derive(Debug, Default, Toql)]
[INFO] [stdout]    |                          ^^^^ the borrow produces a value
[INFO] [stdout]    |
[INFO] [stdout]    = note: `#[warn(unused_must_use)]` on by default
[INFO] [stdout]    = note: this warning originates in the derive macro `Toql` (in Nightly builds, run with -Z macro-backtrace for more info)
[INFO] [stdout] 
[INFO] [stdout] 
[INFO] [stdout] error: aborting due to previous error
[INFO] [stdout] 
[INFO] [stdout] 
[INFO] [stdout] For more information about this error, try `rustc --explain E0433`.
[INFO] [stdout] 
[INFO] [stderr] error: could not compile `toql` (test "merge_partial_join") due to 2 previous errors
[INFO] [stdout] warning: unused borrow that must be used
[INFO] [stdout]  --> tests/inner_join.rs:7:26
[INFO] [stdout]   |
[INFO] [stdout] 7 | #[derive(Debug, Default, Toql)]
[INFO] [stdout]   |                          ^^^^ the borrow produces a value
[INFO] [stdout]   |
[INFO] [stdout]   = note: `#[warn(unused_must_use)]` on by default
[INFO] [stdout]   = note: this warning originates in the derive macro `Toql` (in Nightly builds, run with -Z macro-backtrace for more info)
[INFO] [stdout] 
[INFO] [stdout] 
[INFO] [stdout] warning: unused borrow that must be used
[INFO] [stdout]   --> tests/inner_join.rs:26:26
[INFO] [stdout]    |
[INFO] [stdout] 26 | #[derive(Debug, Default, Toql)]
[INFO] [stdout]    |                          ^^^^ the borrow produces a value
[INFO] [stdout]    |
[INFO] [stdout]    = note: this warning originates in the derive macro `Toql` (in Nightly builds, run with -Z macro-backtrace for more info)
[INFO] [stdout] 
[INFO] [stdout] 
[INFO] [stdout] warning: unused borrow that must be used
[INFO] [stdout]   --> tests/merge_join.rs:35:26
[INFO] [stdout]    |
[INFO] [stdout] 35 | #[derive(Debug, Default, Toql)]
[INFO] [stdout]    |                          ^^^^ the borrow produces a value
[INFO] [stdout]    |
[INFO] [stdout]    = note: `#[warn(unused_must_use)]` on by default
[INFO] [stdout]    = note: this warning originates in the derive macro `Toql` (in Nightly builds, run with -Z macro-backtrace for more info)
[INFO] [stdout] 
[INFO] [stdout] 
[INFO] [stderr] error: could not compile `toql` (test "inner_join"); 2 warnings emitted
[INFO] [stderr] 
[INFO] [stderr] Caused by:
[INFO] [stderr]   process didn't exit successfully: `/opt/rustwide/rustup-home/toolchains/1.75.0-x86_64-unknown-linux-gnu/bin/rustc --crate-name inner_join --edition=2018 tests/inner_join.rs --error-format=json --json=diagnostic-rendered-ansi,artifacts,future-incompat --emit=dep-info,link -C embed-bitcode=no -C debuginfo=2 --test -C metadata=5b17f4acbe396408 -C extra-filename=-5b17f4acbe396408 --out-dir /opt/rustwide/target/debug/deps -L dependency=/opt/rustwide/target/debug/deps --extern async_trait=/opt/rustwide/target/debug/deps/libasync_trait-8f969086d48f495e.so --extern log=/opt/rustwide/target/debug/deps/liblog-e491f2c1d0b13538.rlib --extern pretty_assertions=/opt/rustwide/target/debug/deps/libpretty_assertions-79bd69a9b27d8191.rlib --extern tokio=/opt/rustwide/target/debug/deps/libtokio-efefc11c77366aa1.rlib --extern toql=/opt/rustwide/target/debug/deps/libtoql-86055a62a84085b9.rlib --extern toql_core=/opt/rustwide/target/debug/deps/libtoql_core-fef46ecde505d03e.rlib --extern toql_derive=/opt/rustwide/target/debug/deps/libtoql_derive-b310bcc7349c2888.so --extern toql_enum_derive=/opt/rustwide/target/debug/deps/libtoql_enum_derive-3342fdff8c5cb745.so --extern toql_field_list_parser=/opt/rustwide/target/debug/deps/libtoql_field_list_parser-9a3c24b945747296.rlib --extern toql_fields_macro=/opt/rustwide/target/debug/deps/libtoql_fields_macro-abc0a483aac76ac5.so --extern toql_paths_macro=/opt/rustwide/target/debug/deps/libtoql_paths_macro-7d1ca4b9ee0e72b3.so --extern toql_query_macro=/opt/rustwide/target/debug/deps/libtoql_query_macro-cae327db1ab8f0b2.so --extern toql_query_parser=/opt/rustwide/target/debug/deps/libtoql_query_parser-b817af65571fa5d4.rlib --extern toql_role_expr_macro=/opt/rustwide/target/debug/deps/libtoql_role_expr_macro-dfe6c1afd629828e.so --extern toql_role_expr_parser=/opt/rustwide/target/debug/deps/libtoql_role_expr_parser-f727e4d57d4b7ed3.rlib --extern toql_sql_expr_macro=/opt/rustwide/target/debug/deps/libtoql_sql_expr_macro-5b1e66d3680b29b7.so --extern toql_sql_expr_parser=/opt/rustwide/target/debug/deps/libtoql_sql_expr_parser-0d3f9003a3feae77.rlib --extern tracing=/opt/rustwide/target/debug/deps/libtracing-0cd53d04551f466e.rlib --extern tracing_test=/opt/rustwide/target/debug/deps/libtracing_test-4d60c15842a3a238.rlib --cap-lints=warn` (signal: 9, SIGKILL: kill)
[INFO] [stderr] error: could not compile `toql` (test "merge")
[INFO] [stderr] 
[INFO] [stderr] Caused by:
[INFO] [stderr]   process didn't exit successfully: `/opt/rustwide/rustup-home/toolchains/1.75.0-x86_64-unknown-linux-gnu/bin/rustc --crate-name merge --edition=2018 tests/merge.rs --error-format=json --json=diagnostic-rendered-ansi,artifacts,future-incompat --emit=dep-info,link -C embed-bitcode=no -C debuginfo=2 --test -C metadata=293aa4f3065aa3ed -C extra-filename=-293aa4f3065aa3ed --out-dir /opt/rustwide/target/debug/deps -L dependency=/opt/rustwide/target/debug/deps --extern async_trait=/opt/rustwide/target/debug/deps/libasync_trait-8f969086d48f495e.so --extern log=/opt/rustwide/target/debug/deps/liblog-e491f2c1d0b13538.rlib --extern pretty_assertions=/opt/rustwide/target/debug/deps/libpretty_assertions-79bd69a9b27d8191.rlib --extern tokio=/opt/rustwide/target/debug/deps/libtokio-efefc11c77366aa1.rlib --extern toql=/opt/rustwide/target/debug/deps/libtoql-86055a62a84085b9.rlib --extern toql_core=/opt/rustwide/target/debug/deps/libtoql_core-fef46ecde505d03e.rlib --extern toql_derive=/opt/rustwide/target/debug/deps/libtoql_derive-b310bcc7349c2888.so --extern toql_enum_derive=/opt/rustwide/target/debug/deps/libtoql_enum_derive-3342fdff8c5cb745.so --extern toql_field_list_parser=/opt/rustwide/target/debug/deps/libtoql_field_list_parser-9a3c24b945747296.rlib --extern toql_fields_macro=/opt/rustwide/target/debug/deps/libtoql_fields_macro-abc0a483aac76ac5.so --extern toql_paths_macro=/opt/rustwide/target/debug/deps/libtoql_paths_macro-7d1ca4b9ee0e72b3.so --extern toql_query_macro=/opt/rustwide/target/debug/deps/libtoql_query_macro-cae327db1ab8f0b2.so --extern toql_query_parser=/opt/rustwide/target/debug/deps/libtoql_query_parser-b817af65571fa5d4.rlib --extern toql_role_expr_macro=/opt/rustwide/target/debug/deps/libtoql_role_expr_macro-dfe6c1afd629828e.so --extern toql_role_expr_parser=/opt/rustwide/target/debug/deps/libtoql_role_expr_parser-f727e4d57d4b7ed3.rlib --extern toql_sql_expr_macro=/opt/rustwide/target/debug/deps/libtoql_sql_expr_macro-5b1e66d3680b29b7.so --extern toql_sql_expr_parser=/opt/rustwide/target/debug/deps/libtoql_sql_expr_parser-0d3f9003a3feae77.rlib --extern tracing=/opt/rustwide/target/debug/deps/libtracing-0cd53d04551f466e.rlib --extern tracing_test=/opt/rustwide/target/debug/deps/libtracing_test-4d60c15842a3a238.rlib --cap-lints=warn` (signal: 9, SIGKILL: kill)
[INFO] [stderr] error: could not compile `toql` (test "field_roles_join"); 1 warning emitted
[INFO] [stderr] 
[INFO] [stderr] Caused by:
[INFO] [stderr]   process didn't exit successfully: `/opt/rustwide/rustup-home/toolchains/1.75.0-x86_64-unknown-linux-gnu/bin/rustc --crate-name field_roles_join --edition=2018 tests/field_roles_join.rs --error-format=json --json=diagnostic-rendered-ansi,artifacts,future-incompat --emit=dep-info,link -C embed-bitcode=no -C debuginfo=2 --test -C metadata=0030e70483c95b7e -C extra-filename=-0030e70483c95b7e --out-dir /opt/rustwide/target/debug/deps -L dependency=/opt/rustwide/target/debug/deps --extern async_trait=/opt/rustwide/target/debug/deps/libasync_trait-8f969086d48f495e.so --extern log=/opt/rustwide/target/debug/deps/liblog-e491f2c1d0b13538.rlib --extern pretty_assertions=/opt/rustwide/target/debug/deps/libpretty_assertions-79bd69a9b27d8191.rlib --extern tokio=/opt/rustwide/target/debug/deps/libtokio-efefc11c77366aa1.rlib --extern toql=/opt/rustwide/target/debug/deps/libtoql-86055a62a84085b9.rlib --extern toql_core=/opt/rustwide/target/debug/deps/libtoql_core-fef46ecde505d03e.rlib --extern toql_derive=/opt/rustwide/target/debug/deps/libtoql_derive-b310bcc7349c2888.so --extern toql_enum_derive=/opt/rustwide/target/debug/deps/libtoql_enum_derive-3342fdff8c5cb745.so --extern toql_field_list_parser=/opt/rustwide/target/debug/deps/libtoql_field_list_parser-9a3c24b945747296.rlib --extern toql_fields_macro=/opt/rustwide/target/debug/deps/libtoql_fields_macro-abc0a483aac76ac5.so --extern toql_paths_macro=/opt/rustwide/target/debug/deps/libtoql_paths_macro-7d1ca4b9ee0e72b3.so --extern toql_query_macro=/opt/rustwide/target/debug/deps/libtoql_query_macro-cae327db1ab8f0b2.so --extern toql_query_parser=/opt/rustwide/target/debug/deps/libtoql_query_parser-b817af65571fa5d4.rlib --extern toql_role_expr_macro=/opt/rustwide/target/debug/deps/libtoql_role_expr_macro-dfe6c1afd629828e.so --extern toql_role_expr_parser=/opt/rustwide/target/debug/deps/libtoql_role_expr_parser-f727e4d57d4b7ed3.rlib --extern toql_sql_expr_macro=/opt/rustwide/target/debug/deps/libtoql_sql_expr_macro-5b1e66d3680b29b7.so --extern toql_sql_expr_parser=/opt/rustwide/target/debug/deps/libtoql_sql_expr_parser-0d3f9003a3feae77.rlib --extern tracing=/opt/rustwide/target/debug/deps/libtracing-0cd53d04551f466e.rlib --extern tracing_test=/opt/rustwide/target/debug/deps/libtracing_test-4d60c15842a3a238.rlib --cap-lints=warn` (signal: 9, SIGKILL: kill)
[INFO] [stderr] error: could not compile `toql` (test "field_roles_merges")
[INFO] [stderr] 
[INFO] [stderr] Caused by:
[INFO] [stderr]   process didn't exit successfully: `/opt/rustwide/rustup-home/toolchains/1.75.0-x86_64-unknown-linux-gnu/bin/rustc --crate-name field_roles_merges --edition=2018 tests/field_roles_merges.rs --error-format=json --json=diagnostic-rendered-ansi,artifacts,future-incompat --emit=dep-info,link -C embed-bitcode=no -C debuginfo=2 --test -C metadata=9fcbad0ca63dc820 -C extra-filename=-9fcbad0ca63dc820 --out-dir /opt/rustwide/target/debug/deps -L dependency=/opt/rustwide/target/debug/deps --extern async_trait=/opt/rustwide/target/debug/deps/libasync_trait-8f969086d48f495e.so --extern log=/opt/rustwide/target/debug/deps/liblog-e491f2c1d0b13538.rlib --extern pretty_assertions=/opt/rustwide/target/debug/deps/libpretty_assertions-79bd69a9b27d8191.rlib --extern tokio=/opt/rustwide/target/debug/deps/libtokio-efefc11c77366aa1.rlib --extern toql=/opt/rustwide/target/debug/deps/libtoql-86055a62a84085b9.rlib --extern toql_core=/opt/rustwide/target/debug/deps/libtoql_core-fef46ecde505d03e.rlib --extern toql_derive=/opt/rustwide/target/debug/deps/libtoql_derive-b310bcc7349c2888.so --extern toql_enum_derive=/opt/rustwide/target/debug/deps/libtoql_enum_derive-3342fdff8c5cb745.so --extern toql_field_list_parser=/opt/rustwide/target/debug/deps/libtoql_field_list_parser-9a3c24b945747296.rlib --extern toql_fields_macro=/opt/rustwide/target/debug/deps/libtoql_fields_macro-abc0a483aac76ac5.so --extern toql_paths_macro=/opt/rustwide/target/debug/deps/libtoql_paths_macro-7d1ca4b9ee0e72b3.so --extern toql_query_macro=/opt/rustwide/target/debug/deps/libtoql_query_macro-cae327db1ab8f0b2.so --extern toql_query_parser=/opt/rustwide/target/debug/deps/libtoql_query_parser-b817af65571fa5d4.rlib --extern toql_role_expr_macro=/opt/rustwide/target/debug/deps/libtoql_role_expr_macro-dfe6c1afd629828e.so --extern toql_role_expr_parser=/opt/rustwide/target/debug/deps/libtoql_role_expr_parser-f727e4d57d4b7ed3.rlib --extern toql_sql_expr_macro=/opt/rustwide/target/debug/deps/libtoql_sql_expr_macro-5b1e66d3680b29b7.so --extern toql_sql_expr_parser=/opt/rustwide/target/debug/deps/libtoql_sql_expr_parser-0d3f9003a3feae77.rlib --extern tracing=/opt/rustwide/target/debug/deps/libtracing-0cd53d04551f466e.rlib --extern tracing_test=/opt/rustwide/target/debug/deps/libtracing_test-4d60c15842a3a238.rlib --cap-lints=warn` (signal: 9, SIGKILL: kill)
[INFO] [stdout] error: linking with `cc` failed: exit status: 1
[INFO] [stdout]   |
[INFO] [stdout]   = note: LC_ALL="C" PATH="/opt/rustwide/rustup-home/toolchains/1.75.0-x86_64-unknown-linux-gnu/lib/rustlib/x86_64-unknown-linux-gnu/bin:/opt/rustwide/cargo-home/bin:/usr/local/sbin:/usr/local/bin:/usr/sbin:/usr/bin:/sbin:/bin" VSLANG="1033" "cc" "-m64" "/tmp/rustc0lQOsK/symbols.o" "/opt/rustwide/target/debug/deps/count_filter-a5ae2b2d2c13aeee.count_filter.aba42e98ce983b8b-cgu.0.rcgu.o" "/opt/rustwide/target/debug/deps/count_filter-a5ae2b2d2c13aeee.count_filter.aba42e98ce983b8b-cgu.1.rcgu.o" "/opt/rustwide/target/debug/deps/count_filter-a5ae2b2d2c13aeee.count_filter.aba42e98ce983b8b-cgu.2.rcgu.o" "/opt/rustwide/target/debug/deps/count_filter-a5ae2b2d2c13aeee.count_filter.aba42e98ce983b8b-cgu.3.rcgu.o" "/opt/rustwide/target/debug/deps/count_filter-a5ae2b2d2c13aeee.count_filter.aba42e98ce983b8b-cgu.4.rcgu.o" "/opt/rustwide/target/debug/deps/count_filter-a5ae2b2d2c13aeee.count_filter.aba42e98ce983b8b-cgu.5.rcgu.o" "/opt/rustwide/target/debug/deps/count_filter-a5ae2b2d2c13aeee.count_filter.aba42e98ce983b8b-cgu.6.rcgu.o" "/opt/rustwide/target/debug/deps/count_filter-a5ae2b2d2c13aeee.count_filter.aba42e98ce983b8b-cgu.7.rcgu.o" "/opt/rustwide/target/debug/deps/count_filter-a5ae2b2d2c13aeee.count_filter.aba42e98ce983b8b-cgu.8.rcgu.o" "/opt/rustwide/target/debug/deps/count_filter-a5ae2b2d2c13aeee.pybz49ybb5aob0w.rcgu.o" "-Wl,--as-needed" "-L" "/opt/rustwide/target/debug/deps" "-L" "/opt/rustwide/rustup-home/toolchains/1.75.0-x86_64-unknown-linux-gnu/lib/rustlib/x86_64-unknown-linux-gnu/lib" "-Wl,-Bstatic" "/opt/rustwide/rustup-home/toolchains/1.75.0-x86_64-unknown-linux-gnu/lib/rustlib/x86_64-unknown-linux-gnu/lib/libtest-3df1bed8075ce1de.rlib" "/opt/rustwide/rustup-home/toolchains/1.75.0-x86_64-unknown-linux-gnu/lib/rustlib/x86_64-unknown-linux-gnu/lib/libgetopts-2076fd86b325cb5d.rlib" "/opt/rustwide/rustup-home/toolchains/1.75.0-x86_64-unknown-linux-gnu/lib/rustlib/x86_64-unknown-linux-gnu/lib/libunicode_width-caa7152ee70c190f.rlib" "/opt/rustwide/rustup-home/toolchains/1.75.0-x86_64-unknown-linux-gnu/lib/rustlib/x86_64-unknown-linux-gnu/lib/librustc_std_workspace_std-04e6425e07f02a3c.rlib" "/opt/rustwide/target/debug/deps/libtokio-efefc11c77366aa1.rlib" "/opt/rustwide/target/debug/deps/libsignal_hook_registry-f33810147f436d2a.rlib" "/opt/rustwide/target/debug/deps/libnum_cpus-cb81d41626d198af.rlib" "/opt/rustwide/target/debug/deps/libsocket2-2489340dad73c28d.rlib" "/opt/rustwide/target/debug/deps/libbytes-0a052f49710012b1.rlib" "/opt/rustwide/target/debug/deps/libmio-1f577062c0615c74.rlib" "/opt/rustwide/target/debug/deps/libparking_lot-0c7bcc779f815d26.rlib" "/opt/rustwide/target/debug/deps/libparking_lot_core-7ef8619e484c37f5.rlib" "/opt/rustwide/target/debug/deps/liblibc-f01c1240f7c859d0.rlib" "/opt/rustwide/target/debug/deps/liblock_api-2e3cdc36e2d071f0.rlib" "/opt/rustwide/target/debug/deps/libscopeguard-012e5ed929fc2fe6.rlib" "/opt/rustwide/target/debug/deps/libtracing_test-4d60c15842a3a238.rlib" "/opt/rustwide/target/debug/deps/libtracing_subscriber-e92aaec79b485b92.rlib" "/opt/rustwide/target/debug/deps/libsmallvec-19f6a51af3f3c214.rlib" "/opt/rustwide/target/debug/deps/libthread_local-146b032562066309.rlib" "/opt/rustwide/target/debug/deps/libcfg_if-61dc7a6799e72b18.rlib" "/opt/rustwide/target/debug/deps/libsharded_slab-3e7ea4dc49abc9de.rlib" "/opt/rustwide/target/debug/deps/libtracing_serde-bf2caf737d0a8a06.rlib" "/opt/rustwide/target/debug/deps/libserde_json-f7e7de9bae5c986c.rlib" "/opt/rustwide/target/debug/deps/libryu-5f304b1b6393964f.rlib" "/opt/rustwide/target/debug/deps/libitoa-5f181af53b99b92c.rlib" "/opt/rustwide/target/debug/deps/libserde-8d72183392081d4f.rlib" "/opt/rustwide/target/debug/deps/libtracing_log-62a5683947cd98a7.rlib" "/opt/rustwide/target/debug/deps/liblog-e491f2c1d0b13538.rlib" "/opt/rustwide/target/debug/deps/libansi_term-b21a82a9f4d0b6eb.rlib" "/opt/rustwide/target/debug/deps/libmatchers-67da7af080577da4.rlib" "/opt/rustwide/target/debug/deps/libregex_automata-4c60e2b0ad265c6c.rlib" "/opt/rustwide/target/debug/deps/libregex_syntax-0dc2d12e01b76027.rlib" "/opt/rustwide/target/debug/deps/libregex-3fdc9a8f6eaf81cf.rlib" "/opt/rustwide/target/debug/deps/libregex_automata-7e239e4b359aa58c.rlib" "/opt/rustwide/target/debug/deps/libaho_corasick-c461b2416345444e.rlib" "/opt/rustwide/target/debug/deps/libregex_syntax-e4dd3c3a3cb10e1d.rlib" "/opt/rustwide/target/debug/deps/libtoql-86055a62a84085b9.rlib" "/opt/rustwide/target/debug/deps/libtoql_core-fef46ecde505d03e.rlib" "/opt/rustwide/target/debug/deps/libtoql_role_expr_parser-f727e4d57d4b7ed3.rlib" "/opt/rustwide/target/debug/deps/libtoql_sql_expr_parser-0d3f9003a3feae77.rlib" "/opt/rustwide/target/debug/deps/libtracing-0cd53d04551f466e.rlib" "/opt/rustwide/target/debug/deps/libpin_project_lite-e0757e0deaa2f8a0.rlib" "/opt/rustwide/target/debug/deps/libtracing_core-b9b83a99752e221d.rlib" "/opt/rustwide/target/debug/deps/libonce_cell-63be820ac0ed0954.rlib" "/opt/rustwide/target/debug/deps/libheck-5ae36efa77c70222.rlib" "/opt/rustwide/target/debug/deps/libunicode_segmentation-7a669f4e93299c6a.rlib" "/opt/rustwide/target/debug/deps/libtoql_query_parser-b817af65571fa5d4.rlib" "/opt/rustwide/target/debug/deps/libchrono-697a4be3634de71c.rlib" "/opt/rustwide/target/debug/deps/libnum_traits-fbf3e4065138c85e.rlib" "/opt/rustwide/target/debug/deps/libiana_time_zone-528d9768cce5eb89.rlib" "/opt/rustwide/target/debug/deps/liblazy_static-591486ebcb9a7ead.rlib" "/opt/rustwide/target/debug/deps/libpest-7af5194556e6d999.rlib" "/opt/rustwide/target/debug/deps/libucd_trie-6132939a2ce7db4c.rlib" "/opt/rustwide/target/debug/deps/libmemchr-94009dd89ebb9d8d.rlib" "/opt/rustwide/target/debug/deps/libthiserror-d2111d7cb6fe900c.rlib" "/opt/rustwide/target/debug/deps/libpretty_assertions-79bd69a9b27d8191.rlib" "/opt/rustwide/target/debug/deps/libdiff-9a7fed0f3ca624f7.rlib" "/opt/rustwide/target/debug/deps/libyansi-84e5ca0e07373032.rlib" "/opt/rustwide/rustup-home/toolchains/1.75.0-x86_64-unknown-linux-gnu/lib/rustlib/x86_64-unknown-linux-gnu/lib/libstd-90f6ddbf82de36ec.rlib" "/opt/rustwide/rustup-home/toolchains/1.75.0-x86_64-unknown-linux-gnu/lib/rustlib/x86_64-unknown-linux-gnu/lib/libpanic_unwind-480c41e9d4e1f677.rlib" "/opt/rustwide/rustup-home/toolchains/1.75.0-x86_64-unknown-linux-gnu/lib/rustlib/x86_64-unknown-linux-gnu/lib/libobject-db744c0ca03eed1d.rlib" "/opt/rustwide/rustup-home/toolchains/1.75.0-x86_64-unknown-linux-gnu/lib/rustlib/x86_64-unknown-linux-gnu/lib/libmemchr-8ba652dc7d4b285a.rlib" "/opt/rustwide/rustup-home/toolchains/1.75.0-x86_64-unknown-linux-gnu/lib/rustlib/x86_64-unknown-linux-gnu/lib/libaddr2line-d5f4520a9ebc0d58.rlib" "/opt/rustwide/rustup-home/toolchains/1.75.0-x86_64-unknown-linux-gnu/lib/rustlib/x86_64-unknown-linux-gnu/lib/libgimli-4ad84de58f0cb463.rlib" "/opt/rustwide/rustup-home/toolchains/1.75.0-x86_64-unknown-linux-gnu/lib/rustlib/x86_64-unknown-linux-gnu/lib/librustc_demangle-0d10aae2e0f38735.rlib" "/opt/rustwide/rustup-home/toolchains/1.75.0-x86_64-unknown-linux-gnu/lib/rustlib/x86_64-unknown-linux-gnu/lib/libstd_detect-0c17cff739e6745b.rlib" "/opt/rustwide/rustup-home/toolchains/1.75.0-x86_64-unknown-linux-gnu/lib/rustlib/x86_64-unknown-linux-gnu/lib/libhashbrown-b29e17139dde1aa8.rlib" "/opt/rustwide/rustup-home/toolchains/1.75.0-x86_64-unknown-linux-gnu/lib/rustlib/x86_64-unknown-linux-gnu/lib/librustc_std_workspace_alloc-1f975299829cc7bd.rlib" "/opt/rustwide/rustup-home/toolchains/1.75.0-x86_64-unknown-linux-gnu/lib/rustlib/x86_64-unknown-linux-gnu/lib/libminiz_oxide-86bae3bc3079f89b.rlib" "/opt/rustwide/rustup-home/toolchains/1.75.0-x86_64-unknown-linux-gnu/lib/rustlib/x86_64-unknown-linux-gnu/lib/libadler-321b82c30dffdf5f.rlib" "/opt/rustwide/rustup-home/toolchains/1.75.0-x86_64-unknown-linux-gnu/lib/rustlib/x86_64-unknown-linux-gnu/lib/libunwind-3dd8a6810a0bdfef.rlib" "/opt/rustwide/rustup-home/toolchains/1.75.0-x86_64-unknown-linux-gnu/lib/rustlib/x86_64-unknown-linux-gnu/lib/libcfg_if-eb39a61c0c879984.rlib" "/opt/rustwide/rustup-home/toolchains/1.75.0-x86_64-unknown-linux-gnu/lib/rustlib/x86_64-unknown-linux-gnu/lib/liblibc-aa769569f91c3548.rlib" "/opt/rustwide/rustup-home/toolchains/1.75.0-x86_64-unknown-linux-gnu/lib/rustlib/x86_64-unknown-linux-gnu/lib/liballoc-510a192a50a983ed.rlib" "/opt/rustwide/rustup-home/toolchains/1.75.0-x86_64-unknown-linux-gnu/lib/rustlib/x86_64-unknown-linux-gnu/lib/librustc_std_workspace_core-0577018320f99037.rlib" "/opt/rustwide/rustup-home/toolchains/1.75.0-x86_64-unknown-linux-gnu/lib/rustlib/x86_64-unknown-linux-gnu/lib/libcore-193cf992125ccd4c.rlib" "/opt/rustwide/rustup-home/toolchains/1.75.0-x86_64-unknown-linux-gnu/lib/rustlib/x86_64-unknown-linux-gnu/lib/libcompiler_builtins-8e138eaf26ebb4a8.rlib" "-Wl,-Bdynamic" "-lgcc_s" "-lutil" "-lrt" "-lpthread" "-lm" "-ldl" "-lc" "-Wl,--eh-frame-hdr" "-Wl,-z,noexecstack" "-L" "/opt/rustwide/rustup-home/toolchains/1.75.0-x86_64-unknown-linux-gnu/lib/rustlib/x86_64-unknown-linux-gnu/lib" "-o" "/opt/rustwide/target/debug/deps/count_filter-a5ae2b2d2c13aeee" "-Wl,--gc-sections" "-pie" "-Wl,-z,relro,-z,now" "-nodefaultlibs"
[INFO] [stdout]   = note: collect2: fatal error: ld terminated with signal 9 [Killed]
[INFO] [stdout]           compilation terminated.
[INFO] [stdout]           
[INFO] [stdout] 
[INFO] [stdout] 
[INFO] [stdout] error: aborting due to previous error
[INFO] [stdout] 
[INFO] [stdout] 
[INFO] [stderr] error: could not compile `toql` (test "count_filter") due to 2 previous errors
[INFO] [stdout] error: linking with `cc` failed: exit status: 1
[INFO] [stdout]   |
[INFO] [stdout]   = note: LC_ALL="C" PATH="/opt/rustwide/rustup-home/toolchains/1.75.0-x86_64-unknown-linux-gnu/lib/rustlib/x86_64-unknown-linux-gnu/bin:/opt/rustwide/cargo-home/bin:/usr/local/sbin:/usr/local/bin:/usr/sbin:/usr/bin:/sbin:/bin" VSLANG="1033" "cc" "-m64" "/tmp/rustcoeGhSm/symbols.o" "/opt/rustwide/target/debug/deps/selection_merge-92193ee86c3a6f59.selection_merge.295f3fedfc91c59c-cgu.00.rcgu.o" "/opt/rustwide/target/debug/deps/selection_merge-92193ee86c3a6f59.selection_merge.295f3fedfc91c59c-cgu.01.rcgu.o" "/opt/rustwide/target/debug/deps/selection_merge-92193ee86c3a6f59.selection_merge.295f3fedfc91c59c-cgu.02.rcgu.o" "/opt/rustwide/target/debug/deps/selection_merge-92193ee86c3a6f59.selection_merge.295f3fedfc91c59c-cgu.03.rcgu.o" "/opt/rustwide/target/debug/deps/selection_merge-92193ee86c3a6f59.selection_merge.295f3fedfc91c59c-cgu.04.rcgu.o" "/opt/rustwide/target/debug/deps/selection_merge-92193ee86c3a6f59.selection_merge.295f3fedfc91c59c-cgu.05.rcgu.o" "/opt/rustwide/target/debug/deps/selection_merge-92193ee86c3a6f59.selection_merge.295f3fedfc91c59c-cgu.06.rcgu.o" "/opt/rustwide/target/debug/deps/selection_merge-92193ee86c3a6f59.selection_merge.295f3fedfc91c59c-cgu.07.rcgu.o" "/opt/rustwide/target/debug/deps/selection_merge-92193ee86c3a6f59.selection_merge.295f3fedfc91c59c-cgu.08.rcgu.o" "/opt/rustwide/target/debug/deps/selection_merge-92193ee86c3a6f59.selection_merge.295f3fedfc91c59c-cgu.09.rcgu.o" "/opt/rustwide/target/debug/deps/selection_merge-92193ee86c3a6f59.10t0coowhlo40jhz.rcgu.o" "-Wl,--as-needed" "-L" "/opt/rustwide/target/debug/deps" "-L" "/opt/rustwide/rustup-home/toolchains/1.75.0-x86_64-unknown-linux-gnu/lib/rustlib/x86_64-unknown-linux-gnu/lib" "-Wl,-Bstatic" "/opt/rustwide/rustup-home/toolchains/1.75.0-x86_64-unknown-linux-gnu/lib/rustlib/x86_64-unknown-linux-gnu/lib/libtest-3df1bed8075ce1de.rlib" "/opt/rustwide/rustup-home/toolchains/1.75.0-x86_64-unknown-linux-gnu/lib/rustlib/x86_64-unknown-linux-gnu/lib/libgetopts-2076fd86b325cb5d.rlib" "/opt/rustwide/rustup-home/toolchains/1.75.0-x86_64-unknown-linux-gnu/lib/rustlib/x86_64-unknown-linux-gnu/lib/libunicode_width-caa7152ee70c190f.rlib" "/opt/rustwide/rustup-home/toolchains/1.75.0-x86_64-unknown-linux-gnu/lib/rustlib/x86_64-unknown-linux-gnu/lib/librustc_std_workspace_std-04e6425e07f02a3c.rlib" "/opt/rustwide/target/debug/deps/libtokio-efefc11c77366aa1.rlib" "/opt/rustwide/target/debug/deps/libsignal_hook_registry-f33810147f436d2a.rlib" "/opt/rustwide/target/debug/deps/libnum_cpus-cb81d41626d198af.rlib" "/opt/rustwide/target/debug/deps/libsocket2-2489340dad73c28d.rlib" "/opt/rustwide/target/debug/deps/libbytes-0a052f49710012b1.rlib" "/opt/rustwide/target/debug/deps/libmio-1f577062c0615c74.rlib" "/opt/rustwide/target/debug/deps/libparking_lot-0c7bcc779f815d26.rlib" "/opt/rustwide/target/debug/deps/libparking_lot_core-7ef8619e484c37f5.rlib" "/opt/rustwide/target/debug/deps/liblibc-f01c1240f7c859d0.rlib" "/opt/rustwide/target/debug/deps/liblock_api-2e3cdc36e2d071f0.rlib" "/opt/rustwide/target/debug/deps/libscopeguard-012e5ed929fc2fe6.rlib" "/opt/rustwide/target/debug/deps/libtracing_test-4d60c15842a3a238.rlib" "/opt/rustwide/target/debug/deps/libtracing_subscriber-e92aaec79b485b92.rlib" "/opt/rustwide/target/debug/deps/libsmallvec-19f6a51af3f3c214.rlib" "/opt/rustwide/target/debug/deps/libthread_local-146b032562066309.rlib" "/opt/rustwide/target/debug/deps/libcfg_if-61dc7a6799e72b18.rlib" "/opt/rustwide/target/debug/deps/libsharded_slab-3e7ea4dc49abc9de.rlib" "/opt/rustwide/target/debug/deps/libtracing_serde-bf2caf737d0a8a06.rlib" "/opt/rustwide/target/debug/deps/libserde_json-f7e7de9bae5c986c.rlib" "/opt/rustwide/target/debug/deps/libryu-5f304b1b6393964f.rlib" "/opt/rustwide/target/debug/deps/libitoa-5f181af53b99b92c.rlib" "/opt/rustwide/target/debug/deps/libserde-8d72183392081d4f.rlib" "/opt/rustwide/target/debug/deps/libtracing_log-62a5683947cd98a7.rlib" "/opt/rustwide/target/debug/deps/liblog-e491f2c1d0b13538.rlib" "/opt/rustwide/target/debug/deps/libansi_term-b21a82a9f4d0b6eb.rlib" "/opt/rustwide/target/debug/deps/libmatchers-67da7af080577da4.rlib" "/opt/rustwide/target/debug/deps/libregex_automata-4c60e2b0ad265c6c.rlib" "/opt/rustwide/target/debug/deps/libregex_syntax-0dc2d12e01b76027.rlib" "/opt/rustwide/target/debug/deps/libregex-3fdc9a8f6eaf81cf.rlib" "/opt/rustwide/target/debug/deps/libregex_automata-7e239e4b359aa58c.rlib" "/opt/rustwide/target/debug/deps/libaho_corasick-c461b2416345444e.rlib" "/opt/rustwide/target/debug/deps/libregex_syntax-e4dd3c3a3cb10e1d.rlib" "/opt/rustwide/target/debug/deps/libtoql-86055a62a84085b9.rlib" "/opt/rustwide/target/debug/deps/libtoql_core-fef46ecde505d03e.rlib" "/opt/rustwide/target/debug/deps/libtoql_role_expr_parser-f727e4d57d4b7ed3.rlib" "/opt/rustwide/target/debug/deps/libtoql_sql_expr_parser-0d3f9003a3feae77.rlib" "/opt/rustwide/target/debug/deps/libtracing-0cd53d04551f466e.rlib" "/opt/rustwide/target/debug/deps/libpin_project_lite-e0757e0deaa2f8a0.rlib" "/opt/rustwide/target/debug/deps/libtracing_core-b9b83a99752e221d.rlib" "/opt/rustwide/target/debug/deps/libonce_cell-63be820ac0ed0954.rlib" "/opt/rustwide/target/debug/deps/libheck-5ae36efa77c70222.rlib" "/opt/rustwide/target/debug/deps/libunicode_segmentation-7a669f4e93299c6a.rlib" "/opt/rustwide/target/debug/deps/libtoql_query_parser-b817af65571fa5d4.rlib" "/opt/rustwide/target/debug/deps/libchrono-697a4be3634de71c.rlib" "/opt/rustwide/target/debug/deps/libnum_traits-fbf3e4065138c85e.rlib" "/opt/rustwide/target/debug/deps/libiana_time_zone-528d9768cce5eb89.rlib" "/opt/rustwide/target/debug/deps/liblazy_static-591486ebcb9a7ead.rlib" "/opt/rustwide/target/debug/deps/libpest-7af5194556e6d999.rlib" "/opt/rustwide/target/debug/deps/libucd_trie-6132939a2ce7db4c.rlib" "/opt/rustwide/target/debug/deps/libmemchr-94009dd89ebb9d8d.rlib" "/opt/rustwide/target/debug/deps/libthiserror-d2111d7cb6fe900c.rlib" "/opt/rustwide/rustup-home/toolchains/1.75.0-x86_64-unknown-linux-gnu/lib/rustlib/x86_64-unknown-linux-gnu/lib/libstd-90f6ddbf82de36ec.rlib" "/opt/rustwide/rustup-home/toolchains/1.75.0-x86_64-unknown-linux-gnu/lib/rustlib/x86_64-unknown-linux-gnu/lib/libpanic_unwind-480c41e9d4e1f677.rlib" "/opt/rustwide/rustup-home/toolchains/1.75.0-x86_64-unknown-linux-gnu/lib/rustlib/x86_64-unknown-linux-gnu/lib/libobject-db744c0ca03eed1d.rlib" "/opt/rustwide/rustup-home/toolchains/1.75.0-x86_64-unknown-linux-gnu/lib/rustlib/x86_64-unknown-linux-gnu/lib/libmemchr-8ba652dc7d4b285a.rlib" "/opt/rustwide/rustup-home/toolchains/1.75.0-x86_64-unknown-linux-gnu/lib/rustlib/x86_64-unknown-linux-gnu/lib/libaddr2line-d5f4520a9ebc0d58.rlib" "/opt/rustwide/rustup-home/toolchains/1.75.0-x86_64-unknown-linux-gnu/lib/rustlib/x86_64-unknown-linux-gnu/lib/libgimli-4ad84de58f0cb463.rlib" "/opt/rustwide/rustup-home/toolchains/1.75.0-x86_64-unknown-linux-gnu/lib/rustlib/x86_64-unknown-linux-gnu/lib/librustc_demangle-0d10aae2e0f38735.rlib" "/opt/rustwide/rustup-home/toolchains/1.75.0-x86_64-unknown-linux-gnu/lib/rustlib/x86_64-unknown-linux-gnu/lib/libstd_detect-0c17cff739e6745b.rlib" "/opt/rustwide/rustup-home/toolchains/1.75.0-x86_64-unknown-linux-gnu/lib/rustlib/x86_64-unknown-linux-gnu/lib/libhashbrown-b29e17139dde1aa8.rlib" "/opt/rustwide/rustup-home/toolchains/1.75.0-x86_64-unknown-linux-gnu/lib/rustlib/x86_64-unknown-linux-gnu/lib/librustc_std_workspace_alloc-1f975299829cc7bd.rlib" "/opt/rustwide/rustup-home/toolchains/1.75.0-x86_64-unknown-linux-gnu/lib/rustlib/x86_64-unknown-linux-gnu/lib/libminiz_oxide-86bae3bc3079f89b.rlib" "/opt/rustwide/rustup-home/toolchains/1.75.0-x86_64-unknown-linux-gnu/lib/rustlib/x86_64-unknown-linux-gnu/lib/libadler-321b82c30dffdf5f.rlib" "/opt/rustwide/rustup-home/toolchains/1.75.0-x86_64-unknown-linux-gnu/lib/rustlib/x86_64-unknown-linux-gnu/lib/libunwind-3dd8a6810a0bdfef.rlib" "/opt/rustwide/rustup-home/toolchains/1.75.0-x86_64-unknown-linux-gnu/lib/rustlib/x86_64-unknown-linux-gnu/lib/libcfg_if-eb39a61c0c879984.rlib" "/opt/rustwide/rustup-home/toolchains/1.75.0-x86_64-unknown-linux-gnu/lib/rustlib/x86_64-unknown-linux-gnu/lib/liblibc-aa769569f91c3548.rlib" "/opt/rustwide/rustup-home/toolchains/1.75.0-x86_64-unknown-linux-gnu/lib/rustlib/x86_64-unknown-linux-gnu/lib/liballoc-510a192a50a983ed.rlib" "/opt/rustwide/rustup-home/toolchains/1.75.0-x86_64-unknown-linux-gnu/lib/rustlib/x86_64-unknown-linux-gnu/lib/librustc_std_workspace_core-0577018320f99037.rlib" "/opt/rustwide/rustup-home/toolchains/1.75.0-x86_64-unknown-linux-gnu/lib/rustlib/x86_64-unknown-linux-gnu/lib/libcore-193cf992125ccd4c.rlib" "/opt/rustwide/rustup-home/toolchains/1.75.0-x86_64-unknown-linux-gnu/lib/rustlib/x86_64-unknown-linux-gnu/lib/libcompiler_builtins-8e138eaf26ebb4a8.rlib" "-Wl,-Bdynamic" "-lgcc_s" "-lutil" "-lrt" "-lpthread" "-lm" "-ldl" "-lc" "-Wl,--eh-frame-hdr" "-Wl,-z,noexecstack" "-L" "/opt/rustwide/rustup-home/toolchains/1.75.0-x86_64-unknown-linux-gnu/lib/rustlib/x86_64-unknown-linux-gnu/lib" "-o" "/opt/rustwide/target/debug/deps/selection_merge-92193ee86c3a6f59" "-Wl,--gc-sections" "-pie" "-Wl,-z,relro,-z,now" "-nodefaultlibs"
[INFO] [stdout]   = note: collect2: fatal error: ld terminated with signal 9 [Killed]
[INFO] [stdout]           compilation terminated.
[INFO] [stdout]           
[INFO] [stdout] 
[INFO] [stdout] 
[INFO] [stdout] error: aborting due to previous error; 1 warning emitted
[INFO] [stdout] 
[INFO] [stdout] 
[INFO] [stderr] error: could not compile `toql` (test "selection_merge") due to 2 previous errors; 1 warning emitted
[INFO] [stdout] error: linking with `cc` failed: exit status: 1
[INFO] [stdout]   |
[INFO] [stdout]   = note: LC_ALL="C" PATH="/opt/rustwide/rustup-home/toolchains/1.75.0-x86_64-unknown-linux-gnu/lib/rustlib/x86_64-unknown-linux-gnu/bin:/opt/rustwide/cargo-home/bin:/usr/local/sbin:/usr/local/bin:/usr/sbin:/usr/bin:/sbin:/bin" VSLANG="1033" "cc" "-m64" "/tmp/rustcwvP09K/symbols.o" "/opt/rustwide/target/debug/deps/aux_params-60fb53b73f9c4f47.aux_params.f0be840444d86f66-cgu.00.rcgu.o" "/opt/rustwide/target/debug/deps/aux_params-60fb53b73f9c4f47.aux_params.f0be840444d86f66-cgu.01.rcgu.o" "/opt/rustwide/target/debug/deps/aux_params-60fb53b73f9c4f47.aux_params.f0be840444d86f66-cgu.02.rcgu.o" "/opt/rustwide/target/debug/deps/aux_params-60fb53b73f9c4f47.aux_params.f0be840444d86f66-cgu.03.rcgu.o" "/opt/rustwide/target/debug/deps/aux_params-60fb53b73f9c4f47.aux_params.f0be840444d86f66-cgu.04.rcgu.o" "/opt/rustwide/target/debug/deps/aux_params-60fb53b73f9c4f47.aux_params.f0be840444d86f66-cgu.05.rcgu.o" "/opt/rustwide/target/debug/deps/aux_params-60fb53b73f9c4f47.aux_params.f0be840444d86f66-cgu.06.rcgu.o" "/opt/rustwide/target/debug/deps/aux_params-60fb53b73f9c4f47.aux_params.f0be840444d86f66-cgu.07.rcgu.o" "/opt/rustwide/target/debug/deps/aux_params-60fb53b73f9c4f47.aux_params.f0be840444d86f66-cgu.08.rcgu.o" "/opt/rustwide/target/debug/deps/aux_params-60fb53b73f9c4f47.aux_params.f0be840444d86f66-cgu.09.rcgu.o" "/opt/rustwide/target/debug/deps/aux_params-60fb53b73f9c4f47.4mxw4brmch7nt9ie.rcgu.o" "-Wl,--as-needed" "-L" "/opt/rustwide/target/debug/deps" "-L" "/opt/rustwide/rustup-home/toolchains/1.75.0-x86_64-unknown-linux-gnu/lib/rustlib/x86_64-unknown-linux-gnu/lib" "-Wl,-Bstatic" "/opt/rustwide/rustup-home/toolchains/1.75.0-x86_64-unknown-linux-gnu/lib/rustlib/x86_64-unknown-linux-gnu/lib/libtest-3df1bed8075ce1de.rlib" "/opt/rustwide/rustup-home/toolchains/1.75.0-x86_64-unknown-linux-gnu/lib/rustlib/x86_64-unknown-linux-gnu/lib/libgetopts-2076fd86b325cb5d.rlib" "/opt/rustwide/rustup-home/toolchains/1.75.0-x86_64-unknown-linux-gnu/lib/rustlib/x86_64-unknown-linux-gnu/lib/libunicode_width-caa7152ee70c190f.rlib" "/opt/rustwide/rustup-home/toolchains/1.75.0-x86_64-unknown-linux-gnu/lib/rustlib/x86_64-unknown-linux-gnu/lib/librustc_std_workspace_std-04e6425e07f02a3c.rlib" "/opt/rustwide/target/debug/deps/libtokio-efefc11c77366aa1.rlib" "/opt/rustwide/target/debug/deps/libsignal_hook_registry-f33810147f436d2a.rlib" "/opt/rustwide/target/debug/deps/libnum_cpus-cb81d41626d198af.rlib" "/opt/rustwide/target/debug/deps/libsocket2-2489340dad73c28d.rlib" "/opt/rustwide/target/debug/deps/libbytes-0a052f49710012b1.rlib" "/opt/rustwide/target/debug/deps/libmio-1f577062c0615c74.rlib" "/opt/rustwide/target/debug/deps/libparking_lot-0c7bcc779f815d26.rlib" "/opt/rustwide/target/debug/deps/libparking_lot_core-7ef8619e484c37f5.rlib" "/opt/rustwide/target/debug/deps/liblibc-f01c1240f7c859d0.rlib" "/opt/rustwide/target/debug/deps/liblock_api-2e3cdc36e2d071f0.rlib" "/opt/rustwide/target/debug/deps/libscopeguard-012e5ed929fc2fe6.rlib" "/opt/rustwide/target/debug/deps/libtracing_test-4d60c15842a3a238.rlib" "/opt/rustwide/target/debug/deps/libtracing_subscriber-e92aaec79b485b92.rlib" "/opt/rustwide/target/debug/deps/libsmallvec-19f6a51af3f3c214.rlib" "/opt/rustwide/target/debug/deps/libthread_local-146b032562066309.rlib" "/opt/rustwide/target/debug/deps/libcfg_if-61dc7a6799e72b18.rlib" "/opt/rustwide/target/debug/deps/libsharded_slab-3e7ea4dc49abc9de.rlib" "/opt/rustwide/target/debug/deps/libtracing_serde-bf2caf737d0a8a06.rlib" "/opt/rustwide/target/debug/deps/libserde_json-f7e7de9bae5c986c.rlib" "/opt/rustwide/target/debug/deps/libryu-5f304b1b6393964f.rlib" "/opt/rustwide/target/debug/deps/libitoa-5f181af53b99b92c.rlib" "/opt/rustwide/target/debug/deps/libserde-8d72183392081d4f.rlib" "/opt/rustwide/target/debug/deps/libtracing_log-62a5683947cd98a7.rlib" "/opt/rustwide/target/debug/deps/liblog-e491f2c1d0b13538.rlib" "/opt/rustwide/target/debug/deps/libansi_term-b21a82a9f4d0b6eb.rlib" "/opt/rustwide/target/debug/deps/libmatchers-67da7af080577da4.rlib" "/opt/rustwide/target/debug/deps/libregex_automata-4c60e2b0ad265c6c.rlib" "/opt/rustwide/target/debug/deps/libregex_syntax-0dc2d12e01b76027.rlib" "/opt/rustwide/target/debug/deps/libregex-3fdc9a8f6eaf81cf.rlib" "/opt/rustwide/target/debug/deps/libregex_automata-7e239e4b359aa58c.rlib" "/opt/rustwide/target/debug/deps/libaho_corasick-c461b2416345444e.rlib" "/opt/rustwide/target/debug/deps/libregex_syntax-e4dd3c3a3cb10e1d.rlib" "/opt/rustwide/target/debug/deps/libtoql-86055a62a84085b9.rlib" "/opt/rustwide/target/debug/deps/libtoql_core-fef46ecde505d03e.rlib" "/opt/rustwide/target/debug/deps/libtoql_role_expr_parser-f727e4d57d4b7ed3.rlib" "/opt/rustwide/target/debug/deps/libtoql_sql_expr_parser-0d3f9003a3feae77.rlib" "/opt/rustwide/target/debug/deps/libtracing-0cd53d04551f466e.rlib" "/opt/rustwide/target/debug/deps/libpin_project_lite-e0757e0deaa2f8a0.rlib" "/opt/rustwide/target/debug/deps/libtracing_core-b9b83a99752e221d.rlib" "/opt/rustwide/target/debug/deps/libonce_cell-63be820ac0ed0954.rlib" "/opt/rustwide/target/debug/deps/libheck-5ae36efa77c70222.rlib" "/opt/rustwide/target/debug/deps/libunicode_segmentation-7a669f4e93299c6a.rlib" "/opt/rustwide/target/debug/deps/libtoql_query_parser-b817af65571fa5d4.rlib" "/opt/rustwide/target/debug/deps/libchrono-697a4be3634de71c.rlib" "/opt/rustwide/target/debug/deps/libnum_traits-fbf3e4065138c85e.rlib" "/opt/rustwide/target/debug/deps/libiana_time_zone-528d9768cce5eb89.rlib" "/opt/rustwide/target/debug/deps/liblazy_static-591486ebcb9a7ead.rlib" "/opt/rustwide/target/debug/deps/libpest-7af5194556e6d999.rlib" "/opt/rustwide/target/debug/deps/libucd_trie-6132939a2ce7db4c.rlib" "/opt/rustwide/target/debug/deps/libmemchr-94009dd89ebb9d8d.rlib" "/opt/rustwide/target/debug/deps/libthiserror-d2111d7cb6fe900c.rlib" "/opt/rustwide/rustup-home/toolchains/1.75.0-x86_64-unknown-linux-gnu/lib/rustlib/x86_64-unknown-linux-gnu/lib/libstd-90f6ddbf82de36ec.rlib" "/opt/rustwide/rustup-home/toolchains/1.75.0-x86_64-unknown-linux-gnu/lib/rustlib/x86_64-unknown-linux-gnu/lib/libpanic_unwind-480c41e9d4e1f677.rlib" "/opt/rustwide/rustup-home/toolchains/1.75.0-x86_64-unknown-linux-gnu/lib/rustlib/x86_64-unknown-linux-gnu/lib/libobject-db744c0ca03eed1d.rlib" "/opt/rustwide/rustup-home/toolchains/1.75.0-x86_64-unknown-linux-gnu/lib/rustlib/x86_64-unknown-linux-gnu/lib/libmemchr-8ba652dc7d4b285a.rlib" "/opt/rustwide/rustup-home/toolchains/1.75.0-x86_64-unknown-linux-gnu/lib/rustlib/x86_64-unknown-linux-gnu/lib/libaddr2line-d5f4520a9ebc0d58.rlib" "/opt/rustwide/rustup-home/toolchains/1.75.0-x86_64-unknown-linux-gnu/lib/rustlib/x86_64-unknown-linux-gnu/lib/libgimli-4ad84de58f0cb463.rlib" "/opt/rustwide/rustup-home/toolchains/1.75.0-x86_64-unknown-linux-gnu/lib/rustlib/x86_64-unknown-linux-gnu/lib/librustc_demangle-0d10aae2e0f38735.rlib" "/opt/rustwide/rustup-home/toolchains/1.75.0-x86_64-unknown-linux-gnu/lib/rustlib/x86_64-unknown-linux-gnu/lib/libstd_detect-0c17cff739e6745b.rlib" "/opt/rustwide/rustup-home/toolchains/1.75.0-x86_64-unknown-linux-gnu/lib/rustlib/x86_64-unknown-linux-gnu/lib/libhashbrown-b29e17139dde1aa8.rlib" "/opt/rustwide/rustup-home/toolchains/1.75.0-x86_64-unknown-linux-gnu/lib/rustlib/x86_64-unknown-linux-gnu/lib/librustc_std_workspace_alloc-1f975299829cc7bd.rlib" "/opt/rustwide/rustup-home/toolchains/1.75.0-x86_64-unknown-linux-gnu/lib/rustlib/x86_64-unknown-linux-gnu/lib/libminiz_oxide-86bae3bc3079f89b.rlib" "/opt/rustwide/rustup-home/toolchains/1.75.0-x86_64-unknown-linux-gnu/lib/rustlib/x86_64-unknown-linux-gnu/lib/libadler-321b82c30dffdf5f.rlib" "/opt/rustwide/rustup-home/toolchains/1.75.0-x86_64-unknown-linux-gnu/lib/rustlib/x86_64-unknown-linux-gnu/lib/libunwind-3dd8a6810a0bdfef.rlib" "/opt/rustwide/rustup-home/toolchains/1.75.0-x86_64-unknown-linux-gnu/lib/rustlib/x86_64-unknown-linux-gnu/lib/libcfg_if-eb39a61c0c879984.rlib" "/opt/rustwide/rustup-home/toolchains/1.75.0-x86_64-unknown-linux-gnu/lib/rustlib/x86_64-unknown-linux-gnu/lib/liblibc-aa769569f91c3548.rlib" "/opt/rustwide/rustup-home/toolchains/1.75.0-x86_64-unknown-linux-gnu/lib/rustlib/x86_64-unknown-linux-gnu/lib/liballoc-510a192a50a983ed.rlib" "/opt/rustwide/rustup-home/toolchains/1.75.0-x86_64-unknown-linux-gnu/lib/rustlib/x86_64-unknown-linux-gnu/lib/librustc_std_workspace_core-0577018320f99037.rlib" "/opt/rustwide/rustup-home/toolchains/1.75.0-x86_64-unknown-linux-gnu/lib/rustlib/x86_64-unknown-linux-gnu/lib/libcore-193cf992125ccd4c.rlib" "/opt/rustwide/rustup-home/toolchains/1.75.0-x86_64-unknown-linux-gnu/lib/rustlib/x86_64-unknown-linux-gnu/lib/libcompiler_builtins-8e138eaf26ebb4a8.rlib" "-Wl,-Bdynamic" "-lgcc_s" "-lutil" "-lrt" "-lpthread" "-lm" "-ldl" "-lc" "-Wl,--eh-frame-hdr" "-Wl,-z,noexecstack" "-L" "/opt/rustwide/rustup-home/toolchains/1.75.0-x86_64-unknown-linux-gnu/lib/rustlib/x86_64-unknown-linux-gnu/lib" "-o" "/opt/rustwide/target/debug/deps/aux_params-60fb53b73f9c4f47" "-Wl,--gc-sections" "-pie" "-Wl,-z,relro,-z,now" "-nodefaultlibs"
[INFO] [stdout]   = note: collect2: fatal error: ld terminated with signal 9 [Killed]
[INFO] [stdout]           compilation terminated.
[INFO] [stdout]           
[INFO] [stdout] 
[INFO] [stdout] 
[INFO] [stdout] error: aborting due to previous error; 1 warning emitted
[INFO] [stdout] 
[INFO] [stdout] 
[INFO] [stderr] error: could not compile `toql` (test "aux_params") due to 2 previous errors; 1 warning emitted
[INFO] [stdout] error: linking with `cc` failed: exit status: 1
[INFO] [stdout]   |
[INFO] [stdout]   = note: LC_ALL="C" PATH="/opt/rustwide/rustup-home/toolchains/1.75.0-x86_64-unknown-linux-gnu/lib/rustlib/x86_64-unknown-linux-gnu/bin:/opt/rustwide/cargo-home/bin:/usr/local/sbin:/usr/local/bin:/usr/sbin:/usr/bin:/sbin:/bin" VSLANG="1033" "cc" "-m64" "/tmp/rustc5pL0zq/symbols.o" "/opt/rustwide/target/debug/deps/selection_join-2263560efcfb2324.selection_join.a4dbb1490cdfdf46-cgu.00.rcgu.o" "/opt/rustwide/target/debug/deps/selection_join-2263560efcfb2324.selection_join.a4dbb1490cdfdf46-cgu.01.rcgu.o" "/opt/rustwide/target/debug/deps/selection_join-2263560efcfb2324.selection_join.a4dbb1490cdfdf46-cgu.02.rcgu.o" "/opt/rustwide/target/debug/deps/selection_join-2263560efcfb2324.selection_join.a4dbb1490cdfdf46-cgu.03.rcgu.o" "/opt/rustwide/target/debug/deps/selection_join-2263560efcfb2324.selection_join.a4dbb1490cdfdf46-cgu.04.rcgu.o" "/opt/rustwide/target/debug/deps/selection_join-2263560efcfb2324.selection_join.a4dbb1490cdfdf46-cgu.05.rcgu.o" "/opt/rustwide/target/debug/deps/selection_join-2263560efcfb2324.selection_join.a4dbb1490cdfdf46-cgu.06.rcgu.o" "/opt/rustwide/target/debug/deps/selection_join-2263560efcfb2324.selection_join.a4dbb1490cdfdf46-cgu.07.rcgu.o" "/opt/rustwide/target/debug/deps/selection_join-2263560efcfb2324.selection_join.a4dbb1490cdfdf46-cgu.08.rcgu.o" "/opt/rustwide/target/debug/deps/selection_join-2263560efcfb2324.selection_join.a4dbb1490cdfdf46-cgu.09.rcgu.o" "/opt/rustwide/target/debug/deps/selection_join-2263560efcfb2324.34jpp5i5bsk08o10.rcgu.o" "-Wl,--as-needed" "-L" "/opt/rustwide/target/debug/deps" "-L" "/opt/rustwide/rustup-home/toolchains/1.75.0-x86_64-unknown-linux-gnu/lib/rustlib/x86_64-unknown-linux-gnu/lib" "-Wl,-Bstatic" "/opt/rustwide/rustup-home/toolchains/1.75.0-x86_64-unknown-linux-gnu/lib/rustlib/x86_64-unknown-linux-gnu/lib/libtest-3df1bed8075ce1de.rlib" "/opt/rustwide/rustup-home/toolchains/1.75.0-x86_64-unknown-linux-gnu/lib/rustlib/x86_64-unknown-linux-gnu/lib/libgetopts-2076fd86b325cb5d.rlib" "/opt/rustwide/rustup-home/toolchains/1.75.0-x86_64-unknown-linux-gnu/lib/rustlib/x86_64-unknown-linux-gnu/lib/libunicode_width-caa7152ee70c190f.rlib" "/opt/rustwide/rustup-home/toolchains/1.75.0-x86_64-unknown-linux-gnu/lib/rustlib/x86_64-unknown-linux-gnu/lib/librustc_std_workspace_std-04e6425e07f02a3c.rlib" "/opt/rustwide/target/debug/deps/libtokio-efefc11c77366aa1.rlib" "/opt/rustwide/target/debug/deps/libsignal_hook_registry-f33810147f436d2a.rlib" "/opt/rustwide/target/debug/deps/libnum_cpus-cb81d41626d198af.rlib" "/opt/rustwide/target/debug/deps/libsocket2-2489340dad73c28d.rlib" "/opt/rustwide/target/debug/deps/libbytes-0a052f49710012b1.rlib" "/opt/rustwide/target/debug/deps/libmio-1f577062c0615c74.rlib" "/opt/rustwide/target/debug/deps/libparking_lot-0c7bcc779f815d26.rlib" "/opt/rustwide/target/debug/deps/libparking_lot_core-7ef8619e484c37f5.rlib" "/opt/rustwide/target/debug/deps/liblibc-f01c1240f7c859d0.rlib" "/opt/rustwide/target/debug/deps/liblock_api-2e3cdc36e2d071f0.rlib" "/opt/rustwide/target/debug/deps/libscopeguard-012e5ed929fc2fe6.rlib" "/opt/rustwide/target/debug/deps/libtracing_test-4d60c15842a3a238.rlib" "/opt/rustwide/target/debug/deps/libtracing_subscriber-e92aaec79b485b92.rlib" "/opt/rustwide/target/debug/deps/libsmallvec-19f6a51af3f3c214.rlib" "/opt/rustwide/target/debug/deps/libthread_local-146b032562066309.rlib" "/opt/rustwide/target/debug/deps/libcfg_if-61dc7a6799e72b18.rlib" "/opt/rustwide/target/debug/deps/libsharded_slab-3e7ea4dc49abc9de.rlib" "/opt/rustwide/target/debug/deps/libtracing_serde-bf2caf737d0a8a06.rlib" "/opt/rustwide/target/debug/deps/libserde_json-f7e7de9bae5c986c.rlib" "/opt/rustwide/target/debug/deps/libryu-5f304b1b6393964f.rlib" "/opt/rustwide/target/debug/deps/libitoa-5f181af53b99b92c.rlib" "/opt/rustwide/target/debug/deps/libserde-8d72183392081d4f.rlib" "/opt/rustwide/target/debug/deps/libtracing_log-62a5683947cd98a7.rlib" "/opt/rustwide/target/debug/deps/liblog-e491f2c1d0b13538.rlib" "/opt/rustwide/target/debug/deps/libansi_term-b21a82a9f4d0b6eb.rlib" "/opt/rustwide/target/debug/deps/libmatchers-67da7af080577da4.rlib" "/opt/rustwide/target/debug/deps/libregex_automata-4c60e2b0ad265c6c.rlib" "/opt/rustwide/target/debug/deps/libregex_syntax-0dc2d12e01b76027.rlib" "/opt/rustwide/target/debug/deps/libregex-3fdc9a8f6eaf81cf.rlib" "/opt/rustwide/target/debug/deps/libregex_automata-7e239e4b359aa58c.rlib" "/opt/rustwide/target/debug/deps/libaho_corasick-c461b2416345444e.rlib" "/opt/rustwide/target/debug/deps/libregex_syntax-e4dd3c3a3cb10e1d.rlib" "/opt/rustwide/target/debug/deps/libtoql-86055a62a84085b9.rlib" "/opt/rustwide/target/debug/deps/libtoql_core-fef46ecde505d03e.rlib" "/opt/rustwide/target/debug/deps/libtoql_role_expr_parser-f727e4d57d4b7ed3.rlib" "/opt/rustwide/target/debug/deps/libtoql_sql_expr_parser-0d3f9003a3feae77.rlib" "/opt/rustwide/target/debug/deps/libtracing-0cd53d04551f466e.rlib" "/opt/rustwide/target/debug/deps/libpin_project_lite-e0757e0deaa2f8a0.rlib" "/opt/rustwide/target/debug/deps/libtracing_core-b9b83a99752e221d.rlib" "/opt/rustwide/target/debug/deps/libonce_cell-63be820ac0ed0954.rlib" "/opt/rustwide/target/debug/deps/libheck-5ae36efa77c70222.rlib" "/opt/rustwide/target/debug/deps/libunicode_segmentation-7a669f4e93299c6a.rlib" "/opt/rustwide/target/debug/deps/libtoql_query_parser-b817af65571fa5d4.rlib" "/opt/rustwide/target/debug/deps/libchrono-697a4be3634de71c.rlib" "/opt/rustwide/target/debug/deps/libnum_traits-fbf3e4065138c85e.rlib" "/opt/rustwide/target/debug/deps/libiana_time_zone-528d9768cce5eb89.rlib" "/opt/rustwide/target/debug/deps/liblazy_static-591486ebcb9a7ead.rlib" "/opt/rustwide/target/debug/deps/libpest-7af5194556e6d999.rlib" "/opt/rustwide/target/debug/deps/libucd_trie-6132939a2ce7db4c.rlib" "/opt/rustwide/target/debug/deps/libmemchr-94009dd89ebb9d8d.rlib" "/opt/rustwide/target/debug/deps/libthiserror-d2111d7cb6fe900c.rlib" "/opt/rustwide/rustup-home/toolchains/1.75.0-x86_64-unknown-linux-gnu/lib/rustlib/x86_64-unknown-linux-gnu/lib/libstd-90f6ddbf82de36ec.rlib" "/opt/rustwide/rustup-home/toolchains/1.75.0-x86_64-unknown-linux-gnu/lib/rustlib/x86_64-unknown-linux-gnu/lib/libpanic_unwind-480c41e9d4e1f677.rlib" "/opt/rustwide/rustup-home/toolchains/1.75.0-x86_64-unknown-linux-gnu/lib/rustlib/x86_64-unknown-linux-gnu/lib/libobject-db744c0ca03eed1d.rlib" "/opt/rustwide/rustup-home/toolchains/1.75.0-x86_64-unknown-linux-gnu/lib/rustlib/x86_64-unknown-linux-gnu/lib/libmemchr-8ba652dc7d4b285a.rlib" "/opt/rustwide/rustup-home/toolchains/1.75.0-x86_64-unknown-linux-gnu/lib/rustlib/x86_64-unknown-linux-gnu/lib/libaddr2line-d5f4520a9ebc0d58.rlib" "/opt/rustwide/rustup-home/toolchains/1.75.0-x86_64-unknown-linux-gnu/lib/rustlib/x86_64-unknown-linux-gnu/lib/libgimli-4ad84de58f0cb463.rlib" "/opt/rustwide/rustup-home/toolchains/1.75.0-x86_64-unknown-linux-gnu/lib/rustlib/x86_64-unknown-linux-gnu/lib/librustc_demangle-0d10aae2e0f38735.rlib" "/opt/rustwide/rustup-home/toolchains/1.75.0-x86_64-unknown-linux-gnu/lib/rustlib/x86_64-unknown-linux-gnu/lib/libstd_detect-0c17cff739e6745b.rlib" "/opt/rustwide/rustup-home/toolchains/1.75.0-x86_64-unknown-linux-gnu/lib/rustlib/x86_64-unknown-linux-gnu/lib/libhashbrown-b29e17139dde1aa8.rlib" "/opt/rustwide/rustup-home/toolchains/1.75.0-x86_64-unknown-linux-gnu/lib/rustlib/x86_64-unknown-linux-gnu/lib/librustc_std_workspace_alloc-1f975299829cc7bd.rlib" "/opt/rustwide/rustup-home/toolchains/1.75.0-x86_64-unknown-linux-gnu/lib/rustlib/x86_64-unknown-linux-gnu/lib/libminiz_oxide-86bae3bc3079f89b.rlib" "/opt/rustwide/rustup-home/toolchains/1.75.0-x86_64-unknown-linux-gnu/lib/rustlib/x86_64-unknown-linux-gnu/lib/libadler-321b82c30dffdf5f.rlib" "/opt/rustwide/rustup-home/toolchains/1.75.0-x86_64-unknown-linux-gnu/lib/rustlib/x86_64-unknown-linux-gnu/lib/libunwind-3dd8a6810a0bdfef.rlib" "/opt/rustwide/rustup-home/toolchains/1.75.0-x86_64-unknown-linux-gnu/lib/rustlib/x86_64-unknown-linux-gnu/lib/libcfg_if-eb39a61c0c879984.rlib" "/opt/rustwide/rustup-home/toolchains/1.75.0-x86_64-unknown-linux-gnu/lib/rustlib/x86_64-unknown-linux-gnu/lib/liblibc-aa769569f91c3548.rlib" "/opt/rustwide/rustup-home/toolchains/1.75.0-x86_64-unknown-linux-gnu/lib/rustlib/x86_64-unknown-linux-gnu/lib/liballoc-510a192a50a983ed.rlib" "/opt/rustwide/rustup-home/toolchains/1.75.0-x86_64-unknown-linux-gnu/lib/rustlib/x86_64-unknown-linux-gnu/lib/librustc_std_workspace_core-0577018320f99037.rlib" "/opt/rustwide/rustup-home/toolchains/1.75.0-x86_64-unknown-linux-gnu/lib/rustlib/x86_64-unknown-linux-gnu/lib/libcore-193cf992125ccd4c.rlib" "/opt/rustwide/rustup-home/toolchains/1.75.0-x86_64-unknown-linux-gnu/lib/rustlib/x86_64-unknown-linux-gnu/lib/libcompiler_builtins-8e138eaf26ebb4a8.rlib" "-Wl,-Bdynamic" "-lgcc_s" "-lutil" "-lrt" "-lpthread" "-lm" "-ldl" "-lc" "-Wl,--eh-frame-hdr" "-Wl,-z,noexecstack" "-L" "/opt/rustwide/rustup-home/toolchains/1.75.0-x86_64-unknown-linux-gnu/lib/rustlib/x86_64-unknown-linux-gnu/lib" "-o" "/opt/rustwide/target/debug/deps/selection_join-2263560efcfb2324" "-Wl,--gc-sections" "-pie" "-Wl,-z,relro,-z,now" "-nodefaultlibs"
[INFO] [stdout]   = note: collect2: fatal error: ld terminated with signal 9 [Killed]
[INFO] [stdout]           compilation terminated.
[INFO] [stdout]           
[INFO] [stdout] 
[INFO] [stdout] 
[INFO] [stdout] error: aborting due to previous error; 1 warning emitted
[INFO] [stdout] 
[INFO] [stdout] 
[INFO] [stderr] error: could not compile `toql` (test "selection_join") due to 2 previous errors; 1 warning emitted
[INFO] [stdout] error: linking with `cc` failed: exit status: 1
[INFO] [stdout]   |
[INFO] [stdout]   = note: LC_ALL="C" PATH="/opt/rustwide/rustup-home/toolchains/1.75.0-x86_64-unknown-linux-gnu/lib/rustlib/x86_64-unknown-linux-gnu/bin:/opt/rustwide/cargo-home/bin:/usr/local/sbin:/usr/local/bin:/usr/sbin:/usr/bin:/sbin:/bin" VSLANG="1033" "cc" "-m64" "/tmp/rustcQpqbbs/symbols.o" "/opt/rustwide/target/debug/deps/left_join_merge-560a274907c032c5.left_join_merge.9efa3a98732996e2-cgu.00.rcgu.o" "/opt/rustwide/target/debug/deps/left_join_merge-560a274907c032c5.left_join_merge.9efa3a98732996e2-cgu.01.rcgu.o" "/opt/rustwide/target/debug/deps/left_join_merge-560a274907c032c5.left_join_merge.9efa3a98732996e2-cgu.02.rcgu.o" "/opt/rustwide/target/debug/deps/left_join_merge-560a274907c032c5.left_join_merge.9efa3a98732996e2-cgu.03.rcgu.o" "/opt/rustwide/target/debug/deps/left_join_merge-560a274907c032c5.left_join_merge.9efa3a98732996e2-cgu.04.rcgu.o" "/opt/rustwide/target/debug/deps/left_join_merge-560a274907c032c5.left_join_merge.9efa3a98732996e2-cgu.05.rcgu.o" "/opt/rustwide/target/debug/deps/left_join_merge-560a274907c032c5.left_join_merge.9efa3a98732996e2-cgu.06.rcgu.o" "/opt/rustwide/target/debug/deps/left_join_merge-560a274907c032c5.left_join_merge.9efa3a98732996e2-cgu.07.rcgu.o" "/opt/rustwide/target/debug/deps/left_join_merge-560a274907c032c5.left_join_merge.9efa3a98732996e2-cgu.08.rcgu.o" "/opt/rustwide/target/debug/deps/left_join_merge-560a274907c032c5.left_join_merge.9efa3a98732996e2-cgu.09.rcgu.o" "/opt/rustwide/target/debug/deps/left_join_merge-560a274907c032c5.left_join_merge.9efa3a98732996e2-cgu.10.rcgu.o" "/opt/rustwide/target/debug/deps/left_join_merge-560a274907c032c5.left_join_merge.9efa3a98732996e2-cgu.11.rcgu.o" "/opt/rustwide/target/debug/deps/left_join_merge-560a274907c032c5.left_join_merge.9efa3a98732996e2-cgu.12.rcgu.o" "/opt/rustwide/target/debug/deps/left_join_merge-560a274907c032c5.left_join_merge.9efa3a98732996e2-cgu.13.rcgu.o" "/opt/rustwide/target/debug/deps/left_join_merge-560a274907c032c5.left_join_merge.9efa3a98732996e2-cgu.14.rcgu.o" "/opt/rustwide/target/debug/deps/left_join_merge-560a274907c032c5.left_join_merge.9efa3a98732996e2-cgu.15.rcgu.o" "/opt/rustwide/target/debug/deps/left_join_merge-560a274907c032c5.4vf5tnjj25g29mpk.rcgu.o" "-Wl,--as-needed" "-L" "/opt/rustwide/target/debug/deps" "-L" "/opt/rustwide/rustup-home/toolchains/1.75.0-x86_64-unknown-linux-gnu/lib/rustlib/x86_64-unknown-linux-gnu/lib" "-Wl,-Bstatic" "/opt/rustwide/rustup-home/toolchains/1.75.0-x86_64-unknown-linux-gnu/lib/rustlib/x86_64-unknown-linux-gnu/lib/libtest-3df1bed8075ce1de.rlib" "/opt/rustwide/rustup-home/toolchains/1.75.0-x86_64-unknown-linux-gnu/lib/rustlib/x86_64-unknown-linux-gnu/lib/libgetopts-2076fd86b325cb5d.rlib" "/opt/rustwide/rustup-home/toolchains/1.75.0-x86_64-unknown-linux-gnu/lib/rustlib/x86_64-unknown-linux-gnu/lib/libunicode_width-caa7152ee70c190f.rlib" "/opt/rustwide/rustup-home/toolchains/1.75.0-x86_64-unknown-linux-gnu/lib/rustlib/x86_64-unknown-linux-gnu/lib/librustc_std_workspace_std-04e6425e07f02a3c.rlib" "/opt/rustwide/target/debug/deps/libtokio-efefc11c77366aa1.rlib" "/opt/rustwide/target/debug/deps/libsignal_hook_registry-f33810147f436d2a.rlib" "/opt/rustwide/target/debug/deps/libnum_cpus-cb81d41626d198af.rlib" "/opt/rustwide/target/debug/deps/libsocket2-2489340dad73c28d.rlib" "/opt/rustwide/target/debug/deps/libbytes-0a052f49710012b1.rlib" "/opt/rustwide/target/debug/deps/libmio-1f577062c0615c74.rlib" "/opt/rustwide/target/debug/deps/libparking_lot-0c7bcc779f815d26.rlib" "/opt/rustwide/target/debug/deps/libparking_lot_core-7ef8619e484c37f5.rlib" "/opt/rustwide/target/debug/deps/liblibc-f01c1240f7c859d0.rlib" "/opt/rustwide/target/debug/deps/liblock_api-2e3cdc36e2d071f0.rlib" "/opt/rustwide/target/debug/deps/libscopeguard-012e5ed929fc2fe6.rlib" "/opt/rustwide/target/debug/deps/libtracing_test-4d60c15842a3a238.rlib" "/opt/rustwide/target/debug/deps/libtracing_subscriber-e92aaec79b485b92.rlib" "/opt/rustwide/target/debug/deps/libsmallvec-19f6a51af3f3c214.rlib" "/opt/rustwide/target/debug/deps/libthread_local-146b032562066309.rlib" "/opt/rustwide/target/debug/deps/libcfg_if-61dc7a6799e72b18.rlib" "/opt/rustwide/target/debug/deps/libsharded_slab-3e7ea4dc49abc9de.rlib" "/opt/rustwide/target/debug/deps/libtracing_serde-bf2caf737d0a8a06.rlib" "/opt/rustwide/target/debug/deps/libserde_json-f7e7de9bae5c986c.rlib" "/opt/rustwide/target/debug/deps/libryu-5f304b1b6393964f.rlib" "/opt/rustwide/target/debug/deps/libitoa-5f181af53b99b92c.rlib" "/opt/rustwide/target/debug/deps/libserde-8d72183392081d4f.rlib" "/opt/rustwide/target/debug/deps/libtracing_log-62a5683947cd98a7.rlib" "/opt/rustwide/target/debug/deps/liblog-e491f2c1d0b13538.rlib" "/opt/rustwide/target/debug/deps/libansi_term-b21a82a9f4d0b6eb.rlib" "/opt/rustwide/target/debug/deps/libmatchers-67da7af080577da4.rlib" "/opt/rustwide/target/debug/deps/libregex_automata-4c60e2b0ad265c6c.rlib" "/opt/rustwide/target/debug/deps/libregex_syntax-0dc2d12e01b76027.rlib" "/opt/rustwide/target/debug/deps/libregex-3fdc9a8f6eaf81cf.rlib" "/opt/rustwide/target/debug/deps/libregex_automata-7e239e4b359aa58c.rlib" "/opt/rustwide/target/debug/deps/libaho_corasick-c461b2416345444e.rlib" "/opt/rustwide/target/debug/deps/libregex_syntax-e4dd3c3a3cb10e1d.rlib" "/opt/rustwide/target/debug/deps/libtoql-86055a62a84085b9.rlib" "/opt/rustwide/target/debug/deps/libtoql_core-fef46ecde505d03e.rlib" "/opt/rustwide/target/debug/deps/libtoql_role_expr_parser-f727e4d57d4b7ed3.rlib" "/opt/rustwide/target/debug/deps/libtoql_sql_expr_parser-0d3f9003a3feae77.rlib" "/opt/rustwide/target/debug/deps/libtracing-0cd53d04551f466e.rlib" "/opt/rustwide/target/debug/deps/libpin_project_lite-e0757e0deaa2f8a0.rlib" "/opt/rustwide/target/debug/deps/libtracing_core-b9b83a99752e221d.rlib" "/opt/rustwide/target/debug/deps/libonce_cell-63be820ac0ed0954.rlib" "/opt/rustwide/target/debug/deps/libheck-5ae36efa77c70222.rlib" "/opt/rustwide/target/debug/deps/libunicode_segmentation-7a669f4e93299c6a.rlib" "/opt/rustwide/target/debug/deps/libtoql_query_parser-b817af65571fa5d4.rlib" "/opt/rustwide/target/debug/deps/libchrono-697a4be3634de71c.rlib" "/opt/rustwide/target/debug/deps/libnum_traits-fbf3e4065138c85e.rlib" "/opt/rustwide/target/debug/deps/libiana_time_zone-528d9768cce5eb89.rlib" "/opt/rustwide/target/debug/deps/liblazy_static-591486ebcb9a7ead.rlib" "/opt/rustwide/target/debug/deps/libpest-7af5194556e6d999.rlib" "/opt/rustwide/target/debug/deps/libucd_trie-6132939a2ce7db4c.rlib" "/opt/rustwide/target/debug/deps/libmemchr-94009dd89ebb9d8d.rlib" "/opt/rustwide/target/debug/deps/libthiserror-d2111d7cb6fe900c.rlib" "/opt/rustwide/rustup-home/toolchains/1.75.0-x86_64-unknown-linux-gnu/lib/rustlib/x86_64-unknown-linux-gnu/lib/libstd-90f6ddbf82de36ec.rlib" "/opt/rustwide/rustup-home/toolchains/1.75.0-x86_64-unknown-linux-gnu/lib/rustlib/x86_64-unknown-linux-gnu/lib/libpanic_unwind-480c41e9d4e1f677.rlib" "/opt/rustwide/rustup-home/toolchains/1.75.0-x86_64-unknown-linux-gnu/lib/rustlib/x86_64-unknown-linux-gnu/lib/libobject-db744c0ca03eed1d.rlib" "/opt/rustwide/rustup-home/toolchains/1.75.0-x86_64-unknown-linux-gnu/lib/rustlib/x86_64-unknown-linux-gnu/lib/libmemchr-8ba652dc7d4b285a.rlib" "/opt/rustwide/rustup-home/toolchains/1.75.0-x86_64-unknown-linux-gnu/lib/rustlib/x86_64-unknown-linux-gnu/lib/libaddr2line-d5f4520a9ebc0d58.rlib" "/opt/rustwide/rustup-home/toolchains/1.75.0-x86_64-unknown-linux-gnu/lib/rustlib/x86_64-unknown-linux-gnu/lib/libgimli-4ad84de58f0cb463.rlib" "/opt/rustwide/rustup-home/toolchains/1.75.0-x86_64-unknown-linux-gnu/lib/rustlib/x86_64-unknown-linux-gnu/lib/librustc_demangle-0d10aae2e0f38735.rlib" "/opt/rustwide/rustup-home/toolchains/1.75.0-x86_64-unknown-linux-gnu/lib/rustlib/x86_64-unknown-linux-gnu/lib/libstd_detect-0c17cff739e6745b.rlib" "/opt/rustwide/rustup-home/toolchains/1.75.0-x86_64-unknown-linux-gnu/lib/rustlib/x86_64-unknown-linux-gnu/lib/libhashbrown-b29e17139dde1aa8.rlib" "/opt/rustwide/rustup-home/toolchains/1.75.0-x86_64-unknown-linux-gnu/lib/rustlib/x86_64-unknown-linux-gnu/lib/librustc_std_workspace_alloc-1f975299829cc7bd.rlib" "/opt/rustwide/rustup-home/toolchains/1.75.0-x86_64-unknown-linux-gnu/lib/rustlib/x86_64-unknown-linux-gnu/lib/libminiz_oxide-86bae3bc3079f89b.rlib" "/opt/rustwide/rustup-home/toolchains/1.75.0-x86_64-unknown-linux-gnu/lib/rustlib/x86_64-unknown-linux-gnu/lib/libadler-321b82c30dffdf5f.rlib" "/opt/rustwide/rustup-home/toolchains/1.75.0-x86_64-unknown-linux-gnu/lib/rustlib/x86_64-unknown-linux-gnu/lib/libunwind-3dd8a6810a0bdfef.rlib" "/opt/rustwide/rustup-home/toolchains/1.75.0-x86_64-unknown-linux-gnu/lib/rustlib/x86_64-unknown-linux-gnu/lib/libcfg_if-eb39a61c0c879984.rlib" "/opt/rustwide/rustup-home/toolchains/1.75.0-x86_64-unknown-linux-gnu/lib/rustlib/x86_64-unknown-linux-gnu/lib/liblibc-aa769569f91c3548.rlib" "/opt/rustwide/rustup-home/toolchains/1.75.0-x86_64-unknown-linux-gnu/lib/rustlib/x86_64-unknown-linux-gnu/lib/liballoc-510a192a50a983ed.rlib" "/opt/rustwide/rustup-home/toolchains/1.75.0-x86_64-unknown-linux-gnu/lib/rustlib/x86_64-unknown-linux-gnu/lib/librustc_std_workspace_core-0577018320f99037.rlib" "/opt/rustwide/rustup-home/toolchains/1.75.0-x86_64-unknown-linux-gnu/lib/rustlib/x86_64-unknown-linux-gnu/lib/libcore-193cf992125ccd4c.rlib" "/opt/rustwide/rustup-home/toolchains/1.75.0-x86_64-unknown-linux-gnu/lib/rustlib/x86_64-unknown-linux-gnu/lib/libcompiler_builtins-8e138eaf26ebb4a8.rlib" "-Wl,-Bdynamic" "-lgcc_s" "-lutil" "-lrt" "-lpthread" "-lm" "-ldl" "-lc" "-Wl,--eh-frame-hdr" "-Wl,-z,noexecstack" "-L" "/opt/rustwide/rustup-home/toolchains/1.75.0-x86_64-unknown-linux-gnu/lib/rustlib/x86_64-unknown-linux-gnu/lib" "-o" "/opt/rustwide/target/debug/deps/left_join_merge-560a274907c032c5" "-Wl,--gc-sections" "-pie" "-Wl,-z,relro,-z,now" "-nodefaultlibs"
[INFO] [stdout]   = note: collect2: fatal error: ld terminated with signal 9 [Killed]
[INFO] [stdout]           compilation terminated.
[INFO] [stdout]           
[INFO] [stdout] 
[INFO] [stdout] 
[INFO] [stdout] error: aborting due to previous error
[INFO] [stdout] 
[INFO] [stdout] 
[INFO] [stderr] error: could not compile `toql` (test "left_join_merge") due to 2 previous errors
[INFO] [stdout] error: linking with `cc` failed: exit status: 1
[INFO] [stdout]   |
[INFO] [stdout]   = note: LC_ALL="C" PATH="/opt/rustwide/rustup-home/toolchains/1.75.0-x86_64-unknown-linux-gnu/lib/rustlib/x86_64-unknown-linux-gnu/bin:/opt/rustwide/cargo-home/bin:/usr/local/sbin:/usr/local/bin:/usr/sbin:/usr/bin:/sbin:/bin" VSLANG="1033" "cc" "-m64" "/tmp/rustcuaB7y5/symbols.o" "/opt/rustwide/target/debug/deps/struct_roles_merges-c146860bc68fc0df.struct_roles_merges.4850cf76fb3909e3-cgu.00.rcgu.o" "/opt/rustwide/target/debug/deps/struct_roles_merges-c146860bc68fc0df.struct_roles_merges.4850cf76fb3909e3-cgu.01.rcgu.o" "/opt/rustwide/target/debug/deps/struct_roles_merges-c146860bc68fc0df.struct_roles_merges.4850cf76fb3909e3-cgu.02.rcgu.o" "/opt/rustwide/target/debug/deps/struct_roles_merges-c146860bc68fc0df.struct_roles_merges.4850cf76fb3909e3-cgu.03.rcgu.o" "/opt/rustwide/target/debug/deps/struct_roles_merges-c146860bc68fc0df.struct_roles_merges.4850cf76fb3909e3-cgu.04.rcgu.o" "/opt/rustwide/target/debug/deps/struct_roles_merges-c146860bc68fc0df.struct_roles_merges.4850cf76fb3909e3-cgu.05.rcgu.o" "/opt/rustwide/target/debug/deps/struct_roles_merges-c146860bc68fc0df.struct_roles_merges.4850cf76fb3909e3-cgu.06.rcgu.o" "/opt/rustwide/target/debug/deps/struct_roles_merges-c146860bc68fc0df.struct_roles_merges.4850cf76fb3909e3-cgu.07.rcgu.o" "/opt/rustwide/target/debug/deps/struct_roles_merges-c146860bc68fc0df.struct_roles_merges.4850cf76fb3909e3-cgu.08.rcgu.o" "/opt/rustwide/target/debug/deps/struct_roles_merges-c146860bc68fc0df.struct_roles_merges.4850cf76fb3909e3-cgu.09.rcgu.o" "/opt/rustwide/target/debug/deps/struct_roles_merges-c146860bc68fc0df.struct_roles_merges.4850cf76fb3909e3-cgu.10.rcgu.o" "/opt/rustwide/target/debug/deps/struct_roles_merges-c146860bc68fc0df.struct_roles_merges.4850cf76fb3909e3-cgu.11.rcgu.o" "/opt/rustwide/target/debug/deps/struct_roles_merges-c146860bc68fc0df.struct_roles_merges.4850cf76fb3909e3-cgu.12.rcgu.o" "/opt/rustwide/target/debug/deps/struct_roles_merges-c146860bc68fc0df.struct_roles_merges.4850cf76fb3909e3-cgu.13.rcgu.o" "/opt/rustwide/target/debug/deps/struct_roles_merges-c146860bc68fc0df.struct_roles_merges.4850cf76fb3909e3-cgu.14.rcgu.o" "/opt/rustwide/target/debug/deps/struct_roles_merges-c146860bc68fc0df.struct_roles_merges.4850cf76fb3909e3-cgu.15.rcgu.o" "/opt/rustwide/target/debug/deps/struct_roles_merges-c146860bc68fc0df.2w06vukkshdqvcol.rcgu.o" "-Wl,--as-needed" "-L" "/opt/rustwide/target/debug/deps" "-L" "/opt/rustwide/rustup-home/toolchains/1.75.0-x86_64-unknown-linux-gnu/lib/rustlib/x86_64-unknown-linux-gnu/lib" "-Wl,-Bstatic" "/opt/rustwide/rustup-home/toolchains/1.75.0-x86_64-unknown-linux-gnu/lib/rustlib/x86_64-unknown-linux-gnu/lib/libtest-3df1bed8075ce1de.rlib" "/opt/rustwide/rustup-home/toolchains/1.75.0-x86_64-unknown-linux-gnu/lib/rustlib/x86_64-unknown-linux-gnu/lib/libgetopts-2076fd86b325cb5d.rlib" "/opt/rustwide/rustup-home/toolchains/1.75.0-x86_64-unknown-linux-gnu/lib/rustlib/x86_64-unknown-linux-gnu/lib/libunicode_width-caa7152ee70c190f.rlib" "/opt/rustwide/rustup-home/toolchains/1.75.0-x86_64-unknown-linux-gnu/lib/rustlib/x86_64-unknown-linux-gnu/lib/librustc_std_workspace_std-04e6425e07f02a3c.rlib" "/opt/rustwide/target/debug/deps/libtokio-efefc11c77366aa1.rlib" "/opt/rustwide/target/debug/deps/libsignal_hook_registry-f33810147f436d2a.rlib" "/opt/rustwide/target/debug/deps/libnum_cpus-cb81d41626d198af.rlib" "/opt/rustwide/target/debug/deps/libsocket2-2489340dad73c28d.rlib" "/opt/rustwide/target/debug/deps/libbytes-0a052f49710012b1.rlib" "/opt/rustwide/target/debug/deps/libmio-1f577062c0615c74.rlib" "/opt/rustwide/target/debug/deps/libparking_lot-0c7bcc779f815d26.rlib" "/opt/rustwide/target/debug/deps/libparking_lot_core-7ef8619e484c37f5.rlib" "/opt/rustwide/target/debug/deps/liblibc-f01c1240f7c859d0.rlib" "/opt/rustwide/target/debug/deps/liblock_api-2e3cdc36e2d071f0.rlib" "/opt/rustwide/target/debug/deps/libscopeguard-012e5ed929fc2fe6.rlib" "/opt/rustwide/target/debug/deps/libtracing_test-4d60c15842a3a238.rlib" "/opt/rustwide/target/debug/deps/libtracing_subscriber-e92aaec79b485b92.rlib" "/opt/rustwide/target/debug/deps/libsmallvec-19f6a51af3f3c214.rlib" "/opt/rustwide/target/debug/deps/libthread_local-146b032562066309.rlib" "/opt/rustwide/target/debug/deps/libcfg_if-61dc7a6799e72b18.rlib" "/opt/rustwide/target/debug/deps/libsharded_slab-3e7ea4dc49abc9de.rlib" "/opt/rustwide/target/debug/deps/libtracing_serde-bf2caf737d0a8a06.rlib" "/opt/rustwide/target/debug/deps/libserde_json-f7e7de9bae5c986c.rlib" "/opt/rustwide/target/debug/deps/libryu-5f304b1b6393964f.rlib" "/opt/rustwide/target/debug/deps/libitoa-5f181af53b99b92c.rlib" "/opt/rustwide/target/debug/deps/libserde-8d72183392081d4f.rlib" "/opt/rustwide/target/debug/deps/libtracing_log-62a5683947cd98a7.rlib" "/opt/rustwide/target/debug/deps/liblog-e491f2c1d0b13538.rlib" "/opt/rustwide/target/debug/deps/libansi_term-b21a82a9f4d0b6eb.rlib" "/opt/rustwide/target/debug/deps/libmatchers-67da7af080577da4.rlib" "/opt/rustwide/target/debug/deps/libregex_automata-4c60e2b0ad265c6c.rlib" "/opt/rustwide/target/debug/deps/libregex_syntax-0dc2d12e01b76027.rlib" "/opt/rustwide/target/debug/deps/libregex-3fdc9a8f6eaf81cf.rlib" "/opt/rustwide/target/debug/deps/libregex_automata-7e239e4b359aa58c.rlib" "/opt/rustwide/target/debug/deps/libaho_corasick-c461b2416345444e.rlib" "/opt/rustwide/target/debug/deps/libregex_syntax-e4dd3c3a3cb10e1d.rlib" "/opt/rustwide/target/debug/deps/libtoql-86055a62a84085b9.rlib" "/opt/rustwide/target/debug/deps/libtoql_core-fef46ecde505d03e.rlib" "/opt/rustwide/target/debug/deps/libtoql_role_expr_parser-f727e4d57d4b7ed3.rlib" "/opt/rustwide/target/debug/deps/libtoql_sql_expr_parser-0d3f9003a3feae77.rlib" "/opt/rustwide/target/debug/deps/libtracing-0cd53d04551f466e.rlib" "/opt/rustwide/target/debug/deps/libpin_project_lite-e0757e0deaa2f8a0.rlib" "/opt/rustwide/target/debug/deps/libtracing_core-b9b83a99752e221d.rlib" "/opt/rustwide/target/debug/deps/libonce_cell-63be820ac0ed0954.rlib" "/opt/rustwide/target/debug/deps/libheck-5ae36efa77c70222.rlib" "/opt/rustwide/target/debug/deps/libunicode_segmentation-7a669f4e93299c6a.rlib" "/opt/rustwide/target/debug/deps/libtoql_query_parser-b817af65571fa5d4.rlib" "/opt/rustwide/target/debug/deps/libchrono-697a4be3634de71c.rlib" "/opt/rustwide/target/debug/deps/libnum_traits-fbf3e4065138c85e.rlib" "/opt/rustwide/target/debug/deps/libiana_time_zone-528d9768cce5eb89.rlib" "/opt/rustwide/target/debug/deps/liblazy_static-591486ebcb9a7ead.rlib" "/opt/rustwide/target/debug/deps/libpest-7af5194556e6d999.rlib" "/opt/rustwide/target/debug/deps/libucd_trie-6132939a2ce7db4c.rlib" "/opt/rustwide/target/debug/deps/libmemchr-94009dd89ebb9d8d.rlib" "/opt/rustwide/target/debug/deps/libthiserror-d2111d7cb6fe900c.rlib" "/opt/rustwide/target/debug/deps/libpretty_assertions-79bd69a9b27d8191.rlib" "/opt/rustwide/target/debug/deps/libdiff-9a7fed0f3ca624f7.rlib" "/opt/rustwide/target/debug/deps/libyansi-84e5ca0e07373032.rlib" "/opt/rustwide/rustup-home/toolchains/1.75.0-x86_64-unknown-linux-gnu/lib/rustlib/x86_64-unknown-linux-gnu/lib/libstd-90f6ddbf82de36ec.rlib" "/opt/rustwide/rustup-home/toolchains/1.75.0-x86_64-unknown-linux-gnu/lib/rustlib/x86_64-unknown-linux-gnu/lib/libpanic_unwind-480c41e9d4e1f677.rlib" "/opt/rustwide/rustup-home/toolchains/1.75.0-x86_64-unknown-linux-gnu/lib/rustlib/x86_64-unknown-linux-gnu/lib/libobject-db744c0ca03eed1d.rlib" "/opt/rustwide/rustup-home/toolchains/1.75.0-x86_64-unknown-linux-gnu/lib/rustlib/x86_64-unknown-linux-gnu/lib/libmemchr-8ba652dc7d4b285a.rlib" "/opt/rustwide/rustup-home/toolchains/1.75.0-x86_64-unknown-linux-gnu/lib/rustlib/x86_64-unknown-linux-gnu/lib/libaddr2line-d5f4520a9ebc0d58.rlib" "/opt/rustwide/rustup-home/toolchains/1.75.0-x86_64-unknown-linux-gnu/lib/rustlib/x86_64-unknown-linux-gnu/lib/libgimli-4ad84de58f0cb463.rlib" "/opt/rustwide/rustup-home/toolchains/1.75.0-x86_64-unknown-linux-gnu/lib/rustlib/x86_64-unknown-linux-gnu/lib/librustc_demangle-0d10aae2e0f38735.rlib" "/opt/rustwide/rustup-home/toolchains/1.75.0-x86_64-unknown-linux-gnu/lib/rustlib/x86_64-unknown-linux-gnu/lib/libstd_detect-0c17cff739e6745b.rlib" "/opt/rustwide/rustup-home/toolchains/1.75.0-x86_64-unknown-linux-gnu/lib/rustlib/x86_64-unknown-linux-gnu/lib/libhashbrown-b29e17139dde1aa8.rlib" "/opt/rustwide/rustup-home/toolchains/1.75.0-x86_64-unknown-linux-gnu/lib/rustlib/x86_64-unknown-linux-gnu/lib/librustc_std_workspace_alloc-1f975299829cc7bd.rlib" "/opt/rustwide/rustup-home/toolchains/1.75.0-x86_64-unknown-linux-gnu/lib/rustlib/x86_64-unknown-linux-gnu/lib/libminiz_oxide-86bae3bc3079f89b.rlib" "/opt/rustwide/rustup-home/toolchains/1.75.0-x86_64-unknown-linux-gnu/lib/rustlib/x86_64-unknown-linux-gnu/lib/libadler-321b82c30dffdf5f.rlib" "/opt/rustwide/rustup-home/toolchains/1.75.0-x86_64-unknown-linux-gnu/lib/rustlib/x86_64-unknown-linux-gnu/lib/libunwind-3dd8a6810a0bdfef.rlib" "/opt/rustwide/rustup-home/toolchains/1.75.0-x86_64-unknown-linux-gnu/lib/rustlib/x86_64-unknown-linux-gnu/lib/libcfg_if-eb39a61c0c879984.rlib" "/opt/rustwide/rustup-home/toolchains/1.75.0-x86_64-unknown-linux-gnu/lib/rustlib/x86_64-unknown-linux-gnu/lib/liblibc-aa769569f91c3548.rlib" "/opt/rustwide/rustup-home/toolchains/1.75.0-x86_64-unknown-linux-gnu/lib/rustlib/x86_64-unknown-linux-gnu/lib/liballoc-510a192a50a983ed.rlib" "/opt/rustwide/rustup-home/toolchains/1.75.0-x86_64-unknown-linux-gnu/lib/rustlib/x86_64-unknown-linux-gnu/lib/librustc_std_workspace_core-0577018320f99037.rlib" "/opt/rustwide/rustup-home/toolchains/1.75.0-x86_64-unknown-linux-gnu/lib/rustlib/x86_64-unknown-linux-gnu/lib/libcore-193cf992125ccd4c.rlib" "/opt/rustwide/rustup-home/toolchains/1.75.0-x86_64-unknown-linux-gnu/lib/rustlib/x86_64-unknown-linux-gnu/lib/libcompiler_builtins-8e138eaf26ebb4a8.rlib" "-Wl,-Bdynamic" "-lgcc_s" "-lutil" "-lrt" "-lpthread" "-lm" "-ldl" "-lc" "-Wl,--eh-frame-hdr" "-Wl,-z,noexecstack" "-L" "/opt/rustwide/rustup-home/toolchains/1.75.0-x86_64-unknown-linux-gnu/lib/rustlib/x86_64-unknown-linux-gnu/lib" "-o" "/opt/rustwide/target/debug/deps/struct_roles_merges-c146860bc68fc0df" "-Wl,--gc-sections" "-pie" "-Wl,-z,relro,-z,now" "-nodefaultlibs"
[INFO] [stdout]   = note: collect2: fatal error: ld terminated with signal 9 [Killed]
[INFO] [stdout]           compilation terminated.
[INFO] [stdout]           
[INFO] [stdout] 
[INFO] [stdout] 
[INFO] [stdout] error: aborting due to previous error
[INFO] [stdout] 
[INFO] [stdout] 
[INFO] [stderr] error: could not compile `toql` (test "struct_roles_merges") due to 2 previous errors
[INFO] [stdout] warning: 1 warning emitted
[INFO] [stdout] 
[INFO] [stdout] 
[INFO] running `Command { std: "docker" "inspect" "6968f0b4012266256e2b816a0818c71315a0779a9ca26b7cffd4208a1b2f8263", kill_on_drop: false }`
[INFO] running `Command { std: "docker" "rm" "-f" "6968f0b4012266256e2b816a0818c71315a0779a9ca26b7cffd4208a1b2f8263", kill_on_drop: false }`
[INFO] [stdout] 6968f0b4012266256e2b816a0818c71315a0779a9ca26b7cffd4208a1b2f8263
[INFO] testing toql-0.4.2 against beta-2023-12-22 for beta-1.76-1
[INFO] extracting crate toql 0.4.2 into /workspace/builds/worker-3-tc2/source
[INFO] validating manifest of crates.io crate toql 0.4.2 on toolchain beta-2023-12-22
[INFO] running `Command { std: CARGO_HOME="/workspace/cargo-home" RUSTUP_HOME="/workspace/rustup-home" "/workspace/cargo-home/bin/cargo" "+beta-2023-12-22" "metadata" "--manifest-path" "Cargo.toml" "--no-deps", kill_on_drop: false }`
[INFO] started tweaking crates.io crate toql 0.4.2
[INFO] finished tweaking crates.io crate toql 0.4.2
[INFO] tweaked toml for crates.io crate toql 0.4.2 written to /workspace/builds/worker-3-tc2/source/Cargo.toml
[INFO] running `Command { std: CARGO_HOME="/workspace/cargo-home" RUSTUP_HOME="/workspace/rustup-home" "/workspace/cargo-home/bin/cargo" "+beta-2023-12-22" "generate-lockfile" "--manifest-path" "Cargo.toml", kill_on_drop: false }`
[INFO] [stderr]     Updating crates.io index
[INFO] running `Command { std: CARGO_HOME="/workspace/cargo-home" RUSTUP_HOME="/workspace/rustup-home" "/workspace/cargo-home/bin/cargo" "+beta-2023-12-22" "fetch" "--manifest-path" "Cargo.toml", kill_on_drop: false }`
[INFO] running `Command { std: "docker" "create" "-v" "/var/lib/crater-agent-workspace/builds/worker-3-tc2/target:/opt/rustwide/target:rw,Z" "-v" "/var/lib/crater-agent-workspace/builds/worker-3-tc2/source:/opt/rustwide/workdir:ro,Z" "-v" "/var/lib/crater-agent-workspace/cargo-home:/opt/rustwide/cargo-home:ro,Z" "-v" "/var/lib/crater-agent-workspace/rustup-home:/opt/rustwide/rustup-home:ro,Z" "-e" "SOURCE_DIR=/opt/rustwide/workdir" "-e" "CARGO_TARGET_DIR=/opt/rustwide/target" "-e" "CARGO_HOME=/opt/rustwide/cargo-home" "-e" "RUSTUP_HOME=/opt/rustwide/rustup-home" "-w" "/opt/rustwide/workdir" "-m" "1610612736" "--user" "0:0" "--network" "none" "ghcr.io/rust-lang/crates-build-env/linux@sha256:2788e3201cd34a07e3172128adcd8b3090168a8e3bcc40d7c032b9dda1df7d1c" "/opt/rustwide/cargo-home/bin/cargo" "+beta-2023-12-22" "metadata" "--no-deps" "--format-version=1", kill_on_drop: false }`
[INFO] [stdout] 74b83c1097a9602e620dd054c7d4ef451c9dbd97625b9cad923922b08ba4d572
[INFO] running `Command { std: "docker" "start" "-a" "74b83c1097a9602e620dd054c7d4ef451c9dbd97625b9cad923922b08ba4d572", kill_on_drop: false }`
[INFO] running `Command { std: "docker" "inspect" "74b83c1097a9602e620dd054c7d4ef451c9dbd97625b9cad923922b08ba4d572", kill_on_drop: false }`
[INFO] running `Command { std: "docker" "rm" "-f" "74b83c1097a9602e620dd054c7d4ef451c9dbd97625b9cad923922b08ba4d572", kill_on_drop: false }`
[INFO] [stdout] 74b83c1097a9602e620dd054c7d4ef451c9dbd97625b9cad923922b08ba4d572
[INFO] running `Command { std: "docker" "create" "-v" "/var/lib/crater-agent-workspace/builds/worker-3-tc2/target:/opt/rustwide/target:rw,Z" "-v" "/var/lib/crater-agent-workspace/builds/worker-3-tc2/source:/opt/rustwide/workdir:ro,Z" "-v" "/var/lib/crater-agent-workspace/cargo-home:/opt/rustwide/cargo-home:ro,Z" "-v" "/var/lib/crater-agent-workspace/rustup-home:/opt/rustwide/rustup-home:ro,Z" "-e" "SOURCE_DIR=/opt/rustwide/workdir" "-e" "CARGO_TARGET_DIR=/opt/rustwide/target" "-e" "CARGO_INCREMENTAL=0" "-e" "RUST_BACKTRACE=full" "-e" "RUSTFLAGS=--cap-lints=warn" "-e" "RUSTDOCFLAGS=--cap-lints=warn" "-e" "CARGO_HOME=/opt/rustwide/cargo-home" "-e" "RUSTUP_HOME=/opt/rustwide/rustup-home" "-w" "/opt/rustwide/workdir" "-m" "1610612736" "--user" "0:0" "--network" "none" "ghcr.io/rust-lang/crates-build-env/linux@sha256:2788e3201cd34a07e3172128adcd8b3090168a8e3bcc40d7c032b9dda1df7d1c" "/opt/rustwide/cargo-home/bin/cargo" "+beta-2023-12-22" "build" "--frozen" "--message-format=json", kill_on_drop: false }`
[INFO] [stdout] d18f9df6023a765b2ce71db12e3a139ca640067dc09ff8cf4cd1858b020f4691
[INFO] running `Command { std: "docker" "start" "-a" "d18f9df6023a765b2ce71db12e3a139ca640067dc09ff8cf4cd1858b020f4691", kill_on_drop: false }`
[INFO] [stderr]    Compiling ucd-trie v0.1.6
[INFO] [stderr]    Compiling log v0.4.20
[INFO] [stderr]    Compiling proc-macro2 v0.4.30
[INFO] [stderr]    Compiling unicode-xid v0.1.0
[INFO] [stderr]    Compiling syn v0.15.44
[INFO] [stderr]    Compiling strsim v0.7.0
[INFO] [stderr]    Compiling fnv v1.0.7
[INFO] [stderr]    Compiling ident_case v1.0.1
[INFO] [stderr]    Compiling unicode-segmentation v1.10.1
[INFO] [stderr]    Compiling quick-error v1.2.3
[INFO] [stderr]    Compiling termcolor v1.4.0
[INFO] [stderr]    Compiling tracing-core v0.1.32
[INFO] [stderr]    Compiling syn v2.0.48
[INFO] [stderr]    Compiling atty v0.2.14
[INFO] [stderr]    Compiling ahash v0.7.7
[INFO] [stderr]    Compiling num-traits v0.2.17
[INFO] [stderr]    Compiling getrandom v0.2.11
[INFO] [stderr]    Compiling humantime v1.3.0
[INFO] [stderr]    Compiling syn v1.0.109
[INFO] [stderr]    Compiling async-trait v0.1.77
[INFO] [stderr]    Compiling iana-time-zone v0.1.59
[INFO] [stderr]    Compiling levenshtein v1.0.5
[INFO] [stderr]    Compiling env_logger v0.6.2
[INFO] [stderr]    Compiling heck v0.3.3
[INFO] [stderr]    Compiling hashbrown v0.11.2
[INFO] [stderr]    Compiling quote v0.6.13
[INFO] [stderr]    Compiling lru v0.6.6
[INFO] [stderr]    Compiling chrono v0.4.31
[INFO] [stderr]    Compiling darling_core v0.9.0
[INFO] [stderr]    Compiling toql_derive v0.4.0
[INFO] [stderr]    Compiling thiserror-impl v1.0.56
[INFO] [stderr]    Compiling tracing-attributes v0.1.27
[INFO] [stderr]    Compiling darling_macro v0.9.0
[INFO] [stderr]    Compiling thiserror v1.0.56
[INFO] [stderr]    Compiling pest v2.7.6
[INFO] [stderr]    Compiling enquote v1.1.0
[INFO] [stderr]    Compiling tracing v0.1.40
[INFO] [stderr]    Compiling darling v0.9.0
[INFO] [stderr]    Compiling toql_enum_derive v0.4.0
[INFO] [stderr]    Compiling pest_meta v2.7.6
[INFO] [stderr]    Compiling pest_generator v2.7.6
[INFO] [stderr]    Compiling pest_derive v2.7.6
[INFO] [stderr]    Compiling toql_query_parser v0.4.0
[INFO] [stderr]    Compiling toql_sql_expr_parser v0.4.0
[INFO] [stderr]    Compiling toql_role_expr_parser v0.4.0
[INFO] [stderr]    Compiling toql_field_list_parser v0.4.0
[INFO] [stderr]    Compiling toql_core v0.4.2
[INFO] [stderr]    Compiling toql_paths_macro v0.4.0
[INFO] [stderr]    Compiling toql_fields_macro v0.4.0
[INFO] [stderr]    Compiling toql_sql_expr_macro v0.4.0
[INFO] [stderr]    Compiling toql_role_expr_macro v0.4.0
[INFO] [stderr]    Compiling toql_query_macro v0.4.0
[INFO] [stderr]    Compiling toql v0.4.2 (/opt/rustwide/workdir)
[INFO] [stderr]     Finished dev [unoptimized + debuginfo] target(s) in 9.57s
[INFO] running `Command { std: "docker" "inspect" "d18f9df6023a765b2ce71db12e3a139ca640067dc09ff8cf4cd1858b020f4691", kill_on_drop: false }`
[INFO] running `Command { std: "docker" "rm" "-f" "d18f9df6023a765b2ce71db12e3a139ca640067dc09ff8cf4cd1858b020f4691", kill_on_drop: false }`
[INFO] [stdout] d18f9df6023a765b2ce71db12e3a139ca640067dc09ff8cf4cd1858b020f4691
[INFO] running `Command { std: "docker" "create" "-v" "/var/lib/crater-agent-workspace/builds/worker-3-tc2/target:/opt/rustwide/target:rw,Z" "-v" "/var/lib/crater-agent-workspace/builds/worker-3-tc2/source:/opt/rustwide/workdir:ro,Z" "-v" "/var/lib/crater-agent-workspace/cargo-home:/opt/rustwide/cargo-home:ro,Z" "-v" "/var/lib/crater-agent-workspace/rustup-home:/opt/rustwide/rustup-home:ro,Z" "-e" "SOURCE_DIR=/opt/rustwide/workdir" "-e" "CARGO_TARGET_DIR=/opt/rustwide/target" "-e" "CARGO_INCREMENTAL=0" "-e" "RUST_BACKTRACE=full" "-e" "RUSTFLAGS=--cap-lints=warn" "-e" "RUSTDOCFLAGS=--cap-lints=warn" "-e" "CARGO_HOME=/opt/rustwide/cargo-home" "-e" "RUSTUP_HOME=/opt/rustwide/rustup-home" "-w" "/opt/rustwide/workdir" "-m" "1610612736" "--user" "0:0" "--network" "none" "ghcr.io/rust-lang/crates-build-env/linux@sha256:2788e3201cd34a07e3172128adcd8b3090168a8e3bcc40d7c032b9dda1df7d1c" "/opt/rustwide/cargo-home/bin/cargo" "+beta-2023-12-22" "test" "--frozen" "--no-run" "--message-format=json", kill_on_drop: false }`
[INFO] [stdout] c43d73a7a3dc832d75f23f747928a5709e6c4277cd101827f0a1131789d7f5c8
[INFO] running `Command { std: "docker" "start" "-a" "c43d73a7a3dc832d75f23f747928a5709e6c4277cd101827f0a1131789d7f5c8", kill_on_drop: false }`
[INFO] [stderr]    Compiling smallvec v1.11.2
[INFO] [stderr]    Compiling lock_api v0.4.11
[INFO] [stderr]    Compiling serde_json v1.0.111
[INFO] [stderr]    Compiling serde v1.0.194
[INFO] [stderr]    Compiling regex-syntax v0.6.29
[INFO] [stderr]    Compiling parking_lot_core v0.9.9
[INFO] [stderr]    Compiling scopeguard v1.2.0
[INFO] [stderr]    Compiling itoa v1.0.10
[INFO] [stderr]    Compiling ryu v1.0.16
[INFO] [stderr]    Compiling sharded-slab v0.1.7
[INFO] [stderr]    Compiling thread_local v1.1.7
[INFO] [stderr]    Compiling tracing-log v0.1.4
[INFO] [stderr]    Compiling ansi_term v0.12.1
[INFO] [stderr]    Compiling tracing-test-macro v0.1.0
[INFO] [stderr]    Compiling tokio-macros v2.2.0
[INFO] [stderr]    Compiling socket2 v0.5.5
[INFO] [stderr]    Compiling diff v0.1.13
[INFO] [stderr]    Compiling yansi v0.5.1
[INFO] [stderr]    Compiling pretty_assertions v1.4.0
[INFO] [stderr]    Compiling parking_lot v0.12.1
[INFO] [stderr]    Compiling tokio v1.35.1
[INFO] [stderr]    Compiling regex-automata v0.1.10
[INFO] [stderr]    Compiling matchers v0.0.1
[INFO] [stderr]    Compiling tracing-serde v0.1.3
[INFO] [stderr]    Compiling tracing-subscriber v0.2.25
[INFO] [stderr]    Compiling tracing-test v0.1.0
[INFO] [stderr]    Compiling toql v0.4.2 (/opt/rustwide/workdir)
[INFO] [stdout] error[E0433]: failed to resolve: could not find `TableMapperError` in `table_mapper`
[INFO] [stdout]   --> tests/partial_join.rs:32:26
[INFO] [stdout]    |
[INFO] [stdout] 32 | #[derive(Debug, Default, Toql)]
[INFO] [stdout]    |                          ^^^^ could not find `TableMapperError` in `table_mapper`
[INFO] [stdout]    |
[INFO] [stdout]    = note: this error originates in the derive macro `Toql` (in Nightly builds, run with -Z macro-backtrace for more info)
[INFO] [stdout] help: a struct with a similar name exists
[INFO] [stdout]    |
[INFO] [stdout] 32 | #[derive(Debug, Default, TableMapper)]
[INFO] [stdout]    |                          ~~~~~~~~~~~
[INFO] [stdout] help: consider importing one of these items
[INFO] [stdout]    |
[INFO] [stdout] 1  + use toql::table_mapper::error::TableMapperError;
[INFO] [stdout]    |
[INFO] [stdout] 1  + use toql_core::table_mapper::error::TableMapperError;
[INFO] [stdout]    |
[INFO] [stdout] 
[INFO] [stdout] 
[INFO] [stdout] error[E0433]: failed to resolve: could not find `TableMapperError` in `table_mapper`
[INFO] [stdout]   --> tests/partial_join.rs:42:26
[INFO] [stdout]    |
[INFO] [stdout] 42 | #[derive(Debug, Default, Toql)]
[INFO] [stdout]    |                          ^^^^ could not find `TableMapperError` in `table_mapper`
[INFO] [stdout]    |
[INFO] [stdout]    = note: this error originates in the derive macro `Toql` (in Nightly builds, run with -Z macro-backtrace for more info)
[INFO] [stdout] help: a struct with a similar name exists
[INFO] [stdout]    |
[INFO] [stdout] 42 | #[derive(Debug, Default, TableMapper)]
[INFO] [stdout]    |                          ~~~~~~~~~~~
[INFO] [stdout] help: consider importing one of these items
[INFO] [stdout]    |
[INFO] [stdout] 1  + use toql::table_mapper::error::TableMapperError;
[INFO] [stdout]    |
[INFO] [stdout] 1  + use toql_core::table_mapper::error::TableMapperError;
[INFO] [stdout]    |
[INFO] [stdout] 
[INFO] [stdout] 
[INFO] [stdout] error[E0433]: failed to resolve: could not find `TableMapperError` in `table_mapper`
[INFO] [stdout]   --> tests/merge_partial_join.rs:16:26
[INFO] [stdout]    |
[INFO] [stdout] 16 | #[derive(Debug, Default, Toql)]
[INFO] [stdout]    |                          ^^^^ could not find `TableMapperError` in `table_mapper`
[INFO] [stdout]    |
[INFO] [stdout]    = note: this error originates in the derive macro `Toql` (in Nightly builds, run with -Z macro-backtrace for more info)
[INFO] [stdout] help: a struct with a similar name exists
[INFO] [stdout]    |
[INFO] [stdout] 16 | #[derive(Debug, Default, TableMapper)]
[INFO] [stdout]    |                          ~~~~~~~~~~~
[INFO] [stdout] help: consider importing one of these items
[INFO] [stdout]    |
[INFO] [stdout] 1  + use toql::table_mapper::error::TableMapperError;
[INFO] [stdout]    |
[INFO] [stdout] 1  + use toql_core::table_mapper::error::TableMapperError;
[INFO] [stdout]    |
[INFO] [stdout] 
[INFO] [stdout] 
[INFO] [stdout] warning: field `text2` is never read
[INFO] [stdout]   --> tests/selection_roles.rs:18:5
[INFO] [stdout]    |
[INFO] [stdout] 11 | pub struct Level1 {
[INFO] [stdout]    |            ------ field in this struct
[INFO] [stdout] ...
[INFO] [stdout] 18 |     text2: Option<String>,
[INFO] [stdout]    |     ^^^^^
[INFO] [stdout]    |
[INFO] [stdout]    = note: `Level1` has a derived impl for the trait `Debug`, but this is intentionally ignored during dead code analysis
[INFO] [stdout]    = note: `#[warn(dead_code)]` on by default
[INFO] [stdout] 
[INFO] [stdout] 
[INFO] [stdout] warning: fields `text1`, `text2`, and `text3` are never read
[INFO] [stdout]   --> tests/aux_params.rs:21:5
[INFO] [stdout]    |
[INFO] [stdout] 17 | pub struct Level1 {
[INFO] [stdout]    |            ------ fields in this struct
[INFO] [stdout] ...
[INFO] [stdout] 21 |     text1: Option<String>,
[INFO] [stdout]    |     ^^^^^
[INFO] [stdout] ...
[INFO] [stdout] 25 |     text2: Option<String>,
[INFO] [stdout]    |     ^^^^^
[INFO] [stdout] ...
[INFO] [stdout] 32 |     text3: Option<String>,
[INFO] [stdout]    |     ^^^^^
[INFO] [stdout]    |
[INFO] [stdout]    = note: `Level1` has a derived impl for the trait `Debug`, but this is intentionally ignored during dead code analysis
[INFO] [stdout]    = note: `#[warn(dead_code)]` on by default
[INFO] [stdout] 
[INFO] [stdout] 
[INFO] [stdout] error: aborting due to 1 previous error
[INFO] [stdout] 
[INFO] [stdout] 
[INFO] [stdout] For more information about this error, try `rustc --explain E0433`.
[INFO] [stdout] 
[INFO] [stderr] error: could not compile `toql` (test "merge_partial_join") due to 2 previous errors
[INFO] [stderr] warning: build failed, waiting for other jobs to finish...
[INFO] [stdout] warning: field `text2` is never read
[INFO] [stdout]   --> tests/selection_join.rs:13:5
[INFO] [stdout]    |
[INFO] [stdout] 7  | pub struct Level1 {
[INFO] [stdout]    |            ------ field in this struct
[INFO] [stdout] ...
[INFO] [stdout] 13 |     text2: Option<String>,
[INFO] [stdout]    |     ^^^^^
[INFO] [stdout]    |
[INFO] [stdout]    = note: `Level1` has a derived impl for the trait `Debug`, but this is intentionally ignored during dead code analysis
[INFO] [stdout]    = note: `#[warn(dead_code)]` on by default
[INFO] [stdout] 
[INFO] [stdout] 
[INFO] [stdout] error: aborting due to 2 previous errors
[INFO] [stdout] 
[INFO] [stdout] 
[INFO] [stdout] For more information about this error, try `rustc --explain E0433`.
[INFO] [stdout] 
[INFO] [stderr] error: could not compile `toql` (test "partial_join") due to 3 previous errors
[INFO] [stdout] warning: unused borrow that must be used
[INFO] [stdout]   --> tests/field_roles_join.rs:52:26
[INFO] [stdout]    |
[INFO] [stdout] 52 | #[derive(Debug, Default, Toql)]
[INFO] [stdout]    |                          ^^^^ the borrow produces a value
[INFO] [stdout]    |
[INFO] [stdout]    = note: `#[warn(unused_must_use)]` on by default
[INFO] [stdout]    = note: this warning originates in the derive macro `Toql` (in Nightly builds, run with -Z macro-backtrace for more info)
[INFO] [stdout] 
[INFO] [stdout] 
[INFO] [stderr] error: could not compile `toql` (test "merge")
[INFO] [stderr] 
[INFO] [stderr] Caused by:
[INFO] [stderr]   process didn't exit successfully: `/opt/rustwide/rustup-home/toolchains/beta-2023-12-22-x86_64-unknown-linux-gnu/bin/rustc --crate-name merge --edition=2018 tests/merge.rs --error-format=json --json=diagnostic-rendered-ansi,artifacts,future-incompat --emit=dep-info,link -C embed-bitcode=no -C debuginfo=2 --test -C metadata=3a3c6c4d3ce8a420 -C extra-filename=-3a3c6c4d3ce8a420 --out-dir /opt/rustwide/target/debug/deps -L dependency=/opt/rustwide/target/debug/deps --extern async_trait=/opt/rustwide/target/debug/deps/libasync_trait-dbc0c96de77f4adb.so --extern log=/opt/rustwide/target/debug/deps/liblog-2cf4a51dfa4e790a.rlib --extern pretty_assertions=/opt/rustwide/target/debug/deps/libpretty_assertions-d03696617e4c9890.rlib --extern tokio=/opt/rustwide/target/debug/deps/libtokio-aa13f84facb6842f.rlib --extern toql=/opt/rustwide/target/debug/deps/libtoql-2bd4dc0765932f7e.rlib --extern toql_core=/opt/rustwide/target/debug/deps/libtoql_core-968ffd201fc74c27.rlib --extern toql_derive=/opt/rustwide/target/debug/deps/libtoql_derive-9168c483f4ac08cc.so --extern toql_enum_derive=/opt/rustwide/target/debug/deps/libtoql_enum_derive-2687feeb98cc038b.so --extern toql_field_list_parser=/opt/rustwide/target/debug/deps/libtoql_field_list_parser-621faa805a23c629.rlib --extern toql_fields_macro=/opt/rustwide/target/debug/deps/libtoql_fields_macro-9f0364074096c337.so --extern toql_paths_macro=/opt/rustwide/target/debug/deps/libtoql_paths_macro-7ab417fe3bcc0df0.so --extern toql_query_macro=/opt/rustwide/target/debug/deps/libtoql_query_macro-e33eb79963ed31f3.so --extern toql_query_parser=/opt/rustwide/target/debug/deps/libtoql_query_parser-e518867a5fc671d9.rlib --extern toql_role_expr_macro=/opt/rustwide/target/debug/deps/libtoql_role_expr_macro-15af73754980bf88.so --extern toql_role_expr_parser=/opt/rustwide/target/debug/deps/libtoql_role_expr_parser-39cd7cac36bb1a2e.rlib --extern toql_sql_expr_macro=/opt/rustwide/target/debug/deps/libtoql_sql_expr_macro-c1f314a87728fab8.so --extern toql_sql_expr_parser=/opt/rustwide/target/debug/deps/libtoql_sql_expr_parser-b4a5f761b19a7e94.rlib --extern tracing=/opt/rustwide/target/debug/deps/libtracing-897b723bb096fedb.rlib --extern tracing_test=/opt/rustwide/target/debug/deps/libtracing_test-00d0414d3c685e85.rlib --cap-lints=warn` (signal: 9, SIGKILL: kill)
[INFO] [stderr] error: could not compile `toql` (test "struct_roles_join")
[INFO] [stderr] 
[INFO] [stderr] Caused by:
[INFO] [stderr]   process didn't exit successfully: `/opt/rustwide/rustup-home/toolchains/beta-2023-12-22-x86_64-unknown-linux-gnu/bin/rustc --crate-name struct_roles_join --edition=2018 tests/struct_roles_join.rs --error-format=json --json=diagnostic-rendered-ansi,artifacts,future-incompat --emit=dep-info,link -C embed-bitcode=no -C debuginfo=2 --test -C metadata=d742f34ab2b4b027 -C extra-filename=-d742f34ab2b4b027 --out-dir /opt/rustwide/target/debug/deps -L dependency=/opt/rustwide/target/debug/deps --extern async_trait=/opt/rustwide/target/debug/deps/libasync_trait-dbc0c96de77f4adb.so --extern log=/opt/rustwide/target/debug/deps/liblog-2cf4a51dfa4e790a.rlib --extern pretty_assertions=/opt/rustwide/target/debug/deps/libpretty_assertions-d03696617e4c9890.rlib --extern tokio=/opt/rustwide/target/debug/deps/libtokio-aa13f84facb6842f.rlib --extern toql=/opt/rustwide/target/debug/deps/libtoql-2bd4dc0765932f7e.rlib --extern toql_core=/opt/rustwide/target/debug/deps/libtoql_core-968ffd201fc74c27.rlib --extern toql_derive=/opt/rustwide/target/debug/deps/libtoql_derive-9168c483f4ac08cc.so --extern toql_enum_derive=/opt/rustwide/target/debug/deps/libtoql_enum_derive-2687feeb98cc038b.so --extern toql_field_list_parser=/opt/rustwide/target/debug/deps/libtoql_field_list_parser-621faa805a23c629.rlib --extern toql_fields_macro=/opt/rustwide/target/debug/deps/libtoql_fields_macro-9f0364074096c337.so --extern toql_paths_macro=/opt/rustwide/target/debug/deps/libtoql_paths_macro-7ab417fe3bcc0df0.so --extern toql_query_macro=/opt/rustwide/target/debug/deps/libtoql_query_macro-e33eb79963ed31f3.so --extern toql_query_parser=/opt/rustwide/target/debug/deps/libtoql_query_parser-e518867a5fc671d9.rlib --extern toql_role_expr_macro=/opt/rustwide/target/debug/deps/libtoql_role_expr_macro-15af73754980bf88.so --extern toql_role_expr_parser=/opt/rustwide/target/debug/deps/libtoql_role_expr_parser-39cd7cac36bb1a2e.rlib --extern toql_sql_expr_macro=/opt/rustwide/target/debug/deps/libtoql_sql_expr_macro-c1f314a87728fab8.so --extern toql_sql_expr_parser=/opt/rustwide/target/debug/deps/libtoql_sql_expr_parser-b4a5f761b19a7e94.rlib --extern tracing=/opt/rustwide/target/debug/deps/libtracing-897b723bb096fedb.rlib --extern tracing_test=/opt/rustwide/target/debug/deps/libtracing_test-00d0414d3c685e85.rlib --cap-lints=warn` (signal: 9, SIGKILL: kill)
[INFO] [stderr] error: could not compile `toql` (test "field_roles_merges")
[INFO] [stderr] 
[INFO] [stderr] Caused by:
[INFO] [stderr]   process didn't exit successfully: `/opt/rustwide/rustup-home/toolchains/beta-2023-12-22-x86_64-unknown-linux-gnu/bin/rustc --crate-name field_roles_merges --edition=2018 tests/field_roles_merges.rs --error-format=json --json=diagnostic-rendered-ansi,artifacts,future-incompat --emit=dep-info,link -C embed-bitcode=no -C debuginfo=2 --test -C metadata=09d0ab7a5840d6ed -C extra-filename=-09d0ab7a5840d6ed --out-dir /opt/rustwide/target/debug/deps -L dependency=/opt/rustwide/target/debug/deps --extern async_trait=/opt/rustwide/target/debug/deps/libasync_trait-dbc0c96de77f4adb.so --extern log=/opt/rustwide/target/debug/deps/liblog-2cf4a51dfa4e790a.rlib --extern pretty_assertions=/opt/rustwide/target/debug/deps/libpretty_assertions-d03696617e4c9890.rlib --extern tokio=/opt/rustwide/target/debug/deps/libtokio-aa13f84facb6842f.rlib --extern toql=/opt/rustwide/target/debug/deps/libtoql-2bd4dc0765932f7e.rlib --extern toql_core=/opt/rustwide/target/debug/deps/libtoql_core-968ffd201fc74c27.rlib --extern toql_derive=/opt/rustwide/target/debug/deps/libtoql_derive-9168c483f4ac08cc.so --extern toql_enum_derive=/opt/rustwide/target/debug/deps/libtoql_enum_derive-2687feeb98cc038b.so --extern toql_field_list_parser=/opt/rustwide/target/debug/deps/libtoql_field_list_parser-621faa805a23c629.rlib --extern toql_fields_macro=/opt/rustwide/target/debug/deps/libtoql_fields_macro-9f0364074096c337.so --extern toql_paths_macro=/opt/rustwide/target/debug/deps/libtoql_paths_macro-7ab417fe3bcc0df0.so --extern toql_query_macro=/opt/rustwide/target/debug/deps/libtoql_query_macro-e33eb79963ed31f3.so --extern toql_query_parser=/opt/rustwide/target/debug/deps/libtoql_query_parser-e518867a5fc671d9.rlib --extern toql_role_expr_macro=/opt/rustwide/target/debug/deps/libtoql_role_expr_macro-15af73754980bf88.so --extern toql_role_expr_parser=/opt/rustwide/target/debug/deps/libtoql_role_expr_parser-39cd7cac36bb1a2e.rlib --extern toql_sql_expr_macro=/opt/rustwide/target/debug/deps/libtoql_sql_expr_macro-c1f314a87728fab8.so --extern toql_sql_expr_parser=/opt/rustwide/target/debug/deps/libtoql_sql_expr_parser-b4a5f761b19a7e94.rlib --extern tracing=/opt/rustwide/target/debug/deps/libtracing-897b723bb096fedb.rlib --extern tracing_test=/opt/rustwide/target/debug/deps/libtracing_test-00d0414d3c685e85.rlib --cap-lints=warn` (signal: 9, SIGKILL: kill)
[INFO] [stderr] error: could not compile `toql` (test "field_roles_join"); 1 warning emitted
[INFO] [stderr] 
[INFO] [stderr] Caused by:
[INFO] [stderr]   process didn't exit successfully: `/opt/rustwide/rustup-home/toolchains/beta-2023-12-22-x86_64-unknown-linux-gnu/bin/rustc --crate-name field_roles_join --edition=2018 tests/field_roles_join.rs --error-format=json --json=diagnostic-rendered-ansi,artifacts,future-incompat --emit=dep-info,link -C embed-bitcode=no -C debuginfo=2 --test -C metadata=58ce416098c8c7af -C extra-filename=-58ce416098c8c7af --out-dir /opt/rustwide/target/debug/deps -L dependency=/opt/rustwide/target/debug/deps --extern async_trait=/opt/rustwide/target/debug/deps/libasync_trait-dbc0c96de77f4adb.so --extern log=/opt/rustwide/target/debug/deps/liblog-2cf4a51dfa4e790a.rlib --extern pretty_assertions=/opt/rustwide/target/debug/deps/libpretty_assertions-d03696617e4c9890.rlib --extern tokio=/opt/rustwide/target/debug/deps/libtokio-aa13f84facb6842f.rlib --extern toql=/opt/rustwide/target/debug/deps/libtoql-2bd4dc0765932f7e.rlib --extern toql_core=/opt/rustwide/target/debug/deps/libtoql_core-968ffd201fc74c27.rlib --extern toql_derive=/opt/rustwide/target/debug/deps/libtoql_derive-9168c483f4ac08cc.so --extern toql_enum_derive=/opt/rustwide/target/debug/deps/libtoql_enum_derive-2687feeb98cc038b.so --extern toql_field_list_parser=/opt/rustwide/target/debug/deps/libtoql_field_list_parser-621faa805a23c629.rlib --extern toql_fields_macro=/opt/rustwide/target/debug/deps/libtoql_fields_macro-9f0364074096c337.so --extern toql_paths_macro=/opt/rustwide/target/debug/deps/libtoql_paths_macro-7ab417fe3bcc0df0.so --extern toql_query_macro=/opt/rustwide/target/debug/deps/libtoql_query_macro-e33eb79963ed31f3.so --extern toql_query_parser=/opt/rustwide/target/debug/deps/libtoql_query_parser-e518867a5fc671d9.rlib --extern toql_role_expr_macro=/opt/rustwide/target/debug/deps/libtoql_role_expr_macro-15af73754980bf88.so --extern toql_role_expr_parser=/opt/rustwide/target/debug/deps/libtoql_role_expr_parser-39cd7cac36bb1a2e.rlib --extern toql_sql_expr_macro=/opt/rustwide/target/debug/deps/libtoql_sql_expr_macro-c1f314a87728fab8.so --extern toql_sql_expr_parser=/opt/rustwide/target/debug/deps/libtoql_sql_expr_parser-b4a5f761b19a7e94.rlib --extern tracing=/opt/rustwide/target/debug/deps/libtracing-897b723bb096fedb.rlib --extern tracing_test=/opt/rustwide/target/debug/deps/libtracing_test-00d0414d3c685e85.rlib --cap-lints=warn` (signal: 9, SIGKILL: kill)
[INFO] [stdout] error: linking with `cc` failed: exit status: 1
[INFO] [stdout]   |
[INFO] [stdout]   = note: LC_ALL="C" PATH="/opt/rustwide/rustup-home/toolchains/beta-2023-12-22-x86_64-unknown-linux-gnu/lib/rustlib/x86_64-unknown-linux-gnu/bin:/opt/rustwide/cargo-home/bin:/usr/local/sbin:/usr/local/bin:/usr/sbin:/usr/bin:/sbin:/bin" VSLANG="1033" "cc" "-m64" "/tmp/rustcSUhPWG/symbols.o" "/opt/rustwide/target/debug/deps/count_filter-5c2a13e975d3dd59.count_filter.8903500b12c34555-cgu.0.rcgu.o" "/opt/rustwide/target/debug/deps/count_filter-5c2a13e975d3dd59.count_filter.8903500b12c34555-cgu.1.rcgu.o" "/opt/rustwide/target/debug/deps/count_filter-5c2a13e975d3dd59.count_filter.8903500b12c34555-cgu.2.rcgu.o" "/opt/rustwide/target/debug/deps/count_filter-5c2a13e975d3dd59.count_filter.8903500b12c34555-cgu.3.rcgu.o" "/opt/rustwide/target/debug/deps/count_filter-5c2a13e975d3dd59.count_filter.8903500b12c34555-cgu.4.rcgu.o" "/opt/rustwide/target/debug/deps/count_filter-5c2a13e975d3dd59.count_filter.8903500b12c34555-cgu.5.rcgu.o" "/opt/rustwide/target/debug/deps/count_filter-5c2a13e975d3dd59.count_filter.8903500b12c34555-cgu.6.rcgu.o" "/opt/rustwide/target/debug/deps/count_filter-5c2a13e975d3dd59.count_filter.8903500b12c34555-cgu.7.rcgu.o" "/opt/rustwide/target/debug/deps/count_filter-5c2a13e975d3dd59.count_filter.8903500b12c34555-cgu.8.rcgu.o" "/opt/rustwide/target/debug/deps/count_filter-5c2a13e975d3dd59.2828kw84x55uolf.rcgu.o" "-Wl,--as-needed" "-L" "/opt/rustwide/target/debug/deps" "-L" "/opt/rustwide/rustup-home/toolchains/beta-2023-12-22-x86_64-unknown-linux-gnu/lib/rustlib/x86_64-unknown-linux-gnu/lib" "-Wl,-Bstatic" "/opt/rustwide/rustup-home/toolchains/beta-2023-12-22-x86_64-unknown-linux-gnu/lib/rustlib/x86_64-unknown-linux-gnu/lib/libtest-cbab71697df97b00.rlib" "/opt/rustwide/rustup-home/toolchains/beta-2023-12-22-x86_64-unknown-linux-gnu/lib/rustlib/x86_64-unknown-linux-gnu/lib/libgetopts-2a2cf8f16c536007.rlib" "/opt/rustwide/rustup-home/toolchains/beta-2023-12-22-x86_64-unknown-linux-gnu/lib/rustlib/x86_64-unknown-linux-gnu/lib/libunicode_width-c5f3cc3cceaf9070.rlib" "/opt/rustwide/rustup-home/toolchains/beta-2023-12-22-x86_64-unknown-linux-gnu/lib/rustlib/x86_64-unknown-linux-gnu/lib/librustc_std_workspace_std-a31324ec815b09db.rlib" "/opt/rustwide/target/debug/deps/libtokio-aa13f84facb6842f.rlib" "/opt/rustwide/target/debug/deps/libsignal_hook_registry-48d15ec57e1f7cfa.rlib" "/opt/rustwide/target/debug/deps/libnum_cpus-8571ef1a3f762e93.rlib" "/opt/rustwide/target/debug/deps/libsocket2-0700ebb1f2307869.rlib" "/opt/rustwide/target/debug/deps/libbytes-d5ef6100ae69ca23.rlib" "/opt/rustwide/target/debug/deps/libmio-bc5af0d99dc99bb4.rlib" "/opt/rustwide/target/debug/deps/libparking_lot-5eadde6981010bf4.rlib" "/opt/rustwide/target/debug/deps/libparking_lot_core-282ebb2f09237da2.rlib" "/opt/rustwide/target/debug/deps/liblibc-9bdc13f38078ecbe.rlib" "/opt/rustwide/target/debug/deps/liblock_api-af608386887ddd92.rlib" "/opt/rustwide/target/debug/deps/libscopeguard-f937485db0060aca.rlib" "/opt/rustwide/target/debug/deps/libtracing_test-00d0414d3c685e85.rlib" "/opt/rustwide/target/debug/deps/libtracing_subscriber-d7163a48164e4ae4.rlib" "/opt/rustwide/target/debug/deps/libsmallvec-2fe51d264bce6b98.rlib" "/opt/rustwide/target/debug/deps/libthread_local-722798ceeba69c57.rlib" "/opt/rustwide/target/debug/deps/libcfg_if-e7002d307f97bc56.rlib" "/opt/rustwide/target/debug/deps/libsharded_slab-4aac6980d7a458df.rlib" "/opt/rustwide/target/debug/deps/libtracing_serde-5e11d3dc4ebad46d.rlib" "/opt/rustwide/target/debug/deps/libserde_json-4c7675d40885eab7.rlib" "/opt/rustwide/target/debug/deps/libryu-4b03a7708da1319d.rlib" "/opt/rustwide/target/debug/deps/libitoa-34968a9f29c36fec.rlib" "/opt/rustwide/target/debug/deps/libserde-43396d81f5c62e04.rlib" "/opt/rustwide/target/debug/deps/libtracing_log-3cdc7b3eb3b464ac.rlib" "/opt/rustwide/target/debug/deps/liblog-2cf4a51dfa4e790a.rlib" "/opt/rustwide/target/debug/deps/libansi_term-f435e404af61098a.rlib" "/opt/rustwide/target/debug/deps/libmatchers-dca13a0a9dd63aa9.rlib" "/opt/rustwide/target/debug/deps/libregex_automata-d0c3ae8cf67481e6.rlib" "/opt/rustwide/target/debug/deps/libregex_syntax-b113d34fa562c5bb.rlib" "/opt/rustwide/target/debug/deps/libregex-6b2e15812834269a.rlib" "/opt/rustwide/target/debug/deps/libregex_automata-18e9b4bafe25d656.rlib" "/opt/rustwide/target/debug/deps/libaho_corasick-0efee17d6ff570a3.rlib" "/opt/rustwide/target/debug/deps/libregex_syntax-2fba322c2516c6a3.rlib" "/opt/rustwide/target/debug/deps/libtoql-2bd4dc0765932f7e.rlib" "/opt/rustwide/target/debug/deps/libtoql_core-968ffd201fc74c27.rlib" "/opt/rustwide/target/debug/deps/libtoql_role_expr_parser-39cd7cac36bb1a2e.rlib" "/opt/rustwide/target/debug/deps/libtoql_sql_expr_parser-b4a5f761b19a7e94.rlib" "/opt/rustwide/target/debug/deps/libtracing-897b723bb096fedb.rlib" "/opt/rustwide/target/debug/deps/libpin_project_lite-085b19c93bbb2231.rlib" "/opt/rustwide/target/debug/deps/libtracing_core-9f77338b6383eb64.rlib" "/opt/rustwide/target/debug/deps/libonce_cell-334d739f4e3a4961.rlib" "/opt/rustwide/target/debug/deps/libheck-7f7d5dfc3843beb9.rlib" "/opt/rustwide/target/debug/deps/libunicode_segmentation-1b0bb2e943ab19f2.rlib" "/opt/rustwide/target/debug/deps/libtoql_query_parser-e518867a5fc671d9.rlib" "/opt/rustwide/target/debug/deps/libchrono-0635835f9c9e6c5a.rlib" "/opt/rustwide/target/debug/deps/libnum_traits-a17ba3937dd3424f.rlib" "/opt/rustwide/target/debug/deps/libiana_time_zone-0d3ced6f0a9aca0f.rlib" "/opt/rustwide/target/debug/deps/liblazy_static-efa3519517df6cf0.rlib" "/opt/rustwide/target/debug/deps/libpest-53c3d3d5017820e8.rlib" "/opt/rustwide/target/debug/deps/libucd_trie-de4c36fe49124ec8.rlib" "/opt/rustwide/target/debug/deps/libmemchr-14a47255884553ca.rlib" "/opt/rustwide/target/debug/deps/libthiserror-9e92442654f9ad90.rlib" "/opt/rustwide/target/debug/deps/libpretty_assertions-d03696617e4c9890.rlib" "/opt/rustwide/target/debug/deps/libdiff-f6228193e395c656.rlib" "/opt/rustwide/target/debug/deps/libyansi-fe77e7901970feab.rlib" "/opt/rustwide/rustup-home/toolchains/beta-2023-12-22-x86_64-unknown-linux-gnu/lib/rustlib/x86_64-unknown-linux-gnu/lib/libstd-0672489a78b613de.rlib" "/opt/rustwide/rustup-home/toolchains/beta-2023-12-22-x86_64-unknown-linux-gnu/lib/rustlib/x86_64-unknown-linux-gnu/lib/libpanic_unwind-7eb3ffc34a49f675.rlib" "/opt/rustwide/rustup-home/toolchains/beta-2023-12-22-x86_64-unknown-linux-gnu/lib/rustlib/x86_64-unknown-linux-gnu/lib/libobject-6478a9daa4bee8e2.rlib" "/opt/rustwide/rustup-home/toolchains/beta-2023-12-22-x86_64-unknown-linux-gnu/lib/rustlib/x86_64-unknown-linux-gnu/lib/libmemchr-0c75d871a5c3923d.rlib" "/opt/rustwide/rustup-home/toolchains/beta-2023-12-22-x86_64-unknown-linux-gnu/lib/rustlib/x86_64-unknown-linux-gnu/lib/libaddr2line-d163ef63ad37bb71.rlib" "/opt/rustwide/rustup-home/toolchains/beta-2023-12-22-x86_64-unknown-linux-gnu/lib/rustlib/x86_64-unknown-linux-gnu/lib/libgimli-8a3fd810a85b9f4c.rlib" "/opt/rustwide/rustup-home/toolchains/beta-2023-12-22-x86_64-unknown-linux-gnu/lib/rustlib/x86_64-unknown-linux-gnu/lib/librustc_demangle-462a2cde8c5dfc10.rlib" "/opt/rustwide/rustup-home/toolchains/beta-2023-12-22-x86_64-unknown-linux-gnu/lib/rustlib/x86_64-unknown-linux-gnu/lib/libstd_detect-cb06ac9f54713f71.rlib" "/opt/rustwide/rustup-home/toolchains/beta-2023-12-22-x86_64-unknown-linux-gnu/lib/rustlib/x86_64-unknown-linux-gnu/lib/libhashbrown-f20bfd1f8e59b393.rlib" "/opt/rustwide/rustup-home/toolchains/beta-2023-12-22-x86_64-unknown-linux-gnu/lib/rustlib/x86_64-unknown-linux-gnu/lib/librustc_std_workspace_alloc-1ef460949b49da4b.rlib" "/opt/rustwide/rustup-home/toolchains/beta-2023-12-22-x86_64-unknown-linux-gnu/lib/rustlib/x86_64-unknown-linux-gnu/lib/libminiz_oxide-2cb0c0ffe4f87514.rlib" "/opt/rustwide/rustup-home/toolchains/beta-2023-12-22-x86_64-unknown-linux-gnu/lib/rustlib/x86_64-unknown-linux-gnu/lib/libadler-58d841eb322a11a2.rlib" "/opt/rustwide/rustup-home/toolchains/beta-2023-12-22-x86_64-unknown-linux-gnu/lib/rustlib/x86_64-unknown-linux-gnu/lib/libunwind-aa2ae0b0a9d11533.rlib" "/opt/rustwide/rustup-home/toolchains/beta-2023-12-22-x86_64-unknown-linux-gnu/lib/rustlib/x86_64-unknown-linux-gnu/lib/libcfg_if-23874e15830ed336.rlib" "/opt/rustwide/rustup-home/toolchains/beta-2023-12-22-x86_64-unknown-linux-gnu/lib/rustlib/x86_64-unknown-linux-gnu/lib/liblibc-e47cddc003bce885.rlib" "/opt/rustwide/rustup-home/toolchains/beta-2023-12-22-x86_64-unknown-linux-gnu/lib/rustlib/x86_64-unknown-linux-gnu/lib/liballoc-c22b13b48a8f128e.rlib" "/opt/rustwide/rustup-home/toolchains/beta-2023-12-22-x86_64-unknown-linux-gnu/lib/rustlib/x86_64-unknown-linux-gnu/lib/librustc_std_workspace_core-e46bc3da6d7c462f.rlib" "/opt/rustwide/rustup-home/toolchains/beta-2023-12-22-x86_64-unknown-linux-gnu/lib/rustlib/x86_64-unknown-linux-gnu/lib/libcore-8d1ac131d3cb2645.rlib" "/opt/rustwide/rustup-home/toolchains/beta-2023-12-22-x86_64-unknown-linux-gnu/lib/rustlib/x86_64-unknown-linux-gnu/lib/libcompiler_builtins-a1b43df8c6899c1f.rlib" "-Wl,-Bdynamic" "-lgcc_s" "-lutil" "-lrt" "-lpthread" "-lm" "-ldl" "-lc" "-Wl,--eh-frame-hdr" "-Wl,-z,noexecstack" "-L" "/opt/rustwide/rustup-home/toolchains/beta-2023-12-22-x86_64-unknown-linux-gnu/lib/rustlib/x86_64-unknown-linux-gnu/lib" "-o" "/opt/rustwide/target/debug/deps/count_filter-5c2a13e975d3dd59" "-Wl,--gc-sections" "-pie" "-Wl,-z,relro,-z,now" "-nodefaultlibs"
[INFO] [stdout]   = note: collect2: fatal error: ld terminated with signal 9 [Killed]
[INFO] [stdout]           compilation terminated.
[INFO] [stdout]           
[INFO] [stdout] 
[INFO] [stdout] 
[INFO] [stdout] error: aborting due to 1 previous error
[INFO] [stdout] 
[INFO] [stdout] 
[INFO] [stderr] error: could not compile `toql` (test "count_filter") due to 2 previous errors
[INFO] [stdout] error: linking with `cc` failed: exit status: 1
[INFO] [stdout]   |
[INFO] [stdout]   = note: LC_ALL="C" PATH="/opt/rustwide/rustup-home/toolchains/beta-2023-12-22-x86_64-unknown-linux-gnu/lib/rustlib/x86_64-unknown-linux-gnu/bin:/opt/rustwide/cargo-home/bin:/usr/local/sbin:/usr/local/bin:/usr/sbin:/usr/bin:/sbin:/bin" VSLANG="1033" "cc" "-m64" "/tmp/rustcyHoTQ6/symbols.o" "/opt/rustwide/target/debug/deps/selection_roles-63f76c4b7c786a65.selection_roles.5efe1579eb53a388-cgu.0.rcgu.o" "/opt/rustwide/target/debug/deps/selection_roles-63f76c4b7c786a65.selection_roles.5efe1579eb53a388-cgu.1.rcgu.o" "/opt/rustwide/target/debug/deps/selection_roles-63f76c4b7c786a65.selection_roles.5efe1579eb53a388-cgu.2.rcgu.o" "/opt/rustwide/target/debug/deps/selection_roles-63f76c4b7c786a65.selection_roles.5efe1579eb53a388-cgu.3.rcgu.o" "/opt/rustwide/target/debug/deps/selection_roles-63f76c4b7c786a65.selection_roles.5efe1579eb53a388-cgu.4.rcgu.o" "/opt/rustwide/target/debug/deps/selection_roles-63f76c4b7c786a65.selection_roles.5efe1579eb53a388-cgu.5.rcgu.o" "/opt/rustwide/target/debug/deps/selection_roles-63f76c4b7c786a65.selection_roles.5efe1579eb53a388-cgu.6.rcgu.o" "/opt/rustwide/target/debug/deps/selection_roles-63f76c4b7c786a65.selection_roles.5efe1579eb53a388-cgu.7.rcgu.o" "/opt/rustwide/target/debug/deps/selection_roles-63f76c4b7c786a65.selection_roles.5efe1579eb53a388-cgu.8.rcgu.o" "/opt/rustwide/target/debug/deps/selection_roles-63f76c4b7c786a65.23fn940xx49z0thk.rcgu.o" "-Wl,--as-needed" "-L" "/opt/rustwide/target/debug/deps" "-L" "/opt/rustwide/rustup-home/toolchains/beta-2023-12-22-x86_64-unknown-linux-gnu/lib/rustlib/x86_64-unknown-linux-gnu/lib" "-Wl,-Bstatic" "/opt/rustwide/rustup-home/toolchains/beta-2023-12-22-x86_64-unknown-linux-gnu/lib/rustlib/x86_64-unknown-linux-gnu/lib/libtest-cbab71697df97b00.rlib" "/opt/rustwide/rustup-home/toolchains/beta-2023-12-22-x86_64-unknown-linux-gnu/lib/rustlib/x86_64-unknown-linux-gnu/lib/libgetopts-2a2cf8f16c536007.rlib" "/opt/rustwide/rustup-home/toolchains/beta-2023-12-22-x86_64-unknown-linux-gnu/lib/rustlib/x86_64-unknown-linux-gnu/lib/libunicode_width-c5f3cc3cceaf9070.rlib" "/opt/rustwide/rustup-home/toolchains/beta-2023-12-22-x86_64-unknown-linux-gnu/lib/rustlib/x86_64-unknown-linux-gnu/lib/librustc_std_workspace_std-a31324ec815b09db.rlib" "/opt/rustwide/target/debug/deps/libtokio-aa13f84facb6842f.rlib" "/opt/rustwide/target/debug/deps/libsignal_hook_registry-48d15ec57e1f7cfa.rlib" "/opt/rustwide/target/debug/deps/libnum_cpus-8571ef1a3f762e93.rlib" "/opt/rustwide/target/debug/deps/libsocket2-0700ebb1f2307869.rlib" "/opt/rustwide/target/debug/deps/libbytes-d5ef6100ae69ca23.rlib" "/opt/rustwide/target/debug/deps/libmio-bc5af0d99dc99bb4.rlib" "/opt/rustwide/target/debug/deps/libparking_lot-5eadde6981010bf4.rlib" "/opt/rustwide/target/debug/deps/libparking_lot_core-282ebb2f09237da2.rlib" "/opt/rustwide/target/debug/deps/liblibc-9bdc13f38078ecbe.rlib" "/opt/rustwide/target/debug/deps/liblock_api-af608386887ddd92.rlib" "/opt/rustwide/target/debug/deps/libscopeguard-f937485db0060aca.rlib" "/opt/rustwide/target/debug/deps/libtracing_test-00d0414d3c685e85.rlib" "/opt/rustwide/target/debug/deps/libtracing_subscriber-d7163a48164e4ae4.rlib" "/opt/rustwide/target/debug/deps/libsmallvec-2fe51d264bce6b98.rlib" "/opt/rustwide/target/debug/deps/libthread_local-722798ceeba69c57.rlib" "/opt/rustwide/target/debug/deps/libcfg_if-e7002d307f97bc56.rlib" "/opt/rustwide/target/debug/deps/libsharded_slab-4aac6980d7a458df.rlib" "/opt/rustwide/target/debug/deps/libtracing_serde-5e11d3dc4ebad46d.rlib" "/opt/rustwide/target/debug/deps/libserde_json-4c7675d40885eab7.rlib" "/opt/rustwide/target/debug/deps/libryu-4b03a7708da1319d.rlib" "/opt/rustwide/target/debug/deps/libitoa-34968a9f29c36fec.rlib" "/opt/rustwide/target/debug/deps/libserde-43396d81f5c62e04.rlib" "/opt/rustwide/target/debug/deps/libtracing_log-3cdc7b3eb3b464ac.rlib" "/opt/rustwide/target/debug/deps/liblog-2cf4a51dfa4e790a.rlib" "/opt/rustwide/target/debug/deps/libansi_term-f435e404af61098a.rlib" "/opt/rustwide/target/debug/deps/libmatchers-dca13a0a9dd63aa9.rlib" "/opt/rustwide/target/debug/deps/libregex_automata-d0c3ae8cf67481e6.rlib" "/opt/rustwide/target/debug/deps/libregex_syntax-b113d34fa562c5bb.rlib" "/opt/rustwide/target/debug/deps/libregex-6b2e15812834269a.rlib" "/opt/rustwide/target/debug/deps/libregex_automata-18e9b4bafe25d656.rlib" "/opt/rustwide/target/debug/deps/libaho_corasick-0efee17d6ff570a3.rlib" "/opt/rustwide/target/debug/deps/libregex_syntax-2fba322c2516c6a3.rlib" "/opt/rustwide/target/debug/deps/libtoql-2bd4dc0765932f7e.rlib" "/opt/rustwide/target/debug/deps/libtoql_core-968ffd201fc74c27.rlib" "/opt/rustwide/target/debug/deps/libtoql_role_expr_parser-39cd7cac36bb1a2e.rlib" "/opt/rustwide/target/debug/deps/libtoql_sql_expr_parser-b4a5f761b19a7e94.rlib" "/opt/rustwide/target/debug/deps/libtracing-897b723bb096fedb.rlib" "/opt/rustwide/target/debug/deps/libpin_project_lite-085b19c93bbb2231.rlib" "/opt/rustwide/target/debug/deps/libtracing_core-9f77338b6383eb64.rlib" "/opt/rustwide/target/debug/deps/libonce_cell-334d739f4e3a4961.rlib" "/opt/rustwide/target/debug/deps/libheck-7f7d5dfc3843beb9.rlib" "/opt/rustwide/target/debug/deps/libunicode_segmentation-1b0bb2e943ab19f2.rlib" "/opt/rustwide/target/debug/deps/libtoql_query_parser-e518867a5fc671d9.rlib" "/opt/rustwide/target/debug/deps/libchrono-0635835f9c9e6c5a.rlib" "/opt/rustwide/target/debug/deps/libnum_traits-a17ba3937dd3424f.rlib" "/opt/rustwide/target/debug/deps/libiana_time_zone-0d3ced6f0a9aca0f.rlib" "/opt/rustwide/target/debug/deps/liblazy_static-efa3519517df6cf0.rlib" "/opt/rustwide/target/debug/deps/libpest-53c3d3d5017820e8.rlib" "/opt/rustwide/target/debug/deps/libucd_trie-de4c36fe49124ec8.rlib" "/opt/rustwide/target/debug/deps/libmemchr-14a47255884553ca.rlib" "/opt/rustwide/target/debug/deps/libthiserror-9e92442654f9ad90.rlib" "/opt/rustwide/target/debug/deps/libpretty_assertions-d03696617e4c9890.rlib" "/opt/rustwide/target/debug/deps/libdiff-f6228193e395c656.rlib" "/opt/rustwide/target/debug/deps/libyansi-fe77e7901970feab.rlib" "/opt/rustwide/rustup-home/toolchains/beta-2023-12-22-x86_64-unknown-linux-gnu/lib/rustlib/x86_64-unknown-linux-gnu/lib/libstd-0672489a78b613de.rlib" "/opt/rustwide/rustup-home/toolchains/beta-2023-12-22-x86_64-unknown-linux-gnu/lib/rustlib/x86_64-unknown-linux-gnu/lib/libpanic_unwind-7eb3ffc34a49f675.rlib" "/opt/rustwide/rustup-home/toolchains/beta-2023-12-22-x86_64-unknown-linux-gnu/lib/rustlib/x86_64-unknown-linux-gnu/lib/libobject-6478a9daa4bee8e2.rlib" "/opt/rustwide/rustup-home/toolchains/beta-2023-12-22-x86_64-unknown-linux-gnu/lib/rustlib/x86_64-unknown-linux-gnu/lib/libmemchr-0c75d871a5c3923d.rlib" "/opt/rustwide/rustup-home/toolchains/beta-2023-12-22-x86_64-unknown-linux-gnu/lib/rustlib/x86_64-unknown-linux-gnu/lib/libaddr2line-d163ef63ad37bb71.rlib" "/opt/rustwide/rustup-home/toolchains/beta-2023-12-22-x86_64-unknown-linux-gnu/lib/rustlib/x86_64-unknown-linux-gnu/lib/libgimli-8a3fd810a85b9f4c.rlib" "/opt/rustwide/rustup-home/toolchains/beta-2023-12-22-x86_64-unknown-linux-gnu/lib/rustlib/x86_64-unknown-linux-gnu/lib/librustc_demangle-462a2cde8c5dfc10.rlib" "/opt/rustwide/rustup-home/toolchains/beta-2023-12-22-x86_64-unknown-linux-gnu/lib/rustlib/x86_64-unknown-linux-gnu/lib/libstd_detect-cb06ac9f54713f71.rlib" "/opt/rustwide/rustup-home/toolchains/beta-2023-12-22-x86_64-unknown-linux-gnu/lib/rustlib/x86_64-unknown-linux-gnu/lib/libhashbrown-f20bfd1f8e59b393.rlib" "/opt/rustwide/rustup-home/toolchains/beta-2023-12-22-x86_64-unknown-linux-gnu/lib/rustlib/x86_64-unknown-linux-gnu/lib/librustc_std_workspace_alloc-1ef460949b49da4b.rlib" "/opt/rustwide/rustup-home/toolchains/beta-2023-12-22-x86_64-unknown-linux-gnu/lib/rustlib/x86_64-unknown-linux-gnu/lib/libminiz_oxide-2cb0c0ffe4f87514.rlib" "/opt/rustwide/rustup-home/toolchains/beta-2023-12-22-x86_64-unknown-linux-gnu/lib/rustlib/x86_64-unknown-linux-gnu/lib/libadler-58d841eb322a11a2.rlib" "/opt/rustwide/rustup-home/toolchains/beta-2023-12-22-x86_64-unknown-linux-gnu/lib/rustlib/x86_64-unknown-linux-gnu/lib/libunwind-aa2ae0b0a9d11533.rlib" "/opt/rustwide/rustup-home/toolchains/beta-2023-12-22-x86_64-unknown-linux-gnu/lib/rustlib/x86_64-unknown-linux-gnu/lib/libcfg_if-23874e15830ed336.rlib" "/opt/rustwide/rustup-home/toolchains/beta-2023-12-22-x86_64-unknown-linux-gnu/lib/rustlib/x86_64-unknown-linux-gnu/lib/liblibc-e47cddc003bce885.rlib" "/opt/rustwide/rustup-home/toolchains/beta-2023-12-22-x86_64-unknown-linux-gnu/lib/rustlib/x86_64-unknown-linux-gnu/lib/liballoc-c22b13b48a8f128e.rlib" "/opt/rustwide/rustup-home/toolchains/beta-2023-12-22-x86_64-unknown-linux-gnu/lib/rustlib/x86_64-unknown-linux-gnu/lib/librustc_std_workspace_core-e46bc3da6d7c462f.rlib" "/opt/rustwide/rustup-home/toolchains/beta-2023-12-22-x86_64-unknown-linux-gnu/lib/rustlib/x86_64-unknown-linux-gnu/lib/libcore-8d1ac131d3cb2645.rlib" "/opt/rustwide/rustup-home/toolchains/beta-2023-12-22-x86_64-unknown-linux-gnu/lib/rustlib/x86_64-unknown-linux-gnu/lib/libcompiler_builtins-a1b43df8c6899c1f.rlib" "-Wl,-Bdynamic" "-lgcc_s" "-lutil" "-lrt" "-lpthread" "-lm" "-ldl" "-lc" "-Wl,--eh-frame-hdr" "-Wl,-z,noexecstack" "-L" "/opt/rustwide/rustup-home/toolchains/beta-2023-12-22-x86_64-unknown-linux-gnu/lib/rustlib/x86_64-unknown-linux-gnu/lib" "-o" "/opt/rustwide/target/debug/deps/selection_roles-63f76c4b7c786a65" "-Wl,--gc-sections" "-pie" "-Wl,-z,relro,-z,now" "-nodefaultlibs"
[INFO] [stdout]   = note: collect2: fatal error: ld terminated with signal 9 [Killed]
[INFO] [stdout]           compilation terminated.
[INFO] [stdout]           
[INFO] [stdout] 
[INFO] [stdout] 
[INFO] [stdout] error: aborting due to 1 previous error; 1 warning emitted
[INFO] [stdout] 
[INFO] [stdout] 
[INFO] [stderr] error: could not compile `toql` (test "selection_roles") due to 2 previous errors; 1 warning emitted
[INFO] [stdout] error: linking with `cc` failed: exit status: 1
[INFO] [stdout]   |
[INFO] [stdout]   = note: LC_ALL="C" PATH="/opt/rustwide/rustup-home/toolchains/beta-2023-12-22-x86_64-unknown-linux-gnu/lib/rustlib/x86_64-unknown-linux-gnu/bin:/opt/rustwide/cargo-home/bin:/usr/local/sbin:/usr/local/bin:/usr/sbin:/usr/bin:/sbin:/bin" VSLANG="1033" "cc" "-m64" "/tmp/rustcGk7HsI/symbols.o" "/opt/rustwide/target/debug/deps/aux_params-02a9ca1105fd98d3.aux_params.5d4ccb475a45e8c5-cgu.00.rcgu.o" "/opt/rustwide/target/debug/deps/aux_params-02a9ca1105fd98d3.aux_params.5d4ccb475a45e8c5-cgu.01.rcgu.o" "/opt/rustwide/target/debug/deps/aux_params-02a9ca1105fd98d3.aux_params.5d4ccb475a45e8c5-cgu.02.rcgu.o" "/opt/rustwide/target/debug/deps/aux_params-02a9ca1105fd98d3.aux_params.5d4ccb475a45e8c5-cgu.03.rcgu.o" "/opt/rustwide/target/debug/deps/aux_params-02a9ca1105fd98d3.aux_params.5d4ccb475a45e8c5-cgu.04.rcgu.o" "/opt/rustwide/target/debug/deps/aux_params-02a9ca1105fd98d3.aux_params.5d4ccb475a45e8c5-cgu.05.rcgu.o" "/opt/rustwide/target/debug/deps/aux_params-02a9ca1105fd98d3.aux_params.5d4ccb475a45e8c5-cgu.06.rcgu.o" "/opt/rustwide/target/debug/deps/aux_params-02a9ca1105fd98d3.aux_params.5d4ccb475a45e8c5-cgu.07.rcgu.o" "/opt/rustwide/target/debug/deps/aux_params-02a9ca1105fd98d3.aux_params.5d4ccb475a45e8c5-cgu.08.rcgu.o" "/opt/rustwide/target/debug/deps/aux_params-02a9ca1105fd98d3.aux_params.5d4ccb475a45e8c5-cgu.09.rcgu.o" "/opt/rustwide/target/debug/deps/aux_params-02a9ca1105fd98d3.17o1naqmwz9yapd1.rcgu.o" "-Wl,--as-needed" "-L" "/opt/rustwide/target/debug/deps" "-L" "/opt/rustwide/rustup-home/toolchains/beta-2023-12-22-x86_64-unknown-linux-gnu/lib/rustlib/x86_64-unknown-linux-gnu/lib" "-Wl,-Bstatic" "/opt/rustwide/rustup-home/toolchains/beta-2023-12-22-x86_64-unknown-linux-gnu/lib/rustlib/x86_64-unknown-linux-gnu/lib/libtest-cbab71697df97b00.rlib" "/opt/rustwide/rustup-home/toolchains/beta-2023-12-22-x86_64-unknown-linux-gnu/lib/rustlib/x86_64-unknown-linux-gnu/lib/libgetopts-2a2cf8f16c536007.rlib" "/opt/rustwide/rustup-home/toolchains/beta-2023-12-22-x86_64-unknown-linux-gnu/lib/rustlib/x86_64-unknown-linux-gnu/lib/libunicode_width-c5f3cc3cceaf9070.rlib" "/opt/rustwide/rustup-home/toolchains/beta-2023-12-22-x86_64-unknown-linux-gnu/lib/rustlib/x86_64-unknown-linux-gnu/lib/librustc_std_workspace_std-a31324ec815b09db.rlib" "/opt/rustwide/target/debug/deps/libtokio-aa13f84facb6842f.rlib" "/opt/rustwide/target/debug/deps/libsignal_hook_registry-48d15ec57e1f7cfa.rlib" "/opt/rustwide/target/debug/deps/libnum_cpus-8571ef1a3f762e93.rlib" "/opt/rustwide/target/debug/deps/libsocket2-0700ebb1f2307869.rlib" "/opt/rustwide/target/debug/deps/libbytes-d5ef6100ae69ca23.rlib" "/opt/rustwide/target/debug/deps/libmio-bc5af0d99dc99bb4.rlib" "/opt/rustwide/target/debug/deps/libparking_lot-5eadde6981010bf4.rlib" "/opt/rustwide/target/debug/deps/libparking_lot_core-282ebb2f09237da2.rlib" "/opt/rustwide/target/debug/deps/liblibc-9bdc13f38078ecbe.rlib" "/opt/rustwide/target/debug/deps/liblock_api-af608386887ddd92.rlib" "/opt/rustwide/target/debug/deps/libscopeguard-f937485db0060aca.rlib" "/opt/rustwide/target/debug/deps/libtracing_test-00d0414d3c685e85.rlib" "/opt/rustwide/target/debug/deps/libtracing_subscriber-d7163a48164e4ae4.rlib" "/opt/rustwide/target/debug/deps/libsmallvec-2fe51d264bce6b98.rlib" "/opt/rustwide/target/debug/deps/libthread_local-722798ceeba69c57.rlib" "/opt/rustwide/target/debug/deps/libcfg_if-e7002d307f97bc56.rlib" "/opt/rustwide/target/debug/deps/libsharded_slab-4aac6980d7a458df.rlib" "/opt/rustwide/target/debug/deps/libtracing_serde-5e11d3dc4ebad46d.rlib" "/opt/rustwide/target/debug/deps/libserde_json-4c7675d40885eab7.rlib" "/opt/rustwide/target/debug/deps/libryu-4b03a7708da1319d.rlib" "/opt/rustwide/target/debug/deps/libitoa-34968a9f29c36fec.rlib" "/opt/rustwide/target/debug/deps/libserde-43396d81f5c62e04.rlib" "/opt/rustwide/target/debug/deps/libtracing_log-3cdc7b3eb3b464ac.rlib" "/opt/rustwide/target/debug/deps/liblog-2cf4a51dfa4e790a.rlib" "/opt/rustwide/target/debug/deps/libansi_term-f435e404af61098a.rlib" "/opt/rustwide/target/debug/deps/libmatchers-dca13a0a9dd63aa9.rlib" "/opt/rustwide/target/debug/deps/libregex_automata-d0c3ae8cf67481e6.rlib" "/opt/rustwide/target/debug/deps/libregex_syntax-b113d34fa562c5bb.rlib" "/opt/rustwide/target/debug/deps/libregex-6b2e15812834269a.rlib" "/opt/rustwide/target/debug/deps/libregex_automata-18e9b4bafe25d656.rlib" "/opt/rustwide/target/debug/deps/libaho_corasick-0efee17d6ff570a3.rlib" "/opt/rustwide/target/debug/deps/libregex_syntax-2fba322c2516c6a3.rlib" "/opt/rustwide/target/debug/deps/libtoql-2bd4dc0765932f7e.rlib" "/opt/rustwide/target/debug/deps/libtoql_core-968ffd201fc74c27.rlib" "/opt/rustwide/target/debug/deps/libtoql_role_expr_parser-39cd7cac36bb1a2e.rlib" "/opt/rustwide/target/debug/deps/libtoql_sql_expr_parser-b4a5f761b19a7e94.rlib" "/opt/rustwide/target/debug/deps/libtracing-897b723bb096fedb.rlib" "/opt/rustwide/target/debug/deps/libpin_project_lite-085b19c93bbb2231.rlib" "/opt/rustwide/target/debug/deps/libtracing_core-9f77338b6383eb64.rlib" "/opt/rustwide/target/debug/deps/libonce_cell-334d739f4e3a4961.rlib" "/opt/rustwide/target/debug/deps/libheck-7f7d5dfc3843beb9.rlib" "/opt/rustwide/target/debug/deps/libunicode_segmentation-1b0bb2e943ab19f2.rlib" "/opt/rustwide/target/debug/deps/libtoql_query_parser-e518867a5fc671d9.rlib" "/opt/rustwide/target/debug/deps/libchrono-0635835f9c9e6c5a.rlib" "/opt/rustwide/target/debug/deps/libnum_traits-a17ba3937dd3424f.rlib" "/opt/rustwide/target/debug/deps/libiana_time_zone-0d3ced6f0a9aca0f.rlib" "/opt/rustwide/target/debug/deps/liblazy_static-efa3519517df6cf0.rlib" "/opt/rustwide/target/debug/deps/libpest-53c3d3d5017820e8.rlib" "/opt/rustwide/target/debug/deps/libucd_trie-de4c36fe49124ec8.rlib" "/opt/rustwide/target/debug/deps/libmemchr-14a47255884553ca.rlib" "/opt/rustwide/target/debug/deps/libthiserror-9e92442654f9ad90.rlib" "/opt/rustwide/rustup-home/toolchains/beta-2023-12-22-x86_64-unknown-linux-gnu/lib/rustlib/x86_64-unknown-linux-gnu/lib/libstd-0672489a78b613de.rlib" "/opt/rustwide/rustup-home/toolchains/beta-2023-12-22-x86_64-unknown-linux-gnu/lib/rustlib/x86_64-unknown-linux-gnu/lib/libpanic_unwind-7eb3ffc34a49f675.rlib" "/opt/rustwide/rustup-home/toolchains/beta-2023-12-22-x86_64-unknown-linux-gnu/lib/rustlib/x86_64-unknown-linux-gnu/lib/libobject-6478a9daa4bee8e2.rlib" "/opt/rustwide/rustup-home/toolchains/beta-2023-12-22-x86_64-unknown-linux-gnu/lib/rustlib/x86_64-unknown-linux-gnu/lib/libmemchr-0c75d871a5c3923d.rlib" "/opt/rustwide/rustup-home/toolchains/beta-2023-12-22-x86_64-unknown-linux-gnu/lib/rustlib/x86_64-unknown-linux-gnu/lib/libaddr2line-d163ef63ad37bb71.rlib" "/opt/rustwide/rustup-home/toolchains/beta-2023-12-22-x86_64-unknown-linux-gnu/lib/rustlib/x86_64-unknown-linux-gnu/lib/libgimli-8a3fd810a85b9f4c.rlib" "/opt/rustwide/rustup-home/toolchains/beta-2023-12-22-x86_64-unknown-linux-gnu/lib/rustlib/x86_64-unknown-linux-gnu/lib/librustc_demangle-462a2cde8c5dfc10.rlib" "/opt/rustwide/rustup-home/toolchains/beta-2023-12-22-x86_64-unknown-linux-gnu/lib/rustlib/x86_64-unknown-linux-gnu/lib/libstd_detect-cb06ac9f54713f71.rlib" "/opt/rustwide/rustup-home/toolchains/beta-2023-12-22-x86_64-unknown-linux-gnu/lib/rustlib/x86_64-unknown-linux-gnu/lib/libhashbrown-f20bfd1f8e59b393.rlib" "/opt/rustwide/rustup-home/toolchains/beta-2023-12-22-x86_64-unknown-linux-gnu/lib/rustlib/x86_64-unknown-linux-gnu/lib/librustc_std_workspace_alloc-1ef460949b49da4b.rlib" "/opt/rustwide/rustup-home/toolchains/beta-2023-12-22-x86_64-unknown-linux-gnu/lib/rustlib/x86_64-unknown-linux-gnu/lib/libminiz_oxide-2cb0c0ffe4f87514.rlib" "/opt/rustwide/rustup-home/toolchains/beta-2023-12-22-x86_64-unknown-linux-gnu/lib/rustlib/x86_64-unknown-linux-gnu/lib/libadler-58d841eb322a11a2.rlib" "/opt/rustwide/rustup-home/toolchains/beta-2023-12-22-x86_64-unknown-linux-gnu/lib/rustlib/x86_64-unknown-linux-gnu/lib/libunwind-aa2ae0b0a9d11533.rlib" "/opt/rustwide/rustup-home/toolchains/beta-2023-12-22-x86_64-unknown-linux-gnu/lib/rustlib/x86_64-unknown-linux-gnu/lib/libcfg_if-23874e15830ed336.rlib" "/opt/rustwide/rustup-home/toolchains/beta-2023-12-22-x86_64-unknown-linux-gnu/lib/rustlib/x86_64-unknown-linux-gnu/lib/liblibc-e47cddc003bce885.rlib" "/opt/rustwide/rustup-home/toolchains/beta-2023-12-22-x86_64-unknown-linux-gnu/lib/rustlib/x86_64-unknown-linux-gnu/lib/liballoc-c22b13b48a8f128e.rlib" "/opt/rustwide/rustup-home/toolchains/beta-2023-12-22-x86_64-unknown-linux-gnu/lib/rustlib/x86_64-unknown-linux-gnu/lib/librustc_std_workspace_core-e46bc3da6d7c462f.rlib" "/opt/rustwide/rustup-home/toolchains/beta-2023-12-22-x86_64-unknown-linux-gnu/lib/rustlib/x86_64-unknown-linux-gnu/lib/libcore-8d1ac131d3cb2645.rlib" "/opt/rustwide/rustup-home/toolchains/beta-2023-12-22-x86_64-unknown-linux-gnu/lib/rustlib/x86_64-unknown-linux-gnu/lib/libcompiler_builtins-a1b43df8c6899c1f.rlib" "-Wl,-Bdynamic" "-lgcc_s" "-lutil" "-lrt" "-lpthread" "-lm" "-ldl" "-lc" "-Wl,--eh-frame-hdr" "-Wl,-z,noexecstack" "-L" "/opt/rustwide/rustup-home/toolchains/beta-2023-12-22-x86_64-unknown-linux-gnu/lib/rustlib/x86_64-unknown-linux-gnu/lib" "-o" "/opt/rustwide/target/debug/deps/aux_params-02a9ca1105fd98d3" "-Wl,--gc-sections" "-pie" "-Wl,-z,relro,-z,now" "-nodefaultlibs"
[INFO] [stdout]   = note: collect2: fatal error: ld terminated with signal 9 [Killed]
[INFO] [stdout]           compilation terminated.
[INFO] [stdout]           
[INFO] [stdout] 
[INFO] [stdout] 
[INFO] [stdout] error: aborting due to 1 previous error; 1 warning emitted
[INFO] [stdout] 
[INFO] [stdout] 
[INFO] [stderr] error: could not compile `toql` (test "aux_params") due to 2 previous errors; 1 warning emitted
[INFO] [stdout] error: linking with `cc` failed: exit status: 1
[INFO] [stdout]   |
[INFO] [stdout]   = note: LC_ALL="C" PATH="/opt/rustwide/rustup-home/toolchains/beta-2023-12-22-x86_64-unknown-linux-gnu/lib/rustlib/x86_64-unknown-linux-gnu/bin:/opt/rustwide/cargo-home/bin:/usr/local/sbin:/usr/local/bin:/usr/sbin:/usr/bin:/sbin:/bin" VSLANG="1033" "cc" "-m64" "/tmp/rustcLD9KiF/symbols.o" "/opt/rustwide/target/debug/deps/fields-b01694eb06a9081d.fields.37bc151da0119a12-cgu.00.rcgu.o" "/opt/rustwide/target/debug/deps/fields-b01694eb06a9081d.fields.37bc151da0119a12-cgu.01.rcgu.o" "/opt/rustwide/target/debug/deps/fields-b01694eb06a9081d.fields.37bc151da0119a12-cgu.02.rcgu.o" "/opt/rustwide/target/debug/deps/fields-b01694eb06a9081d.fields.37bc151da0119a12-cgu.03.rcgu.o" "/opt/rustwide/target/debug/deps/fields-b01694eb06a9081d.fields.37bc151da0119a12-cgu.04.rcgu.o" "/opt/rustwide/target/debug/deps/fields-b01694eb06a9081d.fields.37bc151da0119a12-cgu.05.rcgu.o" "/opt/rustwide/target/debug/deps/fields-b01694eb06a9081d.fields.37bc151da0119a12-cgu.06.rcgu.o" "/opt/rustwide/target/debug/deps/fields-b01694eb06a9081d.fields.37bc151da0119a12-cgu.07.rcgu.o" "/opt/rustwide/target/debug/deps/fields-b01694eb06a9081d.fields.37bc151da0119a12-cgu.08.rcgu.o" "/opt/rustwide/target/debug/deps/fields-b01694eb06a9081d.fields.37bc151da0119a12-cgu.09.rcgu.o" "/opt/rustwide/target/debug/deps/fields-b01694eb06a9081d.fields.37bc151da0119a12-cgu.10.rcgu.o" "/opt/rustwide/target/debug/deps/fields-b01694eb06a9081d.3zj0vdi5jf8zhoch.rcgu.o" "-Wl,--as-needed" "-L" "/opt/rustwide/target/debug/deps" "-L" "/opt/rustwide/rustup-home/toolchains/beta-2023-12-22-x86_64-unknown-linux-gnu/lib/rustlib/x86_64-unknown-linux-gnu/lib" "-Wl,-Bstatic" "/opt/rustwide/rustup-home/toolchains/beta-2023-12-22-x86_64-unknown-linux-gnu/lib/rustlib/x86_64-unknown-linux-gnu/lib/libtest-cbab71697df97b00.rlib" "/opt/rustwide/rustup-home/toolchains/beta-2023-12-22-x86_64-unknown-linux-gnu/lib/rustlib/x86_64-unknown-linux-gnu/lib/libgetopts-2a2cf8f16c536007.rlib" "/opt/rustwide/rustup-home/toolchains/beta-2023-12-22-x86_64-unknown-linux-gnu/lib/rustlib/x86_64-unknown-linux-gnu/lib/libunicode_width-c5f3cc3cceaf9070.rlib" "/opt/rustwide/rustup-home/toolchains/beta-2023-12-22-x86_64-unknown-linux-gnu/lib/rustlib/x86_64-unknown-linux-gnu/lib/librustc_std_workspace_std-a31324ec815b09db.rlib" "/opt/rustwide/target/debug/deps/libtokio-aa13f84facb6842f.rlib" "/opt/rustwide/target/debug/deps/libsignal_hook_registry-48d15ec57e1f7cfa.rlib" "/opt/rustwide/target/debug/deps/libnum_cpus-8571ef1a3f762e93.rlib" "/opt/rustwide/target/debug/deps/libsocket2-0700ebb1f2307869.rlib" "/opt/rustwide/target/debug/deps/libbytes-d5ef6100ae69ca23.rlib" "/opt/rustwide/target/debug/deps/libmio-bc5af0d99dc99bb4.rlib" "/opt/rustwide/target/debug/deps/libparking_lot-5eadde6981010bf4.rlib" "/opt/rustwide/target/debug/deps/libparking_lot_core-282ebb2f09237da2.rlib" "/opt/rustwide/target/debug/deps/liblibc-9bdc13f38078ecbe.rlib" "/opt/rustwide/target/debug/deps/liblock_api-af608386887ddd92.rlib" "/opt/rustwide/target/debug/deps/libscopeguard-f937485db0060aca.rlib" "/opt/rustwide/target/debug/deps/libtracing_test-00d0414d3c685e85.rlib" "/opt/rustwide/target/debug/deps/libtracing_subscriber-d7163a48164e4ae4.rlib" "/opt/rustwide/target/debug/deps/libsmallvec-2fe51d264bce6b98.rlib" "/opt/rustwide/target/debug/deps/libthread_local-722798ceeba69c57.rlib" "/opt/rustwide/target/debug/deps/libcfg_if-e7002d307f97bc56.rlib" "/opt/rustwide/target/debug/deps/libsharded_slab-4aac6980d7a458df.rlib" "/opt/rustwide/target/debug/deps/libtracing_serde-5e11d3dc4ebad46d.rlib" "/opt/rustwide/target/debug/deps/libserde_json-4c7675d40885eab7.rlib" "/opt/rustwide/target/debug/deps/libryu-4b03a7708da1319d.rlib" "/opt/rustwide/target/debug/deps/libitoa-34968a9f29c36fec.rlib" "/opt/rustwide/target/debug/deps/libserde-43396d81f5c62e04.rlib" "/opt/rustwide/target/debug/deps/libtracing_log-3cdc7b3eb3b464ac.rlib" "/opt/rustwide/target/debug/deps/liblog-2cf4a51dfa4e790a.rlib" "/opt/rustwide/target/debug/deps/libansi_term-f435e404af61098a.rlib" "/opt/rustwide/target/debug/deps/libmatchers-dca13a0a9dd63aa9.rlib" "/opt/rustwide/target/debug/deps/libregex_automata-d0c3ae8cf67481e6.rlib" "/opt/rustwide/target/debug/deps/libregex_syntax-b113d34fa562c5bb.rlib" "/opt/rustwide/target/debug/deps/libregex-6b2e15812834269a.rlib" "/opt/rustwide/target/debug/deps/libregex_automata-18e9b4bafe25d656.rlib" "/opt/rustwide/target/debug/deps/libaho_corasick-0efee17d6ff570a3.rlib" "/opt/rustwide/target/debug/deps/libregex_syntax-2fba322c2516c6a3.rlib" "/opt/rustwide/target/debug/deps/libtoql-2bd4dc0765932f7e.rlib" "/opt/rustwide/target/debug/deps/libtoql_core-968ffd201fc74c27.rlib" "/opt/rustwide/target/debug/deps/libtoql_role_expr_parser-39cd7cac36bb1a2e.rlib" "/opt/rustwide/target/debug/deps/libtoql_sql_expr_parser-b4a5f761b19a7e94.rlib" "/opt/rustwide/target/debug/deps/libtracing-897b723bb096fedb.rlib" "/opt/rustwide/target/debug/deps/libpin_project_lite-085b19c93bbb2231.rlib" "/opt/rustwide/target/debug/deps/libtracing_core-9f77338b6383eb64.rlib" "/opt/rustwide/target/debug/deps/libonce_cell-334d739f4e3a4961.rlib" "/opt/rustwide/target/debug/deps/libheck-7f7d5dfc3843beb9.rlib" "/opt/rustwide/target/debug/deps/libunicode_segmentation-1b0bb2e943ab19f2.rlib" "/opt/rustwide/target/debug/deps/libtoql_query_parser-e518867a5fc671d9.rlib" "/opt/rustwide/target/debug/deps/libchrono-0635835f9c9e6c5a.rlib" "/opt/rustwide/target/debug/deps/libnum_traits-a17ba3937dd3424f.rlib" "/opt/rustwide/target/debug/deps/libiana_time_zone-0d3ced6f0a9aca0f.rlib" "/opt/rustwide/target/debug/deps/liblazy_static-efa3519517df6cf0.rlib" "/opt/rustwide/target/debug/deps/libpest-53c3d3d5017820e8.rlib" "/opt/rustwide/target/debug/deps/libucd_trie-de4c36fe49124ec8.rlib" "/opt/rustwide/target/debug/deps/libmemchr-14a47255884553ca.rlib" "/opt/rustwide/target/debug/deps/libthiserror-9e92442654f9ad90.rlib" "/opt/rustwide/rustup-home/toolchains/beta-2023-12-22-x86_64-unknown-linux-gnu/lib/rustlib/x86_64-unknown-linux-gnu/lib/libstd-0672489a78b613de.rlib" "/opt/rustwide/rustup-home/toolchains/beta-2023-12-22-x86_64-unknown-linux-gnu/lib/rustlib/x86_64-unknown-linux-gnu/lib/libpanic_unwind-7eb3ffc34a49f675.rlib" "/opt/rustwide/rustup-home/toolchains/beta-2023-12-22-x86_64-unknown-linux-gnu/lib/rustlib/x86_64-unknown-linux-gnu/lib/libobject-6478a9daa4bee8e2.rlib" "/opt/rustwide/rustup-home/toolchains/beta-2023-12-22-x86_64-unknown-linux-gnu/lib/rustlib/x86_64-unknown-linux-gnu/lib/libmemchr-0c75d871a5c3923d.rlib" "/opt/rustwide/rustup-home/toolchains/beta-2023-12-22-x86_64-unknown-linux-gnu/lib/rustlib/x86_64-unknown-linux-gnu/lib/libaddr2line-d163ef63ad37bb71.rlib" "/opt/rustwide/rustup-home/toolchains/beta-2023-12-22-x86_64-unknown-linux-gnu/lib/rustlib/x86_64-unknown-linux-gnu/lib/libgimli-8a3fd810a85b9f4c.rlib" "/opt/rustwide/rustup-home/toolchains/beta-2023-12-22-x86_64-unknown-linux-gnu/lib/rustlib/x86_64-unknown-linux-gnu/lib/librustc_demangle-462a2cde8c5dfc10.rlib" "/opt/rustwide/rustup-home/toolchains/beta-2023-12-22-x86_64-unknown-linux-gnu/lib/rustlib/x86_64-unknown-linux-gnu/lib/libstd_detect-cb06ac9f54713f71.rlib" "/opt/rustwide/rustup-home/toolchains/beta-2023-12-22-x86_64-unknown-linux-gnu/lib/rustlib/x86_64-unknown-linux-gnu/lib/libhashbrown-f20bfd1f8e59b393.rlib" "/opt/rustwide/rustup-home/toolchains/beta-2023-12-22-x86_64-unknown-linux-gnu/lib/rustlib/x86_64-unknown-linux-gnu/lib/librustc_std_workspace_alloc-1ef460949b49da4b.rlib" "/opt/rustwide/rustup-home/toolchains/beta-2023-12-22-x86_64-unknown-linux-gnu/lib/rustlib/x86_64-unknown-linux-gnu/lib/libminiz_oxide-2cb0c0ffe4f87514.rlib" "/opt/rustwide/rustup-home/toolchains/beta-2023-12-22-x86_64-unknown-linux-gnu/lib/rustlib/x86_64-unknown-linux-gnu/lib/libadler-58d841eb322a11a2.rlib" "/opt/rustwide/rustup-home/toolchains/beta-2023-12-22-x86_64-unknown-linux-gnu/lib/rustlib/x86_64-unknown-linux-gnu/lib/libunwind-aa2ae0b0a9d11533.rlib" "/opt/rustwide/rustup-home/toolchains/beta-2023-12-22-x86_64-unknown-linux-gnu/lib/rustlib/x86_64-unknown-linux-gnu/lib/libcfg_if-23874e15830ed336.rlib" "/opt/rustwide/rustup-home/toolchains/beta-2023-12-22-x86_64-unknown-linux-gnu/lib/rustlib/x86_64-unknown-linux-gnu/lib/liblibc-e47cddc003bce885.rlib" "/opt/rustwide/rustup-home/toolchains/beta-2023-12-22-x86_64-unknown-linux-gnu/lib/rustlib/x86_64-unknown-linux-gnu/lib/liballoc-c22b13b48a8f128e.rlib" "/opt/rustwide/rustup-home/toolchains/beta-2023-12-22-x86_64-unknown-linux-gnu/lib/rustlib/x86_64-unknown-linux-gnu/lib/librustc_std_workspace_core-e46bc3da6d7c462f.rlib" "/opt/rustwide/rustup-home/toolchains/beta-2023-12-22-x86_64-unknown-linux-gnu/lib/rustlib/x86_64-unknown-linux-gnu/lib/libcore-8d1ac131d3cb2645.rlib" "/opt/rustwide/rustup-home/toolchains/beta-2023-12-22-x86_64-unknown-linux-gnu/lib/rustlib/x86_64-unknown-linux-gnu/lib/libcompiler_builtins-a1b43df8c6899c1f.rlib" "-Wl,-Bdynamic" "-lgcc_s" "-lutil" "-lrt" "-lpthread" "-lm" "-ldl" "-lc" "-Wl,--eh-frame-hdr" "-Wl,-z,noexecstack" "-L" "/opt/rustwide/rustup-home/toolchains/beta-2023-12-22-x86_64-unknown-linux-gnu/lib/rustlib/x86_64-unknown-linux-gnu/lib" "-o" "/opt/rustwide/target/debug/deps/fields-b01694eb06a9081d" "-Wl,--gc-sections" "-pie" "-Wl,-z,relro,-z,now" "-nodefaultlibs"
[INFO] [stdout]   = note: collect2: fatal error: ld terminated with signal 9 [Killed]
[INFO] [stdout]           compilation terminated.
[INFO] [stdout]           
[INFO] [stdout] 
[INFO] [stdout] 
[INFO] [stdout] error: aborting due to 1 previous error
[INFO] [stdout] 
[INFO] [stdout] 
[INFO] [stderr] error: could not compile `toql` (test "fields") due to 2 previous errors
[INFO] [stdout] warning: 1 warning emitted
[INFO] [stdout] 
[INFO] [stdout] 
[INFO] running `Command { std: "docker" "inspect" "c43d73a7a3dc832d75f23f747928a5709e6c4277cd101827f0a1131789d7f5c8", kill_on_drop: false }`
[INFO] running `Command { std: "docker" "rm" "-f" "c43d73a7a3dc832d75f23f747928a5709e6c4277cd101827f0a1131789d7f5c8", kill_on_drop: false }`
[INFO] [stdout] c43d73a7a3dc832d75f23f747928a5709e6c4277cd101827f0a1131789d7f5c8
