[INFO] fetching crate tonic-reflect-protobuf 0.9.0...
[INFO] testing tonic-reflect-protobuf-0.9.0 against 1.75.0 for beta-1.76-1
[INFO] extracting crate tonic-reflect-protobuf 0.9.0 into /workspace/builds/worker-3-tc1/source
[INFO] validating manifest of crates.io crate tonic-reflect-protobuf 0.9.0 on toolchain 1.75.0
[INFO] running `Command { std: CARGO_HOME="/workspace/cargo-home" RUSTUP_HOME="/workspace/rustup-home" "/workspace/cargo-home/bin/cargo" "+1.75.0" "metadata" "--manifest-path" "Cargo.toml" "--no-deps", kill_on_drop: false }`
[INFO] started tweaking crates.io crate tonic-reflect-protobuf 0.9.0
[INFO] finished tweaking crates.io crate tonic-reflect-protobuf 0.9.0
[INFO] tweaked toml for crates.io crate tonic-reflect-protobuf 0.9.0 written to /workspace/builds/worker-3-tc1/source/Cargo.toml
[INFO] running `Command { std: CARGO_HOME="/workspace/cargo-home" RUSTUP_HOME="/workspace/rustup-home" "/workspace/cargo-home/bin/cargo" "+1.75.0" "generate-lockfile" "--manifest-path" "Cargo.toml", kill_on_drop: false }`
[INFO] [stderr]     Updating crates.io index
[INFO] running `Command { std: CARGO_HOME="/workspace/cargo-home" RUSTUP_HOME="/workspace/rustup-home" "/workspace/cargo-home/bin/cargo" "+1.75.0" "fetch" "--manifest-path" "Cargo.toml", kill_on_drop: false }`
[INFO] running `Command { std: "docker" "create" "-v" "/var/lib/crater-agent-workspace/builds/worker-3-tc1/target:/opt/rustwide/target:rw,Z" "-v" "/var/lib/crater-agent-workspace/builds/worker-3-tc1/source:/opt/rustwide/workdir:ro,Z" "-v" "/var/lib/crater-agent-workspace/cargo-home:/opt/rustwide/cargo-home:ro,Z" "-v" "/var/lib/crater-agent-workspace/rustup-home:/opt/rustwide/rustup-home:ro,Z" "-e" "SOURCE_DIR=/opt/rustwide/workdir" "-e" "CARGO_TARGET_DIR=/opt/rustwide/target" "-e" "CARGO_HOME=/opt/rustwide/cargo-home" "-e" "RUSTUP_HOME=/opt/rustwide/rustup-home" "-w" "/opt/rustwide/workdir" "-m" "1610612736" "--user" "0:0" "--network" "none" "ghcr.io/rust-lang/crates-build-env/linux@sha256:2788e3201cd34a07e3172128adcd8b3090168a8e3bcc40d7c032b9dda1df7d1c" "/opt/rustwide/cargo-home/bin/cargo" "+1.75.0" "metadata" "--no-deps" "--format-version=1", kill_on_drop: false }`
[INFO] [stdout] 72e0e9153682c151ccdeff63b07a86841932fac6c0de5ebd1a731f7b398e0568
[INFO] running `Command { std: "docker" "start" "-a" "72e0e9153682c151ccdeff63b07a86841932fac6c0de5ebd1a731f7b398e0568", kill_on_drop: false }`
[INFO] running `Command { std: "docker" "inspect" "72e0e9153682c151ccdeff63b07a86841932fac6c0de5ebd1a731f7b398e0568", kill_on_drop: false }`
[INFO] running `Command { std: "docker" "rm" "-f" "72e0e9153682c151ccdeff63b07a86841932fac6c0de5ebd1a731f7b398e0568", kill_on_drop: false }`
[INFO] [stdout] 72e0e9153682c151ccdeff63b07a86841932fac6c0de5ebd1a731f7b398e0568
[INFO] running `Command { std: "docker" "create" "-v" "/var/lib/crater-agent-workspace/builds/worker-3-tc1/target:/opt/rustwide/target:rw,Z" "-v" "/var/lib/crater-agent-workspace/builds/worker-3-tc1/source:/opt/rustwide/workdir:ro,Z" "-v" "/var/lib/crater-agent-workspace/cargo-home:/opt/rustwide/cargo-home:ro,Z" "-v" "/var/lib/crater-agent-workspace/rustup-home:/opt/rustwide/rustup-home:ro,Z" "-e" "SOURCE_DIR=/opt/rustwide/workdir" "-e" "CARGO_TARGET_DIR=/opt/rustwide/target" "-e" "CARGO_INCREMENTAL=0" "-e" "RUST_BACKTRACE=full" "-e" "RUSTFLAGS=--cap-lints=warn" "-e" "RUSTDOCFLAGS=--cap-lints=warn" "-e" "CARGO_HOME=/opt/rustwide/cargo-home" "-e" "RUSTUP_HOME=/opt/rustwide/rustup-home" "-w" "/opt/rustwide/workdir" "-m" "1610612736" "--user" "0:0" "--network" "none" "ghcr.io/rust-lang/crates-build-env/linux@sha256:2788e3201cd34a07e3172128adcd8b3090168a8e3bcc40d7c032b9dda1df7d1c" "/opt/rustwide/cargo-home/bin/cargo" "+1.75.0" "build" "--frozen" "--message-format=json", kill_on_drop: false }`
[INFO] [stdout] e7aed119cf770e98ce72302e49d5520b74f36e5e677a274ac858335b141fc98d
[INFO] running `Command { std: "docker" "start" "-a" "e7aed119cf770e98ce72302e49d5520b74f36e5e677a274ac858335b141fc98d", kill_on_drop: false }`
[INFO] [stderr]    Compiling libc v0.2.151
[INFO] [stderr]    Compiling syn v1.0.109
[INFO] [stderr]    Compiling anyhow v1.0.79
[INFO] [stderr]    Compiling thiserror v1.0.56
[INFO] [stderr]    Compiling either v1.9.0
[INFO] [stderr]    Compiling itoa v1.0.10
[INFO] [stderr]    Compiling futures-core v0.3.30
[INFO] [stderr]    Compiling async-trait v0.1.77
[INFO] [stderr]    Compiling protobuf v3.3.0
[INFO] [stderr]    Compiling futures-task v0.3.30
[INFO] [stderr]    Compiling percent-encoding v2.3.1
[INFO] [stderr]    Compiling tracing-core v0.1.32
[INFO] [stderr]    Compiling tower-layer v0.3.2
[INFO] [stderr]    Compiling syn v2.0.48
[INFO] [stderr]    Compiling futures-util v0.3.30
[INFO] [stderr]    Compiling http v0.2.11
[INFO] [stderr]    Compiling itertools v0.10.5
[INFO] [stderr]    Compiling mio v0.8.10
[INFO] [stderr]    Compiling socket2 v0.5.5
[INFO] [stderr]    Compiling http-body v0.4.6
[INFO] [stderr]    Compiling tokio v1.35.1
[INFO] [stderr]    Compiling prost-derive v0.11.9
[INFO] [stderr]    Compiling tokio-stream v0.1.14
[INFO] [stderr]    Compiling thiserror-impl v1.0.56
[INFO] [stderr]    Compiling tracing-attributes v0.1.27
[INFO] [stderr]    Compiling pin-project-internal v1.1.3
[INFO] [stderr]    Compiling prost v0.11.9
[INFO] [stderr]    Compiling pin-project v1.1.3
[INFO] [stderr]    Compiling protobuf-support v3.3.0
[INFO] [stderr]    Compiling tracing v0.1.40
[INFO] [stderr]    Compiling tonic v0.9.2
[INFO] [stderr]    Compiling tonic-reflect-protobuf v0.9.0 (/opt/rustwide/workdir)
[INFO] [stderr]     Finished dev [unoptimized + debuginfo] target(s) in 7.13s
[INFO] running `Command { std: "docker" "inspect" "e7aed119cf770e98ce72302e49d5520b74f36e5e677a274ac858335b141fc98d", kill_on_drop: false }`
[INFO] running `Command { std: "docker" "rm" "-f" "e7aed119cf770e98ce72302e49d5520b74f36e5e677a274ac858335b141fc98d", kill_on_drop: false }`
[INFO] [stdout] e7aed119cf770e98ce72302e49d5520b74f36e5e677a274ac858335b141fc98d
[INFO] running `Command { std: "docker" "create" "-v" "/var/lib/crater-agent-workspace/builds/worker-3-tc1/target:/opt/rustwide/target:rw,Z" "-v" "/var/lib/crater-agent-workspace/builds/worker-3-tc1/source:/opt/rustwide/workdir:ro,Z" "-v" "/var/lib/crater-agent-workspace/cargo-home:/opt/rustwide/cargo-home:ro,Z" "-v" "/var/lib/crater-agent-workspace/rustup-home:/opt/rustwide/rustup-home:ro,Z" "-e" "SOURCE_DIR=/opt/rustwide/workdir" "-e" "CARGO_TARGET_DIR=/opt/rustwide/target" "-e" "CARGO_INCREMENTAL=0" "-e" "RUST_BACKTRACE=full" "-e" "RUSTFLAGS=--cap-lints=warn" "-e" "RUSTDOCFLAGS=--cap-lints=warn" "-e" "CARGO_HOME=/opt/rustwide/cargo-home" "-e" "RUSTUP_HOME=/opt/rustwide/rustup-home" "-w" "/opt/rustwide/workdir" "-m" "1610612736" "--user" "0:0" "--network" "none" "ghcr.io/rust-lang/crates-build-env/linux@sha256:2788e3201cd34a07e3172128adcd8b3090168a8e3bcc40d7c032b9dda1df7d1c" "/opt/rustwide/cargo-home/bin/cargo" "+1.75.0" "test" "--frozen" "--no-run" "--message-format=json", kill_on_drop: false }`
[INFO] [stdout] b4fb2ad49a268cd3e8f15b09cb462bd5438fa0f9de034e8015e744aeee057046
[INFO] running `Command { std: "docker" "start" "-a" "b4fb2ad49a268cd3e8f15b09cb462bd5438fa0f9de034e8015e744aeee057046", kill_on_drop: false }`
[INFO] [stderr]    Compiling tonic-reflect-protobuf v0.9.0 (/opt/rustwide/workdir)
[INFO] [stdout] error[E0432]: unresolved import `tonic::transport`
[INFO] [stdout]  --> tests/server.rs:6:13
[INFO] [stdout]   |
[INFO] [stdout] 6 | use tonic::{transport::Server, Request};
[INFO] [stdout]   |             ^^^^^^^^^ could not find `transport` in `tonic`
[INFO] [stdout] 
[INFO] [stdout] 
[INFO] [stdout] error[E0433]: failed to resolve: use of undeclared crate or module `tonic_reflection`
[INFO] [stdout]  --> tests/server.rs:7:5
[INFO] [stdout]   |
[INFO] [stdout] 7 | use tonic_reflection::{
[INFO] [stdout]   |     ^^^^^^^^^^^^^^^^ use of undeclared crate or module `tonic_reflection`
[INFO] [stdout] 
[INFO] [stdout] 
[INFO] [stdout] error[E0432]: unresolved import `futures_util`
[INFO] [stdout]  --> tests/server.rs:1:5
[INFO] [stdout]   |
[INFO] [stdout] 1 | use futures_util::FutureExt;
[INFO] [stdout]   |     ^^^^^^^^^^^^ use of undeclared crate or module `futures_util`
[INFO] [stdout] 
[INFO] [stdout] 
[INFO] [stdout] error[E0433]: failed to resolve: could not find `test` in `tokio`
[INFO] [stdout]   --> tests/server.rs:26:10
[INFO] [stdout]    |
[INFO] [stdout] 26 | #[tokio::test]
[INFO] [stdout]    |          ^^^^ could not find `test` in `tokio`
[INFO] [stdout] 
[INFO] [stdout] 
[INFO] [stdout] error[E0433]: failed to resolve: could not find `test` in `tokio`
[INFO] [stdout]   --> tests/server.rs:46:10
[INFO] [stdout]    |
[INFO] [stdout] 46 | #[tokio::test]
[INFO] [stdout]    |          ^^^^ could not find `test` in `tokio`
[INFO] [stdout] 
[INFO] [stdout] 
[INFO] [stdout] error[E0433]: failed to resolve: could not find `test` in `tokio`
[INFO] [stdout]   --> tests/server.rs:70:10
[INFO] [stdout]    |
[INFO] [stdout] 70 | #[tokio::test]
[INFO] [stdout]    |          ^^^^ could not find `test` in `tokio`
[INFO] [stdout] 
[INFO] [stdout] 
[INFO] [stdout] error[E0433]: failed to resolve: use of undeclared crate or module `tonic_build`
[INFO] [stdout]   --> tests/bootstrap.rs:12:5
[INFO] [stdout]    |
[INFO] [stdout] 12 |     tonic_build::configure()
[INFO] [stdout]    |     ^^^^^^^^^^^ use of undeclared crate or module `tonic_build`
[INFO] [stdout] 
[INFO] [stdout] 
[INFO] [stdout] error[E0433]: failed to resolve: could not find `transport` in `tonic`
[INFO] [stdout]    --> tests/server.rs:118:23
[INFO] [stdout]     |
[INFO] [stdout] 118 |     let conn = tonic::transport::Endpoint::new(local_addr)
[INFO] [stdout]     |                       ^^^^^^^^^ could not find `transport` in `tonic`
[INFO] [stdout] 
[INFO] [stdout] 
[INFO] [stdout] error[E0433]: failed to resolve: use of undeclared crate or module `prost_types`
[INFO] [stdout]   --> tests/server.rs:18:5
[INFO] [stdout]    |
[INFO] [stdout] 18 |     prost_types::FileDescriptorSet::decode(FILE_DESCRIPTOR_SET)
[INFO] [stdout]    |     ^^^^^^^^^^^ use of undeclared crate or module `prost_types`
[INFO] [stdout]    |
[INFO] [stdout] help: consider importing this struct
[INFO] [stdout]    |
[INFO] [stdout] 1  + use protobuf::descriptor::FileDescriptorSet;
[INFO] [stdout]    |
[INFO] [stdout] help: if you import `FileDescriptorSet`, refer to it directly
[INFO] [stdout]    |
[INFO] [stdout] 18 -     prost_types::FileDescriptorSet::decode(FILE_DESCRIPTOR_SET)
[INFO] [stdout] 18 +     FileDescriptorSet::decode(FILE_DESCRIPTOR_SET)
[INFO] [stdout]    |
[INFO] [stdout] 
[INFO] [stdout] 
[INFO] [stdout] error: aborting due to previous error
[INFO] [stdout] 
[INFO] [stdout] 
[INFO] [stdout] For more information about this error, try `rustc --explain E0433`.
[INFO] [stdout] 
[INFO] [stderr] error: could not compile `tonic-reflect-protobuf` (test "bootstrap") due to 2 previous errors
[INFO] [stderr] warning: build failed, waiting for other jobs to finish...
[INFO] [stdout] error[E0433]: failed to resolve: use of undeclared crate or module `prost_types`
[INFO] [stdout]   --> src/lib.rs:35:13
[INFO] [stdout]    |
[INFO] [stdout] 35 |             prost_types::FileDescriptorSet::decode(FILE_DESCRIPTOR_SET).unwrap();
[INFO] [stdout]    |             ^^^^^^^^^^^ use of undeclared crate or module `prost_types`
[INFO] [stdout]    |
[INFO] [stdout] help: consider importing this struct
[INFO] [stdout]    |
[INFO] [stdout] 30 +         use protobuf::descriptor::FileDescriptorSet;
[INFO] [stdout]    |
[INFO] [stdout] help: if you import `FileDescriptorSet`, refer to it directly
[INFO] [stdout]    |
[INFO] [stdout] 35 -             prost_types::FileDescriptorSet::decode(FILE_DESCRIPTOR_SET).unwrap();
[INFO] [stdout] 35 +             FileDescriptorSet::decode(FILE_DESCRIPTOR_SET).unwrap();
[INFO] [stdout]    |
[INFO] [stdout] 
[INFO] [stdout] 
[INFO] [stdout] warning: unused import: `prost::Message as _`
[INFO] [stdout]   --> src/lib.rs:31:13
[INFO] [stdout]    |
[INFO] [stdout] 31 |         use prost::Message as _;
[INFO] [stdout]    |             ^^^^^^^^^^^^^^^^^^^
[INFO] [stdout]    |
[INFO] [stdout]    = note: `#[warn(unused_imports)]` on by default
[INFO] [stdout] 
[INFO] [stdout] 
[INFO] [stdout] error[E0599]: the method `map` exists for struct `Receiver<_>`, but its trait bounds were not satisfied
[INFO] [stdout]    --> tests/server.rs:109:89
[INFO] [stdout]     |
[INFO] [stdout] 109 |             .serve_with_incoming_shutdown(TcpListenerStream::new(listener), shutdown_rx.map(drop))
[INFO] [stdout]     |                                                                                         ^^^ method cannot be called on `Receiver<_>` due to unsatisfied trait bounds
[INFO] [stdout]     |
[INFO] [stdout]    ::: /opt/rustwide/cargo-home/registry/src/index.crates.io-6f17d22bba15001f/tokio-1.35.1/src/sync/oneshot.rs:322:1
[INFO] [stdout]     |
[INFO] [stdout] 322 | pub struct Receiver<T> {
[INFO] [stdout]     | ----------------------
[INFO] [stdout]     | |
[INFO] [stdout]     | doesn't satisfy `tokio::sync::oneshot::Receiver<_>: Iterator`
[INFO] [stdout]     | doesn't satisfy `tokio::sync::oneshot::Receiver<_>: StreamExt`
[INFO] [stdout]     | doesn't satisfy `tokio::sync::oneshot::Receiver<_>: Stream`
[INFO] [stdout]     |
[INFO] [stdout]     = note: the following trait bounds were not satisfied:
[INFO] [stdout]             `tokio::sync::oneshot::Receiver<_>: Stream`
[INFO] [stdout]             which is required by `tokio::sync::oneshot::Receiver<_>: StreamExt`
[INFO] [stdout]             `&tokio::sync::oneshot::Receiver<_>: Stream`
[INFO] [stdout]             which is required by `&tokio::sync::oneshot::Receiver<_>: StreamExt`
[INFO] [stdout]             `&mut tokio::sync::oneshot::Receiver<_>: Stream`
[INFO] [stdout]             which is required by `&mut tokio::sync::oneshot::Receiver<_>: StreamExt`
[INFO] [stdout]             `tokio::sync::oneshot::Receiver<_>: Iterator`
[INFO] [stdout]             which is required by `&mut tokio::sync::oneshot::Receiver<_>: Iterator`
[INFO] [stdout]     = help: items from traits can only be used if the trait is in scope
[INFO] [stdout] help: the following trait is implemented but not in scope; perhaps add a `use` for it:
[INFO] [stdout]     |
[INFO] [stdout] 1   + use futures_util::future::future::FutureExt;
[INFO] [stdout]     |
[INFO] [stdout] 
[INFO] [stdout] 
[INFO] [stdout] warning: unused import: `prost::Message`
[INFO] [stdout]  --> tests/server.rs:2:5
[INFO] [stdout]   |
[INFO] [stdout] 2 | use prost::Message;
[INFO] [stdout]   |     ^^^^^^^^^^^^^^
[INFO] [stdout]   |
[INFO] [stdout]   = note: `#[warn(unused_imports)]` on by default
[INFO] [stdout] 
[INFO] [stdout] 
[INFO] [stdout] warning: unused import: `StreamExt`
[INFO] [stdout]  --> tests/server.rs:5:49
[INFO] [stdout]   |
[INFO] [stdout] 5 | use tokio_stream::{wrappers::TcpListenerStream, StreamExt};
[INFO] [stdout]   |                                                 ^^^^^^^^^
[INFO] [stdout] 
[INFO] [stdout] 
[INFO] [stdout] error: aborting due to 9 previous errors; 2 warnings emitted
[INFO] [stdout] 
[INFO] [stdout] 
[INFO] [stdout] Some errors have detailed explanations: E0432, E0433, E0599.
[INFO] [stdout] 
[INFO] [stdout] For more information about an error, try `rustc --explain E0432`.
[INFO] [stdout] 
[INFO] [stderr] error: could not compile `tonic-reflect-protobuf` (test "server") due to 10 previous errors; 2 warnings emitted
[INFO] [stdout] error: aborting due to previous error; 1 warning emitted
[INFO] [stdout] 
[INFO] [stdout] 
[INFO] [stdout] For more information about this error, try `rustc --explain E0433`.
[INFO] [stdout] 
[INFO] [stderr] error: could not compile `tonic-reflect-protobuf` (lib test) due to 2 previous errors; 1 warning emitted
[INFO] running `Command { std: "docker" "inspect" "b4fb2ad49a268cd3e8f15b09cb462bd5438fa0f9de034e8015e744aeee057046", kill_on_drop: false }`
[INFO] running `Command { std: "docker" "rm" "-f" "b4fb2ad49a268cd3e8f15b09cb462bd5438fa0f9de034e8015e744aeee057046", kill_on_drop: false }`
[INFO] [stdout] b4fb2ad49a268cd3e8f15b09cb462bd5438fa0f9de034e8015e744aeee057046
