[INFO] fetching crate tongsuo 0.10.60...
[INFO] testing tongsuo-0.10.60 against 1.75.0 for beta-1.76-1
[INFO] extracting crate tongsuo 0.10.60 into /workspace/builds/worker-5-tc1/source
[INFO] validating manifest of crates.io crate tongsuo 0.10.60 on toolchain 1.75.0
[INFO] running `Command { std: CARGO_HOME="/workspace/cargo-home" RUSTUP_HOME="/workspace/rustup-home" "/workspace/cargo-home/bin/cargo" "+1.75.0" "metadata" "--manifest-path" "Cargo.toml" "--no-deps", kill_on_drop: false }`
[INFO] started tweaking crates.io crate tongsuo 0.10.60
[INFO] finished tweaking crates.io crate tongsuo 0.10.60
[INFO] tweaked toml for crates.io crate tongsuo 0.10.60 written to /workspace/builds/worker-5-tc1/source/Cargo.toml
[INFO] crate crates.io crate tongsuo 0.10.60 already has a lockfile, it will not be regenerated
[INFO] running `Command { std: CARGO_HOME="/workspace/cargo-home" RUSTUP_HOME="/workspace/rustup-home" "/workspace/cargo-home/bin/cargo" "+1.75.0" "fetch" "--manifest-path" "Cargo.toml", kill_on_drop: false }`
[INFO] [stderr]     Updating crates.io index
[INFO] [stderr]  Downloading crates ...
[INFO] [stderr]   Downloaded bssl-sys v0.1.0
[INFO] [stderr]   Downloaded tongsuo-sys v0.9.96
[INFO] [stderr]   Downloaded tongsuo-src v840.0.4+8.4.0pre3
[INFO] running `Command { std: "docker" "create" "-v" "/var/lib/crater-agent-workspace/builds/worker-5-tc1/target:/opt/rustwide/target:rw,Z" "-v" "/var/lib/crater-agent-workspace/builds/worker-5-tc1/source:/opt/rustwide/workdir:ro,Z" "-v" "/var/lib/crater-agent-workspace/cargo-home:/opt/rustwide/cargo-home:ro,Z" "-v" "/var/lib/crater-agent-workspace/rustup-home:/opt/rustwide/rustup-home:ro,Z" "-e" "SOURCE_DIR=/opt/rustwide/workdir" "-e" "CARGO_TARGET_DIR=/opt/rustwide/target" "-e" "CARGO_HOME=/opt/rustwide/cargo-home" "-e" "RUSTUP_HOME=/opt/rustwide/rustup-home" "-w" "/opt/rustwide/workdir" "-m" "1610612736" "--user" "0:0" "--network" "none" "ghcr.io/rust-lang/crates-build-env/linux@sha256:2788e3201cd34a07e3172128adcd8b3090168a8e3bcc40d7c032b9dda1df7d1c" "/opt/rustwide/cargo-home/bin/cargo" "+1.75.0" "metadata" "--no-deps" "--format-version=1", kill_on_drop: false }`
[INFO] [stdout] 4883e67121080190182e77c310a3d2c8bdec0258b83723d6062af169978982a1
[INFO] running `Command { std: "docker" "start" "-a" "4883e67121080190182e77c310a3d2c8bdec0258b83723d6062af169978982a1", kill_on_drop: false }`
[INFO] running `Command { std: "docker" "inspect" "4883e67121080190182e77c310a3d2c8bdec0258b83723d6062af169978982a1", kill_on_drop: false }`
[INFO] running `Command { std: "docker" "rm" "-f" "4883e67121080190182e77c310a3d2c8bdec0258b83723d6062af169978982a1", kill_on_drop: false }`
[INFO] [stdout] 4883e67121080190182e77c310a3d2c8bdec0258b83723d6062af169978982a1
[INFO] running `Command { std: "docker" "create" "-v" "/var/lib/crater-agent-workspace/builds/worker-5-tc1/target:/opt/rustwide/target:rw,Z" "-v" "/var/lib/crater-agent-workspace/builds/worker-5-tc1/source:/opt/rustwide/workdir:ro,Z" "-v" "/var/lib/crater-agent-workspace/cargo-home:/opt/rustwide/cargo-home:ro,Z" "-v" "/var/lib/crater-agent-workspace/rustup-home:/opt/rustwide/rustup-home:ro,Z" "-e" "SOURCE_DIR=/opt/rustwide/workdir" "-e" "CARGO_TARGET_DIR=/opt/rustwide/target" "-e" "CARGO_INCREMENTAL=0" "-e" "RUST_BACKTRACE=full" "-e" "RUSTFLAGS=--cap-lints=warn" "-e" "RUSTDOCFLAGS=--cap-lints=warn" "-e" "CARGO_HOME=/opt/rustwide/cargo-home" "-e" "RUSTUP_HOME=/opt/rustwide/rustup-home" "-w" "/opt/rustwide/workdir" "-m" "1610612736" "--user" "0:0" "--network" "none" "ghcr.io/rust-lang/crates-build-env/linux@sha256:2788e3201cd34a07e3172128adcd8b3090168a8e3bcc40d7c032b9dda1df7d1c" "/opt/rustwide/cargo-home/bin/cargo" "+1.75.0" "build" "--frozen" "--message-format=json", kill_on_drop: false }`
[INFO] [stdout] c72d3d6a398afc41bfc1617d1cef8ab5c885c392e91176bba91608d67facccde
[INFO] running `Command { std: "docker" "start" "-a" "c72d3d6a398afc41bfc1617d1cef8ab5c885c392e91176bba91608d67facccde", kill_on_drop: false }`
[INFO] [stderr]    Compiling libc v0.2.150
[INFO] [stderr]    Compiling proc-macro2 v1.0.69
[INFO] [stderr]    Compiling vcpkg v0.2.15
[INFO] [stderr]    Compiling pkg-config v0.3.27
[INFO] [stderr]    Compiling tongsuo v0.10.60 (/opt/rustwide/workdir)
[INFO] [stderr]    Compiling foreign-types-shared v0.1.1
[INFO] [stderr]    Compiling bitflags v2.4.1
[INFO] [stderr]    Compiling once_cell v1.18.0
[INFO] [stderr]    Compiling foreign-types v0.3.2
[INFO] [stderr]    Compiling quote v1.0.33
[INFO] [stderr]    Compiling syn v2.0.39
[INFO] [stderr]    Compiling cc v1.0.83
[INFO] [stderr]    Compiling tongsuo-src v840.0.4+8.4.0pre3
[INFO] [stderr]    Compiling tongsuo-sys v0.9.96
[INFO] [stderr]    Compiling openssl-macros v0.1.1
[INFO] [stderr]     Finished dev [unoptimized + debuginfo] target(s) in 53.37s
[INFO] running `Command { std: "docker" "inspect" "c72d3d6a398afc41bfc1617d1cef8ab5c885c392e91176bba91608d67facccde", kill_on_drop: false }`
[INFO] running `Command { std: "docker" "rm" "-f" "c72d3d6a398afc41bfc1617d1cef8ab5c885c392e91176bba91608d67facccde", kill_on_drop: false }`
[INFO] [stdout] c72d3d6a398afc41bfc1617d1cef8ab5c885c392e91176bba91608d67facccde
[INFO] running `Command { std: "docker" "create" "-v" "/var/lib/crater-agent-workspace/builds/worker-5-tc1/target:/opt/rustwide/target:rw,Z" "-v" "/var/lib/crater-agent-workspace/builds/worker-5-tc1/source:/opt/rustwide/workdir:ro,Z" "-v" "/var/lib/crater-agent-workspace/cargo-home:/opt/rustwide/cargo-home:ro,Z" "-v" "/var/lib/crater-agent-workspace/rustup-home:/opt/rustwide/rustup-home:ro,Z" "-e" "SOURCE_DIR=/opt/rustwide/workdir" "-e" "CARGO_TARGET_DIR=/opt/rustwide/target" "-e" "CARGO_INCREMENTAL=0" "-e" "RUST_BACKTRACE=full" "-e" "RUSTFLAGS=--cap-lints=warn" "-e" "RUSTDOCFLAGS=--cap-lints=warn" "-e" "CARGO_HOME=/opt/rustwide/cargo-home" "-e" "RUSTUP_HOME=/opt/rustwide/rustup-home" "-w" "/opt/rustwide/workdir" "-m" "1610612736" "--user" "0:0" "--network" "none" "ghcr.io/rust-lang/crates-build-env/linux@sha256:2788e3201cd34a07e3172128adcd8b3090168a8e3bcc40d7c032b9dda1df7d1c" "/opt/rustwide/cargo-home/bin/cargo" "+1.75.0" "test" "--frozen" "--no-run" "--message-format=json", kill_on_drop: false }`
[INFO] [stdout] fa8e3436b765c829a42d83513d658c856ef50863e38570f67b83920975350a3a
[INFO] running `Command { std: "docker" "start" "-a" "fa8e3436b765c829a42d83513d658c856ef50863e38570f67b83920975350a3a", kill_on_drop: false }`
[INFO] [stderr]    Compiling hex v0.3.2
[INFO] [stderr]    Compiling tongsuo v0.10.60 (/opt/rustwide/workdir)
[INFO] [stdout] error[E0433]: failed to resolve: use of undeclared crate or module `openssl`
[INFO] [stdout]  --> examples/mk_certs.rs:6:5
[INFO] [stdout]   |
[INFO] [stdout] 6 | use openssl::asn1::Asn1Time;
[INFO] [stdout]   |     ^^^^^^^ use of undeclared crate or module `openssl`
[INFO] [stdout] 
[INFO] [stdout] 
[INFO] [stdout] error[E0433]: failed to resolve: use of undeclared crate or module `openssl`
[INFO] [stdout]  --> examples/mk_certs.rs:7:5
[INFO] [stdout]   |
[INFO] [stdout] 7 | use openssl::bn::{BigNum, MsbOption};
[INFO] [stdout]   |     ^^^^^^^ use of undeclared crate or module `openssl`
[INFO] [stdout] 
[INFO] [stdout] 
[INFO] [stdout] error[E0433]: failed to resolve: use of undeclared crate or module `openssl`
[INFO] [stdout]  --> examples/mk_certs.rs:8:5
[INFO] [stdout]   |
[INFO] [stdout] 8 | use openssl::error::ErrorStack;
[INFO] [stdout]   |     ^^^^^^^ use of undeclared crate or module `openssl`
[INFO] [stdout] 
[INFO] [stdout] 
[INFO] [stdout] error[E0433]: failed to resolve: use of undeclared crate or module `openssl`
[INFO] [stdout]  --> examples/mk_certs.rs:9:5
[INFO] [stdout]   |
[INFO] [stdout] 9 | use openssl::hash::MessageDigest;
[INFO] [stdout]   |     ^^^^^^^ use of undeclared crate or module `openssl`
[INFO] [stdout] 
[INFO] [stdout] 
[INFO] [stdout] error[E0433]: failed to resolve: use of undeclared crate or module `openssl`
[INFO] [stdout]   --> examples/mk_certs.rs:10:5
[INFO] [stdout]    |
[INFO] [stdout] 10 | use openssl::pkey::{PKey, PKeyRef, Private};
[INFO] [stdout]    |     ^^^^^^^ use of undeclared crate or module `openssl`
[INFO] [stdout] 
[INFO] [stdout] 
[INFO] [stdout] error[E0433]: failed to resolve: use of undeclared crate or module `openssl`
[INFO] [stdout]   --> examples/mk_certs.rs:11:5
[INFO] [stdout]    |
[INFO] [stdout] 11 | use openssl::rsa::Rsa;
[INFO] [stdout]    |     ^^^^^^^ use of undeclared crate or module `openssl`
[INFO] [stdout] 
[INFO] [stdout] 
[INFO] [stdout] error[E0433]: failed to resolve: use of undeclared crate or module `openssl`
[INFO] [stdout]   --> examples/mk_certs.rs:12:5
[INFO] [stdout]    |
[INFO] [stdout] 12 | use openssl::x509::extension::{
[INFO] [stdout]    |     ^^^^^^^ use of undeclared crate or module `openssl`
[INFO] [stdout] 
[INFO] [stdout] 
[INFO] [stdout] error[E0433]: failed to resolve: use of undeclared crate or module `openssl`
[INFO] [stdout]   --> examples/mk_certs.rs:16:5
[INFO] [stdout]    |
[INFO] [stdout] 16 | use openssl::x509::{X509NameBuilder, X509Ref, X509Req, X509ReqBuilder, X509VerifyResult, X509};
[INFO] [stdout]    |     ^^^^^^^ use of undeclared crate or module `openssl`
[INFO] [stdout] 
[INFO] [stdout] 
[INFO] [stdout] error: aborting due to 8 previous errors
[INFO] [stdout] 
[INFO] [stdout] 
[INFO] [stdout] For more information about this error, try `rustc --explain E0433`.
[INFO] [stdout] 
[INFO] [stderr] error: could not compile `tongsuo` (example "mk_certs") due to 9 previous errors
[INFO] [stderr] warning: build failed, waiting for other jobs to finish...
[INFO] running `Command { std: "docker" "inspect" "fa8e3436b765c829a42d83513d658c856ef50863e38570f67b83920975350a3a", kill_on_drop: false }`
[INFO] running `Command { std: "docker" "rm" "-f" "fa8e3436b765c829a42d83513d658c856ef50863e38570f67b83920975350a3a", kill_on_drop: false }`
[INFO] [stdout] fa8e3436b765c829a42d83513d658c856ef50863e38570f67b83920975350a3a
[INFO] testing tongsuo-0.10.60 against beta-2023-12-22 for beta-1.76-1
[INFO] extracting crate tongsuo 0.10.60 into /workspace/builds/worker-5-tc2/source
[INFO] validating manifest of crates.io crate tongsuo 0.10.60 on toolchain beta-2023-12-22
[INFO] running `Command { std: CARGO_HOME="/workspace/cargo-home" RUSTUP_HOME="/workspace/rustup-home" "/workspace/cargo-home/bin/cargo" "+beta-2023-12-22" "metadata" "--manifest-path" "Cargo.toml" "--no-deps", kill_on_drop: false }`
[INFO] started tweaking crates.io crate tongsuo 0.10.60
[INFO] finished tweaking crates.io crate tongsuo 0.10.60
[INFO] tweaked toml for crates.io crate tongsuo 0.10.60 written to /workspace/builds/worker-5-tc2/source/Cargo.toml
[INFO] crate crates.io crate tongsuo 0.10.60 already has a lockfile, it will not be regenerated
[INFO] running `Command { std: CARGO_HOME="/workspace/cargo-home" RUSTUP_HOME="/workspace/rustup-home" "/workspace/cargo-home/bin/cargo" "+beta-2023-12-22" "fetch" "--manifest-path" "Cargo.toml", kill_on_drop: false }`
[INFO] running `Command { std: "docker" "create" "-v" "/var/lib/crater-agent-workspace/builds/worker-5-tc2/target:/opt/rustwide/target:rw,Z" "-v" "/var/lib/crater-agent-workspace/builds/worker-5-tc2/source:/opt/rustwide/workdir:ro,Z" "-v" "/var/lib/crater-agent-workspace/cargo-home:/opt/rustwide/cargo-home:ro,Z" "-v" "/var/lib/crater-agent-workspace/rustup-home:/opt/rustwide/rustup-home:ro,Z" "-e" "SOURCE_DIR=/opt/rustwide/workdir" "-e" "CARGO_TARGET_DIR=/opt/rustwide/target" "-e" "CARGO_HOME=/opt/rustwide/cargo-home" "-e" "RUSTUP_HOME=/opt/rustwide/rustup-home" "-w" "/opt/rustwide/workdir" "-m" "1610612736" "--user" "0:0" "--network" "none" "ghcr.io/rust-lang/crates-build-env/linux@sha256:2788e3201cd34a07e3172128adcd8b3090168a8e3bcc40d7c032b9dda1df7d1c" "/opt/rustwide/cargo-home/bin/cargo" "+beta-2023-12-22" "metadata" "--no-deps" "--format-version=1", kill_on_drop: false }`
[INFO] [stdout] f4a8d97dd016d1c2c4c5c4a1950579efca75113ee82a50f1df52140ffc916a5d
[INFO] running `Command { std: "docker" "start" "-a" "f4a8d97dd016d1c2c4c5c4a1950579efca75113ee82a50f1df52140ffc916a5d", kill_on_drop: false }`
[INFO] running `Command { std: "docker" "inspect" "f4a8d97dd016d1c2c4c5c4a1950579efca75113ee82a50f1df52140ffc916a5d", kill_on_drop: false }`
[INFO] running `Command { std: "docker" "rm" "-f" "f4a8d97dd016d1c2c4c5c4a1950579efca75113ee82a50f1df52140ffc916a5d", kill_on_drop: false }`
[INFO] [stdout] f4a8d97dd016d1c2c4c5c4a1950579efca75113ee82a50f1df52140ffc916a5d
[INFO] running `Command { std: "docker" "create" "-v" "/var/lib/crater-agent-workspace/builds/worker-5-tc2/target:/opt/rustwide/target:rw,Z" "-v" "/var/lib/crater-agent-workspace/builds/worker-5-tc2/source:/opt/rustwide/workdir:ro,Z" "-v" "/var/lib/crater-agent-workspace/cargo-home:/opt/rustwide/cargo-home:ro,Z" "-v" "/var/lib/crater-agent-workspace/rustup-home:/opt/rustwide/rustup-home:ro,Z" "-e" "SOURCE_DIR=/opt/rustwide/workdir" "-e" "CARGO_TARGET_DIR=/opt/rustwide/target" "-e" "CARGO_INCREMENTAL=0" "-e" "RUST_BACKTRACE=full" "-e" "RUSTFLAGS=--cap-lints=warn" "-e" "RUSTDOCFLAGS=--cap-lints=warn" "-e" "CARGO_HOME=/opt/rustwide/cargo-home" "-e" "RUSTUP_HOME=/opt/rustwide/rustup-home" "-w" "/opt/rustwide/workdir" "-m" "1610612736" "--user" "0:0" "--network" "none" "ghcr.io/rust-lang/crates-build-env/linux@sha256:2788e3201cd34a07e3172128adcd8b3090168a8e3bcc40d7c032b9dda1df7d1c" "/opt/rustwide/cargo-home/bin/cargo" "+beta-2023-12-22" "build" "--frozen" "--message-format=json", kill_on_drop: false }`
[INFO] [stdout] 42302ab84425620b4be1497fbb90280b8f3710eb200aa9c98f4aa34d502ff32b
[INFO] running `Command { std: "docker" "start" "-a" "42302ab84425620b4be1497fbb90280b8f3710eb200aa9c98f4aa34d502ff32b", kill_on_drop: false }`
[INFO] [stderr]    Compiling libc v0.2.150
[INFO] [stderr]    Compiling proc-macro2 v1.0.69
[INFO] [stderr]    Compiling pkg-config v0.3.27
[INFO] [stderr]    Compiling vcpkg v0.2.15
[INFO] [stderr]    Compiling tongsuo v0.10.60 (/opt/rustwide/workdir)
[INFO] [stderr]    Compiling foreign-types-shared v0.1.1
[INFO] [stderr]    Compiling once_cell v1.18.0
[INFO] [stderr]    Compiling bitflags v2.4.1
[INFO] [stderr]    Compiling foreign-types v0.3.2
[INFO] [stderr]    Compiling quote v1.0.33
[INFO] [stderr]    Compiling syn v2.0.39
[INFO] [stderr]    Compiling cc v1.0.83
[INFO] [stderr]    Compiling tongsuo-src v840.0.4+8.4.0pre3
[INFO] [stderr]    Compiling tongsuo-sys v0.9.96
[INFO] [stderr]    Compiling openssl-macros v0.1.1
[INFO] [stderr]     Finished dev [unoptimized + debuginfo] target(s) in 1m 24s
[INFO] running `Command { std: "docker" "inspect" "42302ab84425620b4be1497fbb90280b8f3710eb200aa9c98f4aa34d502ff32b", kill_on_drop: false }`
[INFO] running `Command { std: "docker" "rm" "-f" "42302ab84425620b4be1497fbb90280b8f3710eb200aa9c98f4aa34d502ff32b", kill_on_drop: false }`
[INFO] [stdout] 42302ab84425620b4be1497fbb90280b8f3710eb200aa9c98f4aa34d502ff32b
[INFO] running `Command { std: "docker" "create" "-v" "/var/lib/crater-agent-workspace/builds/worker-5-tc2/target:/opt/rustwide/target:rw,Z" "-v" "/var/lib/crater-agent-workspace/builds/worker-5-tc2/source:/opt/rustwide/workdir:ro,Z" "-v" "/var/lib/crater-agent-workspace/cargo-home:/opt/rustwide/cargo-home:ro,Z" "-v" "/var/lib/crater-agent-workspace/rustup-home:/opt/rustwide/rustup-home:ro,Z" "-e" "SOURCE_DIR=/opt/rustwide/workdir" "-e" "CARGO_TARGET_DIR=/opt/rustwide/target" "-e" "CARGO_INCREMENTAL=0" "-e" "RUST_BACKTRACE=full" "-e" "RUSTFLAGS=--cap-lints=warn" "-e" "RUSTDOCFLAGS=--cap-lints=warn" "-e" "CARGO_HOME=/opt/rustwide/cargo-home" "-e" "RUSTUP_HOME=/opt/rustwide/rustup-home" "-w" "/opt/rustwide/workdir" "-m" "1610612736" "--user" "0:0" "--network" "none" "ghcr.io/rust-lang/crates-build-env/linux@sha256:2788e3201cd34a07e3172128adcd8b3090168a8e3bcc40d7c032b9dda1df7d1c" "/opt/rustwide/cargo-home/bin/cargo" "+beta-2023-12-22" "test" "--frozen" "--no-run" "--message-format=json", kill_on_drop: false }`
[INFO] [stdout] 1dbcb20b9d2754eb14f0eff303c496f3e12a674ee1b4fcdfa8805cb5fa8b9d1a
[INFO] running `Command { std: "docker" "start" "-a" "1dbcb20b9d2754eb14f0eff303c496f3e12a674ee1b4fcdfa8805cb5fa8b9d1a", kill_on_drop: false }`
[INFO] [stderr]    Compiling hex v0.3.2
[INFO] [stderr]    Compiling tongsuo v0.10.60 (/opt/rustwide/workdir)
[INFO] [stdout] error[E0433]: failed to resolve: use of undeclared crate or module `openssl`
[INFO] [stdout]  --> examples/mk_certs.rs:6:5
[INFO] [stdout]   |
[INFO] [stdout] 6 | use openssl::asn1::Asn1Time;
[INFO] [stdout]   |     ^^^^^^^ use of undeclared crate or module `openssl`
[INFO] [stdout] 
[INFO] [stdout] 
[INFO] [stdout] error[E0433]: failed to resolve: use of undeclared crate or module `openssl`
[INFO] [stdout]  --> examples/mk_certs.rs:7:5
[INFO] [stdout]   |
[INFO] [stdout] 7 | use openssl::bn::{BigNum, MsbOption};
[INFO] [stdout]   |     ^^^^^^^ use of undeclared crate or module `openssl`
[INFO] [stdout] 
[INFO] [stdout] 
[INFO] [stdout] error[E0433]: failed to resolve: use of undeclared crate or module `openssl`
[INFO] [stdout]  --> examples/mk_certs.rs:8:5
[INFO] [stdout]   |
[INFO] [stdout] 8 | use openssl::error::ErrorStack;
[INFO] [stdout]   |     ^^^^^^^ use of undeclared crate or module `openssl`
[INFO] [stdout] 
[INFO] [stdout] 
[INFO] [stdout] error[E0433]: failed to resolve: use of undeclared crate or module `openssl`
[INFO] [stdout]  --> examples/mk_certs.rs:9:5
[INFO] [stdout]   |
[INFO] [stdout] 9 | use openssl::hash::MessageDigest;
[INFO] [stdout]   |     ^^^^^^^ use of undeclared crate or module `openssl`
[INFO] [stdout] 
[INFO] [stdout] 
[INFO] [stdout] error[E0433]: failed to resolve: use of undeclared crate or module `openssl`
[INFO] [stdout]   --> examples/mk_certs.rs:10:5
[INFO] [stdout]    |
[INFO] [stdout] 10 | use openssl::pkey::{PKey, PKeyRef, Private};
[INFO] [stdout]    |     ^^^^^^^ use of undeclared crate or module `openssl`
[INFO] [stdout] 
[INFO] [stdout] 
[INFO] [stdout] error[E0433]: failed to resolve: use of undeclared crate or module `openssl`
[INFO] [stdout]   --> examples/mk_certs.rs:11:5
[INFO] [stdout]    |
[INFO] [stdout] 11 | use openssl::rsa::Rsa;
[INFO] [stdout]    |     ^^^^^^^ use of undeclared crate or module `openssl`
[INFO] [stdout] 
[INFO] [stdout] 
[INFO] [stdout] error[E0433]: failed to resolve: use of undeclared crate or module `openssl`
[INFO] [stdout]   --> examples/mk_certs.rs:12:5
[INFO] [stdout]    |
[INFO] [stdout] 12 | use openssl::x509::extension::{
[INFO] [stdout]    |     ^^^^^^^ use of undeclared crate or module `openssl`
[INFO] [stdout] 
[INFO] [stdout] 
[INFO] [stdout] error[E0433]: failed to resolve: use of undeclared crate or module `openssl`
[INFO] [stdout]   --> examples/mk_certs.rs:16:5
[INFO] [stdout]    |
[INFO] [stdout] 16 | use openssl::x509::{X509NameBuilder, X509Ref, X509Req, X509ReqBuilder, X509VerifyResult, X509};
[INFO] [stdout]    |     ^^^^^^^ use of undeclared crate or module `openssl`
[INFO] [stdout] 
[INFO] [stdout] 
[INFO] [stdout] error: aborting due to 8 previous errors
[INFO] [stdout] 
[INFO] [stdout] 
[INFO] [stdout] For more information about this error, try `rustc --explain E0433`.
[INFO] [stdout] 
[INFO] [stderr] error: could not compile `tongsuo` (example "mk_certs") due to 9 previous errors
[INFO] [stderr] warning: build failed, waiting for other jobs to finish...
[INFO] running `Command { std: "docker" "inspect" "1dbcb20b9d2754eb14f0eff303c496f3e12a674ee1b4fcdfa8805cb5fa8b9d1a", kill_on_drop: false }`
[INFO] running `Command { std: "docker" "rm" "-f" "1dbcb20b9d2754eb14f0eff303c496f3e12a674ee1b4fcdfa8805cb5fa8b9d1a", kill_on_drop: false }`
[INFO] [stdout] 1dbcb20b9d2754eb14f0eff303c496f3e12a674ee1b4fcdfa8805cb5fa8b9d1a
