[INFO] fetching crate tokiotest-httpserver 0.2.1...
[INFO] testing tokiotest-httpserver-0.2.1 against 1.75.0 for beta-1.76-1
[INFO] extracting crate tokiotest-httpserver 0.2.1 into /workspace/builds/worker-3-tc1/source
[INFO] validating manifest of crates.io crate tokiotest-httpserver 0.2.1 on toolchain 1.75.0
[INFO] running `Command { std: CARGO_HOME="/workspace/cargo-home" RUSTUP_HOME="/workspace/rustup-home" "/workspace/cargo-home/bin/cargo" "+1.75.0" "metadata" "--manifest-path" "Cargo.toml" "--no-deps", kill_on_drop: false }`
[INFO] started tweaking crates.io crate tokiotest-httpserver 0.2.1
[INFO] finished tweaking crates.io crate tokiotest-httpserver 0.2.1
[INFO] tweaked toml for crates.io crate tokiotest-httpserver 0.2.1 written to /workspace/builds/worker-3-tc1/source/Cargo.toml
[INFO] running `Command { std: CARGO_HOME="/workspace/cargo-home" RUSTUP_HOME="/workspace/rustup-home" "/workspace/cargo-home/bin/cargo" "+1.75.0" "generate-lockfile" "--manifest-path" "Cargo.toml", kill_on_drop: false }`
[INFO] [stderr]     Updating crates.io index
[INFO] running `Command { std: CARGO_HOME="/workspace/cargo-home" RUSTUP_HOME="/workspace/rustup-home" "/workspace/cargo-home/bin/cargo" "+1.75.0" "fetch" "--manifest-path" "Cargo.toml", kill_on_drop: false }`
[INFO] [stderr]  Downloading crates ...
[INFO] [stderr]   Downloaded queues v1.1.0
[INFO] [stderr]   Downloaded tower-http v0.2.5
[INFO] running `Command { std: "docker" "create" "-v" "/var/lib/crater-agent-workspace/builds/worker-3-tc1/target:/opt/rustwide/target:rw,Z" "-v" "/var/lib/crater-agent-workspace/builds/worker-3-tc1/source:/opt/rustwide/workdir:ro,Z" "-v" "/var/lib/crater-agent-workspace/cargo-home:/opt/rustwide/cargo-home:ro,Z" "-v" "/var/lib/crater-agent-workspace/rustup-home:/opt/rustwide/rustup-home:ro,Z" "-e" "SOURCE_DIR=/opt/rustwide/workdir" "-e" "CARGO_TARGET_DIR=/opt/rustwide/target" "-e" "CARGO_HOME=/opt/rustwide/cargo-home" "-e" "RUSTUP_HOME=/opt/rustwide/rustup-home" "-w" "/opt/rustwide/workdir" "-m" "1610612736" "--user" "0:0" "--network" "none" "ghcr.io/rust-lang/crates-build-env/linux@sha256:2788e3201cd34a07e3172128adcd8b3090168a8e3bcc40d7c032b9dda1df7d1c" "/opt/rustwide/cargo-home/bin/cargo" "+1.75.0" "metadata" "--no-deps" "--format-version=1", kill_on_drop: false }`
[INFO] [stdout] 04c65d88acffe557ac830559ae96cb7041c1719c3c3fecc282b8d880b4d83a49
[INFO] running `Command { std: "docker" "start" "-a" "04c65d88acffe557ac830559ae96cb7041c1719c3c3fecc282b8d880b4d83a49", kill_on_drop: false }`
[INFO] running `Command { std: "docker" "inspect" "04c65d88acffe557ac830559ae96cb7041c1719c3c3fecc282b8d880b4d83a49", kill_on_drop: false }`
[INFO] running `Command { std: "docker" "rm" "-f" "04c65d88acffe557ac830559ae96cb7041c1719c3c3fecc282b8d880b4d83a49", kill_on_drop: false }`
[INFO] [stdout] 04c65d88acffe557ac830559ae96cb7041c1719c3c3fecc282b8d880b4d83a49
[INFO] running `Command { std: "docker" "create" "-v" "/var/lib/crater-agent-workspace/builds/worker-3-tc1/target:/opt/rustwide/target:rw,Z" "-v" "/var/lib/crater-agent-workspace/builds/worker-3-tc1/source:/opt/rustwide/workdir:ro,Z" "-v" "/var/lib/crater-agent-workspace/cargo-home:/opt/rustwide/cargo-home:ro,Z" "-v" "/var/lib/crater-agent-workspace/rustup-home:/opt/rustwide/rustup-home:ro,Z" "-e" "SOURCE_DIR=/opt/rustwide/workdir" "-e" "CARGO_TARGET_DIR=/opt/rustwide/target" "-e" "CARGO_INCREMENTAL=0" "-e" "RUST_BACKTRACE=full" "-e" "RUSTFLAGS=--cap-lints=warn" "-e" "RUSTDOCFLAGS=--cap-lints=warn" "-e" "CARGO_HOME=/opt/rustwide/cargo-home" "-e" "RUSTUP_HOME=/opt/rustwide/rustup-home" "-w" "/opt/rustwide/workdir" "-m" "1610612736" "--user" "0:0" "--network" "none" "ghcr.io/rust-lang/crates-build-env/linux@sha256:2788e3201cd34a07e3172128adcd8b3090168a8e3bcc40d7c032b9dda1df7d1c" "/opt/rustwide/cargo-home/bin/cargo" "+1.75.0" "build" "--frozen" "--message-format=json", kill_on_drop: false }`
[INFO] [stdout] 10fb1f32b13ffd6b7cd9829567b3c1ccf3d72d4544e45a044a16cba6d6813255
[INFO] running `Command { std: "docker" "start" "-a" "10fb1f32b13ffd6b7cd9829567b3c1ccf3d72d4544e45a044a16cba6d6813255", kill_on_drop: false }`
[INFO] [stderr]    Compiling futures-core v0.3.30
[INFO] [stderr]    Compiling futures-sink v0.3.30
[INFO] [stderr]    Compiling parking_lot_core v0.9.9
[INFO] [stderr]    Compiling smallvec v1.11.2
[INFO] [stderr]    Compiling scopeguard v1.2.0
[INFO] [stderr]    Compiling lock_api v0.4.11
[INFO] [stderr]    Compiling httparse v1.8.0
[INFO] [stderr]    Compiling async-trait v0.1.77
[INFO] [stderr]    Compiling equivalent v1.0.1
[INFO] [stderr]    Compiling tracing-core v0.1.32
[INFO] [stderr]    Compiling http v0.2.11
[INFO] [stderr]    Compiling serde v1.0.194
[INFO] [stderr]    Compiling signal-hook-registry v1.4.1
[INFO] [stderr]    Compiling num_cpus v1.16.0
[INFO] [stderr]    Compiling tokio-macros v2.2.0
[INFO] [stderr]    Compiling socket2 v0.5.5
[INFO] [stderr]    Compiling mio v0.8.10
[INFO] [stderr]    Compiling hashbrown v0.14.3
[INFO] [stderr]    Compiling async-stream-impl v0.3.5
[INFO] [stderr]    Compiling futures-channel v0.3.30
[INFO] [stderr]    Compiling tower-service v0.3.2
[INFO] [stderr]    Compiling try-lock v0.2.5
[INFO] [stderr]    Compiling futures-util v0.3.30
[INFO] [stderr]    Compiling want v0.3.1
[INFO] [stderr]    Compiling tracing v0.1.40
[INFO] [stderr]    Compiling parking_lot v0.12.1
[INFO] [stderr]    Compiling test-context-macros v0.1.4
[INFO] [stderr]    Compiling httpdate v1.0.3
[INFO] [stderr]    Compiling http-range-header v0.3.1
[INFO] [stderr]    Compiling tower-layer v0.3.2
[INFO] [stderr]    Compiling indexmap v2.1.0
[INFO] [stderr]    Compiling queues v1.1.0
[INFO] [stderr]    Compiling http-body v0.4.6
[INFO] [stderr]    Compiling async-stream v0.3.5
[INFO] [stderr]    Compiling tokio v1.35.1
[INFO] [stderr]    Compiling futures-executor v0.3.30
[INFO] [stderr]    Compiling tower-http v0.2.5
[INFO] [stderr]    Compiling futures v0.3.30
[INFO] [stderr]    Compiling test-context v0.1.4
[INFO] [stderr]    Compiling serde_json v1.0.111
[INFO] [stderr]    Compiling tokio-util v0.7.10
[INFO] [stderr]    Compiling tokio-stream v0.1.14
[INFO] [stderr]    Compiling tokio-test v0.4.3
[INFO] [stderr]    Compiling h2 v0.3.22
[INFO] [stderr]    Compiling hyper v0.14.28
[INFO] [stderr]    Compiling tokiotest-httpserver v0.2.1 (/opt/rustwide/workdir)
[INFO] [stderr]     Finished dev [unoptimized + debuginfo] target(s) in 8.15s
[INFO] running `Command { std: "docker" "inspect" "10fb1f32b13ffd6b7cd9829567b3c1ccf3d72d4544e45a044a16cba6d6813255", kill_on_drop: false }`
[INFO] running `Command { std: "docker" "rm" "-f" "10fb1f32b13ffd6b7cd9829567b3c1ccf3d72d4544e45a044a16cba6d6813255", kill_on_drop: false }`
[INFO] [stdout] 10fb1f32b13ffd6b7cd9829567b3c1ccf3d72d4544e45a044a16cba6d6813255
[INFO] running `Command { std: "docker" "create" "-v" "/var/lib/crater-agent-workspace/builds/worker-3-tc1/target:/opt/rustwide/target:rw,Z" "-v" "/var/lib/crater-agent-workspace/builds/worker-3-tc1/source:/opt/rustwide/workdir:ro,Z" "-v" "/var/lib/crater-agent-workspace/cargo-home:/opt/rustwide/cargo-home:ro,Z" "-v" "/var/lib/crater-agent-workspace/rustup-home:/opt/rustwide/rustup-home:ro,Z" "-e" "SOURCE_DIR=/opt/rustwide/workdir" "-e" "CARGO_TARGET_DIR=/opt/rustwide/target" "-e" "CARGO_INCREMENTAL=0" "-e" "RUST_BACKTRACE=full" "-e" "RUSTFLAGS=--cap-lints=warn" "-e" "RUSTDOCFLAGS=--cap-lints=warn" "-e" "CARGO_HOME=/opt/rustwide/cargo-home" "-e" "RUSTUP_HOME=/opt/rustwide/rustup-home" "-w" "/opt/rustwide/workdir" "-m" "1610612736" "--user" "0:0" "--network" "none" "ghcr.io/rust-lang/crates-build-env/linux@sha256:2788e3201cd34a07e3172128adcd8b3090168a8e3bcc40d7c032b9dda1df7d1c" "/opt/rustwide/cargo-home/bin/cargo" "+1.75.0" "test" "--frozen" "--no-run" "--message-format=json", kill_on_drop: false }`
[INFO] [stdout] f7fd031b86312760c48c35d7dcf4e1cae53b8f6166ba89528349fe3a66c2b257
[INFO] running `Command { std: "docker" "start" "-a" "f7fd031b86312760c48c35d7dcf4e1cae53b8f6166ba89528349fe3a66c2b257", kill_on_drop: false }`
[INFO] [stderr]    Compiling proc-macro-error-attr v1.0.4
[INFO] [stderr]    Compiling proc-macro-error v1.0.4
[INFO] [stderr]    Compiling parking_lot_core v0.8.6
[INFO] [stderr]    Compiling rustversion v1.0.14
[INFO] [stderr]    Compiling instant v0.1.12
[INFO] [stderr]    Compiling parking_lot v0.11.2
[INFO] [stderr]    Compiling serial_test_derive v0.6.0
[INFO] [stderr]    Compiling serial_test v0.6.0
[INFO] [stderr]    Compiling tokiotest-httpserver v0.2.1 (/opt/rustwide/workdir)
[INFO] [stdout] error[E0308]: mismatched types
[INFO] [stdout]   --> tests/test_serial.rs:11:31
[INFO] [stdout]    |
[INFO] [stdout] 11 | async fn test_get_respond_200(&mut ctx: PortContext) {
[INFO] [stdout]    |                               ^^^^^^^^
[INFO] [stdout]    |                               |
[INFO] [stdout]    |                               expected `PortContext`, found `&mut _`
[INFO] [stdout]    |                               this expression has type `PortContext`
[INFO] [stdout]    |                               help: to declare a mutable variable use: `mut ctx`
[INFO] [stdout]    |
[INFO] [stdout]    = note:         expected struct `PortContext`
[INFO] [stdout]            found mutable reference `&mut _`
[INFO] [stdout] 
[INFO] [stdout] 
[INFO] [stdout] error[E0308]: mismatched types
[INFO] [stdout]   --> tests/test_serial.rs:22:31
[INFO] [stdout]    |
[INFO] [stdout] 22 | async fn test_get_respond_404(&mut ctx: PortContext) {
[INFO] [stdout]    |                               ^^^^^^^^
[INFO] [stdout]    |                               |
[INFO] [stdout]    |                               expected `PortContext`, found `&mut _`
[INFO] [stdout]    |                               this expression has type `PortContext`
[INFO] [stdout]    |                               help: to declare a mutable variable use: `mut ctx`
[INFO] [stdout]    |
[INFO] [stdout]    = note:         expected struct `PortContext`
[INFO] [stdout]            found mutable reference `&mut _`
[INFO] [stdout] 
[INFO] [stdout] 
[INFO] [stdout] error[E0308]: mismatched types
[INFO] [stdout]   --> tests/test_serial.rs:8:1
[INFO] [stdout]    |
[INFO] [stdout] 8  | #[test_context(PortContext)]
[INFO] [stdout]    | ^^^^^^^^^^^^^^^^^^^^^^^^^^^^ expected `PortContext`, found `&mut PortContext`
[INFO] [stdout] ...
[INFO] [stdout] 11 | async fn test_get_respond_200(&mut ctx: PortContext) {
[INFO] [stdout]    |          -------------------- arguments to this function are incorrect
[INFO] [stdout]    |
[INFO] [stdout] note: function defined here
[INFO] [stdout]   --> tests/test_serial.rs:11:10
[INFO] [stdout]    |
[INFO] [stdout] 11 | async fn test_get_respond_200(&mut ctx: PortContext) {
[INFO] [stdout]    |          ^^^^^^^^^^^^^^^^^^^^ ---------------------
[INFO] [stdout]    = note: this error originates in the attribute macro `test_context` (in Nightly builds, run with -Z macro-backtrace for more info)
[INFO] [stdout] 
[INFO] [stdout] 
[INFO] [stdout] error[E0308]: mismatched types
[INFO] [stdout]   --> tests/test_serial.rs:19:1
[INFO] [stdout]    |
[INFO] [stdout] 19 | #[test_context(PortContext)]
[INFO] [stdout]    | ^^^^^^^^^^^^^^^^^^^^^^^^^^^^ expected `PortContext`, found `&mut PortContext`
[INFO] [stdout] ...
[INFO] [stdout] 22 | async fn test_get_respond_404(&mut ctx: PortContext) {
[INFO] [stdout]    |          -------------------- arguments to this function are incorrect
[INFO] [stdout]    |
[INFO] [stdout] note: function defined here
[INFO] [stdout]   --> tests/test_serial.rs:22:10
[INFO] [stdout]    |
[INFO] [stdout] 22 | async fn test_get_respond_404(&mut ctx: PortContext) {
[INFO] [stdout]    |          ^^^^^^^^^^^^^^^^^^^^ ---------------------
[INFO] [stdout]    = note: this error originates in the attribute macro `test_context` (in Nightly builds, run with -Z macro-backtrace for more info)
[INFO] [stdout] 
[INFO] [stdout] 
[INFO] [stdout] error: aborting due to 4 previous errors
[INFO] [stdout] 
[INFO] [stdout] 
[INFO] [stdout] For more information about this error, try `rustc --explain E0308`.
[INFO] [stdout] 
[INFO] [stderr] error: could not compile `tokiotest-httpserver` (test "test_serial") due to 5 previous errors
[INFO] [stderr] warning: build failed, waiting for other jobs to finish...
[INFO] running `Command { std: "docker" "inspect" "f7fd031b86312760c48c35d7dcf4e1cae53b8f6166ba89528349fe3a66c2b257", kill_on_drop: false }`
[INFO] running `Command { std: "docker" "rm" "-f" "f7fd031b86312760c48c35d7dcf4e1cae53b8f6166ba89528349fe3a66c2b257", kill_on_drop: false }`
[INFO] [stdout] f7fd031b86312760c48c35d7dcf4e1cae53b8f6166ba89528349fe3a66c2b257
[INFO] testing tokiotest-httpserver-0.2.1 against beta-2023-12-22 for beta-1.76-1
[INFO] extracting crate tokiotest-httpserver 0.2.1 into /workspace/builds/worker-3-tc2/source
[INFO] validating manifest of crates.io crate tokiotest-httpserver 0.2.1 on toolchain beta-2023-12-22
[INFO] running `Command { std: CARGO_HOME="/workspace/cargo-home" RUSTUP_HOME="/workspace/rustup-home" "/workspace/cargo-home/bin/cargo" "+beta-2023-12-22" "metadata" "--manifest-path" "Cargo.toml" "--no-deps", kill_on_drop: false }`
[INFO] started tweaking crates.io crate tokiotest-httpserver 0.2.1
[INFO] finished tweaking crates.io crate tokiotest-httpserver 0.2.1
[INFO] tweaked toml for crates.io crate tokiotest-httpserver 0.2.1 written to /workspace/builds/worker-3-tc2/source/Cargo.toml
[INFO] running `Command { std: CARGO_HOME="/workspace/cargo-home" RUSTUP_HOME="/workspace/rustup-home" "/workspace/cargo-home/bin/cargo" "+beta-2023-12-22" "generate-lockfile" "--manifest-path" "Cargo.toml", kill_on_drop: false }`
[INFO] [stderr]     Blocking waiting for file lock on package cache
[INFO] [stderr]     Updating crates.io index
[INFO] running `Command { std: CARGO_HOME="/workspace/cargo-home" RUSTUP_HOME="/workspace/rustup-home" "/workspace/cargo-home/bin/cargo" "+beta-2023-12-22" "fetch" "--manifest-path" "Cargo.toml", kill_on_drop: false }`
[INFO] running `Command { std: "docker" "create" "-v" "/var/lib/crater-agent-workspace/builds/worker-3-tc2/target:/opt/rustwide/target:rw,Z" "-v" "/var/lib/crater-agent-workspace/builds/worker-3-tc2/source:/opt/rustwide/workdir:ro,Z" "-v" "/var/lib/crater-agent-workspace/cargo-home:/opt/rustwide/cargo-home:ro,Z" "-v" "/var/lib/crater-agent-workspace/rustup-home:/opt/rustwide/rustup-home:ro,Z" "-e" "SOURCE_DIR=/opt/rustwide/workdir" "-e" "CARGO_TARGET_DIR=/opt/rustwide/target" "-e" "CARGO_HOME=/opt/rustwide/cargo-home" "-e" "RUSTUP_HOME=/opt/rustwide/rustup-home" "-w" "/opt/rustwide/workdir" "-m" "1610612736" "--user" "0:0" "--network" "none" "ghcr.io/rust-lang/crates-build-env/linux@sha256:2788e3201cd34a07e3172128adcd8b3090168a8e3bcc40d7c032b9dda1df7d1c" "/opt/rustwide/cargo-home/bin/cargo" "+beta-2023-12-22" "metadata" "--no-deps" "--format-version=1", kill_on_drop: false }`
[INFO] [stdout] e517bbeb2c525f3d4a3e4a797d89ac44e54a1f5a29be09b0be47667520490b8c
[INFO] running `Command { std: "docker" "start" "-a" "e517bbeb2c525f3d4a3e4a797d89ac44e54a1f5a29be09b0be47667520490b8c", kill_on_drop: false }`
[INFO] running `Command { std: "docker" "inspect" "e517bbeb2c525f3d4a3e4a797d89ac44e54a1f5a29be09b0be47667520490b8c", kill_on_drop: false }`
[INFO] running `Command { std: "docker" "rm" "-f" "e517bbeb2c525f3d4a3e4a797d89ac44e54a1f5a29be09b0be47667520490b8c", kill_on_drop: false }`
[INFO] [stdout] e517bbeb2c525f3d4a3e4a797d89ac44e54a1f5a29be09b0be47667520490b8c
[INFO] running `Command { std: "docker" "create" "-v" "/var/lib/crater-agent-workspace/builds/worker-3-tc2/target:/opt/rustwide/target:rw,Z" "-v" "/var/lib/crater-agent-workspace/builds/worker-3-tc2/source:/opt/rustwide/workdir:ro,Z" "-v" "/var/lib/crater-agent-workspace/cargo-home:/opt/rustwide/cargo-home:ro,Z" "-v" "/var/lib/crater-agent-workspace/rustup-home:/opt/rustwide/rustup-home:ro,Z" "-e" "SOURCE_DIR=/opt/rustwide/workdir" "-e" "CARGO_TARGET_DIR=/opt/rustwide/target" "-e" "CARGO_INCREMENTAL=0" "-e" "RUST_BACKTRACE=full" "-e" "RUSTFLAGS=--cap-lints=warn" "-e" "RUSTDOCFLAGS=--cap-lints=warn" "-e" "CARGO_HOME=/opt/rustwide/cargo-home" "-e" "RUSTUP_HOME=/opt/rustwide/rustup-home" "-w" "/opt/rustwide/workdir" "-m" "1610612736" "--user" "0:0" "--network" "none" "ghcr.io/rust-lang/crates-build-env/linux@sha256:2788e3201cd34a07e3172128adcd8b3090168a8e3bcc40d7c032b9dda1df7d1c" "/opt/rustwide/cargo-home/bin/cargo" "+beta-2023-12-22" "build" "--frozen" "--message-format=json", kill_on_drop: false }`
[INFO] [stdout] d593b9247cc20ded4b2ea0496c3790a919dcac201283de1518cb804485b189c2
[INFO] running `Command { std: "docker" "start" "-a" "d593b9247cc20ded4b2ea0496c3790a919dcac201283de1518cb804485b189c2", kill_on_drop: false }`
[INFO] [stderr]    Compiling futures-core v0.3.30
[INFO] [stderr]    Compiling futures-sink v0.3.30
[INFO] [stderr]    Compiling parking_lot_core v0.9.9
[INFO] [stderr]    Compiling scopeguard v1.2.0
[INFO] [stderr]    Compiling smallvec v1.11.2
[INFO] [stderr]    Compiling lock_api v0.4.11
[INFO] [stderr]    Compiling hashbrown v0.14.3
[INFO] [stderr]    Compiling serde v1.0.194
[INFO] [stderr]    Compiling equivalent v1.0.1
[INFO] [stderr]    Compiling http v0.2.11
[INFO] [stderr]    Compiling tracing-core v0.1.32
[INFO] [stderr]    Compiling httparse v1.8.0
[INFO] [stderr]    Compiling signal-hook-registry v1.4.1
[INFO] [stderr]    Compiling mio v0.8.10
[INFO] [stderr]    Compiling tokio-macros v2.2.0
[INFO] [stderr]    Compiling num_cpus v1.16.0
[INFO] [stderr]    Compiling socket2 v0.5.5
[INFO] [stderr]    Compiling futures-channel v0.3.30
[INFO] [stderr]    Compiling async-trait v0.1.77
[INFO] [stderr]    Compiling async-stream-impl v0.3.5
[INFO] [stderr]    Compiling try-lock v0.2.5
[INFO] [stderr]    Compiling futures-util v0.3.30
[INFO] [stderr]    Compiling tower-service v0.3.2
[INFO] [stderr]    Compiling want v0.3.1
[INFO] [stderr]    Compiling tracing v0.1.40
[INFO] [stderr]    Compiling parking_lot v0.12.1
[INFO] [stderr]    Compiling test-context-macros v0.1.4
[INFO] [stderr]    Compiling http-range-header v0.3.1
[INFO] [stderr]    Compiling indexmap v2.1.0
[INFO] [stderr]    Compiling httpdate v1.0.3
[INFO] [stderr]    Compiling tower-layer v0.3.2
[INFO] [stderr]    Compiling queues v1.1.0
[INFO] [stderr]    Compiling http-body v0.4.6
[INFO] [stderr]    Compiling async-stream v0.3.5
[INFO] [stderr]    Compiling tokio v1.35.1
[INFO] [stderr]    Compiling serde_json v1.0.111
[INFO] [stderr]    Compiling futures-executor v0.3.30
[INFO] [stderr]    Compiling tower-http v0.2.5
[INFO] [stderr]    Compiling futures v0.3.30
[INFO] [stderr]    Compiling test-context v0.1.4
[INFO] [stderr]    Compiling tokio-util v0.7.10
[INFO] [stderr]    Compiling tokio-stream v0.1.14
[INFO] [stderr]    Compiling tokio-test v0.4.3
[INFO] [stderr]    Compiling h2 v0.3.22
[INFO] [stderr]    Compiling hyper v0.14.28
[INFO] [stderr]    Compiling tokiotest-httpserver v0.2.1 (/opt/rustwide/workdir)
[INFO] [stderr]     Finished dev [unoptimized + debuginfo] target(s) in 8.22s
[INFO] running `Command { std: "docker" "inspect" "d593b9247cc20ded4b2ea0496c3790a919dcac201283de1518cb804485b189c2", kill_on_drop: false }`
[INFO] running `Command { std: "docker" "rm" "-f" "d593b9247cc20ded4b2ea0496c3790a919dcac201283de1518cb804485b189c2", kill_on_drop: false }`
[INFO] [stdout] d593b9247cc20ded4b2ea0496c3790a919dcac201283de1518cb804485b189c2
[INFO] running `Command { std: "docker" "create" "-v" "/var/lib/crater-agent-workspace/builds/worker-3-tc2/target:/opt/rustwide/target:rw,Z" "-v" "/var/lib/crater-agent-workspace/builds/worker-3-tc2/source:/opt/rustwide/workdir:ro,Z" "-v" "/var/lib/crater-agent-workspace/cargo-home:/opt/rustwide/cargo-home:ro,Z" "-v" "/var/lib/crater-agent-workspace/rustup-home:/opt/rustwide/rustup-home:ro,Z" "-e" "SOURCE_DIR=/opt/rustwide/workdir" "-e" "CARGO_TARGET_DIR=/opt/rustwide/target" "-e" "CARGO_INCREMENTAL=0" "-e" "RUST_BACKTRACE=full" "-e" "RUSTFLAGS=--cap-lints=warn" "-e" "RUSTDOCFLAGS=--cap-lints=warn" "-e" "CARGO_HOME=/opt/rustwide/cargo-home" "-e" "RUSTUP_HOME=/opt/rustwide/rustup-home" "-w" "/opt/rustwide/workdir" "-m" "1610612736" "--user" "0:0" "--network" "none" "ghcr.io/rust-lang/crates-build-env/linux@sha256:2788e3201cd34a07e3172128adcd8b3090168a8e3bcc40d7c032b9dda1df7d1c" "/opt/rustwide/cargo-home/bin/cargo" "+beta-2023-12-22" "test" "--frozen" "--no-run" "--message-format=json", kill_on_drop: false }`
[INFO] [stdout] af4ca37222ffaa2f32a70b931edd9f8ee65f76132f62cef282c9a1c012840d21
[INFO] running `Command { std: "docker" "start" "-a" "af4ca37222ffaa2f32a70b931edd9f8ee65f76132f62cef282c9a1c012840d21", kill_on_drop: false }`
[INFO] [stderr]    Compiling rustversion v1.0.14
[INFO] [stderr]    Compiling proc-macro-error-attr v1.0.4
[INFO] [stderr]    Compiling proc-macro-error v1.0.4
[INFO] [stderr]    Compiling parking_lot_core v0.8.6
[INFO] [stderr]    Compiling instant v0.1.12
[INFO] [stderr]    Compiling parking_lot v0.11.2
[INFO] [stderr]    Compiling serial_test_derive v0.6.0
[INFO] [stderr]    Compiling serial_test v0.6.0
[INFO] [stderr]    Compiling tokiotest-httpserver v0.2.1 (/opt/rustwide/workdir)
[INFO] [stdout] error[E0308]: mismatched types
[INFO] [stdout]   --> tests/test_serial.rs:11:31
[INFO] [stdout]    |
[INFO] [stdout] 11 | async fn test_get_respond_200(&mut ctx: PortContext) {
[INFO] [stdout]    |                               ^^^^^^^^
[INFO] [stdout]    |                               |
[INFO] [stdout]    |                               expected `PortContext`, found `&mut _`
[INFO] [stdout]    |                               this expression has type `PortContext`
[INFO] [stdout]    |                               help: to declare a mutable variable use: `mut ctx`
[INFO] [stdout]    |
[INFO] [stdout]    = note:         expected struct `PortContext`
[INFO] [stdout]            found mutable reference `&mut _`
[INFO] [stdout] 
[INFO] [stdout] 
[INFO] [stdout] error[E0308]: mismatched types
[INFO] [stdout]   --> tests/test_serial.rs:22:31
[INFO] [stdout]    |
[INFO] [stdout] 22 | async fn test_get_respond_404(&mut ctx: PortContext) {
[INFO] [stdout]    |                               ^^^^^^^^
[INFO] [stdout]    |                               |
[INFO] [stdout]    |                               expected `PortContext`, found `&mut _`
[INFO] [stdout]    |                               this expression has type `PortContext`
[INFO] [stdout]    |                               help: to declare a mutable variable use: `mut ctx`
[INFO] [stdout]    |
[INFO] [stdout]    = note:         expected struct `PortContext`
[INFO] [stdout]            found mutable reference `&mut _`
[INFO] [stdout] 
[INFO] [stdout] 
[INFO] [stdout] error[E0308]: mismatched types
[INFO] [stdout]   --> tests/test_serial.rs:8:1
[INFO] [stdout]    |
[INFO] [stdout] 8  | #[test_context(PortContext)]
[INFO] [stdout]    | ^^^^^^^^^^^^^^^^^^^^^^^^^^^^ expected `PortContext`, found `&mut PortContext`
[INFO] [stdout] ...
[INFO] [stdout] 11 | async fn test_get_respond_200(&mut ctx: PortContext) {
[INFO] [stdout]    |          -------------------- arguments to this function are incorrect
[INFO] [stdout]    |
[INFO] [stdout] note: function defined here
[INFO] [stdout]   --> tests/test_serial.rs:11:10
[INFO] [stdout]    |
[INFO] [stdout] 11 | async fn test_get_respond_200(&mut ctx: PortContext) {
[INFO] [stdout]    |          ^^^^^^^^^^^^^^^^^^^^ ---------------------
[INFO] [stdout]    = note: this error originates in the attribute macro `test_context` (in Nightly builds, run with -Z macro-backtrace for more info)
[INFO] [stdout] 
[INFO] [stdout] 
[INFO] [stdout] error[E0308]: mismatched types
[INFO] [stdout]   --> tests/test_serial.rs:19:1
[INFO] [stdout]    |
[INFO] [stdout] 19 | #[test_context(PortContext)]
[INFO] [stdout]    | ^^^^^^^^^^^^^^^^^^^^^^^^^^^^ expected `PortContext`, found `&mut PortContext`
[INFO] [stdout] ...
[INFO] [stdout] 22 | async fn test_get_respond_404(&mut ctx: PortContext) {
[INFO] [stdout]    |          -------------------- arguments to this function are incorrect
[INFO] [stdout]    |
[INFO] [stdout] note: function defined here
[INFO] [stdout]   --> tests/test_serial.rs:22:10
[INFO] [stdout]    |
[INFO] [stdout] 22 | async fn test_get_respond_404(&mut ctx: PortContext) {
[INFO] [stdout]    |          ^^^^^^^^^^^^^^^^^^^^ ---------------------
[INFO] [stdout]    = note: this error originates in the attribute macro `test_context` (in Nightly builds, run with -Z macro-backtrace for more info)
[INFO] [stdout] 
[INFO] [stdout] 
[INFO] [stdout] error: aborting due to 4 previous errors
[INFO] [stdout] 
[INFO] [stdout] 
[INFO] [stdout] For more information about this error, try `rustc --explain E0308`.
[INFO] [stdout] 
[INFO] [stderr] error: could not compile `tokiotest-httpserver` (test "test_serial") due to 5 previous errors
[INFO] [stderr] warning: build failed, waiting for other jobs to finish...
[INFO] running `Command { std: "docker" "inspect" "af4ca37222ffaa2f32a70b931edd9f8ee65f76132f62cef282c9a1c012840d21", kill_on_drop: false }`
[INFO] running `Command { std: "docker" "rm" "-f" "af4ca37222ffaa2f32a70b931edd9f8ee65f76132f62cef282c9a1c012840d21", kill_on_drop: false }`
[INFO] [stdout] af4ca37222ffaa2f32a70b931edd9f8ee65f76132f62cef282c9a1c012840d21
