[INFO] fetching crate tokio_wasi 1.25.2...
[INFO] testing tokio_wasi-1.25.2 against 1.75.0 for beta-1.76-1
[INFO] extracting crate tokio_wasi 1.25.2 into /workspace/builds/worker-3-tc1/source
[INFO] validating manifest of crates.io crate tokio_wasi 1.25.2 on toolchain 1.75.0
[INFO] running `Command { std: CARGO_HOME="/workspace/cargo-home" RUSTUP_HOME="/workspace/rustup-home" "/workspace/cargo-home/bin/cargo" "+1.75.0" "metadata" "--manifest-path" "Cargo.toml" "--no-deps", kill_on_drop: false }`
[INFO] started tweaking crates.io crate tokio_wasi 1.25.2
[INFO] finished tweaking crates.io crate tokio_wasi 1.25.2
[INFO] tweaked toml for crates.io crate tokio_wasi 1.25.2 written to /workspace/builds/worker-3-tc1/source/Cargo.toml
[INFO] running `Command { std: CARGO_HOME="/workspace/cargo-home" RUSTUP_HOME="/workspace/rustup-home" "/workspace/cargo-home/bin/cargo" "+1.75.0" "generate-lockfile" "--manifest-path" "Cargo.toml", kill_on_drop: false }`
[INFO] [stderr]     Updating crates.io index
[INFO] running `Command { std: CARGO_HOME="/workspace/cargo-home" RUSTUP_HOME="/workspace/rustup-home" "/workspace/cargo-home/bin/cargo" "+1.75.0" "fetch" "--manifest-path" "Cargo.toml", kill_on_drop: false }`
[INFO] [stderr]  Downloading crates ...
[INFO] [stderr]   Downloaded mio_wasi v0.8.9
[INFO] [stderr]   Downloaded mio-aio v0.7.0
[INFO] [stderr]   Downloaded wasmedge_wasi_socket v0.5.3
[INFO] running `Command { std: "docker" "create" "-v" "/var/lib/crater-agent-workspace/builds/worker-3-tc1/target:/opt/rustwide/target:rw,Z" "-v" "/var/lib/crater-agent-workspace/builds/worker-3-tc1/source:/opt/rustwide/workdir:ro,Z" "-v" "/var/lib/crater-agent-workspace/cargo-home:/opt/rustwide/cargo-home:ro,Z" "-v" "/var/lib/crater-agent-workspace/rustup-home:/opt/rustwide/rustup-home:ro,Z" "-e" "SOURCE_DIR=/opt/rustwide/workdir" "-e" "CARGO_TARGET_DIR=/opt/rustwide/target" "-e" "CARGO_HOME=/opt/rustwide/cargo-home" "-e" "RUSTUP_HOME=/opt/rustwide/rustup-home" "-w" "/opt/rustwide/workdir" "-m" "1610612736" "--user" "0:0" "--network" "none" "ghcr.io/rust-lang/crates-build-env/linux@sha256:2788e3201cd34a07e3172128adcd8b3090168a8e3bcc40d7c032b9dda1df7d1c" "/opt/rustwide/cargo-home/bin/cargo" "+1.75.0" "metadata" "--no-deps" "--format-version=1", kill_on_drop: false }`
[INFO] [stdout] 7d5cad744a994db3609f62f5cef8409c3b9d30d5b08b19b55419b9c9be4c7faf
[INFO] running `Command { std: "docker" "start" "-a" "7d5cad744a994db3609f62f5cef8409c3b9d30d5b08b19b55419b9c9be4c7faf", kill_on_drop: false }`
[INFO] running `Command { std: "docker" "inspect" "7d5cad744a994db3609f62f5cef8409c3b9d30d5b08b19b55419b9c9be4c7faf", kill_on_drop: false }`
[INFO] running `Command { std: "docker" "rm" "-f" "7d5cad744a994db3609f62f5cef8409c3b9d30d5b08b19b55419b9c9be4c7faf", kill_on_drop: false }`
[INFO] [stdout] 7d5cad744a994db3609f62f5cef8409c3b9d30d5b08b19b55419b9c9be4c7faf
[INFO] running `Command { std: "docker" "create" "-v" "/var/lib/crater-agent-workspace/builds/worker-3-tc1/target:/opt/rustwide/target:rw,Z" "-v" "/var/lib/crater-agent-workspace/builds/worker-3-tc1/source:/opt/rustwide/workdir:ro,Z" "-v" "/var/lib/crater-agent-workspace/cargo-home:/opt/rustwide/cargo-home:ro,Z" "-v" "/var/lib/crater-agent-workspace/rustup-home:/opt/rustwide/rustup-home:ro,Z" "-e" "SOURCE_DIR=/opt/rustwide/workdir" "-e" "CARGO_TARGET_DIR=/opt/rustwide/target" "-e" "CARGO_INCREMENTAL=0" "-e" "RUST_BACKTRACE=full" "-e" "RUSTFLAGS=--cap-lints=warn" "-e" "RUSTDOCFLAGS=--cap-lints=warn" "-e" "CARGO_HOME=/opt/rustwide/cargo-home" "-e" "RUSTUP_HOME=/opt/rustwide/rustup-home" "-w" "/opt/rustwide/workdir" "-m" "1610612736" "--user" "0:0" "--network" "none" "ghcr.io/rust-lang/crates-build-env/linux@sha256:2788e3201cd34a07e3172128adcd8b3090168a8e3bcc40d7c032b9dda1df7d1c" "/opt/rustwide/cargo-home/bin/cargo" "+1.75.0" "build" "--frozen" "--message-format=json", kill_on_drop: false }`
[INFO] [stdout] fe6b79963a3fe841be48a378c2afd4a0ff26fac8b8e99b440012b31f7362d8d1
[INFO] running `Command { std: "docker" "start" "-a" "fe6b79963a3fe841be48a378c2afd4a0ff26fac8b8e99b440012b31f7362d8d1", kill_on_drop: false }`
[INFO] [stderr]    Compiling tokio_wasi v1.25.2 (/opt/rustwide/workdir)
[INFO] [stdout] warning: unused import: `poll_fn::poll_fn`
[INFO] [stdout]  --> src/future/mod.rs:9:9
[INFO] [stdout]   |
[INFO] [stdout] 9 | pub use poll_fn::poll_fn;
[INFO] [stdout]   |         ^^^^^^^^^^^^^^^^
[INFO] [stdout]   |
[INFO] [stdout]   = note: `#[warn(unused_imports)]` on by default
[INFO] [stdout] 
[INFO] [stdout] 
[INFO] [stdout] warning: 1 warning emitted
[INFO] [stdout] 
[INFO] [stdout] 
[INFO] [stderr]     Finished dev [unoptimized + debuginfo] target(s) in 0.41s
[INFO] running `Command { std: "docker" "inspect" "fe6b79963a3fe841be48a378c2afd4a0ff26fac8b8e99b440012b31f7362d8d1", kill_on_drop: false }`
[INFO] running `Command { std: "docker" "rm" "-f" "fe6b79963a3fe841be48a378c2afd4a0ff26fac8b8e99b440012b31f7362d8d1", kill_on_drop: false }`
[INFO] [stdout] fe6b79963a3fe841be48a378c2afd4a0ff26fac8b8e99b440012b31f7362d8d1
[INFO] running `Command { std: "docker" "create" "-v" "/var/lib/crater-agent-workspace/builds/worker-3-tc1/target:/opt/rustwide/target:rw,Z" "-v" "/var/lib/crater-agent-workspace/builds/worker-3-tc1/source:/opt/rustwide/workdir:ro,Z" "-v" "/var/lib/crater-agent-workspace/cargo-home:/opt/rustwide/cargo-home:ro,Z" "-v" "/var/lib/crater-agent-workspace/rustup-home:/opt/rustwide/rustup-home:ro,Z" "-e" "SOURCE_DIR=/opt/rustwide/workdir" "-e" "CARGO_TARGET_DIR=/opt/rustwide/target" "-e" "CARGO_INCREMENTAL=0" "-e" "RUST_BACKTRACE=full" "-e" "RUSTFLAGS=--cap-lints=warn" "-e" "RUSTDOCFLAGS=--cap-lints=warn" "-e" "CARGO_HOME=/opt/rustwide/cargo-home" "-e" "RUSTUP_HOME=/opt/rustwide/rustup-home" "-w" "/opt/rustwide/workdir" "-m" "1610612736" "--user" "0:0" "--network" "none" "ghcr.io/rust-lang/crates-build-env/linux@sha256:2788e3201cd34a07e3172128adcd8b3090168a8e3bcc40d7c032b9dda1df7d1c" "/opt/rustwide/cargo-home/bin/cargo" "+1.75.0" "test" "--frozen" "--no-run" "--message-format=json", kill_on_drop: false }`
[INFO] [stdout] eeb8d678edeb8542d440fc8437eac5b26374312dbcc1419d7e8083d7cdce40a5
[INFO] running `Command { std: "docker" "start" "-a" "eeb8d678edeb8542d440fc8437eac5b26374312dbcc1419d7e8083d7cdce40a5", kill_on_drop: false }`
[INFO] [stderr]    Compiling syn v1.0.109
[INFO] [stderr]    Compiling futures-sink v0.3.30
[INFO] [stderr]    Compiling predicates-core v1.0.6
[INFO] [stderr]    Compiling futures-io v0.3.30
[INFO] [stderr]    Compiling rustix v0.38.28
[INFO] [stderr]    Compiling either v1.9.0
[INFO] [stderr]    Compiling async-stream-impl v0.3.5
[INFO] [stderr]    Compiling float-cmp v0.9.0
[INFO] [stderr]    Compiling futures-channel v0.3.30
[INFO] [stderr]    Compiling tokio v1.35.1
[INFO] [stderr]    Compiling normalize-line-endings v0.3.0
[INFO] [stderr]    Compiling itertools v0.10.5
[INFO] [stderr]    Compiling linux-raw-sys v0.4.12
[INFO] [stderr]    Compiling termtree v0.4.1
[INFO] [stderr]    Compiling futures-util v0.3.30
[INFO] [stderr]    Compiling difflib v0.4.0
[INFO] [stderr]    Compiling predicates-tree v1.0.9
[INFO] [stderr]    Compiling fragile v2.0.0
[INFO] [stderr]    Compiling async-stream v0.3.5
[INFO] [stderr]    Compiling downcast v0.11.0
[INFO] [stderr]    Compiling nix v0.26.4
[INFO] [stderr]    Compiling socket2 v0.4.10
[INFO] [stderr]    Compiling predicates v2.1.5
[INFO] [stdout] warning: unused import: `poll_fn::poll_fn`
[INFO] [stdout]  --> src/future/mod.rs:9:9
[INFO] [stdout]   |
[INFO] [stdout] 9 | pub use poll_fn::poll_fn;
[INFO] [stdout]   |         ^^^^^^^^^^^^^^^^
[INFO] [stdout]   |
[INFO] [stdout]   = note: `#[warn(unused_imports)]` on by default
[INFO] [stdout] 
[INFO] [stdout] 
[INFO] [stdout] warning: 1 warning emitted
[INFO] [stdout] 
[INFO] [stdout] 
[INFO] [stderr]    Compiling tokio-stream v0.1.14
[INFO] [stderr]    Compiling tokio-test v0.4.3
[INFO] [stderr]    Compiling tempfile v3.9.0
[INFO] [stderr]    Compiling futures-executor v0.3.30
[INFO] [stderr]    Compiling futures v0.3.30
[INFO] [stderr]    Compiling mockall_derive v0.11.4
[INFO] [stderr]    Compiling mockall v0.11.4
[INFO] [stderr]    Compiling tokio_wasi v1.25.2 (/opt/rustwide/workdir)
[INFO] [stdout] error: run main Tokio tests with `--features full`
[INFO] [stdout]  --> tests/_require_full.rs:2:1
[INFO] [stdout]   |
[INFO] [stdout] 2 | compile_error!("run main Tokio tests with `--features full`");
[INFO] [stdout]   | ^^^^^^^^^^^^^^^^^^^^^^^^^^^^^^^^^^^^^^^^^^^^^^^^^^^^^^^^^^^^^
[INFO] [stdout] 
[INFO] [stdout] 
[INFO] [stdout] error: aborting due to previous error
[INFO] [stdout] 
[INFO] [stdout] 
[INFO] [stderr] error: could not compile `tokio_wasi` (test "_require_full") due to 2 previous errors
[INFO] [stderr] warning: build failed, waiting for other jobs to finish...
[INFO] running `Command { std: "docker" "inspect" "eeb8d678edeb8542d440fc8437eac5b26374312dbcc1419d7e8083d7cdce40a5", kill_on_drop: false }`
[INFO] running `Command { std: "docker" "rm" "-f" "eeb8d678edeb8542d440fc8437eac5b26374312dbcc1419d7e8083d7cdce40a5", kill_on_drop: false }`
[INFO] [stdout] eeb8d678edeb8542d440fc8437eac5b26374312dbcc1419d7e8083d7cdce40a5
[INFO] testing tokio_wasi-1.25.2 against beta-2023-12-22 for beta-1.76-1
[INFO] extracting crate tokio_wasi 1.25.2 into /workspace/builds/worker-3-tc2/source
[INFO] validating manifest of crates.io crate tokio_wasi 1.25.2 on toolchain beta-2023-12-22
[INFO] running `Command { std: CARGO_HOME="/workspace/cargo-home" RUSTUP_HOME="/workspace/rustup-home" "/workspace/cargo-home/bin/cargo" "+beta-2023-12-22" "metadata" "--manifest-path" "Cargo.toml" "--no-deps", kill_on_drop: false }`
[INFO] started tweaking crates.io crate tokio_wasi 1.25.2
[INFO] finished tweaking crates.io crate tokio_wasi 1.25.2
[INFO] tweaked toml for crates.io crate tokio_wasi 1.25.2 written to /workspace/builds/worker-3-tc2/source/Cargo.toml
[INFO] running `Command { std: CARGO_HOME="/workspace/cargo-home" RUSTUP_HOME="/workspace/rustup-home" "/workspace/cargo-home/bin/cargo" "+beta-2023-12-22" "generate-lockfile" "--manifest-path" "Cargo.toml", kill_on_drop: false }`
[INFO] [stderr]     Updating crates.io index
[INFO] running `Command { std: CARGO_HOME="/workspace/cargo-home" RUSTUP_HOME="/workspace/rustup-home" "/workspace/cargo-home/bin/cargo" "+beta-2023-12-22" "fetch" "--manifest-path" "Cargo.toml", kill_on_drop: false }`
[INFO] running `Command { std: "docker" "create" "-v" "/var/lib/crater-agent-workspace/builds/worker-3-tc2/target:/opt/rustwide/target:rw,Z" "-v" "/var/lib/crater-agent-workspace/builds/worker-3-tc2/source:/opt/rustwide/workdir:ro,Z" "-v" "/var/lib/crater-agent-workspace/cargo-home:/opt/rustwide/cargo-home:ro,Z" "-v" "/var/lib/crater-agent-workspace/rustup-home:/opt/rustwide/rustup-home:ro,Z" "-e" "SOURCE_DIR=/opt/rustwide/workdir" "-e" "CARGO_TARGET_DIR=/opt/rustwide/target" "-e" "CARGO_HOME=/opt/rustwide/cargo-home" "-e" "RUSTUP_HOME=/opt/rustwide/rustup-home" "-w" "/opt/rustwide/workdir" "-m" "1610612736" "--user" "0:0" "--network" "none" "ghcr.io/rust-lang/crates-build-env/linux@sha256:2788e3201cd34a07e3172128adcd8b3090168a8e3bcc40d7c032b9dda1df7d1c" "/opt/rustwide/cargo-home/bin/cargo" "+beta-2023-12-22" "metadata" "--no-deps" "--format-version=1", kill_on_drop: false }`
[INFO] [stdout] cb979184dce4f5ad22dd6d6c830064d66482a08de338e3ca606da5c7ae478510
[INFO] running `Command { std: "docker" "start" "-a" "cb979184dce4f5ad22dd6d6c830064d66482a08de338e3ca606da5c7ae478510", kill_on_drop: false }`
[INFO] running `Command { std: "docker" "inspect" "cb979184dce4f5ad22dd6d6c830064d66482a08de338e3ca606da5c7ae478510", kill_on_drop: false }`
[INFO] running `Command { std: "docker" "rm" "-f" "cb979184dce4f5ad22dd6d6c830064d66482a08de338e3ca606da5c7ae478510", kill_on_drop: false }`
[INFO] [stdout] cb979184dce4f5ad22dd6d6c830064d66482a08de338e3ca606da5c7ae478510
[INFO] running `Command { std: "docker" "create" "-v" "/var/lib/crater-agent-workspace/builds/worker-3-tc2/target:/opt/rustwide/target:rw,Z" "-v" "/var/lib/crater-agent-workspace/builds/worker-3-tc2/source:/opt/rustwide/workdir:ro,Z" "-v" "/var/lib/crater-agent-workspace/cargo-home:/opt/rustwide/cargo-home:ro,Z" "-v" "/var/lib/crater-agent-workspace/rustup-home:/opt/rustwide/rustup-home:ro,Z" "-e" "SOURCE_DIR=/opt/rustwide/workdir" "-e" "CARGO_TARGET_DIR=/opt/rustwide/target" "-e" "CARGO_INCREMENTAL=0" "-e" "RUST_BACKTRACE=full" "-e" "RUSTFLAGS=--cap-lints=warn" "-e" "RUSTDOCFLAGS=--cap-lints=warn" "-e" "CARGO_HOME=/opt/rustwide/cargo-home" "-e" "RUSTUP_HOME=/opt/rustwide/rustup-home" "-w" "/opt/rustwide/workdir" "-m" "1610612736" "--user" "0:0" "--network" "none" "ghcr.io/rust-lang/crates-build-env/linux@sha256:2788e3201cd34a07e3172128adcd8b3090168a8e3bcc40d7c032b9dda1df7d1c" "/opt/rustwide/cargo-home/bin/cargo" "+beta-2023-12-22" "build" "--frozen" "--message-format=json", kill_on_drop: false }`
[INFO] [stdout] e003221f98b064d984feee1d81a35d3e3ee212921eac9f83ba581fdb11f84c20
[INFO] running `Command { std: "docker" "start" "-a" "e003221f98b064d984feee1d81a35d3e3ee212921eac9f83ba581fdb11f84c20", kill_on_drop: false }`
[INFO] [stderr]    Compiling tokio_wasi v1.25.2 (/opt/rustwide/workdir)
[INFO] [stdout] warning: unused import: `poll_fn::poll_fn`
[INFO] [stdout]  --> src/future/mod.rs:9:9
[INFO] [stdout]   |
[INFO] [stdout] 9 | pub use poll_fn::poll_fn;
[INFO] [stdout]   |         ^^^^^^^^^^^^^^^^
[INFO] [stdout]   |
[INFO] [stdout]   = note: `#[warn(unused_imports)]` on by default
[INFO] [stdout] 
[INFO] [stdout] 
[INFO] [stdout] warning: 1 warning emitted
[INFO] [stdout] 
[INFO] [stdout] 
[INFO] [stderr]     Finished dev [unoptimized + debuginfo] target(s) in 0.39s
[INFO] running `Command { std: "docker" "inspect" "e003221f98b064d984feee1d81a35d3e3ee212921eac9f83ba581fdb11f84c20", kill_on_drop: false }`
[INFO] running `Command { std: "docker" "rm" "-f" "e003221f98b064d984feee1d81a35d3e3ee212921eac9f83ba581fdb11f84c20", kill_on_drop: false }`
[INFO] [stdout] e003221f98b064d984feee1d81a35d3e3ee212921eac9f83ba581fdb11f84c20
[INFO] running `Command { std: "docker" "create" "-v" "/var/lib/crater-agent-workspace/builds/worker-3-tc2/target:/opt/rustwide/target:rw,Z" "-v" "/var/lib/crater-agent-workspace/builds/worker-3-tc2/source:/opt/rustwide/workdir:ro,Z" "-v" "/var/lib/crater-agent-workspace/cargo-home:/opt/rustwide/cargo-home:ro,Z" "-v" "/var/lib/crater-agent-workspace/rustup-home:/opt/rustwide/rustup-home:ro,Z" "-e" "SOURCE_DIR=/opt/rustwide/workdir" "-e" "CARGO_TARGET_DIR=/opt/rustwide/target" "-e" "CARGO_INCREMENTAL=0" "-e" "RUST_BACKTRACE=full" "-e" "RUSTFLAGS=--cap-lints=warn" "-e" "RUSTDOCFLAGS=--cap-lints=warn" "-e" "CARGO_HOME=/opt/rustwide/cargo-home" "-e" "RUSTUP_HOME=/opt/rustwide/rustup-home" "-w" "/opt/rustwide/workdir" "-m" "1610612736" "--user" "0:0" "--network" "none" "ghcr.io/rust-lang/crates-build-env/linux@sha256:2788e3201cd34a07e3172128adcd8b3090168a8e3bcc40d7c032b9dda1df7d1c" "/opt/rustwide/cargo-home/bin/cargo" "+beta-2023-12-22" "test" "--frozen" "--no-run" "--message-format=json", kill_on_drop: false }`
[INFO] [stdout] 3b6841232a46c03378ec6388eb84b6ac66c90d5091227b9cf41637ec44816bcf
[INFO] running `Command { std: "docker" "start" "-a" "3b6841232a46c03378ec6388eb84b6ac66c90d5091227b9cf41637ec44816bcf", kill_on_drop: false }`
[INFO] [stderr]    Compiling futures-sink v0.3.30
[INFO] [stderr]    Compiling syn v1.0.109
[INFO] [stderr]    Compiling predicates-core v1.0.6
[INFO] [stderr]    Compiling either v1.9.0
[INFO] [stderr]    Compiling futures-io v0.3.30
[INFO] [stderr]    Compiling rustix v0.38.28
[INFO] [stderr]    Compiling async-stream-impl v0.3.5
[INFO] [stderr]    Compiling float-cmp v0.9.0
[INFO] [stderr]    Compiling futures-channel v0.3.30
[INFO] [stderr]    Compiling tokio v1.35.1
[INFO] [stderr]    Compiling termtree v0.4.1
[INFO] [stderr]    Compiling itertools v0.10.5
[INFO] [stderr]    Compiling linux-raw-sys v0.4.12
[INFO] [stderr]    Compiling difflib v0.4.0
[INFO] [stderr]    Compiling futures-util v0.3.30
[INFO] [stderr]    Compiling normalize-line-endings v0.3.0
[INFO] [stderr]    Compiling predicates-tree v1.0.9
[INFO] [stderr]    Compiling downcast v0.11.0
[INFO] [stderr]    Compiling async-stream v0.3.5
[INFO] [stderr]    Compiling fragile v2.0.0
[INFO] [stderr]    Compiling nix v0.26.4
[INFO] [stderr]    Compiling socket2 v0.4.10
[INFO] [stdout] warning: unused import: `poll_fn::poll_fn`
[INFO] [stdout]  --> src/future/mod.rs:9:9
[INFO] [stdout]   |
[INFO] [stdout] 9 | pub use poll_fn::poll_fn;
[INFO] [stdout]   |         ^^^^^^^^^^^^^^^^
[INFO] [stdout]   |
[INFO] [stdout]   = note: `#[warn(unused_imports)]` on by default
[INFO] [stdout] 
[INFO] [stdout] 
[INFO] [stdout] warning: 1 warning emitted
[INFO] [stdout] 
[INFO] [stdout] 
[INFO] [stderr]    Compiling predicates v2.1.5
[INFO] [stderr]    Compiling tokio-stream v0.1.14
[INFO] [stderr]    Compiling tokio-test v0.4.3
[INFO] [stderr]    Compiling tempfile v3.9.0
[INFO] [stderr]    Compiling futures-executor v0.3.30
[INFO] [stderr]    Compiling futures v0.3.30
[INFO] [stderr]    Compiling mockall_derive v0.11.4
[INFO] [stderr]    Compiling mockall v0.11.4
[INFO] [stderr]    Compiling tokio_wasi v1.25.2 (/opt/rustwide/workdir)
[INFO] [stdout] error[E0432]: unresolved imports `crate::runtime::task`, `crate::runtime::task`
[INFO] [stdout]    --> src/runtime/tests/mod.rs:9:25
[INFO] [stdout]     |
[INFO] [stdout] 9   |     use crate::runtime::task::{self, Task};
[INFO] [stdout]     |                         ^^^^   ^^^^ no `task` in `runtime`
[INFO] [stdout]     |                         |
[INFO] [stdout]     |                         could not find `task` in `runtime`
[INFO] [stdout]     |
[INFO] [stdout]     = help: consider importing one of these items instead:
[INFO] [stdout]             core::task
[INFO] [stdout]             crate::task
[INFO] [stdout]             futures::task
[INFO] [stdout]             std::task
[INFO] [stdout]             tokio_test::task
[INFO] [stdout] note: found an item that was configured out
[INFO] [stdout]    --> src/runtime/mod.rs:209:20
[INFO] [stdout]     |
[INFO] [stdout] 209 |     pub(crate) mod task;
[INFO] [stdout]     |                    ^^^^
[INFO] [stdout]     = note: the item is gated behind the `rt` feature
[INFO] [stdout] 
[INFO] [stdout] 
[INFO] [stdout] error[E0432]: unresolved import `crate::runtime::task`
[INFO] [stdout]   --> src/runtime/tests/mod.rs:26:25
[INFO] [stdout]    |
[INFO] [stdout] 26 |     use crate::runtime::task::{Id, JoinHandle, Notified};
[INFO] [stdout]    |                         ^^^^ could not find `task` in `runtime`
[INFO] [stdout] 
[INFO] [stdout] 
[INFO] [stdout] error[E0432]: unresolved import `crate::runtime::scheduler::multi_thread`
[INFO] [stdout]  --> src/runtime/tests/queue.rs:1:32
[INFO] [stdout]   |
[INFO] [stdout] 1 | use crate::runtime::scheduler::multi_thread::queue;
[INFO] [stdout]   |                                ^^^^^^^^^^^^ could not find `multi_thread` in `scheduler`
[INFO] [stdout] 
[INFO] [stdout] 
[INFO] [stdout] error[E0432]: unresolved imports `crate::runtime::task`, `crate::runtime::task`
[INFO] [stdout]    --> src/runtime/tests/queue.rs:2:21
[INFO] [stdout]     |
[INFO] [stdout] 2   | use crate::runtime::task::{self, Inject, Schedule, Task};
[INFO] [stdout]     |                     ^^^^   ^^^^ no `task` in `runtime`
[INFO] [stdout]     |                     |
[INFO] [stdout]     |                     could not find `task` in `runtime`
[INFO] [stdout]     |
[INFO] [stdout]     = help: consider importing one of these items instead:
[INFO] [stdout]             core::task
[INFO] [stdout]             crate::task
[INFO] [stdout]             futures::task
[INFO] [stdout]             std::task
[INFO] [stdout]             tokio_test::task
[INFO] [stdout] note: found an item that was configured out
[INFO] [stdout]    --> src/runtime/mod.rs:209:20
[INFO] [stdout]     |
[INFO] [stdout] 209 |     pub(crate) mod task;
[INFO] [stdout]     |                    ^^^^
[INFO] [stdout]     = note: the item is gated behind the `rt` feature
[INFO] [stdout] 
[INFO] [stdout] 
[INFO] [stdout] error[E0432]: unresolved import `crate::runtime::MetricsBatch`
[INFO] [stdout]  --> src/runtime/tests/queue.rs:3:5
[INFO] [stdout]   |
[INFO] [stdout] 3 | use crate::runtime::MetricsBatch;
[INFO] [stdout]   |     ^^^^^^^^^^^^^^^^^^^^^^^^^^^^ no `MetricsBatch` in `runtime`
[INFO] [stdout] 
[INFO] [stdout] 
[INFO] [stdout] error[E0432]: unresolved import `crate::runtime::task`
[INFO] [stdout]  --> src/runtime/tests/task_combinations.rs:7:21
[INFO] [stdout]   |
[INFO] [stdout] 7 | use crate::runtime::task::AbortHandle;
[INFO] [stdout]   |                     ^^^^ could not find `task` in `runtime`
[INFO] [stdout] 
[INFO] [stdout] 
[INFO] [stdout] error[E0432]: unresolved import `crate::runtime::Builder`
[INFO] [stdout]    --> src/runtime/tests/task_combinations.rs:8:5
[INFO] [stdout]     |
[INFO] [stdout] 8   | use crate::runtime::Builder;
[INFO] [stdout]     |     ^^^^^^^^^^^^^^^^^^^^^^^ no `Builder` in `runtime`
[INFO] [stdout]     |
[INFO] [stdout] note: found an item that was configured out
[INFO] [stdout]    --> src/runtime/mod.rs:227:28
[INFO] [stdout]     |
[INFO] [stdout] 227 |     pub use self::builder::Builder;
[INFO] [stdout]     |                            ^^^^^^^
[INFO] [stdout]     = note: the item is gated behind the `rt` feature
[INFO] [stdout] help: consider importing one of these items instead
[INFO] [stdout]     |
[INFO] [stdout] 8   | use crate::loom::thread::Builder;
[INFO] [stdout]     |     ~~~~~~~~~~~~~~~~~~~~~~~~~~~~
[INFO] [stdout] 8   | use std::thread::Builder;
[INFO] [stdout]     |     ~~~~~~~~~~~~~~~~~~~~
[INFO] [stdout] 8   | use tempfile::Builder;
[INFO] [stdout]     |     ~~~~~~~~~~~~~~~~~
[INFO] [stdout] 8   | use tokio_test::io::Builder;
[INFO] [stdout]     |     ~~~~~~~~~~~~~~~~~~~~~~~
[INFO] [stdout] 
[INFO] [stdout] 
[INFO] [stdout] error[E0432]: unresolved import `crate::sync::oneshot`
[INFO] [stdout]    --> src/runtime/tests/task_combinations.rs:9:5
[INFO] [stdout]     |
[INFO] [stdout] 9   | use crate::sync::oneshot;
[INFO] [stdout]     |     ^^^^^^^^^^^^^^^^^^^^ no `oneshot` in `sync`
[INFO] [stdout]     |
[INFO] [stdout] note: found an item that was configured out
[INFO] [stdout]    --> src/sync/mod.rs:457:13
[INFO] [stdout]     |
[INFO] [stdout] 457 |     pub mod oneshot;
[INFO] [stdout]     |             ^^^^^^^
[INFO] [stdout]     = note: the item is gated behind the `sync` feature
[INFO] [stdout] note: found an item that was configured out
[INFO] [stdout]    --> src/sync/mod.rs:494:20
[INFO] [stdout]     |
[INFO] [stdout] 494 |     pub(crate) mod oneshot;
[INFO] [stdout]     |                    ^^^^^^^
[INFO] [stdout] 
[INFO] [stdout] 
[INFO] [stdout] error[E0432]: unresolved import `crate::task::JoinHandle`
[INFO] [stdout]    --> src/runtime/tests/task_combinations.rs:10:5
[INFO] [stdout]     |
[INFO] [stdout] 10  | use crate::task::JoinHandle;
[INFO] [stdout]     |     ^^^^^^^^^^^^^^^^^^^^^^^ no `JoinHandle` in `task`
[INFO] [stdout]     |
[INFO] [stdout] note: found an item that was configured out
[INFO] [stdout]    --> src/task/mod.rs:279:47
[INFO] [stdout]     |
[INFO] [stdout] 279 |     pub use crate::runtime::task::{JoinError, JoinHandle};
[INFO] [stdout]     |                                               ^^^^^^^^^^
[INFO] [stdout]     = note: the item is gated behind the `rt` feature
[INFO] [stdout] help: consider importing one of these items instead
[INFO] [stdout]     |
[INFO] [stdout] 10  | use crate::loom::thread::JoinHandle;
[INFO] [stdout]     |     ~~~~~~~~~~~~~~~~~~~~~~~~~~~~~~~
[INFO] [stdout] 10  | use crate::runtime::tests::task_combinations::CombiAbortSource::JoinHandle;
[INFO] [stdout]     |     ~~~~~~~~~~~~~~~~~~~~~~~~~~~~~~~~~~~~~~~~~~~~~~~~~~~~~~~~~~~~~~~~~~~~~~
[INFO] [stdout] 10  | use std::thread::JoinHandle;
[INFO] [stdout]     |     ~~~~~~~~~~~~~~~~~~~~~~~
[INFO] [stdout] 
[INFO] [stdout] 
[INFO] [stdout] error[E0432]: unresolved import `crate::sync::AtomicWaker`
[INFO] [stdout]    --> src/sync/tests/atomic_waker.rs:1:5
[INFO] [stdout]     |
[INFO] [stdout] 1   | use crate::sync::AtomicWaker;
[INFO] [stdout]     |     ^^^^^^^^^^^^^^^^^^^^^^^^ no `AtomicWaker` in `sync`
[INFO] [stdout]     |
[INFO] [stdout] note: found an item that was configured out
[INFO] [stdout]    --> src/sync/mod.rs:475:26
[INFO] [stdout]     |
[INFO] [stdout] 475 |     pub(crate) use task::AtomicWaker;
[INFO] [stdout]     |                          ^^^^^^^^^^^
[INFO] [stdout]     = note: the item is gated behind the `sync` feature
[INFO] [stdout] note: found an item that was configured out
[INFO] [stdout]    --> src/sync/mod.rs:498:30
[INFO] [stdout]     |
[INFO] [stdout] 498 |         pub(crate) use task::AtomicWaker;
[INFO] [stdout]     |                              ^^^^^^^^^^^
[INFO] [stdout] help: consider importing this struct instead
[INFO] [stdout]     |
[INFO] [stdout] 1   | use futures::task::AtomicWaker;
[INFO] [stdout]     |     ~~~~~~~~~~~~~~~~~~~~~~~~~~
[INFO] [stdout] 
[INFO] [stdout] 
[INFO] [stdout] error[E0432]: unresolved import `crate::sync::Notify`
[INFO] [stdout]    --> src/sync/tests/notify.rs:1:5
[INFO] [stdout]     |
[INFO] [stdout] 1   | use crate::sync::Notify;
[INFO] [stdout]     |     ^^^^^^^^^^^^^^^^^^^ no `Notify` in `sync`
[INFO] [stdout]     |
[INFO] [stdout] note: found an item that was configured out
[INFO] [stdout]    --> src/sync/mod.rs:455:21
[INFO] [stdout]     |
[INFO] [stdout] 455 |     pub use notify::Notify;
[INFO] [stdout]     |                     ^^^^^^
[INFO] [stdout]     = note: the item is gated behind the `sync` feature
[INFO] [stdout] 
[INFO] [stdout] 
[INFO] [stdout] error[E0432]: unresolved import `crate::sync::batch_semaphore`
[INFO] [stdout]  --> src/sync/tests/semaphore_batch.rs:1:18
[INFO] [stdout]   |
[INFO] [stdout] 1 | use crate::sync::batch_semaphore::Semaphore;
[INFO] [stdout]   |                  ^^^^^^^^^^^^^^^ could not find `batch_semaphore` in `sync`
[INFO] [stdout] 
[INFO] [stdout] 
[INFO] [stdout] error[E0433]: failed to resolve: could not find `task` in `runtime`
[INFO] [stdout]   --> src/runtime/tests/mod.rs:48:46
[INFO] [stdout]    |
[INFO] [stdout] 48 |         let (task, handle) = crate::runtime::task::unowned(task, NoopSchedule, Id::next());
[INFO] [stdout]    |                                              ^^^^ could not find `task` in `runtime`
[INFO] [stdout] 
[INFO] [stdout] 
[INFO] [stdout] error[E0433]: failed to resolve: could not find `LocalSet` in `task`
[INFO] [stdout]    --> src/runtime/tests/task_combinations.rs:220:57
[INFO] [stdout]     |
[INFO] [stdout] 220 |                 CombiLocalSet::Yes => Some(crate::task::LocalSet::new()),
[INFO] [stdout]     |                                                         ^^^^^^^^ could not find `LocalSet` in `task`
[INFO] [stdout] 
[INFO] [stdout] 
[INFO] [stdout] error[E0433]: failed to resolve: could not find `watch` in `sync`
[INFO] [stdout]   --> src/sync/tests/notify.rs:73:41
[INFO] [stdout]    |
[INFO] [stdout] 73 |         let (tx, mut rx) = crate::sync::watch::channel(());
[INFO] [stdout]    |                                         ^^^^^ could not find `watch` in `sync`
[INFO] [stdout] 
[INFO] [stdout] 
[INFO] [stdout] error[E0412]: cannot find type `Runtime` in module `crate::runtime`
[INFO] [stdout]    --> src/runtime/tests/task_combinations.rs:202:29
[INFO] [stdout]     |
[INFO] [stdout] 202 |         rt: crate::runtime::Runtime,
[INFO] [stdout]     |                             ^^^^^^^ not found in `crate::runtime`
[INFO] [stdout]     |
[INFO] [stdout] note: found an item that was configured out
[INFO] [stdout]    --> src/runtime/mod.rs:240:23
[INFO] [stdout]     |
[INFO] [stdout] 240 |     pub use runtime::{Runtime, RuntimeFlavor};
[INFO] [stdout]     |                       ^^^^^^^
[INFO] [stdout]     = note: the item is gated behind the `rt` feature
[INFO] [stdout] note: struct `crate::runtime::tests::queue::Runtime` exists but is inaccessible
[INFO] [stdout]    --> src/runtime/tests/queue.rs:238:1
[INFO] [stdout]     |
[INFO] [stdout] 238 | struct Runtime;
[INFO] [stdout]     | ^^^^^^^^^^^^^^^ not accessible
[INFO] [stdout] 
[INFO] [stdout] 
[INFO] [stdout] error[E0412]: cannot find type `LocalSet` in module `crate::task`
[INFO] [stdout]    --> src/runtime/tests/task_combinations.rs:203:33
[INFO] [stdout]     |
[INFO] [stdout] 203 |         ls: Option<crate::task::LocalSet>,
[INFO] [stdout]     |                                 ^^^^^^^^ not found in `crate::task`
[INFO] [stdout]     |
[INFO] [stdout] note: found an item that was configured out
[INFO] [stdout]    --> src/task/mod.rs:302:34
[INFO] [stdout]     |
[INFO] [stdout] 302 |     pub use local::{spawn_local, LocalSet, LocalEnterGuard};
[INFO] [stdout]     |                                  ^^^^^^^^
[INFO] [stdout]     = note: the item is gated behind the `rt` feature
[INFO] [stdout] 
[INFO] [stdout] 
[INFO] [stdout] error[E0425]: cannot find function `yield_now` in module `crate::task`
[INFO] [stdout]    --> src/runtime/tests/task_combinations.rs:308:22
[INFO] [stdout]     |
[INFO] [stdout] 308 |         crate::task::yield_now().await;
[INFO] [stdout]     |                      ^^^^^^^^^ not found in `crate::task`
[INFO] [stdout]     |
[INFO] [stdout] note: found an item that was configured out
[INFO] [stdout]    --> src/task/mod.rs:293:9
[INFO] [stdout]     |
[INFO] [stdout] 293 |     mod yield_now;
[INFO] [stdout]     |         ^^^^^^^^^
[INFO] [stdout]     = note: the item is gated behind the `rt` feature
[INFO] [stdout] note: found an item that was configured out
[INFO] [stdout]    --> src/task/mod.rs:294:24
[INFO] [stdout]     |
[INFO] [stdout] 294 |     pub use yield_now::yield_now;
[INFO] [stdout]     |                        ^^^^^^^^^
[INFO] [stdout]     = note: the item is gated behind the `rt` feature
[INFO] [stdout] help: consider importing one of these items
[INFO] [stdout]     |
[INFO] [stdout] 1   + use crate::loom::thread::yield_now;
[INFO] [stdout]     |
[INFO] [stdout] 1   + use std::thread::yield_now;
[INFO] [stdout]     |
[INFO] [stdout] help: if you import `yield_now`, refer to it directly
[INFO] [stdout]     |
[INFO] [stdout] 308 -         crate::task::yield_now().await;
[INFO] [stdout] 308 +         yield_now().await;
[INFO] [stdout]     |
[INFO] [stdout] 
[INFO] [stdout] 
[INFO] [stdout] error[E0433]: failed to resolve: use of undeclared type `Poll`
[INFO] [stdout]    --> src/runtime/coop.rs:280:17
[INFO] [stdout]     |
[INFO] [stdout] 280 |                 Poll::Ready(())
[INFO] [stdout]     |                 ^^^^ use of undeclared type `Poll`
[INFO] [stdout]     |
[INFO] [stdout] help: consider importing one of these items
[INFO] [stdout]     |
[INFO] [stdout] 210 +     use core::task::Poll;
[INFO] [stdout]     |
[INFO] [stdout] 210 +     use crate::macros::support::Poll;
[INFO] [stdout]     |
[INFO] [stdout] 210 +     use futures::task::Poll;
[INFO] [stdout]     |
[INFO] [stdout] 210 +     use std::task::Poll;
[INFO] [stdout]     |
[INFO] [stdout] 
[INFO] [stdout] 
[INFO] [stdout] error[E0433]: failed to resolve: could not find `Builder` in `runtime`
[INFO] [stdout]   --> src/sync/tests/notify.rs:68:30
[INFO] [stdout]    |
[INFO] [stdout] 68 |     let rt = crate::runtime::Builder::new_current_thread()
[INFO] [stdout]    |                              ^^^^^^^ could not find `Builder` in `runtime`
[INFO] [stdout]    |
[INFO] [stdout] help: consider importing one of these items
[INFO] [stdout]    |
[INFO] [stdout] 1  + use crate::loom::thread::Builder;
[INFO] [stdout]    |
[INFO] [stdout] 1  + use std::thread::Builder;
[INFO] [stdout]    |
[INFO] [stdout] 1  + use tempfile::Builder;
[INFO] [stdout]    |
[INFO] [stdout] 1  + use tokio_test::io::Builder;
[INFO] [stdout]    |
[INFO] [stdout] help: if you import `Builder`, refer to it directly
[INFO] [stdout]    |
[INFO] [stdout] 68 -     let rt = crate::runtime::Builder::new_current_thread()
[INFO] [stdout] 68 +     let rt = Builder::new_current_thread()
[INFO] [stdout]    |
[INFO] [stdout] 
[INFO] [stdout] 
[INFO] [stdout] error[E0425]: cannot find function `spawn` in the crate root
[INFO] [stdout]    --> src/sync/tests/notify.rs:75:16
[INFO] [stdout]     |
[INFO] [stdout] 75  |         crate::spawn(async move {
[INFO] [stdout]     |                ^^^^^ not found in the crate root
[INFO] [stdout]     |
[INFO] [stdout] note: found an item that was configured out
[INFO] [stdout]    --> src/lib.rs:526:19
[INFO] [stdout]     |
[INFO] [stdout] 526 |     pub use task::spawn;
[INFO] [stdout]     |                   ^^^^^
[INFO] [stdout]     = note: the item is gated behind the `rt` feature
[INFO] [stdout] help: consider importing one of these items
[INFO] [stdout]     |
[INFO] [stdout] 1   + use crate::loom::thread::spawn;
[INFO] [stdout]     |
[INFO] [stdout] 1   + use std::thread::spawn;
[INFO] [stdout]     |
[INFO] [stdout] 1   + use tokio_test::task::spawn;
[INFO] [stdout]     |
[INFO] [stdout] help: if you import `spawn`, refer to it directly
[INFO] [stdout]     |
[INFO] [stdout] 75  -         crate::spawn(async move {
[INFO] [stdout] 75  +         spawn(async move {
[INFO] [stdout]     |
[INFO] [stdout] 
[INFO] [stdout] 
[INFO] [stdout] warning: unused import: `poll_fn::poll_fn`
[INFO] [stdout]  --> src/future/mod.rs:9:9
[INFO] [stdout]   |
[INFO] [stdout] 9 | pub use poll_fn::poll_fn;
[INFO] [stdout]   |         ^^^^^^^^^^^^^^^^
[INFO] [stdout]   |
[INFO] [stdout]   = note: `#[warn(unused_imports)]` on by default
[INFO] [stdout] 
[INFO] [stdout] 
[INFO] [stdout] error[E0425]: cannot find function `poll_proceed` in this scope
[INFO] [stdout]    --> src/runtime/coop.rs:226:64
[INFO] [stdout]     |
[INFO] [stdout] 226 |         let coop = assert_ready!(task::spawn(()).enter(|cx, _| poll_proceed(cx)));
[INFO] [stdout]     |                                                                ^^^^^^^^^^^^ not found in this scope
[INFO] [stdout] 
[INFO] [stdout] 
[INFO] [stdout] error[E0425]: cannot find function `poll_proceed` in this scope
[INFO] [stdout]    --> src/runtime/coop.rs:235:68
[INFO] [stdout]     |
[INFO] [stdout] 235 |             let coop = assert_ready!(task::spawn(()).enter(|cx, _| poll_proceed(cx)));
[INFO] [stdout]     |                                                                    ^^^^^^^^^^^^ not found in this scope
[INFO] [stdout] 
[INFO] [stdout] 
[INFO] [stdout] error[E0425]: cannot find function `poll_proceed` in this scope
[INFO] [stdout]    --> src/runtime/coop.rs:241:68
[INFO] [stdout]     |
[INFO] [stdout] 241 |             let coop = assert_ready!(task::spawn(()).enter(|cx, _| poll_proceed(cx)));
[INFO] [stdout]     |                                                                    ^^^^^^^^^^^^ not found in this scope
[INFO] [stdout] 
[INFO] [stdout] 
[INFO] [stdout] error[E0425]: cannot find function `poll_proceed` in this scope
[INFO] [stdout]    --> src/runtime/coop.rs:248:68
[INFO] [stdout]     |
[INFO] [stdout] 248 |             let coop = assert_ready!(task::spawn(()).enter(|cx, _| poll_proceed(cx)));
[INFO] [stdout]     |                                                                    ^^^^^^^^^^^^ not found in this scope
[INFO] [stdout] 
[INFO] [stdout] 
[INFO] [stdout] error[E0425]: cannot find function `poll_proceed` in this scope
[INFO] [stdout]    --> src/runtime/coop.rs:257:72
[INFO] [stdout]     |
[INFO] [stdout] 257 |                 let coop = assert_ready!(task::spawn(()).enter(|cx, _| poll_proceed(cx)));
[INFO] [stdout]     |                                                                        ^^^^^^^^^^^^ not found in this scope
[INFO] [stdout] 
[INFO] [stdout] 
[INFO] [stdout] error[E0425]: cannot find function `poll_proceed` in this scope
[INFO] [stdout]    --> src/runtime/coop.rs:273:72
[INFO] [stdout]     |
[INFO] [stdout] 273 |                 let coop = assert_ready!(task::spawn(()).enter(|cx, _| poll_proceed(cx)));
[INFO] [stdout]     |                                                                        ^^^^^^^^^^^^ not found in this scope
[INFO] [stdout] 
[INFO] [stdout] 
[INFO] [stdout] error[E0425]: cannot find function `poll_proceed` in this scope
[INFO] [stdout]    --> src/runtime/coop.rs:278:35
[INFO] [stdout]     |
[INFO] [stdout] 278 |                 let coop = ready!(poll_proceed(cx));
[INFO] [stdout]     |                                   ^^^^^^^^^^^^ not found in this scope
[INFO] [stdout] 
[INFO] [stdout] 
[INFO] [stdout] error: aborting due to 28 previous errors; 1 warning emitted
[INFO] [stdout] 
[INFO] [stdout] 
[INFO] [stdout] Some errors have detailed explanations: E0412, E0425, E0432, E0433.
[INFO] [stdout] 
[INFO] [stdout] For more information about an error, try `rustc --explain E0412`.
[INFO] [stdout] 
[INFO] [stderr] error: could not compile `tokio_wasi` (lib test) due to 29 previous errors; 1 warning emitted
[INFO] [stderr] warning: build failed, waiting for other jobs to finish...
[INFO] running `Command { std: "docker" "inspect" "3b6841232a46c03378ec6388eb84b6ac66c90d5091227b9cf41637ec44816bcf", kill_on_drop: false }`
[INFO] running `Command { std: "docker" "rm" "-f" "3b6841232a46c03378ec6388eb84b6ac66c90d5091227b9cf41637ec44816bcf", kill_on_drop: false }`
[INFO] [stdout] 3b6841232a46c03378ec6388eb84b6ac66c90d5091227b9cf41637ec44816bcf
