[INFO] fetching crate tokio-util_wasi 0.7.5...
[INFO] testing tokio-util_wasi-0.7.5 against 1.75.0 for beta-1.76-1
[INFO] extracting crate tokio-util_wasi 0.7.5 into /workspace/builds/worker-2-tc1/source
[INFO] validating manifest of crates.io crate tokio-util_wasi 0.7.5 on toolchain 1.75.0
[INFO] running `Command { std: CARGO_HOME="/workspace/cargo-home" RUSTUP_HOME="/workspace/rustup-home" "/workspace/cargo-home/bin/cargo" "+1.75.0" "metadata" "--manifest-path" "Cargo.toml" "--no-deps", kill_on_drop: false }`
[INFO] started tweaking crates.io crate tokio-util_wasi 0.7.5
[INFO] finished tweaking crates.io crate tokio-util_wasi 0.7.5
[INFO] tweaked toml for crates.io crate tokio-util_wasi 0.7.5 written to /workspace/builds/worker-2-tc1/source/Cargo.toml
[INFO] running `Command { std: CARGO_HOME="/workspace/cargo-home" RUSTUP_HOME="/workspace/rustup-home" "/workspace/cargo-home/bin/cargo" "+1.75.0" "generate-lockfile" "--manifest-path" "Cargo.toml", kill_on_drop: false }`
[INFO] [stderr]     Updating crates.io index
[INFO] running `Command { std: CARGO_HOME="/workspace/cargo-home" RUSTUP_HOME="/workspace/rustup-home" "/workspace/cargo-home/bin/cargo" "+1.75.0" "fetch" "--manifest-path" "Cargo.toml", kill_on_drop: false }`
[INFO] [stderr]  Downloading crates ...
[INFO] [stderr]   Downloaded mio_wasi v0.8.9
[INFO] [stderr]   Downloaded wasmedge_wasi_socket v0.5.3
[INFO] [stderr]   Downloaded tokio_wasi v1.25.2
[INFO] running `Command { std: "docker" "create" "-v" "/var/lib/crater-agent-workspace/builds/worker-2-tc1/target:/opt/rustwide/target:rw,Z" "-v" "/var/lib/crater-agent-workspace/builds/worker-2-tc1/source:/opt/rustwide/workdir:ro,Z" "-v" "/var/lib/crater-agent-workspace/cargo-home:/opt/rustwide/cargo-home:ro,Z" "-v" "/var/lib/crater-agent-workspace/rustup-home:/opt/rustwide/rustup-home:ro,Z" "-e" "SOURCE_DIR=/opt/rustwide/workdir" "-e" "CARGO_TARGET_DIR=/opt/rustwide/target" "-e" "CARGO_HOME=/opt/rustwide/cargo-home" "-e" "RUSTUP_HOME=/opt/rustwide/rustup-home" "-w" "/opt/rustwide/workdir" "-m" "1610612736" "--user" "0:0" "--network" "none" "ghcr.io/rust-lang/crates-build-env/linux@sha256:2788e3201cd34a07e3172128adcd8b3090168a8e3bcc40d7c032b9dda1df7d1c" "/opt/rustwide/cargo-home/bin/cargo" "+1.75.0" "metadata" "--no-deps" "--format-version=1", kill_on_drop: false }`
[INFO] [stdout] 190216dd84c4fab42ae51a9cee440342785af7f49cb9087fcd9b8acffc2963b8
[INFO] running `Command { std: "docker" "start" "-a" "190216dd84c4fab42ae51a9cee440342785af7f49cb9087fcd9b8acffc2963b8", kill_on_drop: false }`
[INFO] running `Command { std: "docker" "inspect" "190216dd84c4fab42ae51a9cee440342785af7f49cb9087fcd9b8acffc2963b8", kill_on_drop: false }`
[INFO] running `Command { std: "docker" "rm" "-f" "190216dd84c4fab42ae51a9cee440342785af7f49cb9087fcd9b8acffc2963b8", kill_on_drop: false }`
[INFO] [stdout] 190216dd84c4fab42ae51a9cee440342785af7f49cb9087fcd9b8acffc2963b8
[INFO] running `Command { std: "docker" "create" "-v" "/var/lib/crater-agent-workspace/builds/worker-2-tc1/target:/opt/rustwide/target:rw,Z" "-v" "/var/lib/crater-agent-workspace/builds/worker-2-tc1/source:/opt/rustwide/workdir:ro,Z" "-v" "/var/lib/crater-agent-workspace/cargo-home:/opt/rustwide/cargo-home:ro,Z" "-v" "/var/lib/crater-agent-workspace/rustup-home:/opt/rustwide/rustup-home:ro,Z" "-e" "SOURCE_DIR=/opt/rustwide/workdir" "-e" "CARGO_TARGET_DIR=/opt/rustwide/target" "-e" "CARGO_INCREMENTAL=0" "-e" "RUST_BACKTRACE=full" "-e" "RUSTFLAGS=--cap-lints=warn" "-e" "RUSTDOCFLAGS=--cap-lints=warn" "-e" "CARGO_HOME=/opt/rustwide/cargo-home" "-e" "RUSTUP_HOME=/opt/rustwide/rustup-home" "-w" "/opt/rustwide/workdir" "-m" "1610612736" "--user" "0:0" "--network" "none" "ghcr.io/rust-lang/crates-build-env/linux@sha256:2788e3201cd34a07e3172128adcd8b3090168a8e3bcc40d7c032b9dda1df7d1c" "/opt/rustwide/cargo-home/bin/cargo" "+1.75.0" "build" "--frozen" "--message-format=json", kill_on_drop: false }`
[INFO] [stdout] cfe19615d6515df459da214ad5423792b4518e06fad1c1f3abf14362550bbe31
[INFO] running `Command { std: "docker" "start" "-a" "cfe19615d6515df459da214ad5423792b4518e06fad1c1f3abf14362550bbe31", kill_on_drop: false }`
[INFO] [stderr]    Compiling tokio_wasi v1.25.2
[INFO] [stderr]    Compiling pin-project-lite v0.2.13
[INFO] [stderr]    Compiling futures-sink v0.3.30
[INFO] [stderr]    Compiling bytes v1.5.0
[INFO] [stderr]    Compiling futures-core v0.3.30
[INFO] [stderr]    Compiling tokio-util_wasi v0.7.5 (/opt/rustwide/workdir)
[INFO] [stderr]     Finished dev [unoptimized + debuginfo] target(s) in 1.47s
[INFO] running `Command { std: "docker" "inspect" "cfe19615d6515df459da214ad5423792b4518e06fad1c1f3abf14362550bbe31", kill_on_drop: false }`
[INFO] running `Command { std: "docker" "rm" "-f" "cfe19615d6515df459da214ad5423792b4518e06fad1c1f3abf14362550bbe31", kill_on_drop: false }`
[INFO] [stdout] cfe19615d6515df459da214ad5423792b4518e06fad1c1f3abf14362550bbe31
[INFO] running `Command { std: "docker" "create" "-v" "/var/lib/crater-agent-workspace/builds/worker-2-tc1/target:/opt/rustwide/target:rw,Z" "-v" "/var/lib/crater-agent-workspace/builds/worker-2-tc1/source:/opt/rustwide/workdir:ro,Z" "-v" "/var/lib/crater-agent-workspace/cargo-home:/opt/rustwide/cargo-home:ro,Z" "-v" "/var/lib/crater-agent-workspace/rustup-home:/opt/rustwide/rustup-home:ro,Z" "-e" "SOURCE_DIR=/opt/rustwide/workdir" "-e" "CARGO_TARGET_DIR=/opt/rustwide/target" "-e" "CARGO_INCREMENTAL=0" "-e" "RUST_BACKTRACE=full" "-e" "RUSTFLAGS=--cap-lints=warn" "-e" "RUSTDOCFLAGS=--cap-lints=warn" "-e" "CARGO_HOME=/opt/rustwide/cargo-home" "-e" "RUSTUP_HOME=/opt/rustwide/rustup-home" "-w" "/opt/rustwide/workdir" "-m" "1610612736" "--user" "0:0" "--network" "none" "ghcr.io/rust-lang/crates-build-env/linux@sha256:2788e3201cd34a07e3172128adcd8b3090168a8e3bcc40d7c032b9dda1df7d1c" "/opt/rustwide/cargo-home/bin/cargo" "+1.75.0" "test" "--frozen" "--no-run" "--message-format=json", kill_on_drop: false }`
[INFO] [stdout] 748ba63c3865b341630a8d6d5e81666d67269be44315dcd366bc264fe8902972
[INFO] running `Command { std: "docker" "start" "-a" "748ba63c3865b341630a8d6d5e81666d67269be44315dcd366bc264fe8902972", kill_on_drop: false }`
[INFO] [stderr]    Compiling tokio-util_wasi v0.7.5 (/opt/rustwide/workdir)
[INFO] [stdout] error[E0432]: unresolved import `tokio_util::codec`
[INFO] [stdout]  --> tests/codecs.rs:3:17
[INFO] [stdout]   |
[INFO] [stdout] 3 | use tokio_util::codec::{AnyDelimiterCodec, BytesCodec, Decoder, Encoder, LinesCodec};
[INFO] [stdout]   |                 ^^^^^ could not find `codec` in `tokio_util`
[INFO] [stdout] 
[INFO] [stdout] 
[INFO] [stdout] error[E0433]: failed to resolve: use of undeclared crate or module `futures`
[INFO] [stdout]  --> tests/reusable_box.rs:1:5
[INFO] [stdout]   |
[INFO] [stdout] 1 | use futures::future::FutureExt;
[INFO] [stdout]   |     ^^^^^^^ use of undeclared crate or module `futures`
[INFO] [stdout] 
[INFO] [stdout] 
[INFO] [stdout] error: run tokio-util tests with `--features full`
[INFO] [stdout]  --> tests/_require_full.rs:2:1
[INFO] [stdout]   |
[INFO] [stdout] 2 | compile_error!("run tokio-util tests with `--features full`");
[INFO] [stdout]   | ^^^^^^^^^^^^^^^^^^^^^^^^^^^^^^^^^^^^^^^^^^^^^^^^^^^^^^^^^^^^^
[INFO] [stdout] 
[INFO] [stdout] 
[INFO] [stdout] error: aborting due to previous error
[INFO] [stdout] 
[INFO] [stdout] 
[INFO] [stdout] error[E0433]: failed to resolve: use of undeclared crate or module `futures_test`
[INFO] [stdout]  --> tests/sync_cancellation_token.rs:8:5
[INFO] [stdout]   |
[INFO] [stdout] 8 | use futures_test::task::new_count_waker;
[INFO] [stdout]   |     ^^^^^^^^^^^^ use of undeclared crate or module `futures_test`
[INFO] [stdout]   |
[INFO] [stdout] help: there is a crate or module with a similar name
[INFO] [stdout]   |
[INFO] [stdout] 8 | use futures_core::task::new_count_waker;
[INFO] [stdout]   |     ~~~~~~~~~~~~
[INFO] [stdout] 
[INFO] [stdout] 
[INFO] [stdout] error[E0432]: unresolved import `tokio::io::AsyncWriteExt`
[INFO] [stdout]    --> tests/io_sink_writer.rs:6:5
[INFO] [stdout]     |
[INFO] [stdout] 6   | use tokio::io::AsyncWriteExt;
[INFO] [stdout]     |     ^^^^^^^^^^^-------------
[INFO] [stdout]     |     |          |
[INFO] [stdout]     |     |          help: a similar name exists in the module: `AsyncWrite`
[INFO] [stdout]     |     no `AsyncWriteExt` in `io`
[INFO] [stdout]     |
[INFO] [stdout] note: found an item that was configured out
[INFO] [stdout]    --> /opt/rustwide/cargo-home/registry/src/index.crates.io-6f17d22bba15001f/tokio_wasi-1.25.2/src/io/mod.rs:266:119
[INFO] [stdout]     |
[INFO] [stdout] 266 |         copy, copy_bidirectional, copy_buf, duplex, empty, repeat, sink, AsyncBufReadExt, AsyncReadExt, AsyncSeekExt, AsyncWriteExt,
[INFO] [stdout]     |                                                                                                                       ^^^^^^^^^^^^^
[INFO] [stdout]     = note: the item is gated behind the `io-util` feature
[INFO] [stdout] 
[INFO] [stdout] 
[INFO] [stdout] error[E0432]: unresolved import `tokio_util::codec`
[INFO] [stdout]  --> tests/io_sink_writer.rs:7:17
[INFO] [stdout]   |
[INFO] [stdout] 7 | use tokio_util::codec::{Encoder, FramedWrite};
[INFO] [stdout]   |                 ^^^^^ could not find `codec` in `tokio_util`
[INFO] [stdout] 
[INFO] [stdout] 
[INFO] [stdout] error[E0432]: unresolved import `tokio_util::io`
[INFO] [stdout]  --> tests/io_sink_writer.rs:8:17
[INFO] [stdout]   |
[INFO] [stdout] 8 | use tokio_util::io::{CopyToBytes, SinkWriter};
[INFO] [stdout]   |                 ^^ could not find `io` in `tokio_util`
[INFO] [stdout] 
[INFO] [stdout] 
[INFO] [stdout] error[E0432]: unresolved import `futures_util`
[INFO] [stdout]  --> tests/io_sink_writer.rs:4:5
[INFO] [stdout]   |
[INFO] [stdout] 4 | use futures_util::SinkExt;
[INFO] [stdout]   |     ^^^^^^^^^^^^ use of undeclared crate or module `futures_util`
[INFO] [stdout]   |
[INFO] [stdout] help: there is a crate or module with a similar name
[INFO] [stdout]   |
[INFO] [stdout] 4 | use futures_core::SinkExt;
[INFO] [stdout]   |     ~~~~~~~~~~~~
[INFO] [stdout] 
[INFO] [stdout] 
[INFO] [stdout] error[E0433]: failed to resolve: could not find `test` in `tokio`
[INFO] [stdout]   --> tests/io_sink_writer.rs:11:10
[INFO] [stdout]    |
[INFO] [stdout] 11 | #[tokio::test]
[INFO] [stdout]    |          ^^^^ could not find `test` in `tokio`
[INFO] [stdout] 
[INFO] [stdout] 
[INFO] [stdout] error[E0433]: failed to resolve: could not find `test` in `tokio`
[INFO] [stdout]   --> tests/io_sink_writer.rs:54:10
[INFO] [stdout]    |
[INFO] [stdout] 54 | #[tokio::test]
[INFO] [stdout]    |          ^^^^ could not find `test` in `tokio`
[INFO] [stdout] 
[INFO] [stdout] 
[INFO] [stderr] error: could not compile `tokio-util_wasi` (test "_require_full") due to 2 previous errors
[INFO] [stdout] error: aborting due to previous error
[INFO] [stdout] 
[INFO] [stdout] 
[INFO] [stderr] warning: build failed, waiting for other jobs to finish...
[INFO] [stdout] For more information about this error, try `rustc --explain E0432`.
[INFO] [stdout] 
[INFO] [stdout] error: aborting due to 6 previous errors
[INFO] [stdout] 
[INFO] [stdout] 
[INFO] [stdout] Some errors have detailed explanations: E0432, E0433.
[INFO] [stdout] 
[INFO] [stdout] For more information about an error, try `rustc --explain E0432`.
[INFO] [stdout] 
[INFO] [stderr] error: could not compile `tokio-util_wasi` (test "io_sink_writer") due to 7 previous errors
[INFO] [stdout] error[E0432]: unresolved imports `tokio::io::repeat`, `tokio::io::AsyncReadExt`, `tokio::io::Repeat`
[INFO] [stdout]    --> src/either.rs:170:21
[INFO] [stdout]     |
[INFO] [stdout] 170 |     use tokio::io::{repeat, AsyncReadExt, Repeat};
[INFO] [stdout]     |                     ^^^^^^  ^^^^^^^^^^^^  ^^^^^^ no `Repeat` in `io`
[INFO] [stdout]     |                     |       |
[INFO] [stdout]     |                     |       no `AsyncReadExt` in `io`
[INFO] [stdout]     |                     |       help: a similar name exists in the module: `AsyncRead`
[INFO] [stdout]     |                     no `repeat` in `io`
[INFO] [stdout]     |
[INFO] [stdout] note: found an item that was configured out
[INFO] [stdout]    --> /opt/rustwide/cargo-home/registry/src/index.crates.io-6f17d22bba15001f/tokio_wasi-1.25.2/src/io/mod.rs:266:60
[INFO] [stdout]     |
[INFO] [stdout] 266 |         copy, copy_bidirectional, copy_buf, duplex, empty, repeat, sink, AsyncBufReadExt, AsyncReadExt, AsyncSeekExt, AsyncWriteExt,
[INFO] [stdout]     |                                                            ^^^^^^
[INFO] [stdout]     = note: the item is gated behind the `io-util` feature
[INFO] [stdout] note: found an item that was configured out
[INFO] [stdout]    --> /opt/rustwide/cargo-home/registry/src/index.crates.io-6f17d22bba15001f/tokio_wasi-1.25.2/src/io/mod.rs:266:91
[INFO] [stdout]     |
[INFO] [stdout] 266 |         copy, copy_bidirectional, copy_buf, duplex, empty, repeat, sink, AsyncBufReadExt, AsyncReadExt, AsyncSeekExt, AsyncWriteExt,
[INFO] [stdout]     |                                                                                           ^^^^^^^^^^^^
[INFO] [stdout]     = note: the item is gated behind the `io-util` feature
[INFO] [stdout]     = help: consider importing one of these items instead:
[INFO] [stdout]             std::io::Repeat
[INFO] [stdout]             std::iter::Repeat
[INFO] [stdout]             core::iter::Repeat
[INFO] [stdout] note: found an item that was configured out
[INFO] [stdout]    --> /opt/rustwide/cargo-home/registry/src/index.crates.io-6f17d22bba15001f/tokio_wasi-1.25.2/src/io/mod.rs:267:70
[INFO] [stdout]     |
[INFO] [stdout] 267 |         BufReader, BufStream, BufWriter, DuplexStream, Empty, Lines, Repeat, Sink, Split, Take,
[INFO] [stdout]     |                                                                      ^^^^^^
[INFO] [stdout]     = note: the item is gated behind the `io-util` feature
[INFO] [stdout] 
[INFO] [stdout] 
[INFO] [stdout] error[E0432]: unresolved import `tokio_stream`
[INFO] [stdout]    --> src/either.rs:171:9
[INFO] [stdout]     |
[INFO] [stdout] 171 |     use tokio_stream::{once, Once, StreamExt};
[INFO] [stdout]     |         ^^^^^^^^^^^^ use of undeclared crate or module `tokio_stream`
[INFO] [stdout] 
[INFO] [stdout] 
[INFO] [stdout] error[E0433]: failed to resolve: could not find `test` in `tokio`
[INFO] [stdout]    --> src/either.rs:173:14
[INFO] [stdout]     |
[INFO] [stdout] 173 |     #[tokio::test]
[INFO] [stdout]     |              ^^^^ could not find `test` in `tokio`
[INFO] [stdout] 
[INFO] [stdout] 
[INFO] [stdout] error[E0433]: failed to resolve: could not find `test` in `tokio`
[INFO] [stdout]    --> src/either.rs:180:14
[INFO] [stdout]     |
[INFO] [stdout] 180 |     #[tokio::test]
[INFO] [stdout]     |              ^^^^ could not find `test` in `tokio`
[INFO] [stdout] 
[INFO] [stdout] 
[INFO] [stderr] error: could not compile `tokio-util_wasi` (test "codecs") due to 2 previous errors
[INFO] [stdout] error[E0599]: no method named `now_or_never` found for struct `Pin<&mut dyn Future<Output = {integer}> + Send>` in the current scope
[INFO] [stdout]   --> tests/reusable_box.rs:29:28
[INFO] [stdout]    |
[INFO] [stdout] 29 |     assert_eq!(b.get_pin().now_or_never(), Some(10));
[INFO] [stdout]    |                            ^^^^^^^^^^^^ method not found in `Pin<&mut dyn Future<Output = {integer}> + Send>`
[INFO] [stdout] 
[INFO] [stdout] 
[INFO] [stdout] error[E0599]: no method named `now_or_never` found for struct `Pin<&mut dyn Future<Output = {integer}> + Send>` in the current scope
[INFO] [stdout]   --> tests/reusable_box.rs:34:28
[INFO] [stdout]    |
[INFO] [stdout] 34 |     assert_eq!(b.get_pin().now_or_never(), Some(20));
[INFO] [stdout]    |                            ^^^^^^^^^^^^ method not found in `Pin<&mut dyn Future<Output = {integer}> + Send>`
[INFO] [stdout] 
[INFO] [stdout] 
[INFO] [stdout] error[E0599]: no method named `now_or_never` found for struct `Pin<&mut dyn Future<Output = {integer}> + Send>` in the current scope
[INFO] [stdout]   --> tests/reusable_box.rs:39:28
[INFO] [stdout]    |
[INFO] [stdout] 39 |     assert_eq!(b.get_pin().now_or_never(), Some(30));
[INFO] [stdout]    |                            ^^^^^^^^^^^^ method not found in `Pin<&mut dyn Future<Output = {integer}> + Send>`
[INFO] [stdout] 
[INFO] [stdout] 
[INFO] [stdout] error: aborting due to previous error
[INFO] [stdout] 
[INFO] [stdout] 
[INFO] [stdout] For more information about this error, try `rustc --explain E0433`.
[INFO] [stdout] 
[INFO] [stderr] error: could not compile `tokio-util_wasi` (test "sync_cancellation_token") due to 2 previous errors
[INFO] [stdout] error[E0599]: no method named `now_or_never` found for struct `Pin<&mut dyn Future<Output = {integer}> + Send>` in the current scope
[INFO] [stdout]   --> tests/reusable_box.rs:54:28
[INFO] [stdout]    |
[INFO] [stdout] 54 |     assert_eq!(b.get_pin().now_or_never(), Some(10));
[INFO] [stdout]    |                            ^^^^^^^^^^^^ method not found in `Pin<&mut dyn Future<Output = {integer}> + Send>`
[INFO] [stdout] 
[INFO] [stdout] 
[INFO] [stdout] error[E0599]: no method named `now_or_never` found for struct `Pin<&mut dyn Future<Output = u32> + Send>` in the current scope
[INFO] [stdout]   --> tests/reusable_box.rs:56:28
[INFO] [stdout]    |
[INFO] [stdout] 56 |     assert_eq!(b.get_pin().now_or_never(), Some(0));
[INFO] [stdout]    |                            ^^^^^^^^^^^^ method not found in `Pin<&mut dyn Future<Output = u32> + Send>`
[INFO] [stdout] 
[INFO] [stdout] 
[INFO] [stdout] error[E0599]: no method named `now_or_never` found for struct `Pin<&mut dyn Future<Output = u32> + Send>` in the current scope
[INFO] [stdout]   --> tests/reusable_box.rs:58:28
[INFO] [stdout]    |
[INFO] [stdout] 58 |     assert_eq!(b.get_pin().now_or_never(), Some(5));
[INFO] [stdout]    |                            ^^^^^^^^^^^^ method not found in `Pin<&mut dyn Future<Output = u32> + Send>`
[INFO] [stdout] 
[INFO] [stdout] 
[INFO] [stdout] error[E0599]: no method named `now_or_never` found for struct `Pin<&mut dyn Future<Output = u32> + Send>` in the current scope
[INFO] [stdout]   --> tests/reusable_box.rs:77:28
[INFO] [stdout]    |
[INFO] [stdout] 77 |     assert_eq!(b.get_pin().now_or_never(), Some(5));
[INFO] [stdout]    |                            ^^^^^^^^^^^^ method not found in `Pin<&mut dyn Future<Output = u32> + Send>`
[INFO] [stdout] 
[INFO] [stdout] 
[INFO] [stdout] error[E0599]: no method named `now_or_never` found for struct `Pin<&mut dyn Future<Output = u32> + Send>` in the current scope
[INFO] [stdout]   --> tests/reusable_box.rs:78:28
[INFO] [stdout]    |
[INFO] [stdout] 78 |     assert_eq!(b.get_pin().now_or_never(), Some(5));
[INFO] [stdout]    |                            ^^^^^^^^^^^^ method not found in `Pin<&mut dyn Future<Output = u32> + Send>`
[INFO] [stdout] 
[INFO] [stdout] 
[INFO] [stdout] error[E0599]: no method named `now_or_never` found for struct `Pin<&mut dyn Future<Output = u32> + Send>` in the current scope
[INFO] [stdout]   --> tests/reusable_box.rs:83:28
[INFO] [stdout]    |
[INFO] [stdout] 83 |     assert_eq!(b.get_pin().now_or_never(), Some(5));
[INFO] [stdout]    |                            ^^^^^^^^^^^^ method not found in `Pin<&mut dyn Future<Output = u32> + Send>`
[INFO] [stdout] 
[INFO] [stdout] 
[INFO] [stdout] error[E0599]: no method named `now_or_never` found for struct `Pin<&mut dyn Future<Output = u32> + Send>` in the current scope
[INFO] [stdout]   --> tests/reusable_box.rs:84:28
[INFO] [stdout]    |
[INFO] [stdout] 84 |     assert_eq!(b.get_pin().now_or_never(), Some(5));
[INFO] [stdout]    |                            ^^^^^^^^^^^^ method not found in `Pin<&mut dyn Future<Output = u32> + Send>`
[INFO] [stdout] 
[INFO] [stdout] 
[INFO] [stdout] error: aborting due to 11 previous errors
[INFO] [stdout] 
[INFO] [stdout] 
[INFO] [stdout] Some errors have detailed explanations: E0433, E0599.
[INFO] [stdout] 
[INFO] [stdout] For more information about an error, try `rustc --explain E0433`.
[INFO] [stdout] 
[INFO] [stderr] error: could not compile `tokio-util_wasi` (test "reusable_box") due to 12 previous errors
[INFO] [stdout] error: aborting due to 4 previous errors
[INFO] [stdout] 
[INFO] [stdout] 
[INFO] [stdout] Some errors have detailed explanations: E0432, E0433.
[INFO] [stdout] 
[INFO] [stdout] For more information about an error, try `rustc --explain E0432`.
[INFO] [stdout] 
[INFO] [stderr] error: could not compile `tokio-util_wasi` (lib test) due to 5 previous errors
[INFO] running `Command { std: "docker" "inspect" "748ba63c3865b341630a8d6d5e81666d67269be44315dcd366bc264fe8902972", kill_on_drop: false }`
[INFO] running `Command { std: "docker" "rm" "-f" "748ba63c3865b341630a8d6d5e81666d67269be44315dcd366bc264fe8902972", kill_on_drop: false }`
[INFO] [stdout] 748ba63c3865b341630a8d6d5e81666d67269be44315dcd366bc264fe8902972
[INFO] testing tokio-util_wasi-0.7.5 against beta-2023-12-22 for beta-1.76-1
[INFO] extracting crate tokio-util_wasi 0.7.5 into /workspace/builds/worker-2-tc2/source
[INFO] validating manifest of crates.io crate tokio-util_wasi 0.7.5 on toolchain beta-2023-12-22
[INFO] running `Command { std: CARGO_HOME="/workspace/cargo-home" RUSTUP_HOME="/workspace/rustup-home" "/workspace/cargo-home/bin/cargo" "+beta-2023-12-22" "metadata" "--manifest-path" "Cargo.toml" "--no-deps", kill_on_drop: false }`
[INFO] started tweaking crates.io crate tokio-util_wasi 0.7.5
[INFO] finished tweaking crates.io crate tokio-util_wasi 0.7.5
[INFO] tweaked toml for crates.io crate tokio-util_wasi 0.7.5 written to /workspace/builds/worker-2-tc2/source/Cargo.toml
[INFO] running `Command { std: CARGO_HOME="/workspace/cargo-home" RUSTUP_HOME="/workspace/rustup-home" "/workspace/cargo-home/bin/cargo" "+beta-2023-12-22" "generate-lockfile" "--manifest-path" "Cargo.toml", kill_on_drop: false }`
[INFO] [stderr]     Updating crates.io index
[INFO] running `Command { std: CARGO_HOME="/workspace/cargo-home" RUSTUP_HOME="/workspace/rustup-home" "/workspace/cargo-home/bin/cargo" "+beta-2023-12-22" "fetch" "--manifest-path" "Cargo.toml", kill_on_drop: false }`
[INFO] running `Command { std: "docker" "create" "-v" "/var/lib/crater-agent-workspace/builds/worker-2-tc2/target:/opt/rustwide/target:rw,Z" "-v" "/var/lib/crater-agent-workspace/builds/worker-2-tc2/source:/opt/rustwide/workdir:ro,Z" "-v" "/var/lib/crater-agent-workspace/cargo-home:/opt/rustwide/cargo-home:ro,Z" "-v" "/var/lib/crater-agent-workspace/rustup-home:/opt/rustwide/rustup-home:ro,Z" "-e" "SOURCE_DIR=/opt/rustwide/workdir" "-e" "CARGO_TARGET_DIR=/opt/rustwide/target" "-e" "CARGO_HOME=/opt/rustwide/cargo-home" "-e" "RUSTUP_HOME=/opt/rustwide/rustup-home" "-w" "/opt/rustwide/workdir" "-m" "1610612736" "--user" "0:0" "--network" "none" "ghcr.io/rust-lang/crates-build-env/linux@sha256:2788e3201cd34a07e3172128adcd8b3090168a8e3bcc40d7c032b9dda1df7d1c" "/opt/rustwide/cargo-home/bin/cargo" "+beta-2023-12-22" "metadata" "--no-deps" "--format-version=1", kill_on_drop: false }`
[INFO] [stdout] a07a49da9ddab87d68c32e8105f3d64a94d16ba750f230a1cda0df1a07535868
[INFO] running `Command { std: "docker" "start" "-a" "a07a49da9ddab87d68c32e8105f3d64a94d16ba750f230a1cda0df1a07535868", kill_on_drop: false }`
[INFO] running `Command { std: "docker" "inspect" "a07a49da9ddab87d68c32e8105f3d64a94d16ba750f230a1cda0df1a07535868", kill_on_drop: false }`
[INFO] running `Command { std: "docker" "rm" "-f" "a07a49da9ddab87d68c32e8105f3d64a94d16ba750f230a1cda0df1a07535868", kill_on_drop: false }`
[INFO] [stdout] a07a49da9ddab87d68c32e8105f3d64a94d16ba750f230a1cda0df1a07535868
[INFO] running `Command { std: "docker" "create" "-v" "/var/lib/crater-agent-workspace/builds/worker-2-tc2/target:/opt/rustwide/target:rw,Z" "-v" "/var/lib/crater-agent-workspace/builds/worker-2-tc2/source:/opt/rustwide/workdir:ro,Z" "-v" "/var/lib/crater-agent-workspace/cargo-home:/opt/rustwide/cargo-home:ro,Z" "-v" "/var/lib/crater-agent-workspace/rustup-home:/opt/rustwide/rustup-home:ro,Z" "-e" "SOURCE_DIR=/opt/rustwide/workdir" "-e" "CARGO_TARGET_DIR=/opt/rustwide/target" "-e" "CARGO_INCREMENTAL=0" "-e" "RUST_BACKTRACE=full" "-e" "RUSTFLAGS=--cap-lints=warn" "-e" "RUSTDOCFLAGS=--cap-lints=warn" "-e" "CARGO_HOME=/opt/rustwide/cargo-home" "-e" "RUSTUP_HOME=/opt/rustwide/rustup-home" "-w" "/opt/rustwide/workdir" "-m" "1610612736" "--user" "0:0" "--network" "none" "ghcr.io/rust-lang/crates-build-env/linux@sha256:2788e3201cd34a07e3172128adcd8b3090168a8e3bcc40d7c032b9dda1df7d1c" "/opt/rustwide/cargo-home/bin/cargo" "+beta-2023-12-22" "build" "--frozen" "--message-format=json", kill_on_drop: false }`
[INFO] [stdout] 38ae6a470ecbbd93d562e2c537aee90eddf9b1d40de3c11e53a48a5b9e6dd3b0
[INFO] running `Command { std: "docker" "start" "-a" "38ae6a470ecbbd93d562e2c537aee90eddf9b1d40de3c11e53a48a5b9e6dd3b0", kill_on_drop: false }`
[INFO] [stderr]    Compiling tokio_wasi v1.25.2
[INFO] [stderr]    Compiling pin-project-lite v0.2.13
[INFO] [stderr]    Compiling futures-sink v0.3.30
[INFO] [stderr]    Compiling bytes v1.5.0
[INFO] [stderr]    Compiling futures-core v0.3.30
[INFO] [stderr]    Compiling tokio-util_wasi v0.7.5 (/opt/rustwide/workdir)
[INFO] [stderr]     Finished dev [unoptimized + debuginfo] target(s) in 1.30s
[INFO] running `Command { std: "docker" "inspect" "38ae6a470ecbbd93d562e2c537aee90eddf9b1d40de3c11e53a48a5b9e6dd3b0", kill_on_drop: false }`
[INFO] running `Command { std: "docker" "rm" "-f" "38ae6a470ecbbd93d562e2c537aee90eddf9b1d40de3c11e53a48a5b9e6dd3b0", kill_on_drop: false }`
[INFO] [stdout] 38ae6a470ecbbd93d562e2c537aee90eddf9b1d40de3c11e53a48a5b9e6dd3b0
[INFO] running `Command { std: "docker" "create" "-v" "/var/lib/crater-agent-workspace/builds/worker-2-tc2/target:/opt/rustwide/target:rw,Z" "-v" "/var/lib/crater-agent-workspace/builds/worker-2-tc2/source:/opt/rustwide/workdir:ro,Z" "-v" "/var/lib/crater-agent-workspace/cargo-home:/opt/rustwide/cargo-home:ro,Z" "-v" "/var/lib/crater-agent-workspace/rustup-home:/opt/rustwide/rustup-home:ro,Z" "-e" "SOURCE_DIR=/opt/rustwide/workdir" "-e" "CARGO_TARGET_DIR=/opt/rustwide/target" "-e" "CARGO_INCREMENTAL=0" "-e" "RUST_BACKTRACE=full" "-e" "RUSTFLAGS=--cap-lints=warn" "-e" "RUSTDOCFLAGS=--cap-lints=warn" "-e" "CARGO_HOME=/opt/rustwide/cargo-home" "-e" "RUSTUP_HOME=/opt/rustwide/rustup-home" "-w" "/opt/rustwide/workdir" "-m" "1610612736" "--user" "0:0" "--network" "none" "ghcr.io/rust-lang/crates-build-env/linux@sha256:2788e3201cd34a07e3172128adcd8b3090168a8e3bcc40d7c032b9dda1df7d1c" "/opt/rustwide/cargo-home/bin/cargo" "+beta-2023-12-22" "test" "--frozen" "--no-run" "--message-format=json", kill_on_drop: false }`
[INFO] [stdout] f3830c65118e96a42f00a66a33efe952c3436c1a967d0a98a584d490c9853dc5
[INFO] running `Command { std: "docker" "start" "-a" "f3830c65118e96a42f00a66a33efe952c3436c1a967d0a98a584d490c9853dc5", kill_on_drop: false }`
[INFO] [stderr]    Compiling tokio-util_wasi v0.7.5 (/opt/rustwide/workdir)
[INFO] [stdout] error[E0433]: failed to resolve: could not find `test` in `tokio`
[INFO] [stdout]   --> tests/poll_semaphore.rs:24:10
[INFO] [stdout]    |
[INFO] [stdout] 24 | #[tokio::test]
[INFO] [stdout]    |          ^^^^ could not find `test` in `tokio`
[INFO] [stdout] 
[INFO] [stdout] 
[INFO] [stdout] error[E0432]: unresolved import `tokio_stream`
[INFO] [stdout]  --> tests/io_reader_stream.rs:6:5
[INFO] [stdout]   |
[INFO] [stdout] 6 | use tokio_stream::StreamExt;
[INFO] [stdout]   |     ^^^^^^^^^^^^ use of undeclared crate or module `tokio_stream`
[INFO] [stdout] 
[INFO] [stdout] 
[INFO] [stdout] error[E0433]: failed to resolve: could not find `test` in `tokio`
[INFO] [stdout]   --> tests/io_reader_stream.rs:37:10
[INFO] [stdout]    |
[INFO] [stdout] 37 | #[tokio::test]
[INFO] [stdout]    |          ^^^^ could not find `test` in `tokio`
[INFO] [stdout] 
[INFO] [stdout] 
[INFO] [stdout] error[E0432]: unresolved import `tokio_util::codec`
[INFO] [stdout]  --> tests/framed_read.rs:6:17
[INFO] [stdout]   |
[INFO] [stdout] 6 | use tokio_util::codec::{Decoder, FramedRead};
[INFO] [stdout]   |                 ^^^^^ could not find `codec` in `tokio_util`
[INFO] [stdout] 
[INFO] [stdout] 
[INFO] [stdout] error[E0433]: failed to resolve: could not find `test` in `tokio`
[INFO] [stdout]   --> tests/poll_semaphore.rs:46:10
[INFO] [stdout]    |
[INFO] [stdout] 46 | #[tokio::test]
[INFO] [stdout]    |          ^^^^ could not find `test` in `tokio`
[INFO] [stdout] 
[INFO] [stdout] 
[INFO] [stdout] error[E0432]: unresolved import `tokio_test`
[INFO] [stdout]  --> tests/framed_read.rs:4:5
[INFO] [stdout]   |
[INFO] [stdout] 4 | use tokio_test::assert_ready;
[INFO] [stdout]   |     ^^^^^^^^^^ use of undeclared crate or module `tokio_test`
[INFO] [stdout] 
[INFO] [stdout] 
[INFO] [stdout] error[E0433]: failed to resolve: could not find `test` in `tokio`
[INFO] [stdout]   --> tests/poll_semaphore.rs:71:10
[INFO] [stdout]    |
[INFO] [stdout] 71 | #[tokio::test]
[INFO] [stdout]    |          ^^^^ could not find `test` in `tokio`
[INFO] [stdout] 
[INFO] [stdout] 
[INFO] [stdout] error[E0432]: unresolved import `tokio_test`
[INFO] [stdout]  --> tests/framed_read.rs:5:5
[INFO] [stdout]   |
[INFO] [stdout] 5 | use tokio_test::task;
[INFO] [stdout]   |     ^^^^^^^^^^ use of undeclared crate or module `tokio_test`
[INFO] [stdout] 
[INFO] [stdout] 
[INFO] [stdout] error[E0432]: unresolved import `futures`
[INFO] [stdout]  --> tests/framed_read.rs:9:5
[INFO] [stdout]   |
[INFO] [stdout] 9 | use futures::Stream;
[INFO] [stdout]   |     ^^^^^^^ use of undeclared crate or module `futures`
[INFO] [stdout] 
[INFO] [stdout] 
[INFO] [stdout] error: cannot determine resolution for the macro `assert_ready`
[INFO] [stdout]   --> tests/framed_read.rs:26:19
[INFO] [stdout]    |
[INFO] [stdout] 26 |         let val = assert_ready!($e);
[INFO] [stdout]    |                   ^^^^^^^^^^^^
[INFO] [stdout] ...
[INFO] [stdout] 78 |         assert_read!(pin!(framed).poll_next(cx), 0);
[INFO] [stdout]    |         ------------------------------------------- in this macro invocation
[INFO] [stdout]    |
[INFO] [stdout]    = note: import resolution is stuck, try simplifying macro imports
[INFO] [stdout]    = note: this error originates in the macro `assert_read` (in Nightly builds, run with -Z macro-backtrace for more info)
[INFO] [stdout] 
[INFO] [stdout] 
[INFO] [stdout] error: cannot determine resolution for the macro `assert_ready`
[INFO] [stdout]   --> tests/framed_read.rs:26:19
[INFO] [stdout]    |
[INFO] [stdout] 26 |         let val = assert_ready!($e);
[INFO] [stdout]    |                   ^^^^^^^^^^^^
[INFO] [stdout] ...
[INFO] [stdout] 79 |         assert_read!(pin!(framed).poll_next(cx), 1);
[INFO] [stdout]    |         ------------------------------------------- in this macro invocation
[INFO] [stdout]    |
[INFO] [stdout]    = note: import resolution is stuck, try simplifying macro imports
[INFO] [stdout]    = note: this error originates in the macro `assert_read` (in Nightly builds, run with -Z macro-backtrace for more info)
[INFO] [stdout] 
[INFO] [stdout] 
[INFO] [stdout] error: cannot determine resolution for the macro `assert_ready`
[INFO] [stdout]   --> tests/framed_read.rs:26:19
[INFO] [stdout]    |
[INFO] [stdout] 26 |         let val = assert_ready!($e);
[INFO] [stdout]    |                   ^^^^^^^^^^^^
[INFO] [stdout] ...
[INFO] [stdout] 80 |         assert_read!(pin!(framed).poll_next(cx), 2);
[INFO] [stdout]    |         ------------------------------------------- in this macro invocation
[INFO] [stdout]    |
[INFO] [stdout]    = note: import resolution is stuck, try simplifying macro imports
[INFO] [stdout]    = note: this error originates in the macro `assert_read` (in Nightly builds, run with -Z macro-backtrace for more info)
[INFO] [stdout] 
[INFO] [stdout] 
[INFO] [stdout] error: cannot determine resolution for the macro `assert_ready`
[INFO] [stdout]   --> tests/framed_read.rs:81:17
[INFO] [stdout]    |
[INFO] [stdout] 81 |         assert!(assert_ready!(pin!(framed).poll_next(cx)).is_none());
[INFO] [stdout]    |                 ^^^^^^^^^^^^
[INFO] [stdout]    |
[INFO] [stdout]    = note: import resolution is stuck, try simplifying macro imports
[INFO] [stdout] 
[INFO] [stdout] 
[INFO] [stdout] error: cannot determine resolution for the macro `assert_ready`
[INFO] [stdout]   --> tests/framed_read.rs:26:19
[INFO] [stdout]    |
[INFO] [stdout] 26 |         let val = assert_ready!($e);
[INFO] [stdout]    |                   ^^^^^^^^^^^^
[INFO] [stdout] ...
[INFO] [stdout] 96 |         assert_read!(pin!(framed).poll_next(cx), 0);
[INFO] [stdout]    |         ------------------------------------------- in this macro invocation
[INFO] [stdout]    |
[INFO] [stdout]    = note: import resolution is stuck, try simplifying macro imports
[INFO] [stdout]    = note: this error originates in the macro `assert_read` (in Nightly builds, run with -Z macro-backtrace for more info)
[INFO] [stdout] 
[INFO] [stdout] 
[INFO] [stdout] error: cannot determine resolution for the macro `assert_ready`
[INFO] [stdout]   --> tests/framed_read.rs:26:19
[INFO] [stdout]    |
[INFO] [stdout] 26 |         let val = assert_ready!($e);
[INFO] [stdout]    |                   ^^^^^^^^^^^^
[INFO] [stdout] ...
[INFO] [stdout] 97 |         assert_read!(pin!(framed).poll_next(cx), 1);
[INFO] [stdout]    |         ------------------------------------------- in this macro invocation
[INFO] [stdout]    |
[INFO] [stdout]    = note: import resolution is stuck, try simplifying macro imports
[INFO] [stdout]    = note: this error originates in the macro `assert_read` (in Nightly builds, run with -Z macro-backtrace for more info)
[INFO] [stdout] 
[INFO] [stdout] 
[INFO] [stdout] error: cannot determine resolution for the macro `assert_ready`
[INFO] [stdout]   --> tests/framed_read.rs:26:19
[INFO] [stdout]    |
[INFO] [stdout] 26 |         let val = assert_ready!($e);
[INFO] [stdout]    |                   ^^^^^^^^^^^^
[INFO] [stdout] ...
[INFO] [stdout] 98 |         assert_read!(pin!(framed).poll_next(cx), 2);
[INFO] [stdout]    |         ------------------------------------------- in this macro invocation
[INFO] [stdout]    |
[INFO] [stdout]    = note: import resolution is stuck, try simplifying macro imports
[INFO] [stdout]    = note: this error originates in the macro `assert_read` (in Nightly builds, run with -Z macro-backtrace for more info)
[INFO] [stdout] 
[INFO] [stdout] 
[INFO] [stdout] error: cannot determine resolution for the macro `assert_ready`
[INFO] [stdout]   --> tests/framed_read.rs:99:17
[INFO] [stdout]    |
[INFO] [stdout] 99 |         assert!(assert_ready!(pin!(framed).poll_next(cx)).is_none());
[INFO] [stdout]    |                 ^^^^^^^^^^^^
[INFO] [stdout]    |
[INFO] [stdout]    = note: import resolution is stuck, try simplifying macro imports
[INFO] [stdout] 
[INFO] [stdout] 
[INFO] [stdout] error: cannot determine resolution for the macro `assert_ready`
[INFO] [stdout]    --> tests/framed_read.rs:26:19
[INFO] [stdout]     |
[INFO] [stdout] 26  |         let val = assert_ready!($e);
[INFO] [stdout]     |                   ^^^^^^^^^^^^
[INFO] [stdout] ...
[INFO] [stdout] 112 |         assert_read!(pin!(framed).poll_next(cx), 0x04);
[INFO] [stdout]     |         ---------------------------------------------- in this macro invocation
[INFO] [stdout]     |
[INFO] [stdout]     = note: import resolution is stuck, try simplifying macro imports
[INFO] [stdout]     = note: this error originates in the macro `assert_read` (in Nightly builds, run with -Z macro-backtrace for more info)
[INFO] [stdout] 
[INFO] [stdout] 
[INFO] [stdout] error: cannot determine resolution for the macro `assert_ready`
[INFO] [stdout]    --> tests/framed_read.rs:26:19
[INFO] [stdout]     |
[INFO] [stdout] 26  |         let val = assert_ready!($e);
[INFO] [stdout]     |                   ^^^^^^^^^^^^
[INFO] [stdout] ...
[INFO] [stdout] 115 |         assert_read!(pin!(framed).poll_next(cx), 0x08);
[INFO] [stdout]     |         ---------------------------------------------- in this macro invocation
[INFO] [stdout]     |
[INFO] [stdout]     = note: import resolution is stuck, try simplifying macro imports
[INFO] [stdout]     = note: this error originates in the macro `assert_read` (in Nightly builds, run with -Z macro-backtrace for more info)
[INFO] [stdout] 
[INFO] [stdout] 
[INFO] [stdout] error: cannot determine resolution for the macro `assert_ready`
[INFO] [stdout]    --> tests/framed_read.rs:117:17
[INFO] [stdout]     |
[INFO] [stdout] 117 |         assert!(assert_ready!(pin!(framed).poll_next(cx)).is_none());
[INFO] [stdout]     |                 ^^^^^^^^^^^^
[INFO] [stdout]     |
[INFO] [stdout]     = note: import resolution is stuck, try simplifying macro imports
[INFO] [stdout] 
[INFO] [stdout] 
[INFO] [stdout] error: cannot determine resolution for the macro `assert_ready`
[INFO] [stdout]    --> tests/framed_read.rs:26:19
[INFO] [stdout]     |
[INFO] [stdout] 26  |         let val = assert_ready!($e);
[INFO] [stdout]     |                   ^^^^^^^^^^^^
[INFO] [stdout] ...
[INFO] [stdout] 133 |         assert_read!(pin!(framed).poll_next(cx), 0);
[INFO] [stdout]     |         ------------------------------------------- in this macro invocation
[INFO] [stdout]     |
[INFO] [stdout]     = note: import resolution is stuck, try simplifying macro imports
[INFO] [stdout]     = note: this error originates in the macro `assert_read` (in Nightly builds, run with -Z macro-backtrace for more info)
[INFO] [stdout] 
[INFO] [stdout] 
[INFO] [stdout] error: cannot determine resolution for the macro `assert_ready`
[INFO] [stdout]    --> tests/framed_read.rs:26:19
[INFO] [stdout]     |
[INFO] [stdout] 26  |         let val = assert_ready!($e);
[INFO] [stdout]     |                   ^^^^^^^^^^^^
[INFO] [stdout] ...
[INFO] [stdout] 134 |         assert_read!(pin!(framed).poll_next(cx), 1);
[INFO] [stdout]     |         ------------------------------------------- in this macro invocation
[INFO] [stdout]     |
[INFO] [stdout]     = note: import resolution is stuck, try simplifying macro imports
[INFO] [stdout]     = note: this error originates in the macro `assert_read` (in Nightly builds, run with -Z macro-backtrace for more info)
[INFO] [stdout] 
[INFO] [stdout] 
[INFO] [stdout] error: cannot determine resolution for the macro `assert_ready`
[INFO] [stdout]    --> tests/framed_read.rs:135:17
[INFO] [stdout]     |
[INFO] [stdout] 135 |         assert!(assert_ready!(pin!(framed).poll_next(cx)).is_none());
[INFO] [stdout]     |                 ^^^^^^^^^^^^
[INFO] [stdout]     |
[INFO] [stdout]     = note: import resolution is stuck, try simplifying macro imports
[INFO] [stdout] 
[INFO] [stdout] 
[INFO] [stdout] error: cannot determine resolution for the macro `assert_ready`
[INFO] [stdout]    --> tests/framed_read.rs:26:19
[INFO] [stdout]     |
[INFO] [stdout] 26  |         let val = assert_ready!($e);
[INFO] [stdout]     |                   ^^^^^^^^^^^^
[INFO] [stdout] ...
[INFO] [stdout] 151 |         assert_read!(pin!(framed).poll_next(cx), 0);
[INFO] [stdout]     |         ------------------------------------------- in this macro invocation
[INFO] [stdout]     |
[INFO] [stdout]     = note: import resolution is stuck, try simplifying macro imports
[INFO] [stdout]     = note: this error originates in the macro `assert_read` (in Nightly builds, run with -Z macro-backtrace for more info)
[INFO] [stdout] 
[INFO] [stdout] 
[INFO] [stdout] error: cannot determine resolution for the macro `assert_ready`
[INFO] [stdout]    --> tests/framed_read.rs:26:19
[INFO] [stdout]     |
[INFO] [stdout] 26  |         let val = assert_ready!($e);
[INFO] [stdout]     |                   ^^^^^^^^^^^^
[INFO] [stdout] ...
[INFO] [stdout] 152 |         assert_read!(pin!(framed).poll_next(cx), 1);
[INFO] [stdout]     |         ------------------------------------------- in this macro invocation
[INFO] [stdout]     |
[INFO] [stdout]     = note: import resolution is stuck, try simplifying macro imports
[INFO] [stdout]     = note: this error originates in the macro `assert_read` (in Nightly builds, run with -Z macro-backtrace for more info)
[INFO] [stdout] 
[INFO] [stdout] 
[INFO] [stdout] error: cannot determine resolution for the macro `assert_ready`
[INFO] [stdout]    --> tests/framed_read.rs:26:19
[INFO] [stdout]     |
[INFO] [stdout] 26  |         let val = assert_ready!($e);
[INFO] [stdout]     |                   ^^^^^^^^^^^^
[INFO] [stdout] ...
[INFO] [stdout] 153 |         assert_read!(pin!(framed).poll_next(cx), 2);
[INFO] [stdout]     |         ------------------------------------------- in this macro invocation
[INFO] [stdout]     |
[INFO] [stdout]     = note: import resolution is stuck, try simplifying macro imports
[INFO] [stdout]     = note: this error originates in the macro `assert_read` (in Nightly builds, run with -Z macro-backtrace for more info)
[INFO] [stdout] 
[INFO] [stdout] 
[INFO] [stdout] error: cannot determine resolution for the macro `assert_ready`
[INFO] [stdout]    --> tests/framed_read.rs:154:17
[INFO] [stdout]     |
[INFO] [stdout] 154 |         assert!(assert_ready!(pin!(framed).poll_next(cx)).is_none());
[INFO] [stdout]     |                 ^^^^^^^^^^^^
[INFO] [stdout]     |
[INFO] [stdout]     = note: import resolution is stuck, try simplifying macro imports
[INFO] [stdout] 
[INFO] [stdout] 
[INFO] [stdout] error: cannot determine resolution for the macro `assert_ready`
[INFO] [stdout]    --> tests/framed_read.rs:169:13
[INFO] [stdout]     |
[INFO] [stdout] 169 |             assert_ready!(pin!(framed).poll_next(cx))
[INFO] [stdout]     |             ^^^^^^^^^^^^
[INFO] [stdout]     |
[INFO] [stdout]     = note: import resolution is stuck, try simplifying macro imports
[INFO] [stdout] 
[INFO] [stdout] 
[INFO] [stdout] error: cannot determine resolution for the macro `assert_ready`
[INFO] [stdout]    --> tests/framed_read.rs:189:13
[INFO] [stdout]     |
[INFO] [stdout] 189 |             assert_ready!(pin!(framed).poll_next(cx))
[INFO] [stdout]     |             ^^^^^^^^^^^^
[INFO] [stdout]     |
[INFO] [stdout]     = note: import resolution is stuck, try simplifying macro imports
[INFO] [stdout] 
[INFO] [stdout] 
[INFO] [stdout] error: cannot determine resolution for the macro `assert_ready`
[INFO] [stdout]    --> tests/framed_read.rs:211:13
[INFO] [stdout]     |
[INFO] [stdout] 211 |             assert_ready!(pin!(framed).poll_next(cx))
[INFO] [stdout]     |             ^^^^^^^^^^^^
[INFO] [stdout]     |
[INFO] [stdout]     = note: import resolution is stuck, try simplifying macro imports
[INFO] [stdout] 
[INFO] [stdout] 
[INFO] [stdout] error: cannot determine resolution for the macro `assert_ready`
[INFO] [stdout]    --> tests/framed_read.rs:26:19
[INFO] [stdout]     |
[INFO] [stdout] 26  |         let val = assert_ready!($e);
[INFO] [stdout]     |                   ^^^^^^^^^^^^
[INFO] [stdout] ...
[INFO] [stdout] 226 |         assert_read!(pin!(framed).poll_next(cx), 0);
[INFO] [stdout]     |         ------------------------------------------- in this macro invocation
[INFO] [stdout]     |
[INFO] [stdout]     = note: import resolution is stuck, try simplifying macro imports
[INFO] [stdout]     = note: this error originates in the macro `assert_read` (in Nightly builds, run with -Z macro-backtrace for more info)
[INFO] [stdout] 
[INFO] [stdout] 
[INFO] [stdout] error: cannot determine resolution for the macro `assert_ready`
[INFO] [stdout]    --> tests/framed_read.rs:227:17
[INFO] [stdout]     |
[INFO] [stdout] 227 |         assert!(assert_ready!(pin!(framed).poll_next(cx)).is_none());
[INFO] [stdout]     |                 ^^^^^^^^^^^^
[INFO] [stdout]     |
[INFO] [stdout]     = note: import resolution is stuck, try simplifying macro imports
[INFO] [stdout] 
[INFO] [stdout] 
[INFO] [stdout] error: cannot determine resolution for the macro `assert_ready`
[INFO] [stdout]    --> tests/framed_read.rs:26:19
[INFO] [stdout]     |
[INFO] [stdout] 26  |         let val = assert_ready!($e);
[INFO] [stdout]     |                   ^^^^^^^^^^^^
[INFO] [stdout] ...
[INFO] [stdout] 253 |         assert_read!(pin!(framed).poll_next(cx), 0);
[INFO] [stdout]     |         ------------------------------------------- in this macro invocation
[INFO] [stdout]     |
[INFO] [stdout]     = note: import resolution is stuck, try simplifying macro imports
[INFO] [stdout]     = note: this error originates in the macro `assert_read` (in Nightly builds, run with -Z macro-backtrace for more info)
[INFO] [stdout] 
[INFO] [stdout] 
[INFO] [stdout] error: cannot determine resolution for the macro `assert_ready`
[INFO] [stdout]    --> tests/framed_read.rs:254:17
[INFO] [stdout]     |
[INFO] [stdout] 254 |         assert!(assert_ready!(pin!(framed).poll_next(cx)).unwrap().is_err());
[INFO] [stdout]     |                 ^^^^^^^^^^^^
[INFO] [stdout]     |
[INFO] [stdout]     = note: import resolution is stuck, try simplifying macro imports
[INFO] [stdout] 
[INFO] [stdout] 
[INFO] [stdout] error: cannot determine resolution for the macro `assert_ready`
[INFO] [stdout]    --> tests/framed_read.rs:26:19
[INFO] [stdout]     |
[INFO] [stdout] 26  |         let val = assert_ready!($e);
[INFO] [stdout]     |                   ^^^^^^^^^^^^
[INFO] [stdout] ...
[INFO] [stdout] 283 |         assert_read!(pin!(framed).poll_next(cx), 0);
[INFO] [stdout]     |         ------------------------------------------- in this macro invocation
[INFO] [stdout]     |
[INFO] [stdout]     = note: import resolution is stuck, try simplifying macro imports
[INFO] [stdout]     = note: this error originates in the macro `assert_read` (in Nightly builds, run with -Z macro-backtrace for more info)
[INFO] [stdout] 
[INFO] [stdout] 
[INFO] [stdout] error: cannot determine resolution for the macro `assert_ready`
[INFO] [stdout]    --> tests/framed_read.rs:26:19
[INFO] [stdout]     |
[INFO] [stdout] 26  |         let val = assert_ready!($e);
[INFO] [stdout]     |                   ^^^^^^^^^^^^
[INFO] [stdout] ...
[INFO] [stdout] 284 |         assert_read!(pin!(framed).poll_next(cx), 1);
[INFO] [stdout]     |         ------------------------------------------- in this macro invocation
[INFO] [stdout]     |
[INFO] [stdout]     = note: import resolution is stuck, try simplifying macro imports
[INFO] [stdout]     = note: this error originates in the macro `assert_read` (in Nightly builds, run with -Z macro-backtrace for more info)
[INFO] [stdout] 
[INFO] [stdout] 
[INFO] [stdout] error: cannot determine resolution for the macro `assert_ready`
[INFO] [stdout]    --> tests/framed_read.rs:26:19
[INFO] [stdout]     |
[INFO] [stdout] 26  |         let val = assert_ready!($e);
[INFO] [stdout]     |                   ^^^^^^^^^^^^
[INFO] [stdout] ...
[INFO] [stdout] 285 |         assert_read!(pin!(framed).poll_next(cx), 2);
[INFO] [stdout]     |         ------------------------------------------- in this macro invocation
[INFO] [stdout]     |
[INFO] [stdout]     = note: import resolution is stuck, try simplifying macro imports
[INFO] [stdout]     = note: this error originates in the macro `assert_read` (in Nightly builds, run with -Z macro-backtrace for more info)
[INFO] [stdout] 
[INFO] [stdout] 
[INFO] [stdout] error: run tokio-util tests with `--features full`
[INFO] [stdout]  --> tests/_require_full.rs:2:1
[INFO] [stdout]   |
[INFO] [stdout] 2 | compile_error!("run tokio-util tests with `--features full`");
[INFO] [stdout]   | ^^^^^^^^^^^^^^^^^^^^^^^^^^^^^^^^^^^^^^^^^^^^^^^^^^^^^^^^^^^^^
[INFO] [stdout] 
[INFO] [stdout] 
[INFO] [stdout] error: aborting due to 1 previous error
[INFO] [stdout] 
[INFO] [stdout] 
[INFO] [stderr] error: could not compile `tokio-util_wasi` (test "_require_full") due to 2 previous errors
[INFO] [stderr] warning: build failed, waiting for other jobs to finish...
[INFO] [stdout] error[E0432]: unresolved import `tokio_util::codec`
[INFO] [stdout]  --> tests/length_delimited.rs:8:17
[INFO] [stdout]   |
[INFO] [stdout] 8 | use tokio_util::codec::*;
[INFO] [stdout]   |                 ^^^^^ could not find `codec` in `tokio_util`
[INFO] [stdout] 
[INFO] [stdout] 
[INFO] [stdout] error[E0432]: unresolved import `tokio_test`
[INFO] [stdout]  --> tests/length_delimited.rs:4:5
[INFO] [stdout]   |
[INFO] [stdout] 4 | use tokio_test::task;
[INFO] [stdout]   |     ^^^^^^^^^^ use of undeclared crate or module `tokio_test`
[INFO] [stdout] 
[INFO] [stdout] 
[INFO] [stdout] error[E0432]: unresolved import `tokio_test`
[INFO] [stdout]  --> tests/length_delimited.rs:5:5
[INFO] [stdout]   |
[INFO] [stdout] 5 | use tokio_test::{
[INFO] [stdout]   |     ^^^^^^^^^^ use of undeclared crate or module `tokio_test`
[INFO] [stdout] 
[INFO] [stdout] 
[INFO] [stdout] error[E0432]: unresolved import `futures`
[INFO] [stdout]   --> tests/length_delimited.rs:11:5
[INFO] [stdout]    |
[INFO] [stdout] 11 | use futures::{pin_mut, Sink, Stream};
[INFO] [stdout]    |     ^^^^^^^ use of undeclared crate or module `futures`
[INFO] [stdout] 
[INFO] [stdout] 
[INFO] [stdout] error[E0433]: failed to resolve: use of undeclared crate or module `tokio_test`
[INFO] [stdout]   --> tests/poll_semaphore.rs:11:6
[INFO] [stdout]    |
[INFO] [stdout] 11 | ) -> tokio_test::task::Spawn<impl Future<Output = SemRet> + '_> {
[INFO] [stdout]    |      ^^^^^^^^^^ use of undeclared crate or module `tokio_test`
[INFO] [stdout] 
[INFO] [stdout] 
[INFO] [stdout] error: cannot determine resolution for the macro `pin_mut`
[INFO] [stdout]   --> tests/length_delimited.rs:77:5
[INFO] [stdout]    |
[INFO] [stdout] 77 |     pin_mut!(io);
[INFO] [stdout]    |     ^^^^^^^
[INFO] [stdout]    |
[INFO] [stdout]    = note: import resolution is stuck, try simplifying macro imports
[INFO] [stdout] 
[INFO] [stdout] 
[INFO] [stdout] error: cannot determine resolution for the macro `assert_ready`
[INFO] [stdout]    --> tests/framed_read.rs:26:19
[INFO] [stdout]     |
[INFO] [stdout] 26  |         let val = assert_ready!($e);
[INFO] [stdout]     |                   ^^^^^^^^^^^^
[INFO] [stdout] ...
[INFO] [stdout] 286 |         assert_read!(pin!(framed).poll_next(cx), 3);
[INFO] [stdout]     |         ------------------------------------------- in this macro invocation
[INFO] [stdout]     |
[INFO] [stdout]     = note: import resolution is stuck, try simplifying macro imports
[INFO] [stdout]     = note: this error originates in the macro `assert_read` (in Nightly builds, run with -Z macro-backtrace for more info)
[INFO] [stdout] 
[INFO] [stdout] 
[INFO] [stdout] error: cannot determine resolution for the macro `assert_ready`
[INFO] [stdout]    --> tests/framed_read.rs:287:17
[INFO] [stdout]     |
[INFO] [stdout] 287 |         assert!(assert_ready!(pin!(framed).poll_next(cx)).is_none());
[INFO] [stdout]     |                 ^^^^^^^^^^^^
[INFO] [stdout]     |
[INFO] [stdout]     = note: import resolution is stuck, try simplifying macro imports
[INFO] [stdout] 
[INFO] [stdout] 
[INFO] [stdout] error: cannot determine resolution for the macro `assert_ready`
[INFO] [stdout]    --> tests/framed_read.rs:26:19
[INFO] [stdout]     |
[INFO] [stdout] 26  |         let val = assert_ready!($e);
[INFO] [stdout]     |                   ^^^^^^^^^^^^
[INFO] [stdout] ...
[INFO] [stdout] 304 |         assert_read!(pin!(framed).poll_next(cx), 1);
[INFO] [stdout]     |         ------------------------------------------- in this macro invocation
[INFO] [stdout]     |
[INFO] [stdout]     = note: import resolution is stuck, try simplifying macro imports
[INFO] [stdout]     = note: this error originates in the macro `assert_read` (in Nightly builds, run with -Z macro-backtrace for more info)
[INFO] [stdout] 
[INFO] [stdout] 
[INFO] [stdout] error: cannot determine resolution for the macro `assert_ready`
[INFO] [stdout]    --> tests/framed_read.rs:305:17
[INFO] [stdout]     |
[INFO] [stdout] 305 |         assert!(assert_ready!(pin!(framed).poll_next(cx)).is_none());
[INFO] [stdout]     |                 ^^^^^^^^^^^^
[INFO] [stdout]     |
[INFO] [stdout]     = note: import resolution is stuck, try simplifying macro imports
[INFO] [stdout] 
[INFO] [stdout] 
[INFO] [stdout] error: cannot determine resolution for the macro `assert_ready`
[INFO] [stdout]    --> tests/framed_read.rs:26:19
[INFO] [stdout]     |
[INFO] [stdout] 26  |         let val = assert_ready!($e);
[INFO] [stdout]     |                   ^^^^^^^^^^^^
[INFO] [stdout] ...
[INFO] [stdout] 306 |         assert_read!(pin!(framed).poll_next(cx), 2);
[INFO] [stdout]     |         ------------------------------------------- in this macro invocation
[INFO] [stdout]     |
[INFO] [stdout]     = note: import resolution is stuck, try simplifying macro imports
[INFO] [stdout]     = note: this error originates in the macro `assert_read` (in Nightly builds, run with -Z macro-backtrace for more info)
[INFO] [stdout] 
[INFO] [stdout] 
[INFO] [stdout] error: cannot determine resolution for the macro `assert_ready`
[INFO] [stdout]    --> tests/framed_read.rs:307:17
[INFO] [stdout]     |
[INFO] [stdout] 307 |         assert!(assert_ready!(pin!(framed).poll_next(cx)).is_none());
[INFO] [stdout]     |                 ^^^^^^^^^^^^
[INFO] [stdout]     |
[INFO] [stdout]     = note: import resolution is stuck, try simplifying macro imports
[INFO] [stdout] 
[INFO] [stdout] 
[INFO] [stdout] error: cannot determine resolution for the macro `assert_ready`
[INFO] [stdout]    --> tests/framed_read.rs:26:19
[INFO] [stdout]     |
[INFO] [stdout] 26  |         let val = assert_ready!($e);
[INFO] [stdout]     |                   ^^^^^^^^^^^^
[INFO] [stdout] ...
[INFO] [stdout] 308 |         assert_read!(pin!(framed).poll_next(cx), 3);
[INFO] [stdout]     |         ------------------------------------------- in this macro invocation
[INFO] [stdout]     |
[INFO] [stdout]     = note: import resolution is stuck, try simplifying macro imports
[INFO] [stdout]     = note: this error originates in the macro `assert_read` (in Nightly builds, run with -Z macro-backtrace for more info)
[INFO] [stdout] 
[INFO] [stdout] 
[INFO] [stdout] error: cannot determine resolution for the macro `assert_ready`
[INFO] [stdout]    --> tests/framed_read.rs:309:17
[INFO] [stdout]     |
[INFO] [stdout] 309 |         assert!(assert_ready!(pin!(framed).poll_next(cx)).is_none());
[INFO] [stdout]     |                 ^^^^^^^^^^^^
[INFO] [stdout]     |
[INFO] [stdout]     = note: import resolution is stuck, try simplifying macro imports
[INFO] [stdout] 
[INFO] [stdout] 
[INFO] [stdout] error: cannot determine resolution for the macro `assert_ready`
[INFO] [stdout]    --> tests/framed_read.rs:310:17
[INFO] [stdout]     |
[INFO] [stdout] 310 |         assert!(assert_ready!(pin!(framed).poll_next(cx)).is_none());
[INFO] [stdout]     |                 ^^^^^^^^^^^^
[INFO] [stdout]     |
[INFO] [stdout]     = note: import resolution is stuck, try simplifying macro imports
[INFO] [stdout] 
[INFO] [stdout] 
[INFO] [stdout] error: cannot determine resolution for the macro `assert_ready`
[INFO] [stdout]   --> tests/length_delimited.rs:64:23
[INFO] [stdout]    |
[INFO] [stdout] 64 |             let res = assert_ready!($io.as_mut().poll_next(cx));
[INFO] [stdout]    |                       ^^^^^^^^^^^^
[INFO] [stdout] ...
[INFO] [stdout] 79 |     assert_done!(io);
[INFO] [stdout]    |     ---------------- in this macro invocation
[INFO] [stdout]    |
[INFO] [stdout]    = note: import resolution is stuck, try simplifying macro imports
[INFO] [stdout]    = note: this error originates in the macro `assert_done` (in Nightly builds, run with -Z macro-backtrace for more info)
[INFO] [stdout] 
[INFO] [stdout] 
[INFO] [stdout] error: cannot determine resolution for the macro `pin_mut`
[INFO] [stdout]   --> tests/length_delimited.rs:90:5
[INFO] [stdout]    |
[INFO] [stdout] 90 |     pin_mut!(io);
[INFO] [stdout]    |     ^^^^^^^
[INFO] [stdout]    |
[INFO] [stdout]    = note: import resolution is stuck, try simplifying macro imports
[INFO] [stdout] 
[INFO] [stdout] 
[INFO] [stdout] error: cannot determine resolution for the macro `assert_ready`
[INFO] [stdout]   --> tests/length_delimited.rs:29:23
[INFO] [stdout]    |
[INFO] [stdout] 29 |             let res = assert_ready!($io.as_mut().poll_next(cx));
[INFO] [stdout]    |                       ^^^^^^^^^^^^
[INFO] [stdout] ...
[INFO] [stdout] 92 |     assert_next_eq!(io, b"abcdefghi");
[INFO] [stdout]    |     --------------------------------- in this macro invocation
[INFO] [stdout]    |
[INFO] [stdout]    = note: import resolution is stuck, try simplifying macro imports
[INFO] [stdout]    = note: this error originates in the macro `assert_next_eq` (in Nightly builds, run with -Z macro-backtrace for more info)
[INFO] [stdout] 
[INFO] [stdout] 
[INFO] [stdout] error: cannot determine resolution for the macro `assert_ready`
[INFO] [stdout]   --> tests/length_delimited.rs:64:23
[INFO] [stdout]    |
[INFO] [stdout] 64 |             let res = assert_ready!($io.as_mut().poll_next(cx));
[INFO] [stdout]    |                       ^^^^^^^^^^^^
[INFO] [stdout] ...
[INFO] [stdout] 93 |     assert_done!(io);
[INFO] [stdout]    |     ---------------- in this macro invocation
[INFO] [stdout]    |
[INFO] [stdout]    = note: import resolution is stuck, try simplifying macro imports
[INFO] [stdout]    = note: this error originates in the macro `assert_done` (in Nightly builds, run with -Z macro-backtrace for more info)
[INFO] [stdout] 
[INFO] [stdout] 
[INFO] [stdout] error: cannot determine resolution for the macro `pin_mut`
[INFO] [stdout]    --> tests/length_delimited.rs:103:5
[INFO] [stdout]     |
[INFO] [stdout] 103 |     pin_mut!(io);
[INFO] [stdout]     |     ^^^^^^^
[INFO] [stdout]     |
[INFO] [stdout]     = note: import resolution is stuck, try simplifying macro imports
[INFO] [stdout] 
[INFO] [stdout] 
[INFO] [stdout] error: cannot determine resolution for the macro `assert_ready`
[INFO] [stdout]    --> tests/length_delimited.rs:29:23
[INFO] [stdout]     |
[INFO] [stdout] 29  |             let res = assert_ready!($io.as_mut().poll_next(cx));
[INFO] [stdout]     |                       ^^^^^^^^^^^^
[INFO] [stdout] ...
[INFO] [stdout] 105 |     assert_next_eq!(io, b"abcdefghi");
[INFO] [stdout]     |     --------------------------------- in this macro invocation
[INFO] [stdout]     |
[INFO] [stdout]     = note: import resolution is stuck, try simplifying macro imports
[INFO] [stdout]     = note: this error originates in the macro `assert_next_eq` (in Nightly builds, run with -Z macro-backtrace for more info)
[INFO] [stdout] 
[INFO] [stdout] 
[INFO] [stdout] error: cannot determine resolution for the macro `assert_ready`
[INFO] [stdout]    --> tests/length_delimited.rs:64:23
[INFO] [stdout]     |
[INFO] [stdout] 64  |             let res = assert_ready!($io.as_mut().poll_next(cx));
[INFO] [stdout]     |                       ^^^^^^^^^^^^
[INFO] [stdout] ...
[INFO] [stdout] 106 |     assert_done!(io);
[INFO] [stdout]     |     ---------------- in this macro invocation
[INFO] [stdout]     |
[INFO] [stdout]     = note: import resolution is stuck, try simplifying macro imports
[INFO] [stdout]     = note: this error originates in the macro `assert_done` (in Nightly builds, run with -Z macro-backtrace for more info)
[INFO] [stdout] 
[INFO] [stdout] 
[INFO] [stdout] error: cannot determine resolution for the macro `pin_mut`
[INFO] [stdout]    --> tests/length_delimited.rs:121:5
[INFO] [stdout]     |
[INFO] [stdout] 121 |     pin_mut!(io);
[INFO] [stdout]     |     ^^^^^^^
[INFO] [stdout]     |
[INFO] [stdout]     = note: import resolution is stuck, try simplifying macro imports
[INFO] [stdout] 
[INFO] [stdout] 
[INFO] [stdout] error: cannot determine resolution for the macro `assert_ready`
[INFO] [stdout]    --> tests/length_delimited.rs:29:23
[INFO] [stdout]     |
[INFO] [stdout] 29  |             let res = assert_ready!($io.as_mut().poll_next(cx));
[INFO] [stdout]     |                       ^^^^^^^^^^^^
[INFO] [stdout] ...
[INFO] [stdout] 123 |     assert_next_eq!(io, b"abcdefghi");
[INFO] [stdout]     |     --------------------------------- in this macro invocation
[INFO] [stdout]     |
[INFO] [stdout]     = note: import resolution is stuck, try simplifying macro imports
[INFO] [stdout]     = note: this error originates in the macro `assert_next_eq` (in Nightly builds, run with -Z macro-backtrace for more info)
[INFO] [stdout] 
[INFO] [stdout] 
[INFO] [stdout] error: cannot determine resolution for the macro `assert_ready`
[INFO] [stdout]    --> tests/length_delimited.rs:64:23
[INFO] [stdout]     |
[INFO] [stdout] 64  |             let res = assert_ready!($io.as_mut().poll_next(cx));
[INFO] [stdout]     |                       ^^^^^^^^^^^^
[INFO] [stdout] ...
[INFO] [stdout] 124 |     assert_done!(io);
[INFO] [stdout]     |     ---------------- in this macro invocation
[INFO] [stdout]     |
[INFO] [stdout]     = note: import resolution is stuck, try simplifying macro imports
[INFO] [stdout]     = note: this error originates in the macro `assert_done` (in Nightly builds, run with -Z macro-backtrace for more info)
[INFO] [stdout] 
[INFO] [stdout] 
[INFO] [stdout] error: cannot determine resolution for the macro `pin_mut`
[INFO] [stdout]    --> tests/length_delimited.rs:140:5
[INFO] [stdout]     |
[INFO] [stdout] 140 |     pin_mut!(io);
[INFO] [stdout]     |     ^^^^^^^
[INFO] [stdout]     |
[INFO] [stdout]     = note: import resolution is stuck, try simplifying macro imports
[INFO] [stdout] 
[INFO] [stdout] 
[INFO] [stdout] error: cannot determine resolution for the macro `assert_ready`
[INFO] [stdout]    --> tests/length_delimited.rs:29:23
[INFO] [stdout]     |
[INFO] [stdout] 29  |             let res = assert_ready!($io.as_mut().poll_next(cx));
[INFO] [stdout]     |                       ^^^^^^^^^^^^
[INFO] [stdout] ...
[INFO] [stdout] 142 |     assert_next_eq!(io, b"abcdefghi");
[INFO] [stdout]     |     --------------------------------- in this macro invocation
[INFO] [stdout]     |
[INFO] [stdout]     = note: import resolution is stuck, try simplifying macro imports
[INFO] [stdout]     = note: this error originates in the macro `assert_next_eq` (in Nightly builds, run with -Z macro-backtrace for more info)
[INFO] [stdout] 
[INFO] [stdout] 
[INFO] [stdout] error: cannot determine resolution for the macro `assert_ready`
[INFO] [stdout]    --> tests/length_delimited.rs:29:23
[INFO] [stdout]     |
[INFO] [stdout] 29  |             let res = assert_ready!($io.as_mut().poll_next(cx));
[INFO] [stdout]     |                       ^^^^^^^^^^^^
[INFO] [stdout] ...
[INFO] [stdout] 143 |     assert_next_eq!(io, b"123");
[INFO] [stdout]     |     --------------------------- in this macro invocation
[INFO] [stdout]     |
[INFO] [stdout]     = note: import resolution is stuck, try simplifying macro imports
[INFO] [stdout]     = note: this error originates in the macro `assert_next_eq` (in Nightly builds, run with -Z macro-backtrace for more info)
[INFO] [stdout] 
[INFO] [stdout] 
[INFO] [stdout] error: cannot determine resolution for the macro `assert_ready`
[INFO] [stdout]    --> tests/length_delimited.rs:29:23
[INFO] [stdout]     |
[INFO] [stdout] 29  |             let res = assert_ready!($io.as_mut().poll_next(cx));
[INFO] [stdout]     |                       ^^^^^^^^^^^^
[INFO] [stdout] ...
[INFO] [stdout] 144 |     assert_next_eq!(io, b"hello world");
[INFO] [stdout]     |     ----------------------------------- in this macro invocation
[INFO] [stdout]     |
[INFO] [stdout]     = note: import resolution is stuck, try simplifying macro imports
[INFO] [stdout]     = note: this error originates in the macro `assert_next_eq` (in Nightly builds, run with -Z macro-backtrace for more info)
[INFO] [stdout] 
[INFO] [stdout] 
[INFO] [stdout] error: cannot determine resolution for the macro `assert_ready`
[INFO] [stdout]    --> tests/length_delimited.rs:64:23
[INFO] [stdout]     |
[INFO] [stdout] 64  |             let res = assert_ready!($io.as_mut().poll_next(cx));
[INFO] [stdout]     |                       ^^^^^^^^^^^^
[INFO] [stdout] ...
[INFO] [stdout] 145 |     assert_done!(io);
[INFO] [stdout]     |     ---------------- in this macro invocation
[INFO] [stdout]     |
[INFO] [stdout]     = note: import resolution is stuck, try simplifying macro imports
[INFO] [stdout]     = note: this error originates in the macro `assert_done` (in Nightly builds, run with -Z macro-backtrace for more info)
[INFO] [stdout] 
[INFO] [stdout] 
[INFO] [stdout] error: cannot determine resolution for the macro `pin_mut`
[INFO] [stdout]    --> tests/length_delimited.rs:158:5
[INFO] [stdout]     |
[INFO] [stdout] 158 |     pin_mut!(io);
[INFO] [stdout]     |     ^^^^^^^
[INFO] [stdout]     |
[INFO] [stdout]     = note: import resolution is stuck, try simplifying macro imports
[INFO] [stdout] 
[INFO] [stdout] 
[INFO] [stdout] error: cannot determine resolution for the macro `assert_ready`
[INFO] [stdout]    --> tests/length_delimited.rs:29:23
[INFO] [stdout]     |
[INFO] [stdout] 29  |             let res = assert_ready!($io.as_mut().poll_next(cx));
[INFO] [stdout]     |                       ^^^^^^^^^^^^
[INFO] [stdout] ...
[INFO] [stdout] 160 |     assert_next_eq!(io, b"abcdefghi");
[INFO] [stdout]     |     --------------------------------- in this macro invocation
[INFO] [stdout]     |
[INFO] [stdout]     = note: import resolution is stuck, try simplifying macro imports
[INFO] [stdout]     = note: this error originates in the macro `assert_next_eq` (in Nightly builds, run with -Z macro-backtrace for more info)
[INFO] [stdout] 
[INFO] [stdout] 
[INFO] [stdout] error: cannot determine resolution for the macro `assert_ready`
[INFO] [stdout]    --> tests/length_delimited.rs:64:23
[INFO] [stdout]     |
[INFO] [stdout] 64  |             let res = assert_ready!($io.as_mut().poll_next(cx));
[INFO] [stdout]     |                       ^^^^^^^^^^^^
[INFO] [stdout] ...
[INFO] [stdout] 161 |     assert_done!(io);
[INFO] [stdout]     |     ---------------- in this macro invocation
[INFO] [stdout]     |
[INFO] [stdout]     = note: import resolution is stuck, try simplifying macro imports
[INFO] [stdout]     = note: this error originates in the macro `assert_done` (in Nightly builds, run with -Z macro-backtrace for more info)
[INFO] [stdout] 
[INFO] [stdout] 
[INFO] [stdout] error: cannot determine resolution for the macro `pin_mut`
[INFO] [stdout]    --> tests/length_delimited.rs:176:5
[INFO] [stdout]     |
[INFO] [stdout] 176 |     pin_mut!(io);
[INFO] [stdout]     |     ^^^^^^^
[INFO] [stdout]     |
[INFO] [stdout]     = note: import resolution is stuck, try simplifying macro imports
[INFO] [stdout] 
[INFO] [stdout] 
[INFO] [stdout] error[E0433]: failed to resolve: could not find `io` in `tokio_util`
[INFO] [stdout]   --> tests/io_reader_stream.rs:40:34
[INFO] [stdout]    |
[INFO] [stdout] 40 |     let mut stream = tokio_util::io::ReaderStream::new(reader);
[INFO] [stdout]    |                                  ^^ could not find `io` in `tokio_util`
[INFO] [stdout] 
[INFO] [stdout] 
[INFO] [stdout] error: cannot determine resolution for the macro `assert_ready`
[INFO] [stdout]    --> tests/length_delimited.rs:29:23
[INFO] [stdout]     |
[INFO] [stdout] 29  |             let res = assert_ready!($io.as_mut().poll_next(cx));
[INFO] [stdout]     |                       ^^^^^^^^^^^^
[INFO] [stdout] ...
[INFO] [stdout] 178 |     assert_next_eq!(io, b"abcdefghi");
[INFO] [stdout]     |     --------------------------------- in this macro invocation
[INFO] [stdout]     |
[INFO] [stdout]     = note: import resolution is stuck, try simplifying macro imports
[INFO] [stdout]     = note: this error originates in the macro `assert_next_eq` (in Nightly builds, run with -Z macro-backtrace for more info)
[INFO] [stdout] 
[INFO] [stdout] 
[INFO] [stdout] error: cannot determine resolution for the macro `assert_ready`
[INFO] [stdout]    --> tests/length_delimited.rs:29:23
[INFO] [stdout]     |
[INFO] [stdout] 29  |             let res = assert_ready!($io.as_mut().poll_next(cx));
[INFO] [stdout]     |                       ^^^^^^^^^^^^
[INFO] [stdout] ...
[INFO] [stdout] 179 |     assert_next_eq!(io, b"123");
[INFO] [stdout]     |     --------------------------- in this macro invocation
[INFO] [stdout]     |
[INFO] [stdout]     = note: import resolution is stuck, try simplifying macro imports
[INFO] [stdout]     = note: this error originates in the macro `assert_next_eq` (in Nightly builds, run with -Z macro-backtrace for more info)
[INFO] [stdout] 
[INFO] [stdout] 
[INFO] [stdout] error[E0432]: unresolved import `tokio::io::AsyncWriteExt`
[INFO] [stdout]    --> tests/io_sink_writer.rs:6:5
[INFO] [stdout]     |
[INFO] [stdout] 6   | use tokio::io::AsyncWriteExt;
[INFO] [stdout]     |     ^^^^^^^^^^^-------------
[INFO] [stdout]     |     |          |
[INFO] [stdout]     |     |          help: a similar name exists in the module: `AsyncWrite`
[INFO] [stdout]     |     no `AsyncWriteExt` in `io`
[INFO] [stdout]     |
[INFO] [stdout] note: found an item that was configured out
[INFO] [stdout]    --> /opt/rustwide/cargo-home/registry/src/index.crates.io-6f17d22bba15001f/tokio_wasi-1.25.2/src/io/mod.rs:266:119
[INFO] [stdout]     |
[INFO] [stdout] 266 |         copy, copy_bidirectional, copy_buf, duplex, empty, repeat, sink, AsyncBufReadExt, AsyncReadExt, AsyncSeekExt, AsyncWriteExt,
[INFO] [stdout]     |                                                                                                                       ^^^^^^^^^^^^^
[INFO] [stdout]     = note: the item is gated behind the `io-util` feature
[INFO] [stdout] 
[INFO] [stdout] 
[INFO] [stdout] error[E0432]: unresolved import `tokio_util::codec`
[INFO] [stdout]  --> tests/io_sink_writer.rs:7:17
[INFO] [stdout]   |
[INFO] [stdout] 7 | use tokio_util::codec::{Encoder, FramedWrite};
[INFO] [stdout]   |                 ^^^^^ could not find `codec` in `tokio_util`
[INFO] [stdout] 
[INFO] [stdout] 
[INFO] [stdout] error[E0432]: unresolved import `tokio_util::io`
[INFO] [stdout]  --> tests/io_sink_writer.rs:8:17
[INFO] [stdout]   |
[INFO] [stdout] 8 | use tokio_util::io::{CopyToBytes, SinkWriter};
[INFO] [stdout]   |                 ^^ could not find `io` in `tokio_util`
[INFO] [stdout] 
[INFO] [stdout] 
[INFO] [stdout] error[E0432]: unresolved import `futures_util`
[INFO] [stdout]  --> tests/io_sink_writer.rs:4:5
[INFO] [stdout]   |
[INFO] [stdout] 4 | use futures_util::SinkExt;
[INFO] [stdout]   |     ^^^^^^^^^^^^ use of undeclared crate or module `futures_util`
[INFO] [stdout]   |
[INFO] [stdout] help: there is a crate or module with a similar name
[INFO] [stdout]   |
[INFO] [stdout] 4 | use futures_core::SinkExt;
[INFO] [stdout]   |     ~~~~~~~~~~~~
[INFO] [stdout] 
[INFO] [stdout] 
[INFO] [stdout] error[E0433]: failed to resolve: could not find `test` in `tokio`
[INFO] [stdout]   --> tests/io_sink_writer.rs:11:10
[INFO] [stdout]    |
[INFO] [stdout] 11 | #[tokio::test]
[INFO] [stdout]    |          ^^^^ could not find `test` in `tokio`
[INFO] [stdout] 
[INFO] [stdout] 
[INFO] [stdout] error[E0433]: failed to resolve: could not find `test` in `tokio`
[INFO] [stdout]   --> tests/io_sink_writer.rs:54:10
[INFO] [stdout]    |
[INFO] [stdout] 54 | #[tokio::test]
[INFO] [stdout]    |          ^^^^ could not find `test` in `tokio`
[INFO] [stdout] 
[INFO] [stdout] 
[INFO] [stdout] error: cannot determine resolution for the macro `assert_ready`
[INFO] [stdout]    --> tests/length_delimited.rs:29:23
[INFO] [stdout]     |
[INFO] [stdout] 29  |             let res = assert_ready!($io.as_mut().poll_next(cx));
[INFO] [stdout]     |                       ^^^^^^^^^^^^
[INFO] [stdout] ...
[INFO] [stdout] 180 |     assert_next_eq!(io, b"hello world");
[INFO] [stdout]     |     ----------------------------------- in this macro invocation
[INFO] [stdout]     |
[INFO] [stdout]     = note: import resolution is stuck, try simplifying macro imports
[INFO] [stdout]     = note: this error originates in the macro `assert_next_eq` (in Nightly builds, run with -Z macro-backtrace for more info)
[INFO] [stdout] 
[INFO] [stdout] 
[INFO] [stdout] error: cannot determine resolution for the macro `assert_ready`
[INFO] [stdout]    --> tests/length_delimited.rs:64:23
[INFO] [stdout]     |
[INFO] [stdout] 64  |             let res = assert_ready!($io.as_mut().poll_next(cx));
[INFO] [stdout]     |                       ^^^^^^^^^^^^
[INFO] [stdout] ...
[INFO] [stdout] 181 |     assert_done!(io);
[INFO] [stdout]     |     ---------------- in this macro invocation
[INFO] [stdout]     |
[INFO] [stdout]     = note: import resolution is stuck, try simplifying macro imports
[INFO] [stdout]     = note: this error originates in the macro `assert_done` (in Nightly builds, run with -Z macro-backtrace for more info)
[INFO] [stdout] 
[INFO] [stdout] 
[INFO] [stdout] error: cannot determine resolution for the macro `pin_mut`
[INFO] [stdout]    --> tests/length_delimited.rs:197:5
[INFO] [stdout]     |
[INFO] [stdout] 197 |     pin_mut!(io);
[INFO] [stdout]     |     ^^^^^^^
[INFO] [stdout]     |
[INFO] [stdout]     = note: import resolution is stuck, try simplifying macro imports
[INFO] [stdout] 
[INFO] [stdout] 
[INFO] [stdout] error: cannot determine resolution for the macro `assert_ready`
[INFO] [stdout]    --> tests/length_delimited.rs:29:23
[INFO] [stdout]     |
[INFO] [stdout] 29  |             let res = assert_ready!($io.as_mut().poll_next(cx));
[INFO] [stdout]     |                       ^^^^^^^^^^^^
[INFO] [stdout] ...
[INFO] [stdout] 201 |     assert_next_eq!(io, b"abcdefghi");
[INFO] [stdout]     |     --------------------------------- in this macro invocation
[INFO] [stdout]     |
[INFO] [stdout]     = note: import resolution is stuck, try simplifying macro imports
[INFO] [stdout]     = note: this error originates in the macro `assert_next_eq` (in Nightly builds, run with -Z macro-backtrace for more info)
[INFO] [stdout] 
[INFO] [stdout] 
[INFO] [stdout] error: cannot determine resolution for the macro `assert_ready`
[INFO] [stdout]    --> tests/length_delimited.rs:64:23
[INFO] [stdout]     |
[INFO] [stdout] 64  |             let res = assert_ready!($io.as_mut().poll_next(cx));
[INFO] [stdout]     |                       ^^^^^^^^^^^^
[INFO] [stdout] ...
[INFO] [stdout] 203 |     assert_done!(io);
[INFO] [stdout]     |     ---------------- in this macro invocation
[INFO] [stdout]     |
[INFO] [stdout]     = note: import resolution is stuck, try simplifying macro imports
[INFO] [stdout]     = note: this error originates in the macro `assert_done` (in Nightly builds, run with -Z macro-backtrace for more info)
[INFO] [stdout] 
[INFO] [stdout] 
[INFO] [stdout] error: cannot determine resolution for the macro `pin_mut`
[INFO] [stdout]    --> tests/length_delimited.rs:223:5
[INFO] [stdout]     |
[INFO] [stdout] 223 |     pin_mut!(io);
[INFO] [stdout]     |     ^^^^^^^
[INFO] [stdout]     |
[INFO] [stdout]     = note: import resolution is stuck, try simplifying macro imports
[INFO] [stdout] 
[INFO] [stdout] 
[INFO] [stdout] error: cannot determine resolution for the macro `assert_ready`
[INFO] [stdout]    --> tests/length_delimited.rs:29:23
[INFO] [stdout]     |
[INFO] [stdout] 29  |             let res = assert_ready!($io.as_mut().poll_next(cx));
[INFO] [stdout]     |                       ^^^^^^^^^^^^
[INFO] [stdout] ...
[INFO] [stdout] 227 |     assert_next_eq!(io, b"abcdefghi");
[INFO] [stdout]     |     --------------------------------- in this macro invocation
[INFO] [stdout]     |
[INFO] [stdout]     = note: import resolution is stuck, try simplifying macro imports
[INFO] [stdout]     = note: this error originates in the macro `assert_next_eq` (in Nightly builds, run with -Z macro-backtrace for more info)
[INFO] [stdout] 
[INFO] [stdout] 
[INFO] [stdout] error: cannot determine resolution for the macro `assert_ready`
[INFO] [stdout]    --> tests/length_delimited.rs:29:23
[INFO] [stdout]     |
[INFO] [stdout] 29  |             let res = assert_ready!($io.as_mut().poll_next(cx));
[INFO] [stdout]     |                       ^^^^^^^^^^^^
[INFO] [stdout] ...
[INFO] [stdout] 230 |     assert_next_eq!(io, b"123");
[INFO] [stdout]     |     --------------------------- in this macro invocation
[INFO] [stdout]     |
[INFO] [stdout]     = note: import resolution is stuck, try simplifying macro imports
[INFO] [stdout]     = note: this error originates in the macro `assert_next_eq` (in Nightly builds, run with -Z macro-backtrace for more info)
[INFO] [stdout] 
[INFO] [stdout] 
[INFO] [stdout] error: cannot determine resolution for the macro `assert_ready`
[INFO] [stdout]    --> tests/length_delimited.rs:29:23
[INFO] [stdout]     |
[INFO] [stdout] 29  |             let res = assert_ready!($io.as_mut().poll_next(cx));
[INFO] [stdout]     |                       ^^^^^^^^^^^^
[INFO] [stdout] ...
[INFO] [stdout] 231 |     assert_next_eq!(io, b"hello world");
[INFO] [stdout]     |     ----------------------------------- in this macro invocation
[INFO] [stdout]     |
[INFO] [stdout]     = note: import resolution is stuck, try simplifying macro imports
[INFO] [stdout]     = note: this error originates in the macro `assert_next_eq` (in Nightly builds, run with -Z macro-backtrace for more info)
[INFO] [stdout] 
[INFO] [stdout] 
[INFO] [stdout] error: cannot determine resolution for the macro `assert_ready`
[INFO] [stdout]    --> tests/length_delimited.rs:64:23
[INFO] [stdout]     |
[INFO] [stdout] 64  |             let res = assert_ready!($io.as_mut().poll_next(cx));
[INFO] [stdout]     |                       ^^^^^^^^^^^^
[INFO] [stdout] ...
[INFO] [stdout] 233 |     assert_done!(io);
[INFO] [stdout]     |     ---------------- in this macro invocation
[INFO] [stdout]     |
[INFO] [stdout]     = note: import resolution is stuck, try simplifying macro imports
[INFO] [stdout]     = note: this error originates in the macro `assert_done` (in Nightly builds, run with -Z macro-backtrace for more info)
[INFO] [stdout] 
[INFO] [stdout] 
[INFO] [stdout] error: cannot determine resolution for the macro `pin_mut`
[INFO] [stdout]    --> tests/length_delimited.rs:244:5
[INFO] [stdout]     |
[INFO] [stdout] 244 |     pin_mut!(io);
[INFO] [stdout]     |     ^^^^^^^
[INFO] [stdout]     |
[INFO] [stdout]     = note: import resolution is stuck, try simplifying macro imports
[INFO] [stdout] 
[INFO] [stdout] 
[INFO] [stdout] error: cannot determine resolution for the macro `pin_mut`
[INFO] [stdout]    --> tests/length_delimited.rs:259:5
[INFO] [stdout]     |
[INFO] [stdout] 259 |     pin_mut!(io);
[INFO] [stdout]     |     ^^^^^^^
[INFO] [stdout]     |
[INFO] [stdout]     = note: import resolution is stuck, try simplifying macro imports
[INFO] [stdout] 
[INFO] [stdout] 
[INFO] [stdout] error: cannot determine resolution for the macro `pin_mut`
[INFO] [stdout]    --> tests/length_delimited.rs:277:5
[INFO] [stdout]     |
[INFO] [stdout] 277 |     pin_mut!(io);
[INFO] [stdout]     |     ^^^^^^^
[INFO] [stdout]     |
[INFO] [stdout]     = note: import resolution is stuck, try simplifying macro imports
[INFO] [stdout] 
[INFO] [stdout] 
[INFO] [stdout] error: cannot determine resolution for the macro `pin_mut`
[INFO] [stdout]    --> tests/length_delimited.rs:291:5
[INFO] [stdout]     |
[INFO] [stdout] 291 |     pin_mut!(io);
[INFO] [stdout]     |     ^^^^^^^
[INFO] [stdout]     |
[INFO] [stdout]     = note: import resolution is stuck, try simplifying macro imports
[INFO] [stdout] 
[INFO] [stdout] 
[INFO] [stdout] error: cannot determine resolution for the macro `pin_mut`
[INFO] [stdout]    --> tests/length_delimited.rs:302:5
[INFO] [stdout]     |
[INFO] [stdout] 302 |     pin_mut!(io);
[INFO] [stdout]     |     ^^^^^^^
[INFO] [stdout]     |
[INFO] [stdout]     = note: import resolution is stuck, try simplifying macro imports
[INFO] [stdout] 
[INFO] [stdout] 
[INFO] [stdout] error: cannot determine resolution for the macro `assert_ready`
[INFO] [stdout]    --> tests/length_delimited.rs:29:23
[INFO] [stdout]     |
[INFO] [stdout] 29  |             let res = assert_ready!($io.as_mut().poll_next(cx));
[INFO] [stdout]     |                       ^^^^^^^^^^^^
[INFO] [stdout] ...
[INFO] [stdout] 304 |     assert_next_eq!(io, b"abcdefghi");
[INFO] [stdout]     |     --------------------------------- in this macro invocation
[INFO] [stdout]     |
[INFO] [stdout]     = note: import resolution is stuck, try simplifying macro imports
[INFO] [stdout]     = note: this error originates in the macro `assert_next_eq` (in Nightly builds, run with -Z macro-backtrace for more info)
[INFO] [stdout] 
[INFO] [stdout] 
[INFO] [stdout] error: cannot determine resolution for the macro `pin_mut`
[INFO] [stdout]    --> tests/length_delimited.rs:317:5
[INFO] [stdout]     |
[INFO] [stdout] 317 |     pin_mut!(io);
[INFO] [stdout]     |     ^^^^^^^
[INFO] [stdout]     |
[INFO] [stdout]     = note: import resolution is stuck, try simplifying macro imports
[INFO] [stdout] 
[INFO] [stdout] 
[INFO] [stdout] error: cannot determine resolution for the macro `assert_ready`
[INFO] [stdout]    --> tests/length_delimited.rs:29:23
[INFO] [stdout]     |
[INFO] [stdout] 29  |             let res = assert_ready!($io.as_mut().poll_next(cx));
[INFO] [stdout]     |                       ^^^^^^^^^^^^
[INFO] [stdout] ...
[INFO] [stdout] 321 |     assert_next_eq!(io, b"abcdefghi");
[INFO] [stdout]     |     --------------------------------- in this macro invocation
[INFO] [stdout]     |
[INFO] [stdout]     = note: import resolution is stuck, try simplifying macro imports
[INFO] [stdout]     = note: this error originates in the macro `assert_next_eq` (in Nightly builds, run with -Z macro-backtrace for more info)
[INFO] [stdout] 
[INFO] [stdout] 
[INFO] [stdout] error: cannot determine resolution for the macro `pin_mut`
[INFO] [stdout]    --> tests/length_delimited.rs:332:5
[INFO] [stdout]     |
[INFO] [stdout] 332 |     pin_mut!(io);
[INFO] [stdout]     |     ^^^^^^^
[INFO] [stdout]     |
[INFO] [stdout]     = note: import resolution is stuck, try simplifying macro imports
[INFO] [stdout] 
[INFO] [stdout] 
[INFO] [stdout] error: cannot determine resolution for the macro `assert_ready`
[INFO] [stdout]    --> tests/length_delimited.rs:29:23
[INFO] [stdout]     |
[INFO] [stdout] 29  |             let res = assert_ready!($io.as_mut().poll_next(cx));
[INFO] [stdout]     |                       ^^^^^^^^^^^^
[INFO] [stdout] ...
[INFO] [stdout] 334 |     assert_next_eq!(io, b"abcdefghi");
[INFO] [stdout]     |     --------------------------------- in this macro invocation
[INFO] [stdout]     |
[INFO] [stdout]     = note: import resolution is stuck, try simplifying macro imports
[INFO] [stdout]     = note: this error originates in the macro `assert_next_eq` (in Nightly builds, run with -Z macro-backtrace for more info)
[INFO] [stdout] 
[INFO] [stdout] 
[INFO] [stdout] error: cannot determine resolution for the macro `assert_ready`
[INFO] [stdout]    --> tests/length_delimited.rs:64:23
[INFO] [stdout]     |
[INFO] [stdout] 64  |             let res = assert_ready!($io.as_mut().poll_next(cx));
[INFO] [stdout]     |                       ^^^^^^^^^^^^
[INFO] [stdout] ...
[INFO] [stdout] 335 |     assert_done!(io);
[INFO] [stdout]     |     ---------------- in this macro invocation
[INFO] [stdout]     |
[INFO] [stdout]     = note: import resolution is stuck, try simplifying macro imports
[INFO] [stdout]     = note: this error originates in the macro `assert_done` (in Nightly builds, run with -Z macro-backtrace for more info)
[INFO] [stdout] 
[INFO] [stdout] 
[INFO] [stdout] error: cannot determine resolution for the macro `pin_mut`
[INFO] [stdout]    --> tests/length_delimited.rs:346:5
[INFO] [stdout]     |
[INFO] [stdout] 346 |     pin_mut!(io);
[INFO] [stdout]     |     ^^^^^^^
[INFO] [stdout]     |
[INFO] [stdout]     = note: import resolution is stuck, try simplifying macro imports
[INFO] [stdout] 
[INFO] [stdout] 
[INFO] [stdout] error: cannot determine resolution for the macro `assert_ready`
[INFO] [stdout]    --> tests/length_delimited.rs:29:23
[INFO] [stdout]     |
[INFO] [stdout] 29  |             let res = assert_ready!($io.as_mut().poll_next(cx));
[INFO] [stdout]     |                       ^^^^^^^^^^^^
[INFO] [stdout] ...
[INFO] [stdout] 348 |     assert_next_eq!(io, b"abcdefghi");
[INFO] [stdout]     |     --------------------------------- in this macro invocation
[INFO] [stdout]     |
[INFO] [stdout]     = note: import resolution is stuck, try simplifying macro imports
[INFO] [stdout]     = note: this error originates in the macro `assert_next_eq` (in Nightly builds, run with -Z macro-backtrace for more info)
[INFO] [stdout] 
[INFO] [stdout] 
[INFO] [stdout] error: cannot determine resolution for the macro `assert_ready`
[INFO] [stdout]    --> tests/length_delimited.rs:64:23
[INFO] [stdout]     |
[INFO] [stdout] 64  |             let res = assert_ready!($io.as_mut().poll_next(cx));
[INFO] [stdout]     |                       ^^^^^^^^^^^^
[INFO] [stdout] ...
[INFO] [stdout] 349 |     assert_done!(io);
[INFO] [stdout]     |     ---------------- in this macro invocation
[INFO] [stdout]     |
[INFO] [stdout]     = note: import resolution is stuck, try simplifying macro imports
[INFO] [stdout]     = note: this error originates in the macro `assert_done` (in Nightly builds, run with -Z macro-backtrace for more info)
[INFO] [stdout] 
[INFO] [stdout] 
[INFO] [stdout] error: cannot determine resolution for the macro `pin_mut`
[INFO] [stdout]    --> tests/length_delimited.rs:367:5
[INFO] [stdout]     |
[INFO] [stdout] 367 |     pin_mut!(io);
[INFO] [stdout]     |     ^^^^^^^
[INFO] [stdout]     |
[INFO] [stdout]     = note: import resolution is stuck, try simplifying macro imports
[INFO] [stdout] 
[INFO] [stdout] 
[INFO] [stdout] error: cannot determine resolution for the macro `assert_ready`
[INFO] [stdout]    --> tests/length_delimited.rs:29:23
[INFO] [stdout]     |
[INFO] [stdout] 29  |             let res = assert_ready!($io.as_mut().poll_next(cx));
[INFO] [stdout]     |                       ^^^^^^^^^^^^
[INFO] [stdout] ...
[INFO] [stdout] 369 |     assert_next_eq!(io, b"xx\x00\x09abcdefghi");
[INFO] [stdout]     |     ------------------------------------------- in this macro invocation
[INFO] [stdout]     |
[INFO] [stdout]     = note: import resolution is stuck, try simplifying macro imports
[INFO] [stdout]     = note: this error originates in the macro `assert_next_eq` (in Nightly builds, run with -Z macro-backtrace for more info)
[INFO] [stdout] 
[INFO] [stdout] 
[INFO] [stdout] error: cannot determine resolution for the macro `assert_ready`
[INFO] [stdout]    --> tests/length_delimited.rs:29:23
[INFO] [stdout]     |
[INFO] [stdout] 29  |             let res = assert_ready!($io.as_mut().poll_next(cx));
[INFO] [stdout]     |                       ^^^^^^^^^^^^
[INFO] [stdout] ...
[INFO] [stdout] 370 |     assert_next_eq!(io, b"yy\x00\x03123");
[INFO] [stdout]     |     ------------------------------------- in this macro invocation
[INFO] [stdout]     |
[INFO] [stdout]     = note: import resolution is stuck, try simplifying macro imports
[INFO] [stdout]     = note: this error originates in the macro `assert_next_eq` (in Nightly builds, run with -Z macro-backtrace for more info)
[INFO] [stdout] 
[INFO] [stdout] 
[INFO] [stdout] error: cannot determine resolution for the macro `assert_ready`
[INFO] [stdout]    --> tests/length_delimited.rs:29:23
[INFO] [stdout]     |
[INFO] [stdout] 29  |             let res = assert_ready!($io.as_mut().poll_next(cx));
[INFO] [stdout]     |                       ^^^^^^^^^^^^
[INFO] [stdout] ...
[INFO] [stdout] 371 |     assert_next_eq!(io, b"zz\x00\x0bhello world");
[INFO] [stdout]     |     --------------------------------------------- in this macro invocation
[INFO] [stdout]     |
[INFO] [stdout]     = note: import resolution is stuck, try simplifying macro imports
[INFO] [stdout]     = note: this error originates in the macro `assert_next_eq` (in Nightly builds, run with -Z macro-backtrace for more info)
[INFO] [stdout] 
[INFO] [stdout] 
[INFO] [stdout] error: cannot determine resolution for the macro `assert_ready`
[INFO] [stdout]    --> tests/length_delimited.rs:64:23
[INFO] [stdout]     |
[INFO] [stdout] 64  |             let res = assert_ready!($io.as_mut().poll_next(cx));
[INFO] [stdout]     |                       ^^^^^^^^^^^^
[INFO] [stdout] ...
[INFO] [stdout] 372 |     assert_done!(io);
[INFO] [stdout]     |     ---------------- in this macro invocation
[INFO] [stdout]     |
[INFO] [stdout]     = note: import resolution is stuck, try simplifying macro imports
[INFO] [stdout]     = note: this error originates in the macro `assert_done` (in Nightly builds, run with -Z macro-backtrace for more info)
[INFO] [stdout] 
[INFO] [stdout] 
[INFO] [stdout] error: cannot determine resolution for the macro `pin_mut`
[INFO] [stdout]    --> tests/length_delimited.rs:388:5
[INFO] [stdout]     |
[INFO] [stdout] 388 |     pin_mut!(io);
[INFO] [stdout]     |     ^^^^^^^
[INFO] [stdout]     |
[INFO] [stdout]     = note: import resolution is stuck, try simplifying macro imports
[INFO] [stdout] 
[INFO] [stdout] 
[INFO] [stdout] error: cannot determine resolution for the macro `assert_ready`
[INFO] [stdout]    --> tests/length_delimited.rs:29:23
[INFO] [stdout]     |
[INFO] [stdout] 29  |             let res = assert_ready!($io.as_mut().poll_next(cx));
[INFO] [stdout]     |                       ^^^^^^^^^^^^
[INFO] [stdout] ...
[INFO] [stdout] 390 |     assert_next_eq!(io, b"Hello world");
[INFO] [stdout]     |     ----------------------------------- in this macro invocation
[INFO] [stdout]     |
[INFO] [stdout]     = note: import resolution is stuck, try simplifying macro imports
[INFO] [stdout]     = note: this error originates in the macro `assert_next_eq` (in Nightly builds, run with -Z macro-backtrace for more info)
[INFO] [stdout] 
[INFO] [stdout] 
[INFO] [stdout] error: cannot determine resolution for the macro `assert_ready`
[INFO] [stdout]    --> tests/length_delimited.rs:64:23
[INFO] [stdout]     |
[INFO] [stdout] 64  |             let res = assert_ready!($io.as_mut().poll_next(cx));
[INFO] [stdout]     |                       ^^^^^^^^^^^^
[INFO] [stdout] ...
[INFO] [stdout] 391 |     assert_done!(io);
[INFO] [stdout]     |     ---------------- in this macro invocation
[INFO] [stdout]     |
[INFO] [stdout]     = note: import resolution is stuck, try simplifying macro imports
[INFO] [stdout]     = note: this error originates in the macro `assert_done` (in Nightly builds, run with -Z macro-backtrace for more info)
[INFO] [stdout] 
[INFO] [stdout] 
[INFO] [stdout] error: cannot determine resolution for the macro `pin_mut`
[INFO] [stdout]    --> tests/length_delimited.rs:407:5
[INFO] [stdout]     |
[INFO] [stdout] 407 |     pin_mut!(io);
[INFO] [stdout]     |     ^^^^^^^
[INFO] [stdout]     |
[INFO] [stdout]     = note: import resolution is stuck, try simplifying macro imports
[INFO] [stdout] 
[INFO] [stdout] 
[INFO] [stdout] error: cannot determine resolution for the macro `assert_ready`
[INFO] [stdout]    --> tests/length_delimited.rs:29:23
[INFO] [stdout]     |
[INFO] [stdout] 29  |             let res = assert_ready!($io.as_mut().poll_next(cx));
[INFO] [stdout]     |                       ^^^^^^^^^^^^
[INFO] [stdout] ...
[INFO] [stdout] 409 |     assert_next_eq!(io, b"abcdefghi");
[INFO] [stdout]     |     --------------------------------- in this macro invocation
[INFO] [stdout]     |
[INFO] [stdout]     = note: import resolution is stuck, try simplifying macro imports
[INFO] [stdout]     = note: this error originates in the macro `assert_next_eq` (in Nightly builds, run with -Z macro-backtrace for more info)
[INFO] [stdout] 
[INFO] [stdout] 
[INFO] [stdout] error: cannot determine resolution for the macro `assert_ready`
[INFO] [stdout]    --> tests/length_delimited.rs:29:23
[INFO] [stdout]     |
[INFO] [stdout] 29  |             let res = assert_ready!($io.as_mut().poll_next(cx));
[INFO] [stdout]     |                       ^^^^^^^^^^^^
[INFO] [stdout] ...
[INFO] [stdout] 410 |     assert_next_eq!(io, b"123");
[INFO] [stdout]     |     --------------------------- in this macro invocation
[INFO] [stdout]     |
[INFO] [stdout]     = note: import resolution is stuck, try simplifying macro imports
[INFO] [stdout]     = note: this error originates in the macro `assert_next_eq` (in Nightly builds, run with -Z macro-backtrace for more info)
[INFO] [stdout] 
[INFO] [stdout] 
[INFO] [stdout] error: cannot determine resolution for the macro `assert_ready`
[INFO] [stdout]    --> tests/length_delimited.rs:29:23
[INFO] [stdout]     |
[INFO] [stdout] 29  |             let res = assert_ready!($io.as_mut().poll_next(cx));
[INFO] [stdout]     |                       ^^^^^^^^^^^^
[INFO] [stdout] ...
[INFO] [stdout] 411 |     assert_next_eq!(io, b"hello world");
[INFO] [stdout]     |     ----------------------------------- in this macro invocation
[INFO] [stdout]     |
[INFO] [stdout]     = note: import resolution is stuck, try simplifying macro imports
[INFO] [stdout]     = note: this error originates in the macro `assert_next_eq` (in Nightly builds, run with -Z macro-backtrace for more info)
[INFO] [stdout] 
[INFO] [stdout] 
[INFO] [stdout] error: cannot determine resolution for the macro `assert_ready`
[INFO] [stdout]    --> tests/length_delimited.rs:64:23
[INFO] [stdout]     |
[INFO] [stdout] 64  |             let res = assert_ready!($io.as_mut().poll_next(cx));
[INFO] [stdout]     |                       ^^^^^^^^^^^^
[INFO] [stdout] ...
[INFO] [stdout] 412 |     assert_done!(io);
[INFO] [stdout]     |     ---------------- in this macro invocation
[INFO] [stdout]     |
[INFO] [stdout]     = note: import resolution is stuck, try simplifying macro imports
[INFO] [stdout]     = note: this error originates in the macro `assert_done` (in Nightly builds, run with -Z macro-backtrace for more info)
[INFO] [stdout] 
[INFO] [stdout] 
[INFO] [stdout] error: cannot determine resolution for the macro `pin_mut`
[INFO] [stdout]    --> tests/length_delimited.rs:424:5
[INFO] [stdout]     |
[INFO] [stdout] 424 |     pin_mut!(io);
[INFO] [stdout]     |     ^^^^^^^
[INFO] [stdout]     |
[INFO] [stdout]     = note: import resolution is stuck, try simplifying macro imports
[INFO] [stdout] 
[INFO] [stdout] 
[INFO] [stdout] error: aborting due to 6 previous errors
[INFO] [stdout] 
[INFO] [stdout] 
[INFO] [stdout] Some errors have detailed explanations: E0432, E0433.
[INFO] [stdout] 
[INFO] [stdout] For more information about an error, try `rustc --explain E0432`.
[INFO] [stdout] 
[INFO] [stdout] error: cannot determine resolution for the macro `assert_ready_ok`
[INFO] [stdout]    --> tests/length_delimited.rs:427:9
[INFO] [stdout]     |
[INFO] [stdout] 427 |         assert_ready_ok!(io.as_mut().poll_ready(cx));
[INFO] [stdout]     |         ^^^^^^^^^^^^^^^
[INFO] [stdout]     |
[INFO] [stdout]     = note: import resolution is stuck, try simplifying macro imports
[INFO] [stdout] 
[INFO] [stdout] 
[INFO] [stdout] error: cannot determine resolution for the macro `assert_ok`
[INFO] [stdout]    --> tests/length_delimited.rs:428:9
[INFO] [stdout]     |
[INFO] [stdout] 428 |         assert_ok!(io.as_mut().start_send(Bytes::from("abcdefghi")));
[INFO] [stdout]     |         ^^^^^^^^^
[INFO] [stdout]     |
[INFO] [stdout]     = note: import resolution is stuck, try simplifying macro imports
[INFO] [stdout] 
[INFO] [stdout] 
[INFO] [stdout] error: cannot determine resolution for the macro `assert_ready_ok`
[INFO] [stdout]    --> tests/length_delimited.rs:429:9
[INFO] [stdout]     |
[INFO] [stdout] 429 |         assert_ready_ok!(io.as_mut().poll_flush(cx));
[INFO] [stdout]     |         ^^^^^^^^^^^^^^^
[INFO] [stdout]     |
[INFO] [stdout]     = note: import resolution is stuck, try simplifying macro imports
[INFO] [stdout] 
[INFO] [stdout] 
[INFO] [stdout] error[E0433]: failed to resolve: use of undeclared crate or module `tokio_test`
[INFO] [stdout]   --> tests/poll_semaphore.rs:13:5
[INFO] [stdout]    |
[INFO] [stdout] 13 |     tokio_test::task::spawn(fut)
[INFO] [stdout]    |     ^^^^^^^^^^ use of undeclared crate or module `tokio_test`
[INFO] [stdout] 
[INFO] [stdout] 
[INFO] [stdout] error: cannot determine resolution for the macro `pin_mut`
[INFO] [stdout]    --> tests/length_delimited.rs:437:5
[INFO] [stdout]     |
[INFO] [stdout] 437 |     pin_mut!(io);
[INFO] [stdout]     |     ^^^^^^^
[INFO] [stdout]     |
[INFO] [stdout]     = note: import resolution is stuck, try simplifying macro imports
[INFO] [stdout] 
[INFO] [stdout] 
[INFO] [stdout] error: cannot determine resolution for the macro `assert_ready_ok`
[INFO] [stdout]    --> tests/length_delimited.rs:440:9
[INFO] [stdout]     |
[INFO] [stdout] 440 |         assert_ready_ok!(io.poll_flush(cx));
[INFO] [stdout]     |         ^^^^^^^^^^^^^^^
[INFO] [stdout]     |
[INFO] [stdout]     = note: import resolution is stuck, try simplifying macro imports
[INFO] [stdout] 
[INFO] [stdout] 
[INFO] [stdout] error: aborting due to 41 previous errors
[INFO] [stdout] 
[INFO] [stdout] 
[INFO] [stdout] For more information about this error, try `rustc --explain E0432`.
[INFO] [stdout] 
[INFO] [stdout] error: cannot determine resolution for the macro `pin_mut`
[INFO] [stdout]    --> tests/length_delimited.rs:454:5
[INFO] [stdout]     |
[INFO] [stdout] 454 |     pin_mut!(io);
[INFO] [stdout]     |     ^^^^^^^
[INFO] [stdout]     |
[INFO] [stdout]     = note: import resolution is stuck, try simplifying macro imports
[INFO] [stdout] 
[INFO] [stdout] 
[INFO] [stdout] error: cannot determine resolution for the macro `assert_ready_ok`
[INFO] [stdout]    --> tests/length_delimited.rs:457:9
[INFO] [stdout]     |
[INFO] [stdout] 457 |         assert_ready_ok!(io.as_mut().poll_ready(cx));
[INFO] [stdout]     |         ^^^^^^^^^^^^^^^
[INFO] [stdout]     |
[INFO] [stdout]     = note: import resolution is stuck, try simplifying macro imports
[INFO] [stdout] 
[INFO] [stdout] 
[INFO] [stdout] error: cannot determine resolution for the macro `assert_ok`
[INFO] [stdout]    --> tests/length_delimited.rs:458:9
[INFO] [stdout]     |
[INFO] [stdout] 458 |         assert_ok!(io.as_mut().start_send(Bytes::from("abcdefghi")));
[INFO] [stdout]     |         ^^^^^^^^^
[INFO] [stdout]     |
[INFO] [stdout]     = note: import resolution is stuck, try simplifying macro imports
[INFO] [stdout] 
[INFO] [stdout] 
[INFO] [stdout] error: cannot determine resolution for the macro `assert_ready_ok`
[INFO] [stdout]    --> tests/length_delimited.rs:459:9
[INFO] [stdout]     |
[INFO] [stdout] 459 |         assert_ready_ok!(io.as_mut().poll_flush(cx));
[INFO] [stdout]     |         ^^^^^^^^^^^^^^^
[INFO] [stdout]     |
[INFO] [stdout]     = note: import resolution is stuck, try simplifying macro imports
[INFO] [stdout] 
[INFO] [stdout] 
[INFO] [stdout] error: cannot determine resolution for the macro `pin_mut`
[INFO] [stdout]    --> tests/length_delimited.rs:478:5
[INFO] [stdout]     |
[INFO] [stdout] 478 |     pin_mut!(io);
[INFO] [stdout]     |     ^^^^^^^
[INFO] [stdout]     |
[INFO] [stdout]     = note: import resolution is stuck, try simplifying macro imports
[INFO] [stdout] 
[INFO] [stdout] 
[INFO] [stdout] error: cannot determine resolution for the macro `assert_ready_ok`
[INFO] [stdout]    --> tests/length_delimited.rs:481:9
[INFO] [stdout]     |
[INFO] [stdout] 481 |         assert_ready_ok!(io.as_mut().poll_ready(cx));
[INFO] [stdout]     |         ^^^^^^^^^^^^^^^
[INFO] [stdout]     |
[INFO] [stdout]     = note: import resolution is stuck, try simplifying macro imports
[INFO] [stdout] 
[INFO] [stdout] 
[INFO] [stdout] error: cannot determine resolution for the macro `assert_ok`
[INFO] [stdout]    --> tests/length_delimited.rs:482:9
[INFO] [stdout]     |
[INFO] [stdout] 482 |         assert_ok!(io.as_mut().start_send(Bytes::from("abcdefghi")));
[INFO] [stdout]     |         ^^^^^^^^^
[INFO] [stdout]     |
[INFO] [stdout]     = note: import resolution is stuck, try simplifying macro imports
[INFO] [stdout] 
[INFO] [stdout] 
[INFO] [stdout] error: cannot determine resolution for the macro `assert_ready_ok`
[INFO] [stdout]    --> tests/length_delimited.rs:484:9
[INFO] [stdout]     |
[INFO] [stdout] 484 |         assert_ready_ok!(io.as_mut().poll_ready(cx));
[INFO] [stdout]     |         ^^^^^^^^^^^^^^^
[INFO] [stdout]     |
[INFO] [stdout]     = note: import resolution is stuck, try simplifying macro imports
[INFO] [stdout] 
[INFO] [stdout] 
[INFO] [stdout] error: cannot determine resolution for the macro `assert_ok`
[INFO] [stdout]    --> tests/length_delimited.rs:485:9
[INFO] [stdout]     |
[INFO] [stdout] 485 |         assert_ok!(io.as_mut().start_send(Bytes::from("123")));
[INFO] [stdout]     |         ^^^^^^^^^
[INFO] [stdout]     |
[INFO] [stdout]     = note: import resolution is stuck, try simplifying macro imports
[INFO] [stdout] 
[INFO] [stdout] 
[INFO] [stdout] error: cannot determine resolution for the macro `assert_ready_ok`
[INFO] [stdout]    --> tests/length_delimited.rs:487:9
[INFO] [stdout]     |
[INFO] [stdout] 487 |         assert_ready_ok!(io.as_mut().poll_ready(cx));
[INFO] [stdout]     |         ^^^^^^^^^^^^^^^
[INFO] [stdout]     |
[INFO] [stdout]     = note: import resolution is stuck, try simplifying macro imports
[INFO] [stdout] 
[INFO] [stdout] 
[INFO] [stdout] error: cannot determine resolution for the macro `assert_ok`
[INFO] [stdout]    --> tests/length_delimited.rs:488:9
[INFO] [stdout]     |
[INFO] [stdout] 488 |         assert_ok!(io.as_mut().start_send(Bytes::from("hello world")));
[INFO] [stdout]     |         ^^^^^^^^^
[INFO] [stdout]     |
[INFO] [stdout]     = note: import resolution is stuck, try simplifying macro imports
[INFO] [stdout] 
[INFO] [stdout] 
[INFO] [stdout] error: cannot determine resolution for the macro `assert_ready_ok`
[INFO] [stdout]    --> tests/length_delimited.rs:490:9
[INFO] [stdout]     |
[INFO] [stdout] 490 |         assert_ready_ok!(io.as_mut().poll_flush(cx));
[INFO] [stdout]     |         ^^^^^^^^^^^^^^^
[INFO] [stdout]     |
[INFO] [stdout]     = note: import resolution is stuck, try simplifying macro imports
[INFO] [stdout] 
[INFO] [stdout] 
[INFO] [stdout] error: cannot determine resolution for the macro `pin_mut`
[INFO] [stdout]    --> tests/length_delimited.rs:511:5
[INFO] [stdout]     |
[INFO] [stdout] 511 |     pin_mut!(io);
[INFO] [stdout]     |     ^^^^^^^
[INFO] [stdout]     |
[INFO] [stdout]     = note: import resolution is stuck, try simplifying macro imports
[INFO] [stdout] 
[INFO] [stdout] 
[INFO] [stdout] error: cannot determine resolution for the macro `assert_ready_ok`
[INFO] [stdout]    --> tests/length_delimited.rs:514:9
[INFO] [stdout]     |
[INFO] [stdout] 514 |         assert_ready_ok!(io.as_mut().poll_ready(cx));
[INFO] [stdout]     |         ^^^^^^^^^^^^^^^
[INFO] [stdout]     |
[INFO] [stdout]     = note: import resolution is stuck, try simplifying macro imports
[INFO] [stdout] 
[INFO] [stdout] 
[INFO] [stdout] error: cannot determine resolution for the macro `assert_ok`
[INFO] [stdout]    --> tests/length_delimited.rs:515:9
[INFO] [stdout]     |
[INFO] [stdout] 515 |         assert_ok!(io.as_mut().start_send(Bytes::from("abcdefghi")));
[INFO] [stdout]     |         ^^^^^^^^^
[INFO] [stdout]     |
[INFO] [stdout]     = note: import resolution is stuck, try simplifying macro imports
[INFO] [stdout] 
[INFO] [stdout] 
[INFO] [stdout] error: cannot determine resolution for the macro `assert_ready_ok`
[INFO] [stdout]    --> tests/length_delimited.rs:517:9
[INFO] [stdout]     |
[INFO] [stdout] 517 |         assert_ready_ok!(io.as_mut().poll_flush(cx));
[INFO] [stdout]     |         ^^^^^^^^^^^^^^^
[INFO] [stdout]     |
[INFO] [stdout]     = note: import resolution is stuck, try simplifying macro imports
[INFO] [stdout] 
[INFO] [stdout] 
[INFO] [stdout] error: cannot determine resolution for the macro `assert_ready_ok`
[INFO] [stdout]    --> tests/length_delimited.rs:519:9
[INFO] [stdout]     |
[INFO] [stdout] 519 |         assert_ready_ok!(io.as_mut().poll_ready(cx));
[INFO] [stdout]     |         ^^^^^^^^^^^^^^^
[INFO] [stdout]     |
[INFO] [stdout]     = note: import resolution is stuck, try simplifying macro imports
[INFO] [stdout] 
[INFO] [stdout] 
[INFO] [stdout] error: cannot determine resolution for the macro `assert_ok`
[INFO] [stdout]    --> tests/length_delimited.rs:520:9
[INFO] [stdout]     |
[INFO] [stdout] 520 |         assert_ok!(io.as_mut().start_send(Bytes::from("123")));
[INFO] [stdout]     |         ^^^^^^^^^
[INFO] [stdout]     |
[INFO] [stdout]     = note: import resolution is stuck, try simplifying macro imports
[INFO] [stdout] 
[INFO] [stdout] 
[INFO] [stdout] error: cannot determine resolution for the macro `assert_ready_ok`
[INFO] [stdout]    --> tests/length_delimited.rs:522:9
[INFO] [stdout]     |
[INFO] [stdout] 522 |         assert_ready_ok!(io.as_mut().poll_flush(cx));
[INFO] [stdout]     |         ^^^^^^^^^^^^^^^
[INFO] [stdout]     |
[INFO] [stdout]     = note: import resolution is stuck, try simplifying macro imports
[INFO] [stdout] 
[INFO] [stdout] 
[INFO] [stderr] error: could not compile `tokio-util_wasi` (test "io_sink_writer") due to 7 previous errors
[INFO] [stdout] error: cannot determine resolution for the macro `assert_ready_ok`
[INFO] [stdout]    --> tests/length_delimited.rs:524:9
[INFO] [stdout]     |
[INFO] [stdout] 524 |         assert_ready_ok!(io.as_mut().poll_ready(cx));
[INFO] [stdout]     |         ^^^^^^^^^^^^^^^
[INFO] [stdout]     |
[INFO] [stdout]     = note: import resolution is stuck, try simplifying macro imports
[INFO] [stdout] 
[INFO] [stdout] 
[INFO] [stdout] error: cannot determine resolution for the macro `assert_ok`
[INFO] [stdout]    --> tests/length_delimited.rs:525:9
[INFO] [stdout]     |
[INFO] [stdout] 525 |         assert_ok!(io.as_mut().start_send(Bytes::from("hello world")));
[INFO] [stdout]     |         ^^^^^^^^^
[INFO] [stdout]     |
[INFO] [stdout]     = note: import resolution is stuck, try simplifying macro imports
[INFO] [stdout] 
[INFO] [stdout] 
[INFO] [stdout] error: cannot determine resolution for the macro `assert_ready_ok`
[INFO] [stdout]    --> tests/length_delimited.rs:527:9
[INFO] [stdout]     |
[INFO] [stdout] 527 |         assert_ready_ok!(io.as_mut().poll_flush(cx));
[INFO] [stdout]     |         ^^^^^^^^^^^^^^^
[INFO] [stdout]     |
[INFO] [stdout]     = note: import resolution is stuck, try simplifying macro imports
[INFO] [stdout] 
[INFO] [stdout] 
[INFO] [stdout] error: cannot determine resolution for the macro `pin_mut`
[INFO] [stdout]    --> tests/length_delimited.rs:545:5
[INFO] [stdout]     |
[INFO] [stdout] 545 |     pin_mut!(io);
[INFO] [stdout]     |     ^^^^^^^
[INFO] [stdout]     |
[INFO] [stdout]     = note: import resolution is stuck, try simplifying macro imports
[INFO] [stdout] 
[INFO] [stdout] 
[INFO] [stdout] error: cannot determine resolution for the macro `assert_ready_ok`
[INFO] [stdout]    --> tests/length_delimited.rs:548:9
[INFO] [stdout]     |
[INFO] [stdout] 548 |         assert_ready_ok!(io.as_mut().poll_ready(cx));
[INFO] [stdout]     |         ^^^^^^^^^^^^^^^
[INFO] [stdout]     |
[INFO] [stdout]     = note: import resolution is stuck, try simplifying macro imports
[INFO] [stdout] 
[INFO] [stdout] 
[INFO] [stdout] error: cannot determine resolution for the macro `assert_ok`
[INFO] [stdout]    --> tests/length_delimited.rs:549:9
[INFO] [stdout]     |
[INFO] [stdout] 549 |         assert_ok!(io.as_mut().start_send(Bytes::from("abcdefghi")));
[INFO] [stdout]     |         ^^^^^^^^^
[INFO] [stdout]     |
[INFO] [stdout]     = note: import resolution is stuck, try simplifying macro imports
[INFO] [stdout] 
[INFO] [stdout] 
[INFO] [stdout] error[E0433]: failed to resolve: use of undeclared crate or module `tokio_test`
[INFO] [stdout]   --> tests/poll_semaphore.rs:19:6
[INFO] [stdout]    |
[INFO] [stdout] 19 | ) -> tokio_test::task::Spawn<impl Future<Output = SemRet> + '_> {
[INFO] [stdout]    |      ^^^^^^^^^^ use of undeclared crate or module `tokio_test`
[INFO] [stdout] 
[INFO] [stdout] 
[INFO] [stdout] error: cannot determine resolution for the macro `assert_pending`
[INFO] [stdout]    --> tests/length_delimited.rs:551:9
[INFO] [stdout]     |
[INFO] [stdout] 551 |         assert_pending!(io.as_mut().poll_flush(cx));
[INFO] [stdout]     |         ^^^^^^^^^^^^^^
[INFO] [stdout]     |
[INFO] [stdout]     = note: import resolution is stuck, try simplifying macro imports
[INFO] [stdout] 
[INFO] [stdout] 
[INFO] [stdout] error: cannot determine resolution for the macro `assert_pending`
[INFO] [stdout]    --> tests/length_delimited.rs:552:9
[INFO] [stdout]     |
[INFO] [stdout] 552 |         assert_pending!(io.as_mut().poll_flush(cx));
[INFO] [stdout]     |         ^^^^^^^^^^^^^^
[INFO] [stdout]     |
[INFO] [stdout]     = note: import resolution is stuck, try simplifying macro imports
[INFO] [stdout] 
[INFO] [stdout] 
[INFO] [stdout] error: cannot determine resolution for the macro `assert_ready_ok`
[INFO] [stdout]    --> tests/length_delimited.rs:553:9
[INFO] [stdout]     |
[INFO] [stdout] 553 |         assert_ready_ok!(io.as_mut().poll_flush(cx));
[INFO] [stdout]     |         ^^^^^^^^^^^^^^^
[INFO] [stdout]     |
[INFO] [stdout]     = note: import resolution is stuck, try simplifying macro imports
[INFO] [stdout] 
[INFO] [stdout] 
[INFO] [stdout] error: cannot determine resolution for the macro `pin_mut`
[INFO] [stdout]    --> tests/length_delimited.rs:568:5
[INFO] [stdout]     |
[INFO] [stdout] 568 |     pin_mut!(io);
[INFO] [stdout]     |     ^^^^^^^
[INFO] [stdout]     |
[INFO] [stdout]     = note: import resolution is stuck, try simplifying macro imports
[INFO] [stdout] 
[INFO] [stdout] 
[INFO] [stderr] error: could not compile `tokio-util_wasi` (test "framed_read") due to 42 previous errors
[INFO] [stdout] error: cannot determine resolution for the macro `assert_ready_ok`
[INFO] [stdout]    --> tests/length_delimited.rs:571:9
[INFO] [stdout]     |
[INFO] [stdout] 571 |         assert_ready_ok!(io.as_mut().poll_ready(cx));
[INFO] [stdout]     |         ^^^^^^^^^^^^^^^
[INFO] [stdout]     |
[INFO] [stdout]     = note: import resolution is stuck, try simplifying macro imports
[INFO] [stdout] 
[INFO] [stdout] 
[INFO] [stdout] error: cannot determine resolution for the macro `assert_ok`
[INFO] [stdout]    --> tests/length_delimited.rs:572:9
[INFO] [stdout]     |
[INFO] [stdout] 572 |         assert_ok!(io.as_mut().start_send(Bytes::from("abcdefghi")));
[INFO] [stdout]     |         ^^^^^^^^^
[INFO] [stdout]     |
[INFO] [stdout]     = note: import resolution is stuck, try simplifying macro imports
[INFO] [stdout] 
[INFO] [stdout] 
[INFO] [stdout] error: cannot determine resolution for the macro `assert_ready_ok`
[INFO] [stdout]    --> tests/length_delimited.rs:574:9
[INFO] [stdout]     |
[INFO] [stdout] 574 |         assert_ready_ok!(io.as_mut().poll_flush(cx));
[INFO] [stdout]     |         ^^^^^^^^^^^^^^^
[INFO] [stdout]     |
[INFO] [stdout]     = note: import resolution is stuck, try simplifying macro imports
[INFO] [stdout] 
[INFO] [stdout] 
[INFO] [stdout] error: cannot determine resolution for the macro `pin_mut`
[INFO] [stdout]    --> tests/length_delimited.rs:588:5
[INFO] [stdout]     |
[INFO] [stdout] 588 |     pin_mut!(io);
[INFO] [stdout]     |     ^^^^^^^
[INFO] [stdout]     |
[INFO] [stdout]     = note: import resolution is stuck, try simplifying macro imports
[INFO] [stdout] 
[INFO] [stdout] 
[INFO] [stdout] error[E0433]: failed to resolve: use of undeclared crate or module `tokio_test`
[INFO] [stdout]   --> tests/poll_semaphore.rs:21:5
[INFO] [stdout]    |
[INFO] [stdout] 21 |     tokio_test::task::spawn(fut)
[INFO] [stdout]    |     ^^^^^^^^^^ use of undeclared crate or module `tokio_test`
[INFO] [stdout] 
[INFO] [stdout] 
[INFO] [stdout] error: cannot determine resolution for the macro `assert_ready_ok`
[INFO] [stdout]    --> tests/length_delimited.rs:591:9
[INFO] [stdout]     |
[INFO] [stdout] 591 |         assert_ready_ok!(io.as_mut().poll_ready(cx));
[INFO] [stdout]     |         ^^^^^^^^^^^^^^^
[INFO] [stdout]     |
[INFO] [stdout]     = note: import resolution is stuck, try simplifying macro imports
[INFO] [stdout] 
[INFO] [stdout] 
[INFO] [stdout] error: cannot determine resolution for the macro `assert_ok`
[INFO] [stdout]    --> tests/length_delimited.rs:592:9
[INFO] [stdout]     |
[INFO] [stdout] 592 |         assert_ok!(io.as_mut().start_send(Bytes::from("abcdefghi")));
[INFO] [stdout]     |         ^^^^^^^^^
[INFO] [stdout]     |
[INFO] [stdout]     = note: import resolution is stuck, try simplifying macro imports
[INFO] [stdout] 
[INFO] [stdout] 
[INFO] [stdout] error: cannot determine resolution for the macro `assert_ready_ok`
[INFO] [stdout]    --> tests/length_delimited.rs:594:9
[INFO] [stdout]     |
[INFO] [stdout] 594 |         assert_ready_ok!(io.as_mut().poll_flush(cx));
[INFO] [stdout]     |         ^^^^^^^^^^^^^^^
[INFO] [stdout]     |
[INFO] [stdout]     = note: import resolution is stuck, try simplifying macro imports
[INFO] [stdout] 
[INFO] [stdout] 
[INFO] [stdout] error[E0432]: unresolved imports `tokio::io::repeat`, `tokio::io::AsyncReadExt`, `tokio::io::Repeat`
[INFO] [stdout]    --> src/either.rs:170:21
[INFO] [stdout]     |
[INFO] [stdout] 170 |     use tokio::io::{repeat, AsyncReadExt, Repeat};
[INFO] [stdout]     |                     ^^^^^^  ^^^^^^^^^^^^  ^^^^^^ no `Repeat` in `io`
[INFO] [stdout]     |                     |       |
[INFO] [stdout]     |                     |       no `AsyncReadExt` in `io`
[INFO] [stdout]     |                     |       help: a similar name exists in the module: `AsyncRead`
[INFO] [stdout]     |                     no `repeat` in `io`
[INFO] [stdout]     |
[INFO] [stdout] note: found an item that was configured out
[INFO] [stdout]    --> /opt/rustwide/cargo-home/registry/src/index.crates.io-6f17d22bba15001f/tokio_wasi-1.25.2/src/io/mod.rs:266:60
[INFO] [stdout]     |
[INFO] [stdout] 266 |         copy, copy_bidirectional, copy_buf, duplex, empty, repeat, sink, AsyncBufReadExt, AsyncReadExt, AsyncSeekExt, AsyncWriteExt,
[INFO] [stdout]     |                                                            ^^^^^^
[INFO] [stdout]     = note: the item is gated behind the `io-util` feature
[INFO] [stdout] note: found an item that was configured out
[INFO] [stdout]    --> /opt/rustwide/cargo-home/registry/src/index.crates.io-6f17d22bba15001f/tokio_wasi-1.25.2/src/io/mod.rs:266:91
[INFO] [stdout]     |
[INFO] [stdout] 266 |         copy, copy_bidirectional, copy_buf, duplex, empty, repeat, sink, AsyncBufReadExt, AsyncReadExt, AsyncSeekExt, AsyncWriteExt,
[INFO] [stdout]     |                                                                                           ^^^^^^^^^^^^
[INFO] [stdout]     = note: the item is gated behind the `io-util` feature
[INFO] [stdout]     = help: consider importing one of these items instead:
[INFO] [stdout]             core::iter::Repeat
[INFO] [stdout]             std::io::Repeat
[INFO] [stdout]             std::iter::Repeat
[INFO] [stdout] note: found an item that was configured out
[INFO] [stdout]    --> /opt/rustwide/cargo-home/registry/src/index.crates.io-6f17d22bba15001f/tokio_wasi-1.25.2/src/io/mod.rs:267:70
[INFO] [stdout]     |
[INFO] [stdout] 267 |         BufReader, BufStream, BufWriter, DuplexStream, Empty, Lines, Repeat, Sink, Split, Take,
[INFO] [stdout]     |                                                                      ^^^^^^
[INFO] [stdout]     = note: the item is gated behind the `io-util` feature
[INFO] [stdout] 
[INFO] [stdout] 
[INFO] [stdout] error[E0432]: unresolved import `tokio_stream`
[INFO] [stdout]    --> src/either.rs:171:9
[INFO] [stdout]     |
[INFO] [stdout] 171 |     use tokio_stream::{once, Once, StreamExt};
[INFO] [stdout]     |         ^^^^^^^^^^^^ use of undeclared crate or module `tokio_stream`
[INFO] [stdout] 
[INFO] [stdout] 
[INFO] [stdout] error[E0433]: failed to resolve: could not find `test` in `tokio`
[INFO] [stdout]    --> src/either.rs:173:14
[INFO] [stdout]     |
[INFO] [stdout] 173 |     #[tokio::test]
[INFO] [stdout]     |              ^^^^ could not find `test` in `tokio`
[INFO] [stdout] 
[INFO] [stdout] 
[INFO] [stdout] error[E0433]: failed to resolve: could not find `test` in `tokio`
[INFO] [stdout]    --> src/either.rs:180:14
[INFO] [stdout]     |
[INFO] [stdout] 180 |     #[tokio::test]
[INFO] [stdout]     |              ^^^^ could not find `test` in `tokio`
[INFO] [stdout] 
[INFO] [stdout] 
[INFO] [stdout] error[E0433]: failed to resolve: use of undeclared crate or module `futures`
[INFO] [stdout]   --> tests/poll_semaphore.rs:12:15
[INFO] [stdout]    |
[INFO] [stdout] 12 |     let fut = futures::future::poll_fn(move |cx| sem.poll_acquire(cx));
[INFO] [stdout]    |               ^^^^^^^ use of undeclared crate or module `futures`
[INFO] [stdout]    |
[INFO] [stdout] help: consider importing one of these items
[INFO] [stdout]    |
[INFO] [stdout] 1  + use core::future;
[INFO] [stdout]    |
[INFO] [stdout] 1  + use std::future;
[INFO] [stdout]    |
[INFO] [stdout] help: if you import `future`, refer to it directly
[INFO] [stdout]    |
[INFO] [stdout] 12 -     let fut = futures::future::poll_fn(move |cx| sem.poll_acquire(cx));
[INFO] [stdout] 12 +     let fut = future::poll_fn(move |cx| sem.poll_acquire(cx));
[INFO] [stdout]    |
[INFO] [stdout] 
[INFO] [stdout] 
[INFO] [stdout] error[E0433]: failed to resolve: use of undeclared crate or module `futures`
[INFO] [stdout]   --> tests/poll_semaphore.rs:20:15
[INFO] [stdout]    |
[INFO] [stdout] 20 |     let fut = futures::future::poll_fn(move |cx| sem.poll_acquire_many(cx, permits));
[INFO] [stdout]    |               ^^^^^^^ use of undeclared crate or module `futures`
[INFO] [stdout]    |
[INFO] [stdout] help: consider importing one of these items
[INFO] [stdout]    |
[INFO] [stdout] 1  + use core::future;
[INFO] [stdout]    |
[INFO] [stdout] 1  + use std::future;
[INFO] [stdout]    |
[INFO] [stdout] help: if you import `future`, refer to it directly
[INFO] [stdout]    |
[INFO] [stdout] 20 -     let fut = futures::future::poll_fn(move |cx| sem.poll_acquire_many(cx, permits));
[INFO] [stdout] 20 +     let fut = future::poll_fn(move |cx| sem.poll_acquire_many(cx, permits));
[INFO] [stdout]    |
[INFO] [stdout] 
[INFO] [stdout] 
[INFO] [stdout] error: cannot determine resolution for the macro `pin_mut`
[INFO] [stdout]    --> tests/length_delimited.rs:605:5
[INFO] [stdout]     |
[INFO] [stdout] 605 |     pin_mut!(io);
[INFO] [stdout]     |     ^^^^^^^
[INFO] [stdout]     |
[INFO] [stdout]     = note: import resolution is stuck, try simplifying macro imports
[INFO] [stdout] 
[INFO] [stdout] 
[INFO] [stdout] error: cannot determine resolution for the macro `assert_ready_ok`
[INFO] [stdout]    --> tests/length_delimited.rs:608:9
[INFO] [stdout]     |
[INFO] [stdout] 608 |         assert_ready_ok!(io.as_mut().poll_ready(cx));
[INFO] [stdout]     |         ^^^^^^^^^^^^^^^
[INFO] [stdout]     |
[INFO] [stdout]     = note: import resolution is stuck, try simplifying macro imports
[INFO] [stdout] 
[INFO] [stdout] 
[INFO] [stdout] error: cannot determine resolution for the macro `assert_err`
[INFO] [stdout]    --> tests/length_delimited.rs:609:9
[INFO] [stdout]     |
[INFO] [stdout] 609 |         assert_err!(io.as_mut().start_send(Bytes::from("abcdef")));
[INFO] [stdout]     |         ^^^^^^^^^^
[INFO] [stdout]     |
[INFO] [stdout]     = note: import resolution is stuck, try simplifying macro imports
[INFO] [stdout] 
[INFO] [stdout] 
[INFO] [stdout] error: cannot determine resolution for the macro `pin_mut`
[INFO] [stdout]    --> tests/length_delimited.rs:622:5
[INFO] [stdout]     |
[INFO] [stdout] 622 |     pin_mut!(io);
[INFO] [stdout]     |     ^^^^^^^
[INFO] [stdout]     |
[INFO] [stdout]     = note: import resolution is stuck, try simplifying macro imports
[INFO] [stdout] 
[INFO] [stdout] 
[INFO] [stdout] error: cannot determine resolution for the macro `assert_ready_ok`
[INFO] [stdout]    --> tests/length_delimited.rs:625:9
[INFO] [stdout]     |
[INFO] [stdout] 625 |         assert_ready_ok!(io.as_mut().poll_ready(cx));
[INFO] [stdout]     |         ^^^^^^^^^^^^^^^
[INFO] [stdout]     |
[INFO] [stdout]     = note: import resolution is stuck, try simplifying macro imports
[INFO] [stdout] 
[INFO] [stdout] 
[INFO] [stdout] error: cannot determine resolution for the macro `assert_ok`
[INFO] [stdout]    --> tests/length_delimited.rs:626:9
[INFO] [stdout]     |
[INFO] [stdout] 626 |         assert_ok!(io.as_mut().start_send(Bytes::from("abcdef")));
[INFO] [stdout]     |         ^^^^^^^^^
[INFO] [stdout]     |
[INFO] [stdout]     = note: import resolution is stuck, try simplifying macro imports
[INFO] [stdout] 
[INFO] [stdout] 
[INFO] [stdout] error: cannot determine resolution for the macro `assert_ready_ok`
[INFO] [stdout]    --> tests/length_delimited.rs:628:9
[INFO] [stdout]     |
[INFO] [stdout] 628 |         assert_ready_ok!(io.as_mut().poll_flush(cx));
[INFO] [stdout]     |         ^^^^^^^^^^^^^^^
[INFO] [stdout]     |
[INFO] [stdout]     = note: import resolution is stuck, try simplifying macro imports
[INFO] [stdout] 
[INFO] [stdout] 
[INFO] [stdout] error: cannot determine resolution for the macro `assert_err`
[INFO] [stdout]    --> tests/length_delimited.rs:632:9
[INFO] [stdout]     |
[INFO] [stdout] 632 |         assert_err!(io.as_mut().start_send(Bytes::from("abcdef")));
[INFO] [stdout]     |         ^^^^^^^^^^
[INFO] [stdout]     |
[INFO] [stdout]     = note: import resolution is stuck, try simplifying macro imports
[INFO] [stdout] 
[INFO] [stdout] 
[INFO] [stdout] error: cannot determine resolution for the macro `pin_mut`
[INFO] [stdout]    --> tests/length_delimited.rs:647:5
[INFO] [stdout]     |
[INFO] [stdout] 647 |     pin_mut!(io);
[INFO] [stdout]     |     ^^^^^^^
[INFO] [stdout]     |
[INFO] [stdout]     = note: import resolution is stuck, try simplifying macro imports
[INFO] [stdout] 
[INFO] [stdout] 
[INFO] [stdout] error: cannot determine resolution for the macro `assert_ready_ok`
[INFO] [stdout]    --> tests/length_delimited.rs:650:9
[INFO] [stdout]     |
[INFO] [stdout] 650 |         assert_ready_ok!(io.as_mut().poll_ready(cx));
[INFO] [stdout]     |         ^^^^^^^^^^^^^^^
[INFO] [stdout]     |
[INFO] [stdout]     = note: import resolution is stuck, try simplifying macro imports
[INFO] [stdout] 
[INFO] [stdout] 
[INFO] [stdout] error: cannot determine resolution for the macro `assert_ok`
[INFO] [stdout]    --> tests/length_delimited.rs:651:9
[INFO] [stdout]     |
[INFO] [stdout] 651 |         assert_ok!(io.as_mut().start_send(Bytes::from("abcdef")));
[INFO] [stdout]     |         ^^^^^^^^^
[INFO] [stdout]     |
[INFO] [stdout]     = note: import resolution is stuck, try simplifying macro imports
[INFO] [stdout] 
[INFO] [stdout] 
[INFO] [stdout] error: cannot determine resolution for the macro `assert_pending`
[INFO] [stdout]    --> tests/length_delimited.rs:653:9
[INFO] [stdout]     |
[INFO] [stdout] 653 |         assert_pending!(io.as_mut().poll_flush(cx));
[INFO] [stdout]     |         ^^^^^^^^^^^^^^
[INFO] [stdout]     |
[INFO] [stdout]     = note: import resolution is stuck, try simplifying macro imports
[INFO] [stdout] 
[INFO] [stdout] 
[INFO] [stdout] error: cannot determine resolution for the macro `assert_ready_ok`
[INFO] [stdout]    --> tests/length_delimited.rs:657:9
[INFO] [stdout]     |
[INFO] [stdout] 657 |         assert_ready_ok!(io.as_mut().poll_flush(cx));
[INFO] [stdout]     |         ^^^^^^^^^^^^^^^
[INFO] [stdout]     |
[INFO] [stdout]     = note: import resolution is stuck, try simplifying macro imports
[INFO] [stdout] 
[INFO] [stdout] 
[INFO] [stdout] error: cannot determine resolution for the macro `assert_err`
[INFO] [stdout]    --> tests/length_delimited.rs:659:9
[INFO] [stdout]     |
[INFO] [stdout] 659 |         assert_err!(io.as_mut().start_send(Bytes::from("abcdef")));
[INFO] [stdout]     |         ^^^^^^^^^^
[INFO] [stdout]     |
[INFO] [stdout]     = note: import resolution is stuck, try simplifying macro imports
[INFO] [stdout] 
[INFO] [stdout] 
[INFO] [stdout] error: cannot determine resolution for the macro `pin_mut`
[INFO] [stdout]    --> tests/length_delimited.rs:667:5
[INFO] [stdout]     |
[INFO] [stdout] 667 |     pin_mut!(io);
[INFO] [stdout]     |     ^^^^^^^
[INFO] [stdout]     |
[INFO] [stdout]     = note: import resolution is stuck, try simplifying macro imports
[INFO] [stdout] 
[INFO] [stdout] 
[INFO] [stdout] error: cannot determine resolution for the macro `assert_ready_ok`
[INFO] [stdout]    --> tests/length_delimited.rs:670:9
[INFO] [stdout]     |
[INFO] [stdout] 670 |         assert_ready_ok!(io.as_mut().poll_ready(cx));
[INFO] [stdout]     |         ^^^^^^^^^^^^^^^
[INFO] [stdout]     |
[INFO] [stdout]     = note: import resolution is stuck, try simplifying macro imports
[INFO] [stdout] 
[INFO] [stdout] 
[INFO] [stdout] error: cannot determine resolution for the macro `assert_ok`
[INFO] [stdout]    --> tests/length_delimited.rs:671:9
[INFO] [stdout]     |
[INFO] [stdout] 671 |         assert_ok!(io.as_mut().start_send(Bytes::from("abcdef")));
[INFO] [stdout]     |         ^^^^^^^^^
[INFO] [stdout]     |
[INFO] [stdout]     = note: import resolution is stuck, try simplifying macro imports
[INFO] [stdout] 
[INFO] [stdout] 
[INFO] [stdout] error: cannot determine resolution for the macro `assert_ready_err`
[INFO] [stdout]    --> tests/length_delimited.rs:673:9
[INFO] [stdout]     |
[INFO] [stdout] 673 |         assert_ready_err!(io.as_mut().poll_flush(cx));
[INFO] [stdout]     |         ^^^^^^^^^^^^^^^^
[INFO] [stdout]     |
[INFO] [stdout]     = note: import resolution is stuck, try simplifying macro imports
[INFO] [stdout] 
[INFO] [stdout] 
[INFO] [stdout] error: aborting due to 9 previous errors
[INFO] [stdout] 
[INFO] [stdout] 
[INFO] [stdout] For more information about this error, try `rustc --explain E0433`.
[INFO] [stdout] 
[INFO] [stderr] error: could not compile `tokio-util_wasi` (test "poll_semaphore") due to 10 previous errors
[INFO] [stdout] error: aborting due to 3 previous errors
[INFO] [stdout] 
[INFO] [stdout] 
[INFO] [stdout] Some errors have detailed explanations: E0432, E0433.
[INFO] [stdout] 
[INFO] [stdout] For more information about an error, try `rustc --explain E0432`.
[INFO] [stdout] 
[INFO] [stderr] error: could not compile `tokio-util_wasi` (test "io_reader_stream") due to 4 previous errors
[INFO] [stdout] error: aborting due to 4 previous errors
[INFO] [stdout] 
[INFO] [stdout] 
[INFO] [stdout] Some errors have detailed explanations: E0432, E0433.
[INFO] [stdout] 
[INFO] [stdout] For more information about an error, try `rustc --explain E0432`.
[INFO] [stdout] 
[INFO] [stderr] error: could not compile `tokio-util_wasi` (lib test) due to 5 previous errors
[INFO] [stdout] error[E0433]: failed to resolve: use of undeclared crate or module `length_delimited`
[INFO] [stdout]   --> tests/length_delimited.rs:98:14
[INFO] [stdout]    |
[INFO] [stdout] 98 |     let io = length_delimited::Builder::new()
[INFO] [stdout]    |              ^^^^^^^^^^^^^^^^ use of undeclared crate or module `length_delimited`
[INFO] [stdout]    |
[INFO] [stdout] help: consider importing this struct
[INFO] [stdout]    |
[INFO] [stdout] 3  + use std::thread::Builder;
[INFO] [stdout]    |
[INFO] [stdout] help: if you import `Builder`, refer to it directly
[INFO] [stdout]    |
[INFO] [stdout] 98 -     let io = length_delimited::Builder::new()
[INFO] [stdout] 98 +     let io = Builder::new()
[INFO] [stdout]    |
[INFO] [stdout] 
[INFO] [stdout] 
[INFO] [stdout] error[E0433]: failed to resolve: use of undeclared crate or module `length_delimited`
[INFO] [stdout]    --> tests/length_delimited.rs:116:14
[INFO] [stdout]     |
[INFO] [stdout] 116 |     let io = length_delimited::Builder::new()
[INFO] [stdout]     |              ^^^^^^^^^^^^^^^^ use of undeclared crate or module `length_delimited`
[INFO] [stdout]     |
[INFO] [stdout] help: consider importing this struct
[INFO] [stdout]     |
[INFO] [stdout] 3   + use std::thread::Builder;
[INFO] [stdout]     |
[INFO] [stdout] help: if you import `Builder`, refer to it directly
[INFO] [stdout]     |
[INFO] [stdout] 116 -     let io = length_delimited::Builder::new()
[INFO] [stdout] 116 +     let io = Builder::new()
[INFO] [stdout]     |
[INFO] [stdout] 
[INFO] [stdout] 
[INFO] [stdout] error[E0433]: failed to resolve: use of undeclared crate or module `length_delimited`
[INFO] [stdout]    --> tests/length_delimited.rs:286:14
[INFO] [stdout]     |
[INFO] [stdout] 286 |     let io = length_delimited::Builder::new()
[INFO] [stdout]     |              ^^^^^^^^^^^^^^^^ use of undeclared crate or module `length_delimited`
[INFO] [stdout]     |
[INFO] [stdout] help: consider importing this struct
[INFO] [stdout]     |
[INFO] [stdout] 3   + use std::thread::Builder;
[INFO] [stdout]     |
[INFO] [stdout] help: if you import `Builder`, refer to it directly
[INFO] [stdout]     |
[INFO] [stdout] 286 -     let io = length_delimited::Builder::new()
[INFO] [stdout] 286 +     let io = Builder::new()
[INFO] [stdout]     |
[INFO] [stdout] 
[INFO] [stdout] 
[INFO] [stdout] error[E0433]: failed to resolve: use of undeclared crate or module `length_delimited`
[INFO] [stdout]    --> tests/length_delimited.rs:298:14
[INFO] [stdout]     |
[INFO] [stdout] 298 |     let io = length_delimited::Builder::new().new_read(mock! {
[INFO] [stdout]     |              ^^^^^^^^^^^^^^^^ use of undeclared crate or module `length_delimited`
[INFO] [stdout]     |
[INFO] [stdout] help: consider importing this struct
[INFO] [stdout]     |
[INFO] [stdout] 3   + use std::thread::Builder;
[INFO] [stdout]     |
[INFO] [stdout] help: if you import `Builder`, refer to it directly
[INFO] [stdout]     |
[INFO] [stdout] 298 -     let io = length_delimited::Builder::new().new_read(mock! {
[INFO] [stdout] 298 +     let io = Builder::new().new_read(mock! {
[INFO] [stdout]     |
[INFO] [stdout] 
[INFO] [stdout] 
[INFO] [stdout] error[E0433]: failed to resolve: use of undeclared crate or module `length_delimited`
[INFO] [stdout]    --> tests/length_delimited.rs:311:14
[INFO] [stdout]     |
[INFO] [stdout] 311 |     let io = length_delimited::Builder::new().new_read(mock! {
[INFO] [stdout]     |              ^^^^^^^^^^^^^^^^ use of undeclared crate or module `length_delimited`
[INFO] [stdout]     |
[INFO] [stdout] help: consider importing this struct
[INFO] [stdout]     |
[INFO] [stdout] 3   + use std::thread::Builder;
[INFO] [stdout]     |
[INFO] [stdout] help: if you import `Builder`, refer to it directly
[INFO] [stdout]     |
[INFO] [stdout] 311 -     let io = length_delimited::Builder::new().new_read(mock! {
[INFO] [stdout] 311 +     let io = Builder::new().new_read(mock! {
[INFO] [stdout]     |
[INFO] [stdout] 
[INFO] [stdout] 
[INFO] [stdout] error[E0433]: failed to resolve: use of undeclared crate or module `length_delimited`
[INFO] [stdout]    --> tests/length_delimited.rs:327:14
[INFO] [stdout]     |
[INFO] [stdout] 327 |     let io = length_delimited::Builder::new()
[INFO] [stdout]     |              ^^^^^^^^^^^^^^^^ use of undeclared crate or module `length_delimited`
[INFO] [stdout]     |
[INFO] [stdout] help: consider importing this struct
[INFO] [stdout]     |
[INFO] [stdout] 3   + use std::thread::Builder;
[INFO] [stdout]     |
[INFO] [stdout] help: if you import `Builder`, refer to it directly
[INFO] [stdout]     |
[INFO] [stdout] 327 -     let io = length_delimited::Builder::new()
[INFO] [stdout] 327 +     let io = Builder::new()
[INFO] [stdout]     |
[INFO] [stdout] 
[INFO] [stdout] 
[INFO] [stdout] error[E0433]: failed to resolve: use of undeclared crate or module `length_delimited`
[INFO] [stdout]    --> tests/length_delimited.rs:340:14
[INFO] [stdout]     |
[INFO] [stdout] 340 |     let io = length_delimited::Builder::new()
[INFO] [stdout]     |              ^^^^^^^^^^^^^^^^ use of undeclared crate or module `length_delimited`
[INFO] [stdout]     |
[INFO] [stdout] help: consider importing this struct
[INFO] [stdout]     |
[INFO] [stdout] 3   + use std::thread::Builder;
[INFO] [stdout]     |
[INFO] [stdout] help: if you import `Builder`, refer to it directly
[INFO] [stdout]     |
[INFO] [stdout] 340 -     let io = length_delimited::Builder::new()
[INFO] [stdout] 340 +     let io = Builder::new()
[INFO] [stdout]     |
[INFO] [stdout] 
[INFO] [stdout] 
[INFO] [stdout] error[E0433]: failed to resolve: use of undeclared crate or module `length_delimited`
[INFO] [stdout]    --> tests/length_delimited.rs:359:14
[INFO] [stdout]     |
[INFO] [stdout] 359 |     let io = length_delimited::Builder::new()
[INFO] [stdout]     |              ^^^^^^^^^^^^^^^^ use of undeclared crate or module `length_delimited`
[INFO] [stdout]     |
[INFO] [stdout] help: consider importing this struct
[INFO] [stdout]     |
[INFO] [stdout] 3   + use std::thread::Builder;
[INFO] [stdout]     |
[INFO] [stdout] help: if you import `Builder`, refer to it directly
[INFO] [stdout]     |
[INFO] [stdout] 359 -     let io = length_delimited::Builder::new()
[INFO] [stdout] 359 +     let io = Builder::new()
[INFO] [stdout]     |
[INFO] [stdout] 
[INFO] [stdout] 
[INFO] [stdout] error[E0433]: failed to resolve: use of undeclared crate or module `length_delimited`
[INFO] [stdout]    --> tests/length_delimited.rs:380:14
[INFO] [stdout]     |
[INFO] [stdout] 380 |     let io = length_delimited::Builder::new()
[INFO] [stdout]     |              ^^^^^^^^^^^^^^^^ use of undeclared crate or module `length_delimited`
[INFO] [stdout]     |
[INFO] [stdout] help: consider importing this struct
[INFO] [stdout]     |
[INFO] [stdout] 3   + use std::thread::Builder;
[INFO] [stdout]     |
[INFO] [stdout] help: if you import `Builder`, refer to it directly
[INFO] [stdout]     |
[INFO] [stdout] 380 -     let io = length_delimited::Builder::new()
[INFO] [stdout] 380 +     let io = Builder::new()
[INFO] [stdout]     |
[INFO] [stdout] 
[INFO] [stdout] 
[INFO] [stdout] error[E0433]: failed to resolve: use of undeclared crate or module `length_delimited`
[INFO] [stdout]    --> tests/length_delimited.rs:401:14
[INFO] [stdout]     |
[INFO] [stdout] 401 |     let io = length_delimited::Builder::new()
[INFO] [stdout]     |              ^^^^^^^^^^^^^^^^ use of undeclared crate or module `length_delimited`
[INFO] [stdout]     |
[INFO] [stdout] help: consider importing this struct
[INFO] [stdout]     |
[INFO] [stdout] 3   + use std::thread::Builder;
[INFO] [stdout]     |
[INFO] [stdout] help: if you import `Builder`, refer to it directly
[INFO] [stdout]     |
[INFO] [stdout] 401 -     let io = length_delimited::Builder::new()
[INFO] [stdout] 401 +     let io = Builder::new()
[INFO] [stdout]     |
[INFO] [stdout] 
[INFO] [stdout] 
[INFO] [stdout] error[E0433]: failed to resolve: use of undeclared crate or module `length_delimited`
[INFO] [stdout]    --> tests/length_delimited.rs:417:14
[INFO] [stdout]     |
[INFO] [stdout] 417 |     let io = length_delimited::Builder::new()
[INFO] [stdout]     |              ^^^^^^^^^^^^^^^^ use of undeclared crate or module `length_delimited`
[INFO] [stdout]     |
[INFO] [stdout] help: consider importing this struct
[INFO] [stdout]     |
[INFO] [stdout] 3   + use std::thread::Builder;
[INFO] [stdout]     |
[INFO] [stdout] help: if you import `Builder`, refer to it directly
[INFO] [stdout]     |
[INFO] [stdout] 417 -     let io = length_delimited::Builder::new()
[INFO] [stdout] 417 +     let io = Builder::new()
[INFO] [stdout]     |
[INFO] [stdout] 
[INFO] [stdout] 
[INFO] [stdout] error[E0433]: failed to resolve: use of undeclared crate or module `length_delimited`
[INFO] [stdout]    --> tests/length_delimited.rs:561:14
[INFO] [stdout]     |
[INFO] [stdout] 561 |     let io = length_delimited::Builder::new()
[INFO] [stdout]     |              ^^^^^^^^^^^^^^^^ use of undeclared crate or module `length_delimited`
[INFO] [stdout]     |
[INFO] [stdout] help: consider importing this struct
[INFO] [stdout]     |
[INFO] [stdout] 3   + use std::thread::Builder;
[INFO] [stdout]     |
[INFO] [stdout] help: if you import `Builder`, refer to it directly
[INFO] [stdout]     |
[INFO] [stdout] 561 -     let io = length_delimited::Builder::new()
[INFO] [stdout] 561 +     let io = Builder::new()
[INFO] [stdout]     |
[INFO] [stdout] 
[INFO] [stdout] 
[INFO] [stdout] error[E0433]: failed to resolve: use of undeclared crate or module `length_delimited`
[INFO] [stdout]    --> tests/length_delimited.rs:581:14
[INFO] [stdout]     |
[INFO] [stdout] 581 |     let io = length_delimited::Builder::new()
[INFO] [stdout]     |              ^^^^^^^^^^^^^^^^ use of undeclared crate or module `length_delimited`
[INFO] [stdout]     |
[INFO] [stdout] help: consider importing this struct
[INFO] [stdout]     |
[INFO] [stdout] 3   + use std::thread::Builder;
[INFO] [stdout]     |
[INFO] [stdout] help: if you import `Builder`, refer to it directly
[INFO] [stdout]     |
[INFO] [stdout] 581 -     let io = length_delimited::Builder::new()
[INFO] [stdout] 581 +     let io = Builder::new()
[INFO] [stdout]     |
[INFO] [stdout] 
[INFO] [stdout] 
[INFO] [stdout] error[E0433]: failed to resolve: use of undeclared crate or module `length_delimited`
[INFO] [stdout]    --> tests/length_delimited.rs:602:14
[INFO] [stdout]     |
[INFO] [stdout] 602 |     let io = length_delimited::Builder::new()
[INFO] [stdout]     |              ^^^^^^^^^^^^^^^^ use of undeclared crate or module `length_delimited`
[INFO] [stdout]     |
[INFO] [stdout] help: consider importing this struct
[INFO] [stdout]     |
[INFO] [stdout] 3   + use std::thread::Builder;
[INFO] [stdout]     |
[INFO] [stdout] help: if you import `Builder`, refer to it directly
[INFO] [stdout]     |
[INFO] [stdout] 602 -     let io = length_delimited::Builder::new()
[INFO] [stdout] 602 +     let io = Builder::new()
[INFO] [stdout]     |
[INFO] [stdout] 
[INFO] [stdout] 
[INFO] [stdout] error[E0433]: failed to resolve: use of undeclared crate or module `length_delimited`
[INFO] [stdout]    --> tests/length_delimited.rs:617:14
[INFO] [stdout]     |
[INFO] [stdout] 617 |     let io = length_delimited::Builder::new().new_write(mock! {
[INFO] [stdout]     |              ^^^^^^^^^^^^^^^^ use of undeclared crate or module `length_delimited`
[INFO] [stdout]     |
[INFO] [stdout] help: consider importing this struct
[INFO] [stdout]     |
[INFO] [stdout] 3   + use std::thread::Builder;
[INFO] [stdout]     |
[INFO] [stdout] help: if you import `Builder`, refer to it directly
[INFO] [stdout]     |
[INFO] [stdout] 617 -     let io = length_delimited::Builder::new().new_write(mock! {
[INFO] [stdout] 617 +     let io = Builder::new().new_write(mock! {
[INFO] [stdout]     |
[INFO] [stdout] 
[INFO] [stdout] 
[INFO] [stdout] error[E0433]: failed to resolve: use of undeclared crate or module `length_delimited`
[INFO] [stdout]    --> tests/length_delimited.rs:640:14
[INFO] [stdout]     |
[INFO] [stdout] 640 |     let io = length_delimited::Builder::new().new_write(mock! {
[INFO] [stdout]     |              ^^^^^^^^^^^^^^^^ use of undeclared crate or module `length_delimited`
[INFO] [stdout]     |
[INFO] [stdout] help: consider importing this struct
[INFO] [stdout]     |
[INFO] [stdout] 3   + use std::thread::Builder;
[INFO] [stdout]     |
[INFO] [stdout] help: if you import `Builder`, refer to it directly
[INFO] [stdout]     |
[INFO] [stdout] 640 -     let io = length_delimited::Builder::new().new_write(mock! {
[INFO] [stdout] 640 +     let io = Builder::new().new_write(mock! {
[INFO] [stdout]     |
[INFO] [stdout] 
[INFO] [stdout] 
[INFO] [stdout] error[E0433]: failed to resolve: use of undeclared crate or module `length_delimited`
[INFO] [stdout]    --> tests/length_delimited.rs:666:14
[INFO] [stdout]     |
[INFO] [stdout] 666 |     let io = length_delimited::Builder::new().new_write(mock! {});
[INFO] [stdout]     |              ^^^^^^^^^^^^^^^^ use of undeclared crate or module `length_delimited`
[INFO] [stdout]     |
[INFO] [stdout] help: consider importing this struct
[INFO] [stdout]     |
[INFO] [stdout] 3   + use std::thread::Builder;
[INFO] [stdout]     |
[INFO] [stdout] help: if you import `Builder`, refer to it directly
[INFO] [stdout]     |
[INFO] [stdout] 666 -     let io = length_delimited::Builder::new().new_write(mock! {});
[INFO] [stdout] 666 +     let io = Builder::new().new_write(mock! {});
[INFO] [stdout]     |
[INFO] [stdout] 
[INFO] [stdout] 
[INFO] [stdout] error[E0433]: failed to resolve: use of undeclared crate or module `length_delimited`
[INFO] [stdout]    --> tests/length_delimited.rs:682:21
[INFO] [stdout]     |
[INFO] [stdout] 682 |     let mut codec = length_delimited::Builder::new().new_codec();
[INFO] [stdout]     |                     ^^^^^^^^^^^^^^^^ use of undeclared crate or module `length_delimited`
[INFO] [stdout]     |
[INFO] [stdout] help: consider importing this struct
[INFO] [stdout]     |
[INFO] [stdout] 3   + use std::thread::Builder;
[INFO] [stdout]     |
[INFO] [stdout] help: if you import `Builder`, refer to it directly
[INFO] [stdout]     |
[INFO] [stdout] 682 -     let mut codec = length_delimited::Builder::new().new_codec();
[INFO] [stdout] 682 +     let mut codec = Builder::new().new_codec();
[INFO] [stdout]     |
[INFO] [stdout] 
[INFO] [stdout] 
[INFO] [stdout] error[E0433]: failed to resolve: use of undeclared type `FramedRead`
[INFO] [stdout]   --> tests/length_delimited.rs:76:23
[INFO] [stdout]    |
[INFO] [stdout] 76 |     let io = Box::pin(FramedRead::new(mock!(), LengthDelimitedCodec::new()));
[INFO] [stdout]    |                       ^^^^^^^^^^ use of undeclared type `FramedRead`
[INFO] [stdout] 
[INFO] [stdout] 
[INFO] [stdout] error[E0433]: failed to resolve: use of undeclared type `LengthDelimitedCodec`
[INFO] [stdout]   --> tests/length_delimited.rs:76:48
[INFO] [stdout]    |
[INFO] [stdout] 76 |     let io = Box::pin(FramedRead::new(mock!(), LengthDelimitedCodec::new()));
[INFO] [stdout]    |                                                ^^^^^^^^^^^^^^^^^^^^ use of undeclared type `LengthDelimitedCodec`
[INFO] [stdout] 
[INFO] [stdout] 
[INFO] [stdout] error[E0433]: failed to resolve: use of undeclared type `FramedRead`
[INFO] [stdout]   --> tests/length_delimited.rs:84:14
[INFO] [stdout]    |
[INFO] [stdout] 84 |     let io = FramedRead::new(
[INFO] [stdout]    |              ^^^^^^^^^^ use of undeclared type `FramedRead`
[INFO] [stdout] 
[INFO] [stdout] 
[INFO] [stdout] error[E0433]: failed to resolve: use of undeclared type `LengthDelimitedCodec`
[INFO] [stdout]   --> tests/length_delimited.rs:88:9
[INFO] [stdout]    |
[INFO] [stdout] 88 |         LengthDelimitedCodec::new(),
[INFO] [stdout]    |         ^^^^^^^^^^^^^^^^^^^^ use of undeclared type `LengthDelimitedCodec`
[INFO] [stdout] 
[INFO] [stdout] 
[INFO] [stdout] error[E0433]: failed to resolve: use of undeclared type `FramedRead`
[INFO] [stdout]    --> tests/length_delimited.rs:134:14
[INFO] [stdout]     |
[INFO] [stdout] 134 |     let io = FramedRead::new(
[INFO] [stdout]     |              ^^^^^^^^^^ use of undeclared type `FramedRead`
[INFO] [stdout] 
[INFO] [stdout] 
[INFO] [stdout] error[E0433]: failed to resolve: use of undeclared type `LengthDelimitedCodec`
[INFO] [stdout]    --> tests/length_delimited.rs:138:9
[INFO] [stdout]     |
[INFO] [stdout] 138 |         LengthDelimitedCodec::new(),
[INFO] [stdout]     |         ^^^^^^^^^^^^^^^^^^^^ use of undeclared type `LengthDelimitedCodec`
[INFO] [stdout] 
[INFO] [stdout] 
[INFO] [stdout] error[E0433]: failed to resolve: use of undeclared type `FramedRead`
[INFO] [stdout]    --> tests/length_delimited.rs:150:14
[INFO] [stdout]     |
[INFO] [stdout] 150 |     let io = FramedRead::new(
[INFO] [stdout]     |              ^^^^^^^^^^ use of undeclared type `FramedRead`
[INFO] [stdout] 
[INFO] [stdout] 
[INFO] [stdout] error[E0433]: failed to resolve: use of undeclared type `LengthDelimitedCodec`
[INFO] [stdout]    --> tests/length_delimited.rs:156:9
[INFO] [stdout]     |
[INFO] [stdout] 156 |         LengthDelimitedCodec::new(),
[INFO] [stdout]     |         ^^^^^^^^^^^^^^^^^^^^ use of undeclared type `LengthDelimitedCodec`
[INFO] [stdout] 
[INFO] [stdout] 
[INFO] [stdout] error[E0433]: failed to resolve: use of undeclared type `FramedRead`
[INFO] [stdout]    --> tests/length_delimited.rs:166:14
[INFO] [stdout]     |
[INFO] [stdout] 166 |     let io = FramedRead::new(
[INFO] [stdout]     |              ^^^^^^^^^^ use of undeclared type `FramedRead`
[INFO] [stdout] 
[INFO] [stdout] 
[INFO] [stdout] error[E0433]: failed to resolve: use of undeclared type `LengthDelimitedCodec`
[INFO] [stdout]    --> tests/length_delimited.rs:174:9
[INFO] [stdout]     |
[INFO] [stdout] 174 |         LengthDelimitedCodec::new(),
[INFO] [stdout]     |         ^^^^^^^^^^^^^^^^^^^^ use of undeclared type `LengthDelimitedCodec`
[INFO] [stdout] 
[INFO] [stdout] 
[INFO] [stdout] error[E0433]: failed to resolve: use of undeclared type `FramedRead`
[INFO] [stdout]    --> tests/length_delimited.rs:186:14
[INFO] [stdout]     |
[INFO] [stdout] 186 |     let io = FramedRead::new(
[INFO] [stdout]     |              ^^^^^^^^^^ use of undeclared type `FramedRead`
[INFO] [stdout] 
[INFO] [stdout] 
[INFO] [stdout] error[E0433]: failed to resolve: use of undeclared type `LengthDelimitedCodec`
[INFO] [stdout]    --> tests/length_delimited.rs:195:9
[INFO] [stdout]     |
[INFO] [stdout] 195 |         LengthDelimitedCodec::new(),
[INFO] [stdout]     |         ^^^^^^^^^^^^^^^^^^^^ use of undeclared type `LengthDelimitedCodec`
[INFO] [stdout] 
[INFO] [stdout] 
[INFO] [stdout] error[E0433]: failed to resolve: use of undeclared type `FramedRead`
[INFO] [stdout]    --> tests/length_delimited.rs:208:14
[INFO] [stdout]     |
[INFO] [stdout] 208 |     let io = FramedRead::new(
[INFO] [stdout]     |              ^^^^^^^^^^ use of undeclared type `FramedRead`
[INFO] [stdout] 
[INFO] [stdout] 
[INFO] [stdout] error[E0433]: failed to resolve: use of undeclared type `LengthDelimitedCodec`
[INFO] [stdout]    --> tests/length_delimited.rs:221:9
[INFO] [stdout]     |
[INFO] [stdout] 221 |         LengthDelimitedCodec::new(),
[INFO] [stdout]     |         ^^^^^^^^^^^^^^^^^^^^ use of undeclared type `LengthDelimitedCodec`
[INFO] [stdout] 
[INFO] [stdout] 
[INFO] [stdout] error[E0433]: failed to resolve: use of undeclared type `FramedRead`
[INFO] [stdout]    --> tests/length_delimited.rs:238:14
[INFO] [stdout]     |
[INFO] [stdout] 238 |     let io = FramedRead::new(
[INFO] [stdout]     |              ^^^^^^^^^^ use of undeclared type `FramedRead`
[INFO] [stdout] 
[INFO] [stdout] 
[INFO] [stdout] error[E0433]: failed to resolve: use of undeclared type `LengthDelimitedCodec`
[INFO] [stdout]    --> tests/length_delimited.rs:242:9
[INFO] [stdout]     |
[INFO] [stdout] 242 |         LengthDelimitedCodec::new(),
[INFO] [stdout]     |         ^^^^^^^^^^^^^^^^^^^^ use of undeclared type `LengthDelimitedCodec`
[INFO] [stdout] 
[INFO] [stdout] 
[INFO] [stdout] error[E0433]: failed to resolve: use of undeclared type `FramedRead`
[INFO] [stdout]    --> tests/length_delimited.rs:251:14
[INFO] [stdout]     |
[INFO] [stdout] 251 |     let io = FramedRead::new(
[INFO] [stdout]     |              ^^^^^^^^^^ use of undeclared type `FramedRead`
[INFO] [stdout] 
[INFO] [stdout] 
[INFO] [stdout] error[E0433]: failed to resolve: use of undeclared type `LengthDelimitedCodec`
[INFO] [stdout]    --> tests/length_delimited.rs:257:9
[INFO] [stdout]     |
[INFO] [stdout] 257 |         LengthDelimitedCodec::new(),
[INFO] [stdout]     |         ^^^^^^^^^^^^^^^^^^^^ use of undeclared type `LengthDelimitedCodec`
[INFO] [stdout] 
[INFO] [stdout] 
[INFO] [stdout] error[E0433]: failed to resolve: use of undeclared type `FramedRead`
[INFO] [stdout]    --> tests/length_delimited.rs:268:14
[INFO] [stdout]     |
[INFO] [stdout] 268 |     let io = FramedRead::new(
[INFO] [stdout]     |              ^^^^^^^^^^ use of undeclared type `FramedRead`
[INFO] [stdout] 
[INFO] [stdout] 
[INFO] [stdout] error[E0433]: failed to resolve: use of undeclared type `LengthDelimitedCodec`
[INFO] [stdout]    --> tests/length_delimited.rs:275:9
[INFO] [stdout]     |
[INFO] [stdout] 275 |         LengthDelimitedCodec::new(),
[INFO] [stdout]     |         ^^^^^^^^^^^^^^^^^^^^ use of undeclared type `LengthDelimitedCodec`
[INFO] [stdout] 
[INFO] [stdout] 
[INFO] [stdout] error[E0433]: failed to resolve: use of undeclared type `FramedWrite`
[INFO] [stdout]    --> tests/length_delimited.rs:436:14
[INFO] [stdout]     |
[INFO] [stdout] 436 |     let io = FramedWrite::new(mock!(), LengthDelimitedCodec::new());
[INFO] [stdout]     |              ^^^^^^^^^^^ use of undeclared type `FramedWrite`
[INFO] [stdout] 
[INFO] [stdout] 
[INFO] [stdout] error[E0433]: failed to resolve: use of undeclared type `LengthDelimitedCodec`
[INFO] [stdout]    --> tests/length_delimited.rs:436:40
[INFO] [stdout]     |
[INFO] [stdout] 436 |     let io = FramedWrite::new(mock!(), LengthDelimitedCodec::new());
[INFO] [stdout]     |                                        ^^^^^^^^^^^^^^^^^^^^ use of undeclared type `LengthDelimitedCodec`
[INFO] [stdout] 
[INFO] [stdout] 
[INFO] [stdout] error[E0433]: failed to resolve: use of undeclared type `FramedWrite`
[INFO] [stdout]    --> tests/length_delimited.rs:446:14
[INFO] [stdout]     |
[INFO] [stdout] 446 |     let io = FramedWrite::new(
[INFO] [stdout]     |              ^^^^^^^^^^^ use of undeclared type `FramedWrite`
[INFO] [stdout] 
[INFO] [stdout] 
[INFO] [stdout] error[E0433]: failed to resolve: use of undeclared type `LengthDelimitedCodec`
[INFO] [stdout]    --> tests/length_delimited.rs:452:9
[INFO] [stdout]     |
[INFO] [stdout] 452 |         LengthDelimitedCodec::new(),
[INFO] [stdout]     |         ^^^^^^^^^^^^^^^^^^^^ use of undeclared type `LengthDelimitedCodec`
[INFO] [stdout] 
[INFO] [stdout] 
[INFO] [stdout] error[E0433]: failed to resolve: use of undeclared type `FramedWrite`
[INFO] [stdout]    --> tests/length_delimited.rs:466:14
[INFO] [stdout]     |
[INFO] [stdout] 466 |     let io = FramedWrite::new(
[INFO] [stdout]     |              ^^^^^^^^^^^ use of undeclared type `FramedWrite`
[INFO] [stdout] 
[INFO] [stdout] 
[INFO] [stdout] error[E0433]: failed to resolve: use of undeclared type `LengthDelimitedCodec`
[INFO] [stdout]    --> tests/length_delimited.rs:476:9
[INFO] [stdout]     |
[INFO] [stdout] 476 |         LengthDelimitedCodec::new(),
[INFO] [stdout]     |         ^^^^^^^^^^^^^^^^^^^^ use of undeclared type `LengthDelimitedCodec`
[INFO] [stdout] 
[INFO] [stdout] 
[INFO] [stdout] error[E0433]: failed to resolve: use of undeclared type `FramedWrite`
[INFO] [stdout]    --> tests/length_delimited.rs:497:14
[INFO] [stdout]     |
[INFO] [stdout] 497 |     let io = FramedWrite::new(
[INFO] [stdout]     |              ^^^^^^^^^^^ use of undeclared type `FramedWrite`
[INFO] [stdout] 
[INFO] [stdout] 
[INFO] [stdout] error[E0433]: failed to resolve: use of undeclared type `LengthDelimitedCodec`
[INFO] [stdout]    --> tests/length_delimited.rs:509:9
[INFO] [stdout]     |
[INFO] [stdout] 509 |         LengthDelimitedCodec::new(),
[INFO] [stdout]     |         ^^^^^^^^^^^^^^^^^^^^ use of undeclared type `LengthDelimitedCodec`
[INFO] [stdout] 
[INFO] [stdout] 
[INFO] [stdout] error[E0433]: failed to resolve: use of undeclared type `FramedWrite`
[INFO] [stdout]    --> tests/length_delimited.rs:534:14
[INFO] [stdout]     |
[INFO] [stdout] 534 |     let io = FramedWrite::new(
[INFO] [stdout]     |              ^^^^^^^^^^^ use of undeclared type `FramedWrite`
[INFO] [stdout] 
[INFO] [stdout] 
[INFO] [stdout] error[E0433]: failed to resolve: use of undeclared type `LengthDelimitedCodec`
[INFO] [stdout]    --> tests/length_delimited.rs:543:9
[INFO] [stdout]     |
[INFO] [stdout] 543 |         LengthDelimitedCodec::new(),
[INFO] [stdout]     |         ^^^^^^^^^^^^^^^^^^^^ use of undeclared type `LengthDelimitedCodec`
[INFO] [stdout] 
[INFO] [stdout] 
[INFO] [stdout] error: aborting due to 171 previous errors
[INFO] [stdout] 
[INFO] [stdout] 
[INFO] [stdout] Some errors have detailed explanations: E0432, E0433.
[INFO] [stdout] 
[INFO] [stdout] For more information about an error, try `rustc --explain E0432`.
[INFO] [stdout] 
[INFO] [stderr] error: could not compile `tokio-util_wasi` (test "length_delimited") due to 172 previous errors
[INFO] running `Command { std: "docker" "inspect" "f3830c65118e96a42f00a66a33efe952c3436c1a967d0a98a584d490c9853dc5", kill_on_drop: false }`
[INFO] running `Command { std: "docker" "rm" "-f" "f3830c65118e96a42f00a66a33efe952c3436c1a967d0a98a584d490c9853dc5", kill_on_drop: false }`
[INFO] [stdout] f3830c65118e96a42f00a66a33efe952c3436c1a967d0a98a584d490c9853dc5
