[INFO] fetching crate tokio-stream_wasi 0.1.11...
[INFO] testing tokio-stream_wasi-0.1.11 against 1.75.0 for beta-1.76-1
[INFO] extracting crate tokio-stream_wasi 0.1.11 into /workspace/builds/worker-5-tc1/source
[INFO] validating manifest of crates.io crate tokio-stream_wasi 0.1.11 on toolchain 1.75.0
[INFO] running `Command { std: CARGO_HOME="/workspace/cargo-home" RUSTUP_HOME="/workspace/rustup-home" "/workspace/cargo-home/bin/cargo" "+1.75.0" "metadata" "--manifest-path" "Cargo.toml" "--no-deps", kill_on_drop: false }`
[INFO] started tweaking crates.io crate tokio-stream_wasi 0.1.11
[INFO] finished tweaking crates.io crate tokio-stream_wasi 0.1.11
[INFO] tweaked toml for crates.io crate tokio-stream_wasi 0.1.11 written to /workspace/builds/worker-5-tc1/source/Cargo.toml
[INFO] running `Command { std: CARGO_HOME="/workspace/cargo-home" RUSTUP_HOME="/workspace/rustup-home" "/workspace/cargo-home/bin/cargo" "+1.75.0" "generate-lockfile" "--manifest-path" "Cargo.toml", kill_on_drop: false }`
[INFO] [stderr]     Updating crates.io index
[INFO] running `Command { std: CARGO_HOME="/workspace/cargo-home" RUSTUP_HOME="/workspace/rustup-home" "/workspace/cargo-home/bin/cargo" "+1.75.0" "fetch" "--manifest-path" "Cargo.toml", kill_on_drop: false }`
[INFO] [stderr]  Downloading crates ...
[INFO] [stderr]   Downloaded tokio-util_wasi v0.7.5
[INFO] [stderr]   Downloaded dns-parser v0.8.0
[INFO] [stderr]   Downloaded wasmedge_wasi_socket v0.5.3
[INFO] [stderr]   Downloaded mio_wasi v0.8.9
[INFO] [stderr]   Downloaded tokio_wasi v1.25.2
[INFO] running `Command { std: "docker" "create" "-v" "/var/lib/crater-agent-workspace/builds/worker-5-tc1/target:/opt/rustwide/target:rw,Z" "-v" "/var/lib/crater-agent-workspace/builds/worker-5-tc1/source:/opt/rustwide/workdir:ro,Z" "-v" "/var/lib/crater-agent-workspace/cargo-home:/opt/rustwide/cargo-home:ro,Z" "-v" "/var/lib/crater-agent-workspace/rustup-home:/opt/rustwide/rustup-home:ro,Z" "-e" "SOURCE_DIR=/opt/rustwide/workdir" "-e" "CARGO_TARGET_DIR=/opt/rustwide/target" "-e" "CARGO_HOME=/opt/rustwide/cargo-home" "-e" "RUSTUP_HOME=/opt/rustwide/rustup-home" "-w" "/opt/rustwide/workdir" "-m" "1610612736" "--user" "0:0" "--network" "none" "ghcr.io/rust-lang/crates-build-env/linux@sha256:2788e3201cd34a07e3172128adcd8b3090168a8e3bcc40d7c032b9dda1df7d1c" "/opt/rustwide/cargo-home/bin/cargo" "+1.75.0" "metadata" "--no-deps" "--format-version=1", kill_on_drop: false }`
[INFO] [stdout] ff0926981e05093a7c6050dfbe0b8f8c511e3b5d22545a36ffce7bdb5bd5419d
[INFO] running `Command { std: "docker" "start" "-a" "ff0926981e05093a7c6050dfbe0b8f8c511e3b5d22545a36ffce7bdb5bd5419d", kill_on_drop: false }`
[INFO] running `Command { std: "docker" "inspect" "ff0926981e05093a7c6050dfbe0b8f8c511e3b5d22545a36ffce7bdb5bd5419d", kill_on_drop: false }`
[INFO] running `Command { std: "docker" "rm" "-f" "ff0926981e05093a7c6050dfbe0b8f8c511e3b5d22545a36ffce7bdb5bd5419d", kill_on_drop: false }`
[INFO] [stdout] ff0926981e05093a7c6050dfbe0b8f8c511e3b5d22545a36ffce7bdb5bd5419d
[INFO] running `Command { std: "docker" "create" "-v" "/var/lib/crater-agent-workspace/builds/worker-5-tc1/target:/opt/rustwide/target:rw,Z" "-v" "/var/lib/crater-agent-workspace/builds/worker-5-tc1/source:/opt/rustwide/workdir:ro,Z" "-v" "/var/lib/crater-agent-workspace/cargo-home:/opt/rustwide/cargo-home:ro,Z" "-v" "/var/lib/crater-agent-workspace/rustup-home:/opt/rustwide/rustup-home:ro,Z" "-e" "SOURCE_DIR=/opt/rustwide/workdir" "-e" "CARGO_TARGET_DIR=/opt/rustwide/target" "-e" "CARGO_INCREMENTAL=0" "-e" "RUST_BACKTRACE=full" "-e" "RUSTFLAGS=--cap-lints=warn" "-e" "RUSTDOCFLAGS=--cap-lints=warn" "-e" "CARGO_HOME=/opt/rustwide/cargo-home" "-e" "RUSTUP_HOME=/opt/rustwide/rustup-home" "-w" "/opt/rustwide/workdir" "-m" "1610612736" "--user" "0:0" "--network" "none" "ghcr.io/rust-lang/crates-build-env/linux@sha256:2788e3201cd34a07e3172128adcd8b3090168a8e3bcc40d7c032b9dda1df7d1c" "/opt/rustwide/cargo-home/bin/cargo" "+1.75.0" "build" "--frozen" "--message-format=json", kill_on_drop: false }`
[INFO] [stdout] 38e15c16e413c0cbacce990362635c1906fd1ec16e5f05c09bb34fa06eec7951
[INFO] running `Command { std: "docker" "start" "-a" "38e15c16e413c0cbacce990362635c1906fd1ec16e5f05c09bb34fa06eec7951", kill_on_drop: false }`
[INFO] [stderr]    Compiling autocfg v1.1.0
[INFO] [stderr]    Compiling pin-project-lite v0.2.13
[INFO] [stderr]    Compiling futures-core v0.3.30
[INFO] [stderr]    Compiling tokio_wasi v1.25.2
[INFO] [stderr]    Compiling tokio-stream_wasi v0.1.11 (/opt/rustwide/workdir)
[INFO] [stderr]     Finished dev [unoptimized + debuginfo] target(s) in 1.07s
[INFO] running `Command { std: "docker" "inspect" "38e15c16e413c0cbacce990362635c1906fd1ec16e5f05c09bb34fa06eec7951", kill_on_drop: false }`
[INFO] running `Command { std: "docker" "rm" "-f" "38e15c16e413c0cbacce990362635c1906fd1ec16e5f05c09bb34fa06eec7951", kill_on_drop: false }`
[INFO] [stdout] 38e15c16e413c0cbacce990362635c1906fd1ec16e5f05c09bb34fa06eec7951
[INFO] running `Command { std: "docker" "create" "-v" "/var/lib/crater-agent-workspace/builds/worker-5-tc1/target:/opt/rustwide/target:rw,Z" "-v" "/var/lib/crater-agent-workspace/builds/worker-5-tc1/source:/opt/rustwide/workdir:ro,Z" "-v" "/var/lib/crater-agent-workspace/cargo-home:/opt/rustwide/cargo-home:ro,Z" "-v" "/var/lib/crater-agent-workspace/rustup-home:/opt/rustwide/rustup-home:ro,Z" "-e" "SOURCE_DIR=/opt/rustwide/workdir" "-e" "CARGO_TARGET_DIR=/opt/rustwide/target" "-e" "CARGO_INCREMENTAL=0" "-e" "RUST_BACKTRACE=full" "-e" "RUSTFLAGS=--cap-lints=warn" "-e" "RUSTDOCFLAGS=--cap-lints=warn" "-e" "CARGO_HOME=/opt/rustwide/cargo-home" "-e" "RUSTUP_HOME=/opt/rustwide/rustup-home" "-w" "/opt/rustwide/workdir" "-m" "1610612736" "--user" "0:0" "--network" "none" "ghcr.io/rust-lang/crates-build-env/linux@sha256:2788e3201cd34a07e3172128adcd8b3090168a8e3bcc40d7c032b9dda1df7d1c" "/opt/rustwide/cargo-home/bin/cargo" "+1.75.0" "test" "--frozen" "--no-run" "--message-format=json", kill_on_drop: false }`
[INFO] [stdout] 5716af02722ddd7c3d3fe5ebfc38d4f8397ebf7dc145550d0dac9b80cfed2324
[INFO] running `Command { std: "docker" "start" "-a" "5716af02722ddd7c3d3fe5ebfc38d4f8397ebf7dc145550d0dac9b80cfed2324", kill_on_drop: false }`
[INFO] [stderr]    Compiling libc v0.2.151
[INFO] [stderr]    Compiling cfg-if v1.0.0
[INFO] [stderr]    Compiling rustix v0.38.28
[INFO] [stderr]    Compiling libm v0.2.8
[INFO] [stderr]    Compiling bitflags v2.4.1
[INFO] [stderr]    Compiling linux-raw-sys v0.4.12
[INFO] [stderr]    Compiling fastrand v2.0.1
[INFO] [stderr]    Compiling num-traits v0.2.17
[INFO] [stderr]    Compiling ppv-lite86 v0.2.17
[INFO] [stderr]    Compiling fnv v1.0.7
[INFO] [stderr]    Compiling bit-vec v0.6.3
[INFO] [stderr]    Compiling quick-error v1.2.3
[INFO] [stderr]    Compiling unarray v0.1.4
[INFO] [stderr]    Compiling bit-set v0.5.3
[INFO] [stderr]    Compiling lazy_static v1.4.0
[INFO] [stderr]    Compiling regex-syntax v0.8.2
[INFO] [stderr]    Compiling getrandom v0.2.11
[INFO] [stderr]    Compiling wait-timeout v0.2.0
[INFO] [stderr]    Compiling rand_core v0.6.4
[INFO] [stderr]    Compiling rand_chacha v0.3.1
[INFO] [stderr]    Compiling rand_xorshift v0.3.0
[INFO] [stderr]    Compiling tempfile v3.9.0
[INFO] [stderr]    Compiling rand v0.8.5
[INFO] [stderr]    Compiling rusty-fork v0.3.0
[INFO] [stderr]    Compiling proptest v1.4.0
[INFO] [stderr]    Compiling tokio-stream_wasi v0.1.11 (/opt/rustwide/workdir)
[INFO] [stdout] error[E0433]: failed to resolve: could not find `test` in `tokio`
[INFO] [stdout]  --> tests/stream_empty.rs:3:10
[INFO] [stdout]   |
[INFO] [stdout] 3 | #[tokio::test]
[INFO] [stdout]   |          ^^^^ could not find `test` in `tokio`
[INFO] [stdout] 
[INFO] [stdout] 
[INFO] [stdout] error[E0432]: unresolved import `tokio_test`
[INFO] [stdout]  --> tests/stream_iter.rs:2:5
[INFO] [stdout]   |
[INFO] [stdout] 2 | use tokio_test::task;
[INFO] [stdout]   |     ^^^^^^^^^^ use of undeclared crate or module `tokio_test`
[INFO] [stdout] 
[INFO] [stdout] 
[INFO] [stdout] error[E0433]: failed to resolve: could not find `test` in `tokio`
[INFO] [stdout]  --> tests/stream_iter.rs:6:10
[INFO] [stdout]   |
[INFO] [stdout] 6 | #[tokio::test]
[INFO] [stdout]   |          ^^^^ could not find `test` in `tokio`
[INFO] [stdout] 
[INFO] [stdout] 
[INFO] [stdout] error[E0432]: unresolved import `parking_lot`
[INFO] [stdout]  --> tests/stream_panic.rs:4:5
[INFO] [stdout]   |
[INFO] [stdout] 4 | use parking_lot::{const_mutex, Mutex};
[INFO] [stdout]   |     ^^^^^^^^^^^ use of undeclared crate or module `parking_lot`
[INFO] [stdout] 
[INFO] [stdout] 
[INFO] [stdout] error: aborting due to previous error
[INFO] [stdout] 
[INFO] [stdout] 
[INFO] [stdout] For more information about this error, try `rustc --explain E0433`.
[INFO] [stdout] 
[INFO] [stdout] error[E0433]: failed to resolve: could not find `test` in `tokio`
[INFO] [stdout]  --> tests/stream_once.rs:3:10
[INFO] [stdout]   |
[INFO] [stdout] 3 | #[tokio::test]
[INFO] [stdout]   |          ^^^^ could not find `test` in `tokio`
[INFO] [stdout] 
[INFO] [stdout] 
[INFO] [stdout] error: aborting due to previous error
[INFO] [stdout] 
[INFO] [stdout] 
[INFO] [stdout] For more information about this error, try `rustc --explain E0432`.
[INFO] [stdout] 
[INFO] [stderr] error: could not compile `tokio-stream_wasi` (test "stream_empty") due to 2 previous errors
[INFO] [stderr] warning: build failed, waiting for other jobs to finish...
[INFO] [stdout] error: aborting due to 2 previous errors
[INFO] [stdout] 
[INFO] [stdout] 
[INFO] [stdout] Some errors have detailed explanations: E0432, E0433.
[INFO] [stdout] 
[INFO] [stdout] For more information about an error, try `rustc --explain E0432`.
[INFO] [stdout] 
[INFO] [stderr] error: could not compile `tokio-stream_wasi` (test "stream_panic") due to 2 previous errors
[INFO] [stderr] error: could not compile `tokio-stream_wasi` (test "stream_iter") due to 3 previous errors
[INFO] [stdout] error: aborting due to previous error
[INFO] [stdout] 
[INFO] [stdout] 
[INFO] [stdout] For more information about this error, try `rustc --explain E0433`.
[INFO] [stdout] 
[INFO] [stderr] error: could not compile `tokio-stream_wasi` (test "stream_once") due to 2 previous errors
[INFO] running `Command { std: "docker" "inspect" "5716af02722ddd7c3d3fe5ebfc38d4f8397ebf7dc145550d0dac9b80cfed2324", kill_on_drop: false }`
[INFO] running `Command { std: "docker" "rm" "-f" "5716af02722ddd7c3d3fe5ebfc38d4f8397ebf7dc145550d0dac9b80cfed2324", kill_on_drop: false }`
[INFO] [stdout] 5716af02722ddd7c3d3fe5ebfc38d4f8397ebf7dc145550d0dac9b80cfed2324
[INFO] testing tokio-stream_wasi-0.1.11 against beta-2023-12-22 for beta-1.76-1
[INFO] extracting crate tokio-stream_wasi 0.1.11 into /workspace/builds/worker-5-tc2/source
[INFO] validating manifest of crates.io crate tokio-stream_wasi 0.1.11 on toolchain beta-2023-12-22
[INFO] running `Command { std: CARGO_HOME="/workspace/cargo-home" RUSTUP_HOME="/workspace/rustup-home" "/workspace/cargo-home/bin/cargo" "+beta-2023-12-22" "metadata" "--manifest-path" "Cargo.toml" "--no-deps", kill_on_drop: false }`
[INFO] started tweaking crates.io crate tokio-stream_wasi 0.1.11
[INFO] finished tweaking crates.io crate tokio-stream_wasi 0.1.11
[INFO] tweaked toml for crates.io crate tokio-stream_wasi 0.1.11 written to /workspace/builds/worker-5-tc2/source/Cargo.toml
[INFO] running `Command { std: CARGO_HOME="/workspace/cargo-home" RUSTUP_HOME="/workspace/rustup-home" "/workspace/cargo-home/bin/cargo" "+beta-2023-12-22" "generate-lockfile" "--manifest-path" "Cargo.toml", kill_on_drop: false }`
[INFO] [stderr]     Updating crates.io index
[INFO] running `Command { std: CARGO_HOME="/workspace/cargo-home" RUSTUP_HOME="/workspace/rustup-home" "/workspace/cargo-home/bin/cargo" "+beta-2023-12-22" "fetch" "--manifest-path" "Cargo.toml", kill_on_drop: false }`
[INFO] running `Command { std: "docker" "create" "-v" "/var/lib/crater-agent-workspace/builds/worker-5-tc2/target:/opt/rustwide/target:rw,Z" "-v" "/var/lib/crater-agent-workspace/builds/worker-5-tc2/source:/opt/rustwide/workdir:ro,Z" "-v" "/var/lib/crater-agent-workspace/cargo-home:/opt/rustwide/cargo-home:ro,Z" "-v" "/var/lib/crater-agent-workspace/rustup-home:/opt/rustwide/rustup-home:ro,Z" "-e" "SOURCE_DIR=/opt/rustwide/workdir" "-e" "CARGO_TARGET_DIR=/opt/rustwide/target" "-e" "CARGO_HOME=/opt/rustwide/cargo-home" "-e" "RUSTUP_HOME=/opt/rustwide/rustup-home" "-w" "/opt/rustwide/workdir" "-m" "1610612736" "--user" "0:0" "--network" "none" "ghcr.io/rust-lang/crates-build-env/linux@sha256:2788e3201cd34a07e3172128adcd8b3090168a8e3bcc40d7c032b9dda1df7d1c" "/opt/rustwide/cargo-home/bin/cargo" "+beta-2023-12-22" "metadata" "--no-deps" "--format-version=1", kill_on_drop: false }`
[INFO] [stdout] 0dc48643a99c3cf78977dea1837ace265ddd8a9504fd2819bd6150e2a73a855c
[INFO] running `Command { std: "docker" "start" "-a" "0dc48643a99c3cf78977dea1837ace265ddd8a9504fd2819bd6150e2a73a855c", kill_on_drop: false }`
[INFO] running `Command { std: "docker" "inspect" "0dc48643a99c3cf78977dea1837ace265ddd8a9504fd2819bd6150e2a73a855c", kill_on_drop: false }`
[INFO] running `Command { std: "docker" "rm" "-f" "0dc48643a99c3cf78977dea1837ace265ddd8a9504fd2819bd6150e2a73a855c", kill_on_drop: false }`
[INFO] [stdout] 0dc48643a99c3cf78977dea1837ace265ddd8a9504fd2819bd6150e2a73a855c
[INFO] running `Command { std: "docker" "create" "-v" "/var/lib/crater-agent-workspace/builds/worker-5-tc2/target:/opt/rustwide/target:rw,Z" "-v" "/var/lib/crater-agent-workspace/builds/worker-5-tc2/source:/opt/rustwide/workdir:ro,Z" "-v" "/var/lib/crater-agent-workspace/cargo-home:/opt/rustwide/cargo-home:ro,Z" "-v" "/var/lib/crater-agent-workspace/rustup-home:/opt/rustwide/rustup-home:ro,Z" "-e" "SOURCE_DIR=/opt/rustwide/workdir" "-e" "CARGO_TARGET_DIR=/opt/rustwide/target" "-e" "CARGO_INCREMENTAL=0" "-e" "RUST_BACKTRACE=full" "-e" "RUSTFLAGS=--cap-lints=warn" "-e" "RUSTDOCFLAGS=--cap-lints=warn" "-e" "CARGO_HOME=/opt/rustwide/cargo-home" "-e" "RUSTUP_HOME=/opt/rustwide/rustup-home" "-w" "/opt/rustwide/workdir" "-m" "1610612736" "--user" "0:0" "--network" "none" "ghcr.io/rust-lang/crates-build-env/linux@sha256:2788e3201cd34a07e3172128adcd8b3090168a8e3bcc40d7c032b9dda1df7d1c" "/opt/rustwide/cargo-home/bin/cargo" "+beta-2023-12-22" "build" "--frozen" "--message-format=json", kill_on_drop: false }`
[INFO] [stdout] 54a4b8fce6107c967b91f76d6d4d4bc875356a891b5aa332d8d713969c8e5033
[INFO] running `Command { std: "docker" "start" "-a" "54a4b8fce6107c967b91f76d6d4d4bc875356a891b5aa332d8d713969c8e5033", kill_on_drop: false }`
[INFO] [stderr]    Compiling autocfg v1.1.0
[INFO] [stderr]    Compiling pin-project-lite v0.2.13
[INFO] [stderr]    Compiling futures-core v0.3.30
[INFO] [stderr]    Compiling tokio_wasi v1.25.2
[INFO] [stderr]    Compiling tokio-stream_wasi v0.1.11 (/opt/rustwide/workdir)
[INFO] [stderr]     Finished dev [unoptimized + debuginfo] target(s) in 1.11s
[INFO] running `Command { std: "docker" "inspect" "54a4b8fce6107c967b91f76d6d4d4bc875356a891b5aa332d8d713969c8e5033", kill_on_drop: false }`
[INFO] running `Command { std: "docker" "rm" "-f" "54a4b8fce6107c967b91f76d6d4d4bc875356a891b5aa332d8d713969c8e5033", kill_on_drop: false }`
[INFO] [stdout] 54a4b8fce6107c967b91f76d6d4d4bc875356a891b5aa332d8d713969c8e5033
[INFO] running `Command { std: "docker" "create" "-v" "/var/lib/crater-agent-workspace/builds/worker-5-tc2/target:/opt/rustwide/target:rw,Z" "-v" "/var/lib/crater-agent-workspace/builds/worker-5-tc2/source:/opt/rustwide/workdir:ro,Z" "-v" "/var/lib/crater-agent-workspace/cargo-home:/opt/rustwide/cargo-home:ro,Z" "-v" "/var/lib/crater-agent-workspace/rustup-home:/opt/rustwide/rustup-home:ro,Z" "-e" "SOURCE_DIR=/opt/rustwide/workdir" "-e" "CARGO_TARGET_DIR=/opt/rustwide/target" "-e" "CARGO_INCREMENTAL=0" "-e" "RUST_BACKTRACE=full" "-e" "RUSTFLAGS=--cap-lints=warn" "-e" "RUSTDOCFLAGS=--cap-lints=warn" "-e" "CARGO_HOME=/opt/rustwide/cargo-home" "-e" "RUSTUP_HOME=/opt/rustwide/rustup-home" "-w" "/opt/rustwide/workdir" "-m" "1610612736" "--user" "0:0" "--network" "none" "ghcr.io/rust-lang/crates-build-env/linux@sha256:2788e3201cd34a07e3172128adcd8b3090168a8e3bcc40d7c032b9dda1df7d1c" "/opt/rustwide/cargo-home/bin/cargo" "+beta-2023-12-22" "test" "--frozen" "--no-run" "--message-format=json", kill_on_drop: false }`
[INFO] [stdout] 187759b1f8c1f26475a1933f3cffa9afd287ac39255a8deb3ca8dd7a9014a777
[INFO] running `Command { std: "docker" "start" "-a" "187759b1f8c1f26475a1933f3cffa9afd287ac39255a8deb3ca8dd7a9014a777", kill_on_drop: false }`
[INFO] [stderr]    Compiling libc v0.2.151
[INFO] [stderr]    Compiling cfg-if v1.0.0
[INFO] [stderr]    Compiling rustix v0.38.28
[INFO] [stderr]    Compiling libm v0.2.8
[INFO] [stderr]    Compiling bitflags v2.4.1
[INFO] [stderr]    Compiling linux-raw-sys v0.4.12
[INFO] [stderr]    Compiling num-traits v0.2.17
[INFO] [stderr]    Compiling fastrand v2.0.1
[INFO] [stderr]    Compiling ppv-lite86 v0.2.17
[INFO] [stderr]    Compiling quick-error v1.2.3
[INFO] [stderr]    Compiling bit-vec v0.6.3
[INFO] [stderr]    Compiling fnv v1.0.7
[INFO] [stderr]    Compiling lazy_static v1.4.0
[INFO] [stderr]    Compiling unarray v0.1.4
[INFO] [stderr]    Compiling regex-syntax v0.8.2
[INFO] [stderr]    Compiling bit-set v0.5.3
[INFO] [stderr]    Compiling getrandom v0.2.11
[INFO] [stderr]    Compiling wait-timeout v0.2.0
[INFO] [stderr]    Compiling rand_core v0.6.4
[INFO] [stderr]    Compiling rand_chacha v0.3.1
[INFO] [stderr]    Compiling rand_xorshift v0.3.0
[INFO] [stderr]    Compiling tempfile v3.9.0
[INFO] [stderr]    Compiling rand v0.8.5
[INFO] [stderr]    Compiling rusty-fork v0.3.0
[INFO] [stderr]    Compiling proptest v1.4.0
[INFO] [stderr]    Compiling tokio-stream_wasi v0.1.11 (/opt/rustwide/workdir)
[INFO] [stdout] error[E0433]: failed to resolve: could not find `test` in `tokio`
[INFO] [stdout]  --> tests/stream_once.rs:3:10
[INFO] [stdout]   |
[INFO] [stdout] 3 | #[tokio::test]
[INFO] [stdout]   |          ^^^^ could not find `test` in `tokio`
[INFO] [stdout] 
[INFO] [stdout] 
[INFO] [stdout] error[E0432]: unresolved import `tokio_test`
[INFO] [stdout]  --> tests/stream_chain.rs:2:5
[INFO] [stdout]   |
[INFO] [stdout] 2 | use tokio_test::{assert_pending, assert_ready, task};
[INFO] [stdout]   |     ^^^^^^^^^^ use of undeclared crate or module `tokio_test`
[INFO] [stdout] 
[INFO] [stdout] 
[INFO] [stdout] error[E0432]: unresolved import `async_stream`
[INFO] [stdout]  --> tests/support/mpsc.rs:1:5
[INFO] [stdout]   |
[INFO] [stdout] 1 | use async_stream::stream;
[INFO] [stdout]   |     ^^^^^^^^^^^^ use of undeclared crate or module `async_stream`
[INFO] [stdout] 
[INFO] [stdout] 
[INFO] [stdout] error[E0433]: failed to resolve: could not find `test` in `tokio`
[INFO] [stdout]   --> tests/stream_chain.rs:10:10
[INFO] [stdout]    |
[INFO] [stdout] 10 | #[tokio::test]
[INFO] [stdout]    |          ^^^^ could not find `test` in `tokio`
[INFO] [stdout] 
[INFO] [stdout] 
[INFO] [stdout] error[E0432]: unresolved import `tokio_test`
[INFO] [stdout]  --> tests/stream_stream_map.rs:2:5
[INFO] [stdout]   |
[INFO] [stdout] 2 | use tokio_test::{assert_ok, assert_pending, assert_ready, task};
[INFO] [stdout]   |     ^^^^^^^^^^ use of undeclared crate or module `tokio_test`
[INFO] [stdout] 
[INFO] [stdout] 
[INFO] [stdout] error[E0432]: unresolved import `async_stream`
[INFO] [stdout]  --> tests/support/mpsc.rs:1:5
[INFO] [stdout]   |
[INFO] [stdout] 1 | use async_stream::stream;
[INFO] [stdout]   |     ^^^^^^^^^^^^ use of undeclared crate or module `async_stream`
[INFO] [stdout] 
[INFO] [stdout] 
[INFO] [stdout] error[E0433]: failed to resolve: could not find `test` in `tokio`
[INFO] [stdout]   --> tests/stream_stream_map.rs:30:10
[INFO] [stdout]    |
[INFO] [stdout] 30 | #[tokio::test]
[INFO] [stdout]    |          ^^^^ could not find `test` in `tokio`
[INFO] [stdout] 
[INFO] [stdout] 
[INFO] [stdout] error[E0433]: failed to resolve: could not find `test` in `tokio`
[INFO] [stdout]   --> tests/stream_stream_map.rs:43:10
[INFO] [stdout]    |
[INFO] [stdout] 43 | #[tokio::test]
[INFO] [stdout]    |          ^^^^ could not find `test` in `tokio`
[INFO] [stdout] 
[INFO] [stdout] 
[INFO] [stdout] error[E0433]: failed to resolve: could not find `test` in `tokio`
[INFO] [stdout]   --> tests/stream_stream_map.rs:82:10
[INFO] [stdout]    |
[INFO] [stdout] 82 | #[tokio::test]
[INFO] [stdout]    |          ^^^^ could not find `test` in `tokio`
[INFO] [stdout] 
[INFO] [stdout] 
[INFO] [stdout] error[E0433]: failed to resolve: could not find `test` in `tokio`
[INFO] [stdout]    --> tests/stream_stream_map.rs:141:10
[INFO] [stdout]     |
[INFO] [stdout] 141 | #[tokio::test]
[INFO] [stdout]     |          ^^^^ could not find `test` in `tokio`
[INFO] [stdout] 
[INFO] [stdout] 
[INFO] [stdout] error[E0433]: failed to resolve: could not find `test` in `tokio`
[INFO] [stdout]    --> tests/stream_stream_map.rs:171:10
[INFO] [stdout]     |
[INFO] [stdout] 171 | #[tokio::test]
[INFO] [stdout]     |          ^^^^ could not find `test` in `tokio`
[INFO] [stdout] 
[INFO] [stdout] 
[INFO] [stdout] error[E0433]: failed to resolve: could not find `test` in `tokio`
[INFO] [stdout]   --> tests/stream_chain.rs:42:10
[INFO] [stdout]    |
[INFO] [stdout] 42 | #[tokio::test]
[INFO] [stdout]    |          ^^^^ could not find `test` in `tokio`
[INFO] [stdout] 
[INFO] [stdout] 
[INFO] [stdout] error: aborting due to 1 previous error
[INFO] [stdout] 
[INFO] [stdout] 
[INFO] [stdout] For more information about this error, try `rustc --explain E0433`.
[INFO] [stdout] 
[INFO] [stdout] error: cannot determine resolution for the macro `stream`
[INFO] [stdout]  --> tests/support/mpsc.rs:8:18
[INFO] [stdout]   |
[INFO] [stdout] 8 |     let stream = stream! {
[INFO] [stdout]   |                  ^^^^^^
[INFO] [stdout]   |
[INFO] [stdout]   = note: import resolution is stuck, try simplifying macro imports
[INFO] [stdout] 
[INFO] [stdout] 
[INFO] [stdout] error: cannot determine resolution for the macro `assert_ready`
[INFO] [stdout]   --> tests/stream_stream_map.rs:23:15
[INFO] [stdout]    |
[INFO] [stdout] 23 |         match assert_ready!($($t)*) {
[INFO] [stdout]    |               ^^^^^^^^^^^^
[INFO] [stdout] ...
[INFO] [stdout] 49 |     assert_ready_none!(map.poll_next());
[INFO] [stdout]    |     ----------------------------------- in this macro invocation
[INFO] [stdout]    |
[INFO] [stdout]    = note: import resolution is stuck, try simplifying macro imports
[INFO] [stdout]    = note: this error originates in the macro `assert_ready_none` (in Nightly builds, run with -Z macro-backtrace for more info)
[INFO] [stdout] 
[INFO] [stdout] 
[INFO] [stdout] error: cannot determine resolution for the macro `assert_pending`
[INFO] [stdout]   --> tests/stream_stream_map.rs:58:5
[INFO] [stdout]    |
[INFO] [stdout] 58 |     assert_pending!(map.poll_next());
[INFO] [stdout]    |     ^^^^^^^^^^^^^^
[INFO] [stdout]    |
[INFO] [stdout]    = note: import resolution is stuck, try simplifying macro imports
[INFO] [stdout] 
[INFO] [stdout] 
[INFO] [stdout] error: cannot determine resolution for the macro `assert_ok`
[INFO] [stdout]   --> tests/stream_stream_map.rs:60:5
[INFO] [stdout]    |
[INFO] [stdout] 60 |     assert_ok!(tx.send(1));
[INFO] [stdout]    |     ^^^^^^^^^
[INFO] [stdout]    |
[INFO] [stdout]    = note: import resolution is stuck, try simplifying macro imports
[INFO] [stdout] 
[INFO] [stdout] 
[INFO] [stdout] error: cannot determine resolution for the macro `assert_ready`
[INFO] [stdout]   --> tests/stream_stream_map.rs:14:15
[INFO] [stdout]    |
[INFO] [stdout] 14 |         match assert_ready!($($t)*) {
[INFO] [stdout]    |               ^^^^^^^^^^^^
[INFO] [stdout] ...
[INFO] [stdout] 63 |     let (k, v) = assert_ready_some!(map.poll_next());
[INFO] [stdout]    |                  ----------------------------------- in this macro invocation
[INFO] [stdout]    |
[INFO] [stdout]    = note: import resolution is stuck, try simplifying macro imports
[INFO] [stdout]    = note: this error originates in the macro `assert_ready_some` (in Nightly builds, run with -Z macro-backtrace for more info)
[INFO] [stdout] 
[INFO] [stdout] 
[INFO] [stdout] error: cannot determine resolution for the macro `assert_pending`
[INFO] [stdout]   --> tests/stream_stream_map.rs:67:5
[INFO] [stdout]    |
[INFO] [stdout] 67 |     assert_pending!(map.poll_next());
[INFO] [stdout]    |     ^^^^^^^^^^^^^^
[INFO] [stdout]    |
[INFO] [stdout]    = note: import resolution is stuck, try simplifying macro imports
[INFO] [stdout] 
[INFO] [stdout] 
[INFO] [stdout] error: cannot determine resolution for the macro `assert_ok`
[INFO] [stdout]   --> tests/stream_stream_map.rs:69:5
[INFO] [stdout]    |
[INFO] [stdout] 69 |     assert_ok!(tx.send(2));
[INFO] [stdout]    |     ^^^^^^^^^
[INFO] [stdout]    |
[INFO] [stdout]    = note: import resolution is stuck, try simplifying macro imports
[INFO] [stdout] 
[INFO] [stdout] 
[INFO] [stdout] error: cannot determine resolution for the macro `assert_ready`
[INFO] [stdout]   --> tests/stream_stream_map.rs:14:15
[INFO] [stdout]    |
[INFO] [stdout] 14 |         match assert_ready!($($t)*) {
[INFO] [stdout]    |               ^^^^^^^^^^^^
[INFO] [stdout] ...
[INFO] [stdout] 72 |     let (k, v) = assert_ready_some!(map.poll_next());
[INFO] [stdout]    |                  ----------------------------------- in this macro invocation
[INFO] [stdout]    |
[INFO] [stdout]    = note: import resolution is stuck, try simplifying macro imports
[INFO] [stdout]    = note: this error originates in the macro `assert_ready_some` (in Nightly builds, run with -Z macro-backtrace for more info)
[INFO] [stdout] 
[INFO] [stdout] 
[INFO] [stdout] error: cannot determine resolution for the macro `assert_pending`
[INFO] [stdout]   --> tests/stream_stream_map.rs:76:5
[INFO] [stdout]    |
[INFO] [stdout] 76 |     assert_pending!(map.poll_next());
[INFO] [stdout]    |     ^^^^^^^^^^^^^^
[INFO] [stdout]    |
[INFO] [stdout]    = note: import resolution is stuck, try simplifying macro imports
[INFO] [stdout] 
[INFO] [stdout] 
[INFO] [stdout] error: cannot determine resolution for the macro `assert_ready`
[INFO] [stdout]   --> tests/stream_stream_map.rs:23:15
[INFO] [stdout]    |
[INFO] [stdout] 23 |         match assert_ready!($($t)*) {
[INFO] [stdout]    |               ^^^^^^^^^^^^
[INFO] [stdout] ...
[INFO] [stdout] 79 |     assert_ready_none!(map.poll_next());
[INFO] [stdout]    |     ----------------------------------- in this macro invocation
[INFO] [stdout]    |
[INFO] [stdout]    = note: import resolution is stuck, try simplifying macro imports
[INFO] [stdout]    = note: this error originates in the macro `assert_ready_none` (in Nightly builds, run with -Z macro-backtrace for more info)
[INFO] [stdout] 
[INFO] [stdout] 
[INFO] [stdout] error: cannot determine resolution for the macro `assert_pending`
[INFO] [stdout]   --> tests/stream_stream_map.rs:94:5
[INFO] [stdout]    |
[INFO] [stdout] 94 |     assert_pending!(map.poll_next());
[INFO] [stdout]    |     ^^^^^^^^^^^^^^
[INFO] [stdout]    |
[INFO] [stdout]    = note: import resolution is stuck, try simplifying macro imports
[INFO] [stdout] 
[INFO] [stdout] 
[INFO] [stdout] error: cannot determine resolution for the macro `assert_ok`
[INFO] [stdout]   --> tests/stream_stream_map.rs:96:5
[INFO] [stdout]    |
[INFO] [stdout] 96 |     assert_ok!(tx1.send(1));
[INFO] [stdout]    |     ^^^^^^^^^
[INFO] [stdout]    |
[INFO] [stdout]    = note: import resolution is stuck, try simplifying macro imports
[INFO] [stdout] 
[INFO] [stdout] 
[INFO] [stdout] error: cannot determine resolution for the macro `assert_ready`
[INFO] [stdout]   --> tests/stream_stream_map.rs:14:15
[INFO] [stdout]    |
[INFO] [stdout] 14 |         match assert_ready!($($t)*) {
[INFO] [stdout]    |               ^^^^^^^^^^^^
[INFO] [stdout] ...
[INFO] [stdout] 99 |     let (k, v) = assert_ready_some!(map.poll_next());
[INFO] [stdout]    |                  ----------------------------------- in this macro invocation
[INFO] [stdout]    |
[INFO] [stdout]    = note: import resolution is stuck, try simplifying macro imports
[INFO] [stdout]    = note: this error originates in the macro `assert_ready_some` (in Nightly builds, run with -Z macro-backtrace for more info)
[INFO] [stdout] 
[INFO] [stdout] 
[INFO] [stdout] error: cannot determine resolution for the macro `assert_pending`
[INFO] [stdout]    --> tests/stream_stream_map.rs:103:5
[INFO] [stdout]     |
[INFO] [stdout] 103 |     assert_pending!(map.poll_next());
[INFO] [stdout]     |     ^^^^^^^^^^^^^^
[INFO] [stdout]     |
[INFO] [stdout]     = note: import resolution is stuck, try simplifying macro imports
[INFO] [stdout] 
[INFO] [stdout] 
[INFO] [stdout] error: cannot determine resolution for the macro `assert_ok`
[INFO] [stdout]    --> tests/stream_stream_map.rs:105:5
[INFO] [stdout]     |
[INFO] [stdout] 105 |     assert_ok!(tx2.send(2));
[INFO] [stdout]     |     ^^^^^^^^^
[INFO] [stdout]     |
[INFO] [stdout]     = note: import resolution is stuck, try simplifying macro imports
[INFO] [stdout] 
[INFO] [stdout] 
[INFO] [stdout] error: cannot determine resolution for the macro `assert_ready`
[INFO] [stdout]    --> tests/stream_stream_map.rs:14:15
[INFO] [stdout]     |
[INFO] [stdout] 14  |         match assert_ready!($($t)*) {
[INFO] [stdout]     |               ^^^^^^^^^^^^
[INFO] [stdout] ...
[INFO] [stdout] 108 |     let (k, v) = assert_ready_some!(map.poll_next());
[INFO] [stdout]     |                  ----------------------------------- in this macro invocation
[INFO] [stdout]     |
[INFO] [stdout]     = note: import resolution is stuck, try simplifying macro imports
[INFO] [stdout]     = note: this error originates in the macro `assert_ready_some` (in Nightly builds, run with -Z macro-backtrace for more info)
[INFO] [stdout] 
[INFO] [stdout] 
[INFO] [stdout] error: cannot determine resolution for the macro `assert_pending`
[INFO] [stdout]    --> tests/stream_stream_map.rs:112:5
[INFO] [stdout]     |
[INFO] [stdout] 112 |     assert_pending!(map.poll_next());
[INFO] [stdout]     |     ^^^^^^^^^^^^^^
[INFO] [stdout]     |
[INFO] [stdout]     = note: import resolution is stuck, try simplifying macro imports
[INFO] [stdout] 
[INFO] [stdout] 
[INFO] [stdout] error: cannot determine resolution for the macro `assert_ok`
[INFO] [stdout]    --> tests/stream_stream_map.rs:114:5
[INFO] [stdout]     |
[INFO] [stdout] 114 |     assert_ok!(tx1.send(3));
[INFO] [stdout]     |     ^^^^^^^^^
[INFO] [stdout]     |
[INFO] [stdout]     = note: import resolution is stuck, try simplifying macro imports
[INFO] [stdout] 
[INFO] [stdout] 
[INFO] [stdout] error: cannot determine resolution for the macro `assert_ok`
[INFO] [stdout]    --> tests/stream_stream_map.rs:115:5
[INFO] [stdout]     |
[INFO] [stdout] 115 |     assert_ok!(tx2.send(4));
[INFO] [stdout]     |     ^^^^^^^^^
[INFO] [stdout]     |
[INFO] [stdout]     = note: import resolution is stuck, try simplifying macro imports
[INFO] [stdout] 
[INFO] [stdout] 
[INFO] [stdout] error: cannot determine resolution for the macro `assert_ready`
[INFO] [stdout]    --> tests/stream_stream_map.rs:14:15
[INFO] [stdout]     |
[INFO] [stdout] 14  |         match assert_ready!($($t)*) {
[INFO] [stdout]     |               ^^^^^^^^^^^^
[INFO] [stdout] ...
[INFO] [stdout] 122 |         .map(|_| assert_ready_some!(map.poll_next()))
[INFO] [stdout]     |                  ----------------------------------- in this macro invocation
[INFO] [stdout]     |
[INFO] [stdout]     = note: import resolution is stuck, try simplifying macro imports
[INFO] [stdout]     = note: this error originates in the macro `assert_ready_some` (in Nightly builds, run with -Z macro-backtrace for more info)
[INFO] [stdout] 
[INFO] [stdout] 
[INFO] [stdout] error: cannot determine resolution for the macro `assert_pending`
[INFO] [stdout]    --> tests/stream_stream_map.rs:125:5
[INFO] [stdout]     |
[INFO] [stdout] 125 |     assert_pending!(map.poll_next());
[INFO] [stdout]     |     ^^^^^^^^^^^^^^
[INFO] [stdout]     |
[INFO] [stdout]     = note: import resolution is stuck, try simplifying macro imports
[INFO] [stdout] 
[INFO] [stdout] 
[INFO] [stdout] error: cannot determine resolution for the macro `assert_pending`
[INFO] [stdout]    --> tests/stream_stream_map.rs:135:5
[INFO] [stdout]     |
[INFO] [stdout] 135 |     assert_pending!(map.poll_next());
[INFO] [stdout]     |     ^^^^^^^^^^^^^^
[INFO] [stdout]     |
[INFO] [stdout]     = note: import resolution is stuck, try simplifying macro imports
[INFO] [stdout] 
[INFO] [stdout] 
[INFO] [stdout] error: cannot determine resolution for the macro `assert_ready`
[INFO] [stdout]    --> tests/stream_stream_map.rs:23:15
[INFO] [stdout]     |
[INFO] [stdout] 23  |         match assert_ready!($($t)*) {
[INFO] [stdout]     |               ^^^^^^^^^^^^
[INFO] [stdout] ...
[INFO] [stdout] 138 |     assert_ready_none!(map.poll_next());
[INFO] [stdout]     |     ----------------------------------- in this macro invocation
[INFO] [stdout]     |
[INFO] [stdout]     = note: import resolution is stuck, try simplifying macro imports
[INFO] [stdout]     = note: this error originates in the macro `assert_ready_none` (in Nightly builds, run with -Z macro-backtrace for more info)
[INFO] [stdout] 
[INFO] [stdout] 
[INFO] [stdout] error: cannot determine resolution for the macro `assert_ready`
[INFO] [stdout]    --> tests/stream_stream_map.rs:23:15
[INFO] [stdout]     |
[INFO] [stdout] 23  |         match assert_ready!($($t)*) {
[INFO] [stdout]     |               ^^^^^^^^^^^^
[INFO] [stdout] ...
[INFO] [stdout] 148 |     assert_ready_none!(map.poll_next());
[INFO] [stdout]     |     ----------------------------------- in this macro invocation
[INFO] [stdout]     |
[INFO] [stdout]     = note: import resolution is stuck, try simplifying macro imports
[INFO] [stdout]     = note: this error originates in the macro `assert_ready_none` (in Nightly builds, run with -Z macro-backtrace for more info)
[INFO] [stdout] 
[INFO] [stdout] 
[INFO] [stdout] error: cannot determine resolution for the macro `assert_ok`
[INFO] [stdout]    --> tests/stream_stream_map.rs:153:5
[INFO] [stdout]     |
[INFO] [stdout] 153 |     assert_ok!(tx.send(1));
[INFO] [stdout]     |     ^^^^^^^^^
[INFO] [stdout]     |
[INFO] [stdout]     = note: import resolution is stuck, try simplifying macro imports
[INFO] [stdout] 
[INFO] [stdout] 
[INFO] [stdout] error: cannot determine resolution for the macro `assert_ready`
[INFO] [stdout]    --> tests/stream_stream_map.rs:23:15
[INFO] [stdout]     |
[INFO] [stdout] 23  |         match assert_ready!($($t)*) {
[INFO] [stdout]     |               ^^^^^^^^^^^^
[INFO] [stdout] ...
[INFO] [stdout] 156 |     assert_ready_none!(map.poll_next());
[INFO] [stdout]     |     ----------------------------------- in this macro invocation
[INFO] [stdout]     |
[INFO] [stdout]     = note: import resolution is stuck, try simplifying macro imports
[INFO] [stdout]     = note: this error originates in the macro `assert_ready_none` (in Nightly builds, run with -Z macro-backtrace for more info)
[INFO] [stdout] 
[INFO] [stdout] 
[INFO] [stderr] error: could not compile `tokio-stream_wasi` (test "stream_once") due to 2 previous errors
[INFO] [stdout] error: cannot determine resolution for the macro `assert_ready`
[INFO] [stdout]    --> tests/stream_stream_map.rs:14:15
[INFO] [stdout]     |
[INFO] [stdout] 14  |         match assert_ready!($($t)*) {
[INFO] [stdout]     |               ^^^^^^^^^^^^
[INFO] [stdout] ...
[INFO] [stdout] 160 |     let v = assert_ready_some!(map.poll_next());
[INFO] [stdout]     |             ----------------------------------- in this macro invocation
[INFO] [stdout]     |
[INFO] [stdout]     = note: import resolution is stuck, try simplifying macro imports
[INFO] [stdout]     = note: this error originates in the macro `assert_ready_some` (in Nightly builds, run with -Z macro-backtrace for more info)
[INFO] [stdout] 
[INFO] [stdout] 
[INFO] [stderr] warning: build failed, waiting for other jobs to finish...
[INFO] [stdout] error: cannot determine resolution for the macro `assert_ready`
[INFO] [stdout]    --> tests/stream_stream_map.rs:23:15
[INFO] [stdout]     |
[INFO] [stdout] 23  |         match assert_ready!($($t)*) {
[INFO] [stdout]     |               ^^^^^^^^^^^^
[INFO] [stdout] ...
[INFO] [stdout] 165 |     assert_ready_none!(map.poll_next());
[INFO] [stdout]     |     ----------------------------------- in this macro invocation
[INFO] [stdout]     |
[INFO] [stdout]     = note: import resolution is stuck, try simplifying macro imports
[INFO] [stdout]     = note: this error originates in the macro `assert_ready_none` (in Nightly builds, run with -Z macro-backtrace for more info)
[INFO] [stdout] 
[INFO] [stdout] 
[INFO] [stdout] error: cannot determine resolution for the macro `assert_pending`
[INFO] [stdout]    --> tests/stream_stream_map.rs:182:5
[INFO] [stdout]     |
[INFO] [stdout] 182 |     assert_pending!(map.poll_next());
[INFO] [stdout]     |     ^^^^^^^^^^^^^^
[INFO] [stdout]     |
[INFO] [stdout]     = note: import resolution is stuck, try simplifying macro imports
[INFO] [stdout] 
[INFO] [stdout] 
[INFO] [stdout] error: cannot determine resolution for the macro `assert_pending`
[INFO] [stdout]    --> tests/stream_stream_map.rs:186:5
[INFO] [stdout]     |
[INFO] [stdout] 186 |     assert_pending!(map.poll_next());
[INFO] [stdout]     |     ^^^^^^^^^^^^^^
[INFO] [stdout]     |
[INFO] [stdout]     = note: import resolution is stuck, try simplifying macro imports
[INFO] [stdout] 
[INFO] [stdout] 
[INFO] [stdout] error: cannot determine resolution for the macro `assert_pending`
[INFO] [stdout]    --> tests/stream_stream_map.rs:189:5
[INFO] [stdout]     |
[INFO] [stdout] 189 |     assert_pending!(map.poll_next());
[INFO] [stdout]     |     ^^^^^^^^^^^^^^
[INFO] [stdout]     |
[INFO] [stdout]     = note: import resolution is stuck, try simplifying macro imports
[INFO] [stdout] 
[INFO] [stdout] 
[INFO] [stdout] error: cannot determine resolution for the macro `assert_ready`
[INFO] [stdout]    --> tests/stream_stream_map.rs:14:15
[INFO] [stdout]     |
[INFO] [stdout] 14  |         match assert_ready!($($t)*) {
[INFO] [stdout]     |               ^^^^^^^^^^^^
[INFO] [stdout] ...
[INFO] [stdout] 193 |     let v = assert_ready_some!(map.poll_next());
[INFO] [stdout]     |             ----------------------------------- in this macro invocation
[INFO] [stdout]     |
[INFO] [stdout]     = note: import resolution is stuck, try simplifying macro imports
[INFO] [stdout]     = note: this error originates in the macro `assert_ready_some` (in Nightly builds, run with -Z macro-backtrace for more info)
[INFO] [stdout] 
[INFO] [stdout] 
[INFO] [stdout] error: cannot determine resolution for the macro `assert_ready`
[INFO] [stdout]    --> tests/stream_stream_map.rs:14:15
[INFO] [stdout]     |
[INFO] [stdout] 14  |         match assert_ready!($($t)*) {
[INFO] [stdout]     |               ^^^^^^^^^^^^
[INFO] [stdout] ...
[INFO] [stdout] 296 |     assert_ready_some!(map.poll_next());
[INFO] [stdout]     |     ----------------------------------- in this macro invocation
[INFO] [stdout]     |
[INFO] [stdout]     = note: import resolution is stuck, try simplifying macro imports
[INFO] [stdout]     = note: this error originates in the macro `assert_ready_some` (in Nightly builds, run with -Z macro-backtrace for more info)
[INFO] [stdout] 
[INFO] [stdout] 
[INFO] [stdout] error: cannot determine resolution for the macro `assert_ready`
[INFO] [stdout]    --> tests/stream_stream_map.rs:23:15
[INFO] [stdout]     |
[INFO] [stdout] 23  |         match assert_ready!($($t)*) {
[INFO] [stdout]     |               ^^^^^^^^^^^^
[INFO] [stdout] ...
[INFO] [stdout] 300 |     assert_ready_none!(map.poll_next());
[INFO] [stdout]     |     ----------------------------------- in this macro invocation
[INFO] [stdout]     |
[INFO] [stdout]     = note: import resolution is stuck, try simplifying macro imports
[INFO] [stdout]     = note: this error originates in the macro `assert_ready_none` (in Nightly builds, run with -Z macro-backtrace for more info)
[INFO] [stdout] 
[INFO] [stdout] 
[INFO] [stdout] error: cannot determine resolution for the macro `assert_ready`
[INFO] [stdout]    --> tests/stream_stream_map.rs:14:15
[INFO] [stdout]     |
[INFO] [stdout] 14  |         match assert_ready!($($t)*) {
[INFO] [stdout]     |               ^^^^^^^^^^^^
[INFO] [stdout] ...
[INFO] [stdout] 323 |         let v = assert_ready_some!(map.poll_next());
[INFO] [stdout]     |                 ----------------------------------- in this macro invocation
[INFO] [stdout]     |
[INFO] [stdout]     = note: import resolution is stuck, try simplifying macro imports
[INFO] [stdout]     = note: this error originates in the macro `assert_ready_some` (in Nightly builds, run with -Z macro-backtrace for more info)
[INFO] [stdout] 
[INFO] [stdout] 
[INFO] [stdout] error: cannot determine resolution for the macro `assert_ready`
[INFO] [stdout]    --> tests/stream_stream_map.rs:23:15
[INFO] [stdout]     |
[INFO] [stdout] 23  |         match assert_ready!($($t)*) {
[INFO] [stdout]     |               ^^^^^^^^^^^^
[INFO] [stdout] ...
[INFO] [stdout] 371 |                 assert_ready_none!(map.poll_next());
[INFO] [stdout]     |                 ----------------------------------- in this macro invocation
[INFO] [stdout]     |
[INFO] [stdout]     = note: import resolution is stuck, try simplifying macro imports
[INFO] [stdout]     = note: this error originates in the macro `assert_ready_none` (in Nightly builds, run with -Z macro-backtrace for more info)
[INFO] [stdout] 
[INFO] [stdout] 
[INFO] [stdout] error: cannot determine resolution for the macro `assert_pending`
[INFO] [stdout]    --> tests/stream_stream_map.rs:373:17
[INFO] [stdout]     |
[INFO] [stdout] 373 |                 assert_pending!(map.poll_next());
[INFO] [stdout]     |                 ^^^^^^^^^^^^^^
[INFO] [stdout]     |
[INFO] [stdout]     = note: import resolution is stuck, try simplifying macro imports
[INFO] [stdout] 
[INFO] [stdout] 
[INFO] [stdout] error[E0432]: unresolved import `tokio_test`
[INFO] [stdout]  --> tests/stream_merge.rs:2:5
[INFO] [stdout]   |
[INFO] [stdout] 2 | use tokio_test::task;
[INFO] [stdout]   |     ^^^^^^^^^^ use of undeclared crate or module `tokio_test`
[INFO] [stdout] 
[INFO] [stdout] 
[INFO] [stdout] error[E0432]: unresolved import `tokio_test`
[INFO] [stdout]  --> tests/stream_merge.rs:3:5
[INFO] [stdout]   |
[INFO] [stdout] 3 | use tokio_test::{assert_pending, assert_ready};
[INFO] [stdout]   |     ^^^^^^^^^^ use of undeclared crate or module `tokio_test`
[INFO] [stdout] 
[INFO] [stdout] 
[INFO] [stdout] error[E0432]: unresolved import `async_stream`
[INFO] [stdout]  --> tests/support/mpsc.rs:1:5
[INFO] [stdout]   |
[INFO] [stdout] 1 | use async_stream::stream;
[INFO] [stdout]   |     ^^^^^^^^^^^^ use of undeclared crate or module `async_stream`
[INFO] [stdout] 
[INFO] [stdout] 
[INFO] [stdout] error[E0433]: failed to resolve: could not find `test` in `tokio`
[INFO] [stdout]   --> tests/stream_merge.rs:11:10
[INFO] [stdout]    |
[INFO] [stdout] 11 | #[tokio::test]
[INFO] [stdout]    |          ^^^^ could not find `test` in `tokio`
[INFO] [stdout] 
[INFO] [stdout] 
[INFO] [stdout] error[E0433]: failed to resolve: could not find `test` in `tokio`
[INFO] [stdout]   --> tests/stream_merge.rs:24:10
[INFO] [stdout]    |
[INFO] [stdout] 24 | #[tokio::test]
[INFO] [stdout]    |          ^^^^ could not find `test` in `tokio`
[INFO] [stdout] 
[INFO] [stdout] 
[INFO] [stdout] error: cannot determine resolution for the macro `stream`
[INFO] [stdout]  --> tests/support/mpsc.rs:8:18
[INFO] [stdout]   |
[INFO] [stdout] 8 |     let stream = stream! {
[INFO] [stdout]   |                  ^^^^^^
[INFO] [stdout]   |
[INFO] [stdout]   = note: import resolution is stuck, try simplifying macro imports
[INFO] [stdout] 
[INFO] [stdout] 
[INFO] [stdout] error: cannot determine resolution for the macro `assert_pending`
[INFO] [stdout]   --> tests/stream_chain.rs:50:5
[INFO] [stdout]    |
[INFO] [stdout] 50 |     assert_pending!(stream.poll_next());
[INFO] [stdout]    |     ^^^^^^^^^^^^^^
[INFO] [stdout]    |
[INFO] [stdout]    = note: import resolution is stuck, try simplifying macro imports
[INFO] [stdout] 
[INFO] [stdout] 
[INFO] [stdout] error: cannot determine resolution for the macro `assert_pending`
[INFO] [stdout]   --> tests/stream_chain.rs:55:5
[INFO] [stdout]    |
[INFO] [stdout] 55 |     assert_pending!(stream.poll_next());
[INFO] [stdout]    |     ^^^^^^^^^^^^^^
[INFO] [stdout]    |
[INFO] [stdout]    = note: import resolution is stuck, try simplifying macro imports
[INFO] [stdout] 
[INFO] [stdout] 
[INFO] [stdout] error: cannot determine resolution for the macro `assert_ready`
[INFO] [stdout]   --> tests/stream_chain.rs:59:25
[INFO] [stdout]    |
[INFO] [stdout] 59 |     assert_eq!(Some(1), assert_ready!(stream.poll_next()));
[INFO] [stdout]    |                         ^^^^^^^^^^^^
[INFO] [stdout]    |
[INFO] [stdout]    = note: import resolution is stuck, try simplifying macro imports
[INFO] [stdout] 
[INFO] [stdout] 
[INFO] [stdout] error: cannot determine resolution for the macro `assert_pending`
[INFO] [stdout]   --> tests/stream_chain.rs:61:5
[INFO] [stdout]    |
[INFO] [stdout] 61 |     assert_pending!(stream.poll_next());
[INFO] [stdout]    |     ^^^^^^^^^^^^^^
[INFO] [stdout]    |
[INFO] [stdout]    = note: import resolution is stuck, try simplifying macro imports
[INFO] [stdout] 
[INFO] [stdout] 
[INFO] [stdout] error: cannot determine resolution for the macro `assert_ready`
[INFO] [stdout]   --> tests/stream_chain.rs:68:25
[INFO] [stdout]    |
[INFO] [stdout] 68 |     assert_eq!(Some(2), assert_ready!(stream.poll_next()));
[INFO] [stdout]    |                         ^^^^^^^^^^^^
[INFO] [stdout]    |
[INFO] [stdout]    = note: import resolution is stuck, try simplifying macro imports
[INFO] [stdout] 
[INFO] [stdout] 
[INFO] [stdout] error: cannot determine resolution for the macro `assert_ready`
[INFO] [stdout]   --> tests/stream_chain.rs:75:22
[INFO] [stdout]    |
[INFO] [stdout] 75 |     assert_eq!(None, assert_ready!(stream.poll_next()));
[INFO] [stdout]    |                      ^^^^^^^^^^^^
[INFO] [stdout]    |
[INFO] [stdout]    = note: import resolution is stuck, try simplifying macro imports
[INFO] [stdout] 
[INFO] [stdout] 
[INFO] [stdout] error: cannot determine resolution for the macro `stream`
[INFO] [stdout]  --> tests/support/mpsc.rs:8:18
[INFO] [stdout]   |
[INFO] [stdout] 8 |     let stream = stream! {
[INFO] [stdout]   |                  ^^^^^^
[INFO] [stdout]   |
[INFO] [stdout]   = note: import resolution is stuck, try simplifying macro imports
[INFO] [stdout] 
[INFO] [stdout] 
[INFO] [stdout] error: cannot determine resolution for the macro `assert_pending`
[INFO] [stdout]   --> tests/stream_merge.rs:33:5
[INFO] [stdout]    |
[INFO] [stdout] 33 |     assert_pending!(rx.poll_next());
[INFO] [stdout]    |     ^^^^^^^^^^^^^^
[INFO] [stdout]    |
[INFO] [stdout]    = note: import resolution is stuck, try simplifying macro imports
[INFO] [stdout] 
[INFO] [stdout] 
[INFO] [stdout] error: cannot determine resolution for the macro `assert_ready`
[INFO] [stdout]   --> tests/stream_merge.rs:38:25
[INFO] [stdout]    |
[INFO] [stdout] 38 |     assert_eq!(Some(1), assert_ready!(rx.poll_next()));
[INFO] [stdout]    |                         ^^^^^^^^^^^^
[INFO] [stdout]    |
[INFO] [stdout]    = note: import resolution is stuck, try simplifying macro imports
[INFO] [stdout] 
[INFO] [stdout] 
[INFO] [stdout] error: cannot determine resolution for the macro `assert_pending`
[INFO] [stdout]   --> tests/stream_merge.rs:40:5
[INFO] [stdout]    |
[INFO] [stdout] 40 |     assert_pending!(rx.poll_next());
[INFO] [stdout]    |     ^^^^^^^^^^^^^^
[INFO] [stdout]    |
[INFO] [stdout]    = note: import resolution is stuck, try simplifying macro imports
[INFO] [stdout] 
[INFO] [stdout] 
[INFO] [stdout] error: cannot determine resolution for the macro `assert_ready`
[INFO] [stdout]   --> tests/stream_merge.rs:44:25
[INFO] [stdout]    |
[INFO] [stdout] 44 |     assert_eq!(Some(2), assert_ready!(rx.poll_next()));
[INFO] [stdout]    |                         ^^^^^^^^^^^^
[INFO] [stdout]    |
[INFO] [stdout]    = note: import resolution is stuck, try simplifying macro imports
[INFO] [stdout] 
[INFO] [stdout] 
[INFO] [stdout] error: cannot determine resolution for the macro `assert_pending`
[INFO] [stdout]   --> tests/stream_merge.rs:45:5
[INFO] [stdout]    |
[INFO] [stdout] 45 |     assert_pending!(rx.poll_next());
[INFO] [stdout]    |     ^^^^^^^^^^^^^^
[INFO] [stdout]    |
[INFO] [stdout]    = note: import resolution is stuck, try simplifying macro imports
[INFO] [stdout] 
[INFO] [stdout] 
[INFO] [stdout] error: cannot determine resolution for the macro `assert_pending`
[INFO] [stdout]   --> tests/stream_merge.rs:49:5
[INFO] [stdout]    |
[INFO] [stdout] 49 |     assert_pending!(rx.poll_next());
[INFO] [stdout]    |     ^^^^^^^^^^^^^^
[INFO] [stdout]    |
[INFO] [stdout]    = note: import resolution is stuck, try simplifying macro imports
[INFO] [stdout] 
[INFO] [stdout] 
[INFO] [stdout] error: cannot determine resolution for the macro `assert_ready`
[INFO] [stdout]   --> tests/stream_merge.rs:53:25
[INFO] [stdout]    |
[INFO] [stdout] 53 |     assert_eq!(Some(3), assert_ready!(rx.poll_next()));
[INFO] [stdout]    |                         ^^^^^^^^^^^^
[INFO] [stdout]    |
[INFO] [stdout]    = note: import resolution is stuck, try simplifying macro imports
[INFO] [stdout] 
[INFO] [stdout] 
[INFO] [stdout] error: cannot determine resolution for the macro `assert_pending`
[INFO] [stdout]   --> tests/stream_merge.rs:54:5
[INFO] [stdout]    |
[INFO] [stdout] 54 |     assert_pending!(rx.poll_next());
[INFO] [stdout]    |     ^^^^^^^^^^^^^^
[INFO] [stdout]    |
[INFO] [stdout]    = note: import resolution is stuck, try simplifying macro imports
[INFO] [stdout] 
[INFO] [stdout] 
[INFO] [stdout] error: cannot determine resolution for the macro `assert_ready`
[INFO] [stdout]   --> tests/stream_merge.rs:58:22
[INFO] [stdout]    |
[INFO] [stdout] 58 |     assert_eq!(None, assert_ready!(rx.poll_next()));
[INFO] [stdout]    |                      ^^^^^^^^^^^^
[INFO] [stdout]    |
[INFO] [stdout]    = note: import resolution is stuck, try simplifying macro imports
[INFO] [stdout] 
[INFO] [stdout] 
[INFO] [stdout] error: aborting due to 15 previous errors
[INFO] [stdout] 
[INFO] [stdout] 
[INFO] [stdout] Some errors have detailed explanations: E0432, E0433.
[INFO] [stdout] 
[INFO] [stdout] For more information about an error, try `rustc --explain E0432`.
[INFO] [stdout] 
[INFO] [stderr] error: could not compile `tokio-stream_wasi` (test "stream_merge") due to 16 previous errors
[INFO] [stdout] error: aborting due to 11 previous errors
[INFO] [stdout] 
[INFO] [stdout] 
[INFO] [stdout] Some errors have detailed explanations: E0432, E0433.
[INFO] [stdout] 
[INFO] [stdout] For more information about an error, try `rustc --explain E0432`.
[INFO] [stdout] 
[INFO] [stderr] error: could not compile `tokio-stream_wasi` (test "stream_chain") due to 12 previous errors
[INFO] [stdout] error: aborting due to 44 previous errors
[INFO] [stdout] 
[INFO] [stdout] 
[INFO] [stdout] Some errors have detailed explanations: E0432, E0433.
[INFO] [stdout] 
[INFO] [stdout] For more information about an error, try `rustc --explain E0432`.
[INFO] [stdout] 
[INFO] [stderr] error: could not compile `tokio-stream_wasi` (test "stream_stream_map") due to 45 previous errors
[INFO] running `Command { std: "docker" "inspect" "187759b1f8c1f26475a1933f3cffa9afd287ac39255a8deb3ca8dd7a9014a777", kill_on_drop: false }`
[INFO] running `Command { std: "docker" "rm" "-f" "187759b1f8c1f26475a1933f3cffa9afd287ac39255a8deb3ca8dd7a9014a777", kill_on_drop: false }`
[INFO] [stdout] 187759b1f8c1f26475a1933f3cffa9afd287ac39255a8deb3ca8dd7a9014a777
