[INFO] fetching crate to_bytes_derive 0.1.0...
[INFO] testing to_bytes_derive-0.1.0 against 1.75.0 for beta-1.76-1
[INFO] extracting crate to_bytes_derive 0.1.0 into /workspace/builds/worker-7-tc1/source
[INFO] validating manifest of crates.io crate to_bytes_derive 0.1.0 on toolchain 1.75.0
[INFO] running `Command { std: CARGO_HOME="/workspace/cargo-home" RUSTUP_HOME="/workspace/rustup-home" "/workspace/cargo-home/bin/cargo" "+1.75.0" "metadata" "--manifest-path" "Cargo.toml" "--no-deps", kill_on_drop: false }`
[INFO] started tweaking crates.io crate to_bytes_derive 0.1.0
[INFO] finished tweaking crates.io crate to_bytes_derive 0.1.0
[INFO] tweaked toml for crates.io crate to_bytes_derive 0.1.0 written to /workspace/builds/worker-7-tc1/source/Cargo.toml
[INFO] running `Command { std: CARGO_HOME="/workspace/cargo-home" RUSTUP_HOME="/workspace/rustup-home" "/workspace/cargo-home/bin/cargo" "+1.75.0" "generate-lockfile" "--manifest-path" "Cargo.toml", kill_on_drop: false }`
[INFO] [stderr]     Updating crates.io index
[INFO] running `Command { std: CARGO_HOME="/workspace/cargo-home" RUSTUP_HOME="/workspace/rustup-home" "/workspace/cargo-home/bin/cargo" "+1.75.0" "fetch" "--manifest-path" "Cargo.toml", kill_on_drop: false }`
[INFO] running `Command { std: "docker" "create" "-v" "/var/lib/crater-agent-workspace/builds/worker-7-tc1/target:/opt/rustwide/target:rw,Z" "-v" "/var/lib/crater-agent-workspace/builds/worker-7-tc1/source:/opt/rustwide/workdir:ro,Z" "-v" "/var/lib/crater-agent-workspace/cargo-home:/opt/rustwide/cargo-home:ro,Z" "-v" "/var/lib/crater-agent-workspace/rustup-home:/opt/rustwide/rustup-home:ro,Z" "-e" "SOURCE_DIR=/opt/rustwide/workdir" "-e" "CARGO_TARGET_DIR=/opt/rustwide/target" "-e" "CARGO_HOME=/opt/rustwide/cargo-home" "-e" "RUSTUP_HOME=/opt/rustwide/rustup-home" "-w" "/opt/rustwide/workdir" "-m" "1610612736" "--user" "0:0" "--network" "none" "ghcr.io/rust-lang/crates-build-env/linux@sha256:2788e3201cd34a07e3172128adcd8b3090168a8e3bcc40d7c032b9dda1df7d1c" "/opt/rustwide/cargo-home/bin/cargo" "+1.75.0" "metadata" "--no-deps" "--format-version=1", kill_on_drop: false }`
[INFO] [stdout] 4629268fd4c4474efcd855d6427401e9fa7f76ed74a394836f299313fe5b1e45
[INFO] running `Command { std: "docker" "start" "-a" "4629268fd4c4474efcd855d6427401e9fa7f76ed74a394836f299313fe5b1e45", kill_on_drop: false }`
[INFO] running `Command { std: "docker" "inspect" "4629268fd4c4474efcd855d6427401e9fa7f76ed74a394836f299313fe5b1e45", kill_on_drop: false }`
[INFO] running `Command { std: "docker" "rm" "-f" "4629268fd4c4474efcd855d6427401e9fa7f76ed74a394836f299313fe5b1e45", kill_on_drop: false }`
[INFO] [stdout] 4629268fd4c4474efcd855d6427401e9fa7f76ed74a394836f299313fe5b1e45
[INFO] running `Command { std: "docker" "create" "-v" "/var/lib/crater-agent-workspace/builds/worker-7-tc1/target:/opt/rustwide/target:rw,Z" "-v" "/var/lib/crater-agent-workspace/builds/worker-7-tc1/source:/opt/rustwide/workdir:ro,Z" "-v" "/var/lib/crater-agent-workspace/cargo-home:/opt/rustwide/cargo-home:ro,Z" "-v" "/var/lib/crater-agent-workspace/rustup-home:/opt/rustwide/rustup-home:ro,Z" "-e" "SOURCE_DIR=/opt/rustwide/workdir" "-e" "CARGO_TARGET_DIR=/opt/rustwide/target" "-e" "CARGO_INCREMENTAL=0" "-e" "RUST_BACKTRACE=full" "-e" "RUSTFLAGS=--cap-lints=warn" "-e" "RUSTDOCFLAGS=--cap-lints=warn" "-e" "CARGO_HOME=/opt/rustwide/cargo-home" "-e" "RUSTUP_HOME=/opt/rustwide/rustup-home" "-w" "/opt/rustwide/workdir" "-m" "1610612736" "--user" "0:0" "--network" "none" "ghcr.io/rust-lang/crates-build-env/linux@sha256:2788e3201cd34a07e3172128adcd8b3090168a8e3bcc40d7c032b9dda1df7d1c" "/opt/rustwide/cargo-home/bin/cargo" "+1.75.0" "build" "--frozen" "--message-format=json", kill_on_drop: false }`
[INFO] [stdout] d9b5ca3799db176ddbcaa0ee31ed8075f56a541b95e7d01e74d1d5cb61d5647e
[INFO] running `Command { std: "docker" "start" "-a" "d9b5ca3799db176ddbcaa0ee31ed8075f56a541b95e7d01e74d1d5cb61d5647e", kill_on_drop: false }`
[INFO] [stderr]    Compiling syn v1.0.109
[INFO] [stderr]    Compiling to_bytes_derive v0.1.0 (/opt/rustwide/workdir)
[INFO] [stderr]     Finished dev [unoptimized + debuginfo] target(s) in 3.13s
[INFO] running `Command { std: "docker" "inspect" "d9b5ca3799db176ddbcaa0ee31ed8075f56a541b95e7d01e74d1d5cb61d5647e", kill_on_drop: false }`
[INFO] running `Command { std: "docker" "rm" "-f" "d9b5ca3799db176ddbcaa0ee31ed8075f56a541b95e7d01e74d1d5cb61d5647e", kill_on_drop: false }`
[INFO] [stdout] d9b5ca3799db176ddbcaa0ee31ed8075f56a541b95e7d01e74d1d5cb61d5647e
[INFO] running `Command { std: "docker" "create" "-v" "/var/lib/crater-agent-workspace/builds/worker-7-tc1/target:/opt/rustwide/target:rw,Z" "-v" "/var/lib/crater-agent-workspace/builds/worker-7-tc1/source:/opt/rustwide/workdir:ro,Z" "-v" "/var/lib/crater-agent-workspace/cargo-home:/opt/rustwide/cargo-home:ro,Z" "-v" "/var/lib/crater-agent-workspace/rustup-home:/opt/rustwide/rustup-home:ro,Z" "-e" "SOURCE_DIR=/opt/rustwide/workdir" "-e" "CARGO_TARGET_DIR=/opt/rustwide/target" "-e" "CARGO_INCREMENTAL=0" "-e" "RUST_BACKTRACE=full" "-e" "RUSTFLAGS=--cap-lints=warn" "-e" "RUSTDOCFLAGS=--cap-lints=warn" "-e" "CARGO_HOME=/opt/rustwide/cargo-home" "-e" "RUSTUP_HOME=/opt/rustwide/rustup-home" "-w" "/opt/rustwide/workdir" "-m" "1610612736" "--user" "0:0" "--network" "none" "ghcr.io/rust-lang/crates-build-env/linux@sha256:2788e3201cd34a07e3172128adcd8b3090168a8e3bcc40d7c032b9dda1df7d1c" "/opt/rustwide/cargo-home/bin/cargo" "+1.75.0" "test" "--frozen" "--no-run" "--message-format=json", kill_on_drop: false }`
[INFO] [stdout] d78c49cf103f8ab73ab5fe85409711c1d43db45d9ae6fa21cafd27646ac3be9c
[INFO] running `Command { std: "docker" "start" "-a" "d78c49cf103f8ab73ab5fe85409711c1d43db45d9ae6fa21cafd27646ac3be9c", kill_on_drop: false }`
[INFO] [stderr]    Compiling syn v1.0.109
[INFO] [stderr]    Compiling to_bytes_derive v0.1.0 (/opt/rustwide/workdir)
[INFO] [stdout] error[E0432]: unresolved import `to_bytes`
[INFO] [stdout]  --> tests/test.rs:1:5
[INFO] [stdout]   |
[INFO] [stdout] 1 | use to_bytes::*;
[INFO] [stdout]   |     ^^^^^^^^ use of undeclared crate or module `to_bytes`
[INFO] [stdout] 
[INFO] [stdout] 
[INFO] [stdout] error: cannot find attribute `to_bytes` in this scope
[INFO] [stdout]  --> tests/test.rs:3:3
[INFO] [stdout]   |
[INFO] [stdout] 3 | #[to_bytes]
[INFO] [stdout]   |   ^^^^^^^^
[INFO] [stdout]   |
[INFO] [stdout] help: consider importing this attribute macro
[INFO] [stdout]   |
[INFO] [stdout] 1 + use to_bytes_derive::to_bytes;
[INFO] [stdout]   |
[INFO] [stdout] 
[INFO] [stdout] 
[INFO] [stdout] error: cannot find attribute `to_bytes` in this scope
[INFO] [stdout]   --> tests/test.rs:19:3
[INFO] [stdout]    |
[INFO] [stdout] 19 | #[to_bytes]
[INFO] [stdout]    |   ^^^^^^^^
[INFO] [stdout]    |
[INFO] [stdout] help: consider importing this attribute macro
[INFO] [stdout]    |
[INFO] [stdout] 1  + use to_bytes_derive::to_bytes;
[INFO] [stdout]    |
[INFO] [stdout] 
[INFO] [stdout] 
[INFO] [stdout] error: cannot find attribute `to_bytes` in this scope
[INFO] [stdout]   --> tests/test.rs:31:3
[INFO] [stdout]    |
[INFO] [stdout] 31 | #[to_bytes]
[INFO] [stdout]    |   ^^^^^^^^
[INFO] [stdout]    |
[INFO] [stdout] help: consider importing this attribute macro
[INFO] [stdout]    |
[INFO] [stdout] 1  + use to_bytes_derive::to_bytes;
[INFO] [stdout]    |
[INFO] [stdout] 
[INFO] [stdout] 
[INFO] [stdout] error: cannot find attribute `to_bytes` in this scope
[INFO] [stdout]   --> tests/test.rs:54:3
[INFO] [stdout]    |
[INFO] [stdout] 54 | #[to_bytes(asis)]
[INFO] [stdout]    |   ^^^^^^^^
[INFO] [stdout]    |
[INFO] [stdout] help: consider importing this attribute macro
[INFO] [stdout]    |
[INFO] [stdout] 1  + use to_bytes_derive::to_bytes;
[INFO] [stdout]    |
[INFO] [stdout] 
[INFO] [stdout] 
[INFO] [stdout] error: cannot find attribute `to_bytes` in this scope
[INFO] [stdout]   --> tests/test.rs:75:3
[INFO] [stdout]    |
[INFO] [stdout] 75 | #[to_bytes(asis)]
[INFO] [stdout]    |   ^^^^^^^^
[INFO] [stdout]    |
[INFO] [stdout] help: consider importing this attribute macro
[INFO] [stdout]    |
[INFO] [stdout] 1  + use to_bytes_derive::to_bytes;
[INFO] [stdout]    |
[INFO] [stdout] 
[INFO] [stdout] 
[INFO] [stdout] error: cannot find attribute `to_bytes` in this scope
[INFO] [stdout]   --> tests/test.rs:92:3
[INFO] [stdout]    |
[INFO] [stdout] 92 | #[to_bytes(asis)]
[INFO] [stdout]    |   ^^^^^^^^
[INFO] [stdout]    |
[INFO] [stdout] help: consider importing this attribute macro
[INFO] [stdout]    |
[INFO] [stdout] 1  + use to_bytes_derive::to_bytes;
[INFO] [stdout]    |
[INFO] [stdout] 
[INFO] [stdout] 
[INFO] [stdout] error: cannot find attribute `to_bytes` in this scope
[INFO] [stdout]    --> tests/test.rs:128:3
[INFO] [stdout]     |
[INFO] [stdout] 128 | #[to_bytes(asis copy)]
[INFO] [stdout]     |   ^^^^^^^^
[INFO] [stdout]     |
[INFO] [stdout] help: consider importing this attribute macro
[INFO] [stdout]     |
[INFO] [stdout] 1   + use to_bytes_derive::to_bytes;
[INFO] [stdout]     |
[INFO] [stdout] 
[INFO] [stdout] 
[INFO] [stdout] error: cannot find attribute `to_bytes` in this scope
[INFO] [stdout]    --> tests/test.rs:152:3
[INFO] [stdout]     |
[INFO] [stdout] 152 | #[to_bytes(asis copy)]
[INFO] [stdout]     |   ^^^^^^^^
[INFO] [stdout]     |
[INFO] [stdout] help: consider importing this attribute macro
[INFO] [stdout]     |
[INFO] [stdout] 1   + use to_bytes_derive::to_bytes;
[INFO] [stdout]     |
[INFO] [stdout] 
[INFO] [stdout] 
[INFO] [stdout] error: cannot find attribute `to_bytes` in this scope
[INFO] [stdout]    --> tests/test.rs:172:3
[INFO] [stdout]     |
[INFO] [stdout] 172 | #[to_bytes(asis copy)]
[INFO] [stdout]     |   ^^^^^^^^
[INFO] [stdout]     |
[INFO] [stdout] help: consider importing this attribute macro
[INFO] [stdout]     |
[INFO] [stdout] 1   + use to_bytes_derive::to_bytes;
[INFO] [stdout]     |
[INFO] [stdout] 
[INFO] [stdout] 
[INFO] [stdout] error[E0599]: no method named `to_bytes` found for struct `A` in the current scope
[INFO] [stdout]   --> tests/test.rs:14:21
[INFO] [stdout]    |
[INFO] [stdout] 5  | struct A {
[INFO] [stdout]    | -------- method `to_bytes` not found for this struct
[INFO] [stdout] ...
[INFO] [stdout] 14 |     let ua = dbg!(a.to_bytes());
[INFO] [stdout]    |                     ^^^^^^^^ method not found in `A`
[INFO] [stdout] 
[INFO] [stdout] 
[INFO] [stdout] error[E0599]: no method named `to_bytes` found for struct `A2` in the current scope
[INFO] [stdout]   --> tests/test.rs:26:21
[INFO] [stdout]    |
[INFO] [stdout] 21 | struct A2(u8, u16, u32);
[INFO] [stdout]    | --------- method `to_bytes` not found for this struct
[INFO] [stdout] ...
[INFO] [stdout] 26 |     let ua = dbg!(a.to_bytes());
[INFO] [stdout]    |                     ^^^^^^^^ method not found in `A2`
[INFO] [stdout] 
[INFO] [stdout] 
[INFO] [stdout] error[E0599]: no method named `to_bytes` found for enum `AE` in the current scope
[INFO] [stdout]   --> tests/test.rs:41:21
[INFO] [stdout]    |
[INFO] [stdout] 33 | enum AE {
[INFO] [stdout]    | ------- method `to_bytes` not found for this enum
[INFO] [stdout] ...
[INFO] [stdout] 41 |     let ua = dbg!(a.to_bytes());
[INFO] [stdout]    |                     ^^^^^^^^ method not found in `AE`
[INFO] [stdout] 
[INFO] [stdout] 
[INFO] [stdout] error[E0599]: no method named `to_bytes` found for enum `AE` in the current scope
[INFO] [stdout]   --> tests/test.rs:49:21
[INFO] [stdout]    |
[INFO] [stdout] 33 | enum AE {
[INFO] [stdout]    | ------- method `to_bytes` not found for this enum
[INFO] [stdout] ...
[INFO] [stdout] 49 |     let ua = dbg!(a.to_bytes());
[INFO] [stdout]    |                     ^^^^^^^^ method not found in `AE`
[INFO] [stdout] 
[INFO] [stdout] 
[INFO] [stdout] error[E0599]: no method named `to_bytes` found for struct `B` in the current scope
[INFO] [stdout]   --> tests/test.rs:70:29
[INFO] [stdout]    |
[INFO] [stdout] 56 | struct B {
[INFO] [stdout]    | -------- method `to_bytes` not found for this struct
[INFO] [stdout] ...
[INFO] [stdout] 70 |     let ua = dbg!(a.clone().to_bytes());
[INFO] [stdout]    |                             ^^^^^^^^ method not found in `B`
[INFO] [stdout] 
[INFO] [stdout] 
[INFO] [stdout] error[E0599]: no method named `to_bytes` found for struct `B2` in the current scope
[INFO] [stdout]   --> tests/test.rs:87:29
[INFO] [stdout]    |
[INFO] [stdout] 77 | struct B2(u8, u16, u32);
[INFO] [stdout]    | --------- method `to_bytes` not found for this struct
[INFO] [stdout] ...
[INFO] [stdout] 87 |     let ua = dbg!(a.clone().to_bytes());
[INFO] [stdout]    |                             ^^^^^^^^ method not found in `B2`
[INFO] [stdout] 
[INFO] [stdout] 
[INFO] [stdout] error[E0599]: no method named `to_bytes` found for enum `BE` in the current scope
[INFO] [stdout]    --> tests/test.rs:115:29
[INFO] [stdout]     |
[INFO] [stdout] 94  | enum BE {
[INFO] [stdout]     | ------- method `to_bytes` not found for this enum
[INFO] [stdout] ...
[INFO] [stdout] 115 |     let ua = dbg!(a.clone().to_bytes());
[INFO] [stdout]     |                             ^^^^^^^^ method not found in `BE`
[INFO] [stdout] 
[INFO] [stdout] 
[INFO] [stdout] error[E0599]: no method named `to_bytes` found for enum `BE` in the current scope
[INFO] [stdout]    --> tests/test.rs:123:29
[INFO] [stdout]     |
[INFO] [stdout] 94  | enum BE {
[INFO] [stdout]     | ------- method `to_bytes` not found for this enum
[INFO] [stdout] ...
[INFO] [stdout] 123 |     let ua = dbg!(a.clone().to_bytes());
[INFO] [stdout]     |                             ^^^^^^^^ method not found in `BE`
[INFO] [stdout] 
[INFO] [stdout] 
[INFO] [stdout] error[E0599]: no method named `to_bytes` found for struct `C` in the current scope
[INFO] [stdout]    --> tests/test.rs:139:29
[INFO] [stdout]     |
[INFO] [stdout] 130 | struct C {
[INFO] [stdout]     | -------- method `to_bytes` not found for this struct
[INFO] [stdout] ...
[INFO] [stdout] 139 |     let ua = dbg!(a.clone().to_bytes());
[INFO] [stdout]     |                             ^^^^^^^^ method not found in `C`
[INFO] [stdout] 
[INFO] [stdout] 
[INFO] [stdout] error[E0599]: no method named `to_bytes` found for struct `C` in the current scope
[INFO] [stdout]    --> tests/test.rs:147:29
[INFO] [stdout]     |
[INFO] [stdout] 130 | struct C {
[INFO] [stdout]     | -------- method `to_bytes` not found for this struct
[INFO] [stdout] ...
[INFO] [stdout] 147 |     let ua = dbg!(a.clone().to_bytes());
[INFO] [stdout]     |                             ^^^^^^^^ method not found in `C`
[INFO] [stdout] 
[INFO] [stdout] 
[INFO] [stdout] error[E0599]: no method named `to_bytes` found for struct `C2` in the current scope
[INFO] [stdout]    --> tests/test.rs:159:29
[INFO] [stdout]     |
[INFO] [stdout] 154 | struct C2(u8, u16, u32);
[INFO] [stdout]     | --------- method `to_bytes` not found for this struct
[INFO] [stdout] ...
[INFO] [stdout] 159 |     let ua = dbg!(a.clone().to_bytes());
[INFO] [stdout]     |                             ^^^^^^^^ method not found in `C2`
[INFO] [stdout] 
[INFO] [stdout] 
[INFO] [stdout] error[E0599]: no method named `to_bytes` found for struct `C2` in the current scope
[INFO] [stdout]    --> tests/test.rs:167:29
[INFO] [stdout]     |
[INFO] [stdout] 154 | struct C2(u8, u16, u32);
[INFO] [stdout]     | --------- method `to_bytes` not found for this struct
[INFO] [stdout] ...
[INFO] [stdout] 167 |     let ua = dbg!(a.clone().to_bytes());
[INFO] [stdout]     |                             ^^^^^^^^ method not found in `C2`
[INFO] [stdout] 
[INFO] [stdout] 
[INFO] [stdout] error[E0599]: no method named `to_bytes` found for enum `CE` in the current scope
[INFO] [stdout]    --> tests/test.rs:187:21
[INFO] [stdout]     |
[INFO] [stdout] 174 | enum CE {
[INFO] [stdout]     | ------- method `to_bytes` not found for this enum
[INFO] [stdout] ...
[INFO] [stdout] 187 |     let ua = dbg!(a.to_bytes());
[INFO] [stdout]     |                     ^^^^^^^^ method not found in `CE`
[INFO] [stdout] 
[INFO] [stdout] 
[INFO] [stdout] error[E0599]: no method named `to_bytes` found for enum `CE` in the current scope
[INFO] [stdout]    --> tests/test.rs:195:21
[INFO] [stdout]     |
[INFO] [stdout] 174 | enum CE {
[INFO] [stdout]     | ------- method `to_bytes` not found for this enum
[INFO] [stdout] ...
[INFO] [stdout] 195 |     let ua = dbg!(a.to_bytes());
[INFO] [stdout]     |                     ^^^^^^^^ method not found in `CE`
[INFO] [stdout] 
[INFO] [stdout] 
[INFO] [stdout] error[E0599]: no method named `to_bytes` found for enum `CE` in the current scope
[INFO] [stdout]    --> tests/test.rs:203:21
[INFO] [stdout]     |
[INFO] [stdout] 174 | enum CE {
[INFO] [stdout]     | ------- method `to_bytes` not found for this enum
[INFO] [stdout] ...
[INFO] [stdout] 203 |     let ua = dbg!(a.to_bytes());
[INFO] [stdout]     |                     ^^^^^^^^ method not found in `CE`
[INFO] [stdout] 
[INFO] [stdout] 
[INFO] [stdout] error[E0599]: no method named `to_bytes` found for enum `CE` in the current scope
[INFO] [stdout]    --> tests/test.rs:211:21
[INFO] [stdout]     |
[INFO] [stdout] 174 | enum CE {
[INFO] [stdout]     | ------- method `to_bytes` not found for this enum
[INFO] [stdout] ...
[INFO] [stdout] 211 |     let ua = dbg!(a.to_bytes());
[INFO] [stdout]     |                     ^^^^^^^^ method not found in `CE`
[INFO] [stdout] 
[INFO] [stdout] 
[INFO] [stdout] error: aborting due to 26 previous errors
[INFO] [stdout] 
[INFO] [stdout] 
[INFO] [stdout] Some errors have detailed explanations: E0432, E0599.
[INFO] [stdout] 
[INFO] [stdout] For more information about an error, try `rustc --explain E0432`.
[INFO] [stdout] 
[INFO] [stderr] error: could not compile `to_bytes_derive` (test "test") due to 27 previous errors
[INFO] running `Command { std: "docker" "inspect" "d78c49cf103f8ab73ab5fe85409711c1d43db45d9ae6fa21cafd27646ac3be9c", kill_on_drop: false }`
[INFO] running `Command { std: "docker" "rm" "-f" "d78c49cf103f8ab73ab5fe85409711c1d43db45d9ae6fa21cafd27646ac3be9c", kill_on_drop: false }`
[INFO] [stdout] d78c49cf103f8ab73ab5fe85409711c1d43db45d9ae6fa21cafd27646ac3be9c
[INFO] testing to_bytes_derive-0.1.0 against beta-2023-12-22 for beta-1.76-1
[INFO] extracting crate to_bytes_derive 0.1.0 into /workspace/builds/worker-7-tc2/source
[INFO] validating manifest of crates.io crate to_bytes_derive 0.1.0 on toolchain beta-2023-12-22
[INFO] running `Command { std: CARGO_HOME="/workspace/cargo-home" RUSTUP_HOME="/workspace/rustup-home" "/workspace/cargo-home/bin/cargo" "+beta-2023-12-22" "metadata" "--manifest-path" "Cargo.toml" "--no-deps", kill_on_drop: false }`
[INFO] started tweaking crates.io crate to_bytes_derive 0.1.0
[INFO] finished tweaking crates.io crate to_bytes_derive 0.1.0
[INFO] tweaked toml for crates.io crate to_bytes_derive 0.1.0 written to /workspace/builds/worker-7-tc2/source/Cargo.toml
[INFO] running `Command { std: CARGO_HOME="/workspace/cargo-home" RUSTUP_HOME="/workspace/rustup-home" "/workspace/cargo-home/bin/cargo" "+beta-2023-12-22" "generate-lockfile" "--manifest-path" "Cargo.toml", kill_on_drop: false }`
[INFO] [stderr]     Updating crates.io index
[INFO] running `Command { std: CARGO_HOME="/workspace/cargo-home" RUSTUP_HOME="/workspace/rustup-home" "/workspace/cargo-home/bin/cargo" "+beta-2023-12-22" "fetch" "--manifest-path" "Cargo.toml", kill_on_drop: false }`
[INFO] running `Command { std: "docker" "create" "-v" "/var/lib/crater-agent-workspace/builds/worker-7-tc2/target:/opt/rustwide/target:rw,Z" "-v" "/var/lib/crater-agent-workspace/builds/worker-7-tc2/source:/opt/rustwide/workdir:ro,Z" "-v" "/var/lib/crater-agent-workspace/cargo-home:/opt/rustwide/cargo-home:ro,Z" "-v" "/var/lib/crater-agent-workspace/rustup-home:/opt/rustwide/rustup-home:ro,Z" "-e" "SOURCE_DIR=/opt/rustwide/workdir" "-e" "CARGO_TARGET_DIR=/opt/rustwide/target" "-e" "CARGO_HOME=/opt/rustwide/cargo-home" "-e" "RUSTUP_HOME=/opt/rustwide/rustup-home" "-w" "/opt/rustwide/workdir" "-m" "1610612736" "--user" "0:0" "--network" "none" "ghcr.io/rust-lang/crates-build-env/linux@sha256:2788e3201cd34a07e3172128adcd8b3090168a8e3bcc40d7c032b9dda1df7d1c" "/opt/rustwide/cargo-home/bin/cargo" "+beta-2023-12-22" "metadata" "--no-deps" "--format-version=1", kill_on_drop: false }`
[INFO] [stdout] 4d431d3404c510c67967a09b3d53b532060405dade58dac347994b9f95c3853d
[INFO] running `Command { std: "docker" "start" "-a" "4d431d3404c510c67967a09b3d53b532060405dade58dac347994b9f95c3853d", kill_on_drop: false }`
[INFO] running `Command { std: "docker" "inspect" "4d431d3404c510c67967a09b3d53b532060405dade58dac347994b9f95c3853d", kill_on_drop: false }`
[INFO] running `Command { std: "docker" "rm" "-f" "4d431d3404c510c67967a09b3d53b532060405dade58dac347994b9f95c3853d", kill_on_drop: false }`
[INFO] [stdout] 4d431d3404c510c67967a09b3d53b532060405dade58dac347994b9f95c3853d
[INFO] running `Command { std: "docker" "create" "-v" "/var/lib/crater-agent-workspace/builds/worker-7-tc2/target:/opt/rustwide/target:rw,Z" "-v" "/var/lib/crater-agent-workspace/builds/worker-7-tc2/source:/opt/rustwide/workdir:ro,Z" "-v" "/var/lib/crater-agent-workspace/cargo-home:/opt/rustwide/cargo-home:ro,Z" "-v" "/var/lib/crater-agent-workspace/rustup-home:/opt/rustwide/rustup-home:ro,Z" "-e" "SOURCE_DIR=/opt/rustwide/workdir" "-e" "CARGO_TARGET_DIR=/opt/rustwide/target" "-e" "CARGO_INCREMENTAL=0" "-e" "RUST_BACKTRACE=full" "-e" "RUSTFLAGS=--cap-lints=warn" "-e" "RUSTDOCFLAGS=--cap-lints=warn" "-e" "CARGO_HOME=/opt/rustwide/cargo-home" "-e" "RUSTUP_HOME=/opt/rustwide/rustup-home" "-w" "/opt/rustwide/workdir" "-m" "1610612736" "--user" "0:0" "--network" "none" "ghcr.io/rust-lang/crates-build-env/linux@sha256:2788e3201cd34a07e3172128adcd8b3090168a8e3bcc40d7c032b9dda1df7d1c" "/opt/rustwide/cargo-home/bin/cargo" "+beta-2023-12-22" "build" "--frozen" "--message-format=json", kill_on_drop: false }`
[INFO] [stdout] de7b6dd755c058d0f15a3ff232d06daeff3b4f97447c9d6c0ccc6edd1bdb115d
[INFO] running `Command { std: "docker" "start" "-a" "de7b6dd755c058d0f15a3ff232d06daeff3b4f97447c9d6c0ccc6edd1bdb115d", kill_on_drop: false }`
[INFO] [stderr]    Compiling syn v1.0.109
[INFO] [stderr]    Compiling to_bytes_derive v0.1.0 (/opt/rustwide/workdir)
[INFO] [stderr]     Finished dev [unoptimized + debuginfo] target(s) in 3.60s
[INFO] running `Command { std: "docker" "inspect" "de7b6dd755c058d0f15a3ff232d06daeff3b4f97447c9d6c0ccc6edd1bdb115d", kill_on_drop: false }`
[INFO] running `Command { std: "docker" "rm" "-f" "de7b6dd755c058d0f15a3ff232d06daeff3b4f97447c9d6c0ccc6edd1bdb115d", kill_on_drop: false }`
[INFO] [stdout] de7b6dd755c058d0f15a3ff232d06daeff3b4f97447c9d6c0ccc6edd1bdb115d
[INFO] running `Command { std: "docker" "create" "-v" "/var/lib/crater-agent-workspace/builds/worker-7-tc2/target:/opt/rustwide/target:rw,Z" "-v" "/var/lib/crater-agent-workspace/builds/worker-7-tc2/source:/opt/rustwide/workdir:ro,Z" "-v" "/var/lib/crater-agent-workspace/cargo-home:/opt/rustwide/cargo-home:ro,Z" "-v" "/var/lib/crater-agent-workspace/rustup-home:/opt/rustwide/rustup-home:ro,Z" "-e" "SOURCE_DIR=/opt/rustwide/workdir" "-e" "CARGO_TARGET_DIR=/opt/rustwide/target" "-e" "CARGO_INCREMENTAL=0" "-e" "RUST_BACKTRACE=full" "-e" "RUSTFLAGS=--cap-lints=warn" "-e" "RUSTDOCFLAGS=--cap-lints=warn" "-e" "CARGO_HOME=/opt/rustwide/cargo-home" "-e" "RUSTUP_HOME=/opt/rustwide/rustup-home" "-w" "/opt/rustwide/workdir" "-m" "1610612736" "--user" "0:0" "--network" "none" "ghcr.io/rust-lang/crates-build-env/linux@sha256:2788e3201cd34a07e3172128adcd8b3090168a8e3bcc40d7c032b9dda1df7d1c" "/opt/rustwide/cargo-home/bin/cargo" "+beta-2023-12-22" "test" "--frozen" "--no-run" "--message-format=json", kill_on_drop: false }`
[INFO] [stdout] 241914919e073e888003f0dea24d00d2a2061d0857d7853b30f263058e800897
[INFO] running `Command { std: "docker" "start" "-a" "241914919e073e888003f0dea24d00d2a2061d0857d7853b30f263058e800897", kill_on_drop: false }`
[INFO] [stderr]    Compiling syn v1.0.109
[INFO] [stderr]    Compiling to_bytes_derive v0.1.0 (/opt/rustwide/workdir)
[INFO] [stdout] error[E0432]: unresolved import `to_bytes`
[INFO] [stdout]  --> tests/test.rs:1:5
[INFO] [stdout]   |
[INFO] [stdout] 1 | use to_bytes::*;
[INFO] [stdout]   |     ^^^^^^^^ use of undeclared crate or module `to_bytes`
[INFO] [stdout] 
[INFO] [stdout] 
[INFO] [stdout] error: cannot find attribute `to_bytes` in this scope
[INFO] [stdout]  --> tests/test.rs:3:3
[INFO] [stdout]   |
[INFO] [stdout] 3 | #[to_bytes]
[INFO] [stdout]   |   ^^^^^^^^
[INFO] [stdout]   |
[INFO] [stdout] help: consider importing this attribute macro
[INFO] [stdout]   |
[INFO] [stdout] 1 + use to_bytes_derive::to_bytes;
[INFO] [stdout]   |
[INFO] [stdout] 
[INFO] [stdout] 
[INFO] [stdout] error: cannot find attribute `to_bytes` in this scope
[INFO] [stdout]   --> tests/test.rs:19:3
[INFO] [stdout]    |
[INFO] [stdout] 19 | #[to_bytes]
[INFO] [stdout]    |   ^^^^^^^^
[INFO] [stdout]    |
[INFO] [stdout] help: consider importing this attribute macro
[INFO] [stdout]    |
[INFO] [stdout] 1  + use to_bytes_derive::to_bytes;
[INFO] [stdout]    |
[INFO] [stdout] 
[INFO] [stdout] 
[INFO] [stdout] error: cannot find attribute `to_bytes` in this scope
[INFO] [stdout]   --> tests/test.rs:31:3
[INFO] [stdout]    |
[INFO] [stdout] 31 | #[to_bytes]
[INFO] [stdout]    |   ^^^^^^^^
[INFO] [stdout]    |
[INFO] [stdout] help: consider importing this attribute macro
[INFO] [stdout]    |
[INFO] [stdout] 1  + use to_bytes_derive::to_bytes;
[INFO] [stdout]    |
[INFO] [stdout] 
[INFO] [stdout] 
[INFO] [stdout] error: cannot find attribute `to_bytes` in this scope
[INFO] [stdout]   --> tests/test.rs:54:3
[INFO] [stdout]    |
[INFO] [stdout] 54 | #[to_bytes(asis)]
[INFO] [stdout]    |   ^^^^^^^^
[INFO] [stdout]    |
[INFO] [stdout] help: consider importing this attribute macro
[INFO] [stdout]    |
[INFO] [stdout] 1  + use to_bytes_derive::to_bytes;
[INFO] [stdout]    |
[INFO] [stdout] 
[INFO] [stdout] 
[INFO] [stdout] error: cannot find attribute `to_bytes` in this scope
[INFO] [stdout]   --> tests/test.rs:75:3
[INFO] [stdout]    |
[INFO] [stdout] 75 | #[to_bytes(asis)]
[INFO] [stdout]    |   ^^^^^^^^
[INFO] [stdout]    |
[INFO] [stdout] help: consider importing this attribute macro
[INFO] [stdout]    |
[INFO] [stdout] 1  + use to_bytes_derive::to_bytes;
[INFO] [stdout]    |
[INFO] [stdout] 
[INFO] [stdout] 
[INFO] [stdout] error: cannot find attribute `to_bytes` in this scope
[INFO] [stdout]   --> tests/test.rs:92:3
[INFO] [stdout]    |
[INFO] [stdout] 92 | #[to_bytes(asis)]
[INFO] [stdout]    |   ^^^^^^^^
[INFO] [stdout]    |
[INFO] [stdout] help: consider importing this attribute macro
[INFO] [stdout]    |
[INFO] [stdout] 1  + use to_bytes_derive::to_bytes;
[INFO] [stdout]    |
[INFO] [stdout] 
[INFO] [stdout] 
[INFO] [stdout] error: cannot find attribute `to_bytes` in this scope
[INFO] [stdout]    --> tests/test.rs:128:3
[INFO] [stdout]     |
[INFO] [stdout] 128 | #[to_bytes(asis copy)]
[INFO] [stdout]     |   ^^^^^^^^
[INFO] [stdout]     |
[INFO] [stdout] help: consider importing this attribute macro
[INFO] [stdout]     |
[INFO] [stdout] 1   + use to_bytes_derive::to_bytes;
[INFO] [stdout]     |
[INFO] [stdout] 
[INFO] [stdout] 
[INFO] [stdout] error: cannot find attribute `to_bytes` in this scope
[INFO] [stdout]    --> tests/test.rs:152:3
[INFO] [stdout]     |
[INFO] [stdout] 152 | #[to_bytes(asis copy)]
[INFO] [stdout]     |   ^^^^^^^^
[INFO] [stdout]     |
[INFO] [stdout] help: consider importing this attribute macro
[INFO] [stdout]     |
[INFO] [stdout] 1   + use to_bytes_derive::to_bytes;
[INFO] [stdout]     |
[INFO] [stdout] 
[INFO] [stdout] 
[INFO] [stdout] error: cannot find attribute `to_bytes` in this scope
[INFO] [stdout]    --> tests/test.rs:172:3
[INFO] [stdout]     |
[INFO] [stdout] 172 | #[to_bytes(asis copy)]
[INFO] [stdout]     |   ^^^^^^^^
[INFO] [stdout]     |
[INFO] [stdout] help: consider importing this attribute macro
[INFO] [stdout]     |
[INFO] [stdout] 1   + use to_bytes_derive::to_bytes;
[INFO] [stdout]     |
[INFO] [stdout] 
[INFO] [stdout] 
[INFO] [stdout] error[E0599]: no method named `to_bytes` found for struct `A` in the current scope
[INFO] [stdout]   --> tests/test.rs:14:21
[INFO] [stdout]    |
[INFO] [stdout] 5  | struct A {
[INFO] [stdout]    | -------- method `to_bytes` not found for this struct
[INFO] [stdout] ...
[INFO] [stdout] 14 |     let ua = dbg!(a.to_bytes());
[INFO] [stdout]    |                     ^^^^^^^^ method not found in `A`
[INFO] [stdout] 
[INFO] [stdout] 
[INFO] [stdout] error[E0599]: no method named `to_bytes` found for struct `A2` in the current scope
[INFO] [stdout]   --> tests/test.rs:26:21
[INFO] [stdout]    |
[INFO] [stdout] 21 | struct A2(u8, u16, u32);
[INFO] [stdout]    | --------- method `to_bytes` not found for this struct
[INFO] [stdout] ...
[INFO] [stdout] 26 |     let ua = dbg!(a.to_bytes());
[INFO] [stdout]    |                     ^^^^^^^^ method not found in `A2`
[INFO] [stdout] 
[INFO] [stdout] 
[INFO] [stdout] error[E0599]: no method named `to_bytes` found for enum `AE` in the current scope
[INFO] [stdout]   --> tests/test.rs:41:21
[INFO] [stdout]    |
[INFO] [stdout] 33 | enum AE {
[INFO] [stdout]    | ------- method `to_bytes` not found for this enum
[INFO] [stdout] ...
[INFO] [stdout] 41 |     let ua = dbg!(a.to_bytes());
[INFO] [stdout]    |                     ^^^^^^^^ method not found in `AE`
[INFO] [stdout] 
[INFO] [stdout] 
[INFO] [stdout] error[E0599]: no method named `to_bytes` found for enum `AE` in the current scope
[INFO] [stdout]   --> tests/test.rs:49:21
[INFO] [stdout]    |
[INFO] [stdout] 33 | enum AE {
[INFO] [stdout]    | ------- method `to_bytes` not found for this enum
[INFO] [stdout] ...
[INFO] [stdout] 49 |     let ua = dbg!(a.to_bytes());
[INFO] [stdout]    |                     ^^^^^^^^ method not found in `AE`
[INFO] [stdout] 
[INFO] [stdout] 
[INFO] [stdout] error[E0599]: no method named `to_bytes` found for struct `B` in the current scope
[INFO] [stdout]   --> tests/test.rs:70:29
[INFO] [stdout]    |
[INFO] [stdout] 56 | struct B {
[INFO] [stdout]    | -------- method `to_bytes` not found for this struct
[INFO] [stdout] ...
[INFO] [stdout] 70 |     let ua = dbg!(a.clone().to_bytes());
[INFO] [stdout]    |                             ^^^^^^^^ method not found in `B`
[INFO] [stdout] 
[INFO] [stdout] 
[INFO] [stdout] error[E0599]: no method named `to_bytes` found for struct `B2` in the current scope
[INFO] [stdout]   --> tests/test.rs:87:29
[INFO] [stdout]    |
[INFO] [stdout] 77 | struct B2(u8, u16, u32);
[INFO] [stdout]    | --------- method `to_bytes` not found for this struct
[INFO] [stdout] ...
[INFO] [stdout] 87 |     let ua = dbg!(a.clone().to_bytes());
[INFO] [stdout]    |                             ^^^^^^^^ method not found in `B2`
[INFO] [stdout] 
[INFO] [stdout] 
[INFO] [stdout] error[E0599]: no method named `to_bytes` found for enum `BE` in the current scope
[INFO] [stdout]    --> tests/test.rs:115:29
[INFO] [stdout]     |
[INFO] [stdout] 94  | enum BE {
[INFO] [stdout]     | ------- method `to_bytes` not found for this enum
[INFO] [stdout] ...
[INFO] [stdout] 115 |     let ua = dbg!(a.clone().to_bytes());
[INFO] [stdout]     |                             ^^^^^^^^ method not found in `BE`
[INFO] [stdout] 
[INFO] [stdout] 
[INFO] [stdout] error[E0599]: no method named `to_bytes` found for enum `BE` in the current scope
[INFO] [stdout]    --> tests/test.rs:123:29
[INFO] [stdout]     |
[INFO] [stdout] 94  | enum BE {
[INFO] [stdout]     | ------- method `to_bytes` not found for this enum
[INFO] [stdout] ...
[INFO] [stdout] 123 |     let ua = dbg!(a.clone().to_bytes());
[INFO] [stdout]     |                             ^^^^^^^^ method not found in `BE`
[INFO] [stdout] 
[INFO] [stdout] 
[INFO] [stdout] error[E0599]: no method named `to_bytes` found for struct `C` in the current scope
[INFO] [stdout]    --> tests/test.rs:139:29
[INFO] [stdout]     |
[INFO] [stdout] 130 | struct C {
[INFO] [stdout]     | -------- method `to_bytes` not found for this struct
[INFO] [stdout] ...
[INFO] [stdout] 139 |     let ua = dbg!(a.clone().to_bytes());
[INFO] [stdout]     |                             ^^^^^^^^ method not found in `C`
[INFO] [stdout] 
[INFO] [stdout] 
[INFO] [stdout] error[E0599]: no method named `to_bytes` found for struct `C` in the current scope
[INFO] [stdout]    --> tests/test.rs:147:29
[INFO] [stdout]     |
[INFO] [stdout] 130 | struct C {
[INFO] [stdout]     | -------- method `to_bytes` not found for this struct
[INFO] [stdout] ...
[INFO] [stdout] 147 |     let ua = dbg!(a.clone().to_bytes());
[INFO] [stdout]     |                             ^^^^^^^^ method not found in `C`
[INFO] [stdout] 
[INFO] [stdout] 
[INFO] [stdout] error[E0599]: no method named `to_bytes` found for struct `C2` in the current scope
[INFO] [stdout]    --> tests/test.rs:159:29
[INFO] [stdout]     |
[INFO] [stdout] 154 | struct C2(u8, u16, u32);
[INFO] [stdout]     | --------- method `to_bytes` not found for this struct
[INFO] [stdout] ...
[INFO] [stdout] 159 |     let ua = dbg!(a.clone().to_bytes());
[INFO] [stdout]     |                             ^^^^^^^^ method not found in `C2`
[INFO] [stdout] 
[INFO] [stdout] 
[INFO] [stdout] error[E0599]: no method named `to_bytes` found for struct `C2` in the current scope
[INFO] [stdout]    --> tests/test.rs:167:29
[INFO] [stdout]     |
[INFO] [stdout] 154 | struct C2(u8, u16, u32);
[INFO] [stdout]     | --------- method `to_bytes` not found for this struct
[INFO] [stdout] ...
[INFO] [stdout] 167 |     let ua = dbg!(a.clone().to_bytes());
[INFO] [stdout]     |                             ^^^^^^^^ method not found in `C2`
[INFO] [stdout] 
[INFO] [stdout] 
[INFO] [stdout] error[E0599]: no method named `to_bytes` found for enum `CE` in the current scope
[INFO] [stdout]    --> tests/test.rs:187:21
[INFO] [stdout]     |
[INFO] [stdout] 174 | enum CE {
[INFO] [stdout]     | ------- method `to_bytes` not found for this enum
[INFO] [stdout] ...
[INFO] [stdout] 187 |     let ua = dbg!(a.to_bytes());
[INFO] [stdout]     |                     ^^^^^^^^ method not found in `CE`
[INFO] [stdout] 
[INFO] [stdout] 
[INFO] [stdout] error[E0599]: no method named `to_bytes` found for enum `CE` in the current scope
[INFO] [stdout]    --> tests/test.rs:195:21
[INFO] [stdout]     |
[INFO] [stdout] 174 | enum CE {
[INFO] [stdout]     | ------- method `to_bytes` not found for this enum
[INFO] [stdout] ...
[INFO] [stdout] 195 |     let ua = dbg!(a.to_bytes());
[INFO] [stdout]     |                     ^^^^^^^^ method not found in `CE`
[INFO] [stdout] 
[INFO] [stdout] 
[INFO] [stdout] error[E0599]: no method named `to_bytes` found for enum `CE` in the current scope
[INFO] [stdout]    --> tests/test.rs:203:21
[INFO] [stdout]     |
[INFO] [stdout] 174 | enum CE {
[INFO] [stdout]     | ------- method `to_bytes` not found for this enum
[INFO] [stdout] ...
[INFO] [stdout] 203 |     let ua = dbg!(a.to_bytes());
[INFO] [stdout]     |                     ^^^^^^^^ method not found in `CE`
[INFO] [stdout] 
[INFO] [stdout] 
[INFO] [stdout] error[E0599]: no method named `to_bytes` found for enum `CE` in the current scope
[INFO] [stdout]    --> tests/test.rs:211:21
[INFO] [stdout]     |
[INFO] [stdout] 174 | enum CE {
[INFO] [stdout]     | ------- method `to_bytes` not found for this enum
[INFO] [stdout] ...
[INFO] [stdout] 211 |     let ua = dbg!(a.to_bytes());
[INFO] [stdout]     |                     ^^^^^^^^ method not found in `CE`
[INFO] [stdout] 
[INFO] [stdout] 
[INFO] [stdout] error: aborting due to 26 previous errors
[INFO] [stdout] 
[INFO] [stdout] 
[INFO] [stdout] Some errors have detailed explanations: E0432, E0599.
[INFO] [stdout] 
[INFO] [stdout] For more information about an error, try `rustc --explain E0432`.
[INFO] [stdout] 
[INFO] [stderr] error: could not compile `to_bytes_derive` (test "test") due to 27 previous errors
[INFO] running `Command { std: "docker" "inspect" "241914919e073e888003f0dea24d00d2a2061d0857d7853b30f263058e800897", kill_on_drop: false }`
[INFO] running `Command { std: "docker" "rm" "-f" "241914919e073e888003f0dea24d00d2a2061d0857d7853b30f263058e800897", kill_on_drop: false }`
[INFO] [stdout] 241914919e073e888003f0dea24d00d2a2061d0857d7853b30f263058e800897
