[INFO] fetching crate timpl-proc 0.1.0-alpha.2...
[INFO] testing timpl-proc-0.1.0-alpha.2 against 1.75.0 for beta-1.76-1
[INFO] extracting crate timpl-proc 0.1.0-alpha.2 into /workspace/builds/worker-1-tc1/source
[INFO] validating manifest of crates.io crate timpl-proc 0.1.0-alpha.2 on toolchain 1.75.0
[INFO] running `Command { std: CARGO_HOME="/workspace/cargo-home" RUSTUP_HOME="/workspace/rustup-home" "/workspace/cargo-home/bin/cargo" "+1.75.0" "metadata" "--manifest-path" "Cargo.toml" "--no-deps", kill_on_drop: false }`
[INFO] started tweaking crates.io crate timpl-proc 0.1.0-alpha.2
[INFO] finished tweaking crates.io crate timpl-proc 0.1.0-alpha.2
[INFO] tweaked toml for crates.io crate timpl-proc 0.1.0-alpha.2 written to /workspace/builds/worker-1-tc1/source/Cargo.toml
[INFO] running `Command { std: CARGO_HOME="/workspace/cargo-home" RUSTUP_HOME="/workspace/rustup-home" "/workspace/cargo-home/bin/cargo" "+1.75.0" "generate-lockfile" "--manifest-path" "Cargo.toml", kill_on_drop: false }`
[INFO] [stderr]     Updating crates.io index
[INFO] running `Command { std: CARGO_HOME="/workspace/cargo-home" RUSTUP_HOME="/workspace/rustup-home" "/workspace/cargo-home/bin/cargo" "+1.75.0" "fetch" "--manifest-path" "Cargo.toml", kill_on_drop: false }`
[INFO] [stderr]  Downloading crates ...
[INFO] [stderr]   Downloaded timpl-internal v0.1.0-alpha.2
[INFO] running `Command { std: "docker" "create" "-v" "/var/lib/crater-agent-workspace/builds/worker-1-tc1/target:/opt/rustwide/target:rw,Z" "-v" "/var/lib/crater-agent-workspace/builds/worker-1-tc1/source:/opt/rustwide/workdir:ro,Z" "-v" "/var/lib/crater-agent-workspace/cargo-home:/opt/rustwide/cargo-home:ro,Z" "-v" "/var/lib/crater-agent-workspace/rustup-home:/opt/rustwide/rustup-home:ro,Z" "-e" "SOURCE_DIR=/opt/rustwide/workdir" "-e" "CARGO_TARGET_DIR=/opt/rustwide/target" "-e" "CARGO_HOME=/opt/rustwide/cargo-home" "-e" "RUSTUP_HOME=/opt/rustwide/rustup-home" "-w" "/opt/rustwide/workdir" "-m" "1610612736" "--user" "0:0" "--network" "none" "ghcr.io/rust-lang/crates-build-env/linux@sha256:2788e3201cd34a07e3172128adcd8b3090168a8e3bcc40d7c032b9dda1df7d1c" "/opt/rustwide/cargo-home/bin/cargo" "+1.75.0" "metadata" "--no-deps" "--format-version=1", kill_on_drop: false }`
[INFO] [stdout] 2a40de5d6a327a2a08c3f3e3c87bf5354972317b8c6e83361f867087445ba20b
[INFO] running `Command { std: "docker" "start" "-a" "2a40de5d6a327a2a08c3f3e3c87bf5354972317b8c6e83361f867087445ba20b", kill_on_drop: false }`
[INFO] running `Command { std: "docker" "inspect" "2a40de5d6a327a2a08c3f3e3c87bf5354972317b8c6e83361f867087445ba20b", kill_on_drop: false }`
[INFO] running `Command { std: "docker" "rm" "-f" "2a40de5d6a327a2a08c3f3e3c87bf5354972317b8c6e83361f867087445ba20b", kill_on_drop: false }`
[INFO] [stdout] 2a40de5d6a327a2a08c3f3e3c87bf5354972317b8c6e83361f867087445ba20b
[INFO] running `Command { std: "docker" "create" "-v" "/var/lib/crater-agent-workspace/builds/worker-1-tc1/target:/opt/rustwide/target:rw,Z" "-v" "/var/lib/crater-agent-workspace/builds/worker-1-tc1/source:/opt/rustwide/workdir:ro,Z" "-v" "/var/lib/crater-agent-workspace/cargo-home:/opt/rustwide/cargo-home:ro,Z" "-v" "/var/lib/crater-agent-workspace/rustup-home:/opt/rustwide/rustup-home:ro,Z" "-e" "SOURCE_DIR=/opt/rustwide/workdir" "-e" "CARGO_TARGET_DIR=/opt/rustwide/target" "-e" "CARGO_INCREMENTAL=0" "-e" "RUST_BACKTRACE=full" "-e" "RUSTFLAGS=--cap-lints=warn" "-e" "RUSTDOCFLAGS=--cap-lints=warn" "-e" "CARGO_HOME=/opt/rustwide/cargo-home" "-e" "RUSTUP_HOME=/opt/rustwide/rustup-home" "-w" "/opt/rustwide/workdir" "-m" "1610612736" "--user" "0:0" "--network" "none" "ghcr.io/rust-lang/crates-build-env/linux@sha256:2788e3201cd34a07e3172128adcd8b3090168a8e3bcc40d7c032b9dda1df7d1c" "/opt/rustwide/cargo-home/bin/cargo" "+1.75.0" "build" "--frozen" "--message-format=json", kill_on_drop: false }`
[INFO] [stdout] 5d1ed2c444334514a51a10f3d328cd86762403ad61a4ee9f87f524ddd77ca1f1
[INFO] running `Command { std: "docker" "start" "-a" "5d1ed2c444334514a51a10f3d328cd86762403ad61a4ee9f87f524ddd77ca1f1", kill_on_drop: false }`
[INFO] [stderr]    Compiling timpl-internal v0.1.0-alpha.2
[INFO] [stderr]    Compiling timpl-proc v0.1.0-alpha.2 (/opt/rustwide/workdir)
[INFO] [stdout] error[E0432]: unresolved import `proc_macro::LineColumn`
[INFO] [stdout]  --> src/parse.rs:1:29
[INFO] [stdout]   |
[INFO] [stdout] 1 | use proc_macro::{Delimiter, LineColumn, TokenStream, TokenTree};
[INFO] [stdout]   |                             ^^^^^^^^^^ no `LineColumn` in the root
[INFO] [stdout] 
[INFO] [stdout] 
[INFO] [stdout] error[E0554]: `#![feature]` may not be used on the stable release channel
[INFO] [stdout]  --> src/lib.rs:1:12
[INFO] [stdout]   |
[INFO] [stdout] 1 | #![feature(proc_macro_span)]
[INFO] [stdout]   |            ^^^^^^^^^^^^^^^
[INFO] [stdout] 
[INFO] [stdout] 
[INFO] [stdout] error[E0615]: attempted to take value of method `line` on type `proc_macro::Span`
[INFO] [stdout]   --> src/codegen.rs:49:45
[INFO] [stdout]    |
[INFO] [stdout] 49 |                     if group.span().start().line == group.span().end().line {
[INFO] [stdout]    |                                             ^^^^ method, not a field
[INFO] [stdout]    |
[INFO] [stdout] help: use parentheses to call the method
[INFO] [stdout]    |
[INFO] [stdout] 49 |                     if group.span().start().line() == group.span().end().line {
[INFO] [stdout]    |                                                 ++
[INFO] [stdout] 
[INFO] [stdout] 
[INFO] [stdout] error[E0615]: attempted to take value of method `line` on type `proc_macro::Span`
[INFO] [stdout]   --> src/codegen.rs:49:72
[INFO] [stdout]    |
[INFO] [stdout] 49 |                     if group.span().start().line == group.span().end().line {
[INFO] [stdout]    |                                                                        ^^^^ method, not a field
[INFO] [stdout]    |
[INFO] [stdout] help: use parentheses to call the method
[INFO] [stdout]    |
[INFO] [stdout] 49 |                     if group.span().start().line == group.span().end().line() {
[INFO] [stdout]    |                                                                            ++
[INFO] [stdout] 
[INFO] [stdout] 
[INFO] [stdout] error[E0615]: attempted to take value of method `column` on type `proc_macro::Span`
[INFO] [stdout]   --> src/codegen.rs:52:47
[INFO] [stdout]    |
[INFO] [stdout] 52 |                     Some(group.span().start().column - 1 - offset)
[INFO] [stdout]    |                                               ^^^^^^ method, not a field
[INFO] [stdout]    |
[INFO] [stdout] help: use parentheses to call the method
[INFO] [stdout]    |
[INFO] [stdout] 52 |                     Some(group.span().start().column() - 1 - offset)
[INFO] [stdout]    |                                                     ++
[INFO] [stdout] 
[INFO] [stdout] 
[INFO] [stdout] error[E0615]: attempted to take value of method `line` on type `proc_macro::Span`
[INFO] [stdout]  --> src/parse.rs:9:44
[INFO] [stdout]   |
[INFO] [stdout] 9 |                 line: token.span().start().line,
[INFO] [stdout]   |                                            ^^^^ method, not a field
[INFO] [stdout]   |
[INFO] [stdout] help: use parentheses to call the method
[INFO] [stdout]   |
[INFO] [stdout] 9 |                 line: token.span().start().line(),
[INFO] [stdout]   |                                                ++
[INFO] [stdout] 
[INFO] [stdout] 
[INFO] [stdout] error[E0615]: attempted to take value of method `line` on type `proc_macro::Span`
[INFO] [stdout]   --> src/parse.rs:17:36
[INFO] [stdout]    |
[INFO] [stdout] 17 |             let newlines = current.line - previous.line;
[INFO] [stdout]    |                                    ^^^^ method, not a field
[INFO] [stdout]    |
[INFO] [stdout] help: use parentheses to call the method
[INFO] [stdout]    |
[INFO] [stdout] 17 |             let newlines = current.line() - previous.line;
[INFO] [stdout]    |                                        ++
[INFO] [stdout] 
[INFO] [stdout] 
[INFO] [stdout] error[E0615]: attempted to take value of method `column` on type `proc_macro::Span`
[INFO] [stdout]   --> src/parse.rs:22:25
[INFO] [stdout]    |
[INFO] [stdout] 22 |                 current.column - previous.column
[INFO] [stdout]    |                         ^^^^^^ method, not a field
[INFO] [stdout]    |
[INFO] [stdout] help: use parentheses to call the method
[INFO] [stdout]    |
[INFO] [stdout] 22 |                 current.column() - previous.column
[INFO] [stdout]    |                               ++
[INFO] [stdout] 
[INFO] [stdout] 
[INFO] [stdout] error[E0615]: attempted to take value of method `column` on type `proc_macro::Span`
[INFO] [stdout]   --> src/parse.rs:24:25
[INFO] [stdout]    |
[INFO] [stdout] 24 |                 current.column - 1
[INFO] [stdout]    |                         ^^^^^^ method, not a field
[INFO] [stdout]    |
[INFO] [stdout] help: use parentheses to call the method
[INFO] [stdout]    |
[INFO] [stdout] 24 |                 current.column() - 1
[INFO] [stdout]    |                               ++
[INFO] [stdout] 
[INFO] [stdout] 
[INFO] [stdout] error: aborting due to 9 previous errors
[INFO] [stdout] 
[INFO] [stdout] 
[INFO] [stdout] Some errors have detailed explanations: E0432, E0554, E0615.
[INFO] [stdout] 
[INFO] [stdout] For more information about an error, try `rustc --explain E0432`.
[INFO] [stdout] 
[INFO] [stderr] error: could not compile `timpl-proc` (lib) due to 10 previous errors
[INFO] running `Command { std: "docker" "inspect" "5d1ed2c444334514a51a10f3d328cd86762403ad61a4ee9f87f524ddd77ca1f1", kill_on_drop: false }`
[INFO] running `Command { std: "docker" "rm" "-f" "5d1ed2c444334514a51a10f3d328cd86762403ad61a4ee9f87f524ddd77ca1f1", kill_on_drop: false }`
[INFO] [stdout] 5d1ed2c444334514a51a10f3d328cd86762403ad61a4ee9f87f524ddd77ca1f1
[INFO] testing timpl-proc-0.1.0-alpha.2 against beta-2023-12-22 for beta-1.76-1
[INFO] extracting crate timpl-proc 0.1.0-alpha.2 into /workspace/builds/worker-1-tc2/source
[INFO] validating manifest of crates.io crate timpl-proc 0.1.0-alpha.2 on toolchain beta-2023-12-22
[INFO] running `Command { std: CARGO_HOME="/workspace/cargo-home" RUSTUP_HOME="/workspace/rustup-home" "/workspace/cargo-home/bin/cargo" "+beta-2023-12-22" "metadata" "--manifest-path" "Cargo.toml" "--no-deps", kill_on_drop: false }`
[INFO] started tweaking crates.io crate timpl-proc 0.1.0-alpha.2
[INFO] finished tweaking crates.io crate timpl-proc 0.1.0-alpha.2
[INFO] tweaked toml for crates.io crate timpl-proc 0.1.0-alpha.2 written to /workspace/builds/worker-1-tc2/source/Cargo.toml
[INFO] running `Command { std: CARGO_HOME="/workspace/cargo-home" RUSTUP_HOME="/workspace/rustup-home" "/workspace/cargo-home/bin/cargo" "+beta-2023-12-22" "generate-lockfile" "--manifest-path" "Cargo.toml", kill_on_drop: false }`
[INFO] [stderr]     Updating crates.io index
[INFO] running `Command { std: CARGO_HOME="/workspace/cargo-home" RUSTUP_HOME="/workspace/rustup-home" "/workspace/cargo-home/bin/cargo" "+beta-2023-12-22" "fetch" "--manifest-path" "Cargo.toml", kill_on_drop: false }`
[INFO] [stderr]     Blocking waiting for file lock on package cache
[INFO] running `Command { std: "docker" "create" "-v" "/var/lib/crater-agent-workspace/builds/worker-1-tc2/target:/opt/rustwide/target:rw,Z" "-v" "/var/lib/crater-agent-workspace/builds/worker-1-tc2/source:/opt/rustwide/workdir:ro,Z" "-v" "/var/lib/crater-agent-workspace/cargo-home:/opt/rustwide/cargo-home:ro,Z" "-v" "/var/lib/crater-agent-workspace/rustup-home:/opt/rustwide/rustup-home:ro,Z" "-e" "SOURCE_DIR=/opt/rustwide/workdir" "-e" "CARGO_TARGET_DIR=/opt/rustwide/target" "-e" "CARGO_HOME=/opt/rustwide/cargo-home" "-e" "RUSTUP_HOME=/opt/rustwide/rustup-home" "-w" "/opt/rustwide/workdir" "-m" "1610612736" "--user" "0:0" "--network" "none" "ghcr.io/rust-lang/crates-build-env/linux@sha256:2788e3201cd34a07e3172128adcd8b3090168a8e3bcc40d7c032b9dda1df7d1c" "/opt/rustwide/cargo-home/bin/cargo" "+beta-2023-12-22" "metadata" "--no-deps" "--format-version=1", kill_on_drop: false }`
[INFO] [stdout] a94f8919842cf615312fa11bb4ba2bd6a4084cf7099b5cce836223d1df8f2356
[INFO] running `Command { std: "docker" "start" "-a" "a94f8919842cf615312fa11bb4ba2bd6a4084cf7099b5cce836223d1df8f2356", kill_on_drop: false }`
[INFO] running `Command { std: "docker" "inspect" "a94f8919842cf615312fa11bb4ba2bd6a4084cf7099b5cce836223d1df8f2356", kill_on_drop: false }`
[INFO] running `Command { std: "docker" "rm" "-f" "a94f8919842cf615312fa11bb4ba2bd6a4084cf7099b5cce836223d1df8f2356", kill_on_drop: false }`
[INFO] [stdout] a94f8919842cf615312fa11bb4ba2bd6a4084cf7099b5cce836223d1df8f2356
[INFO] running `Command { std: "docker" "create" "-v" "/var/lib/crater-agent-workspace/builds/worker-1-tc2/target:/opt/rustwide/target:rw,Z" "-v" "/var/lib/crater-agent-workspace/builds/worker-1-tc2/source:/opt/rustwide/workdir:ro,Z" "-v" "/var/lib/crater-agent-workspace/cargo-home:/opt/rustwide/cargo-home:ro,Z" "-v" "/var/lib/crater-agent-workspace/rustup-home:/opt/rustwide/rustup-home:ro,Z" "-e" "SOURCE_DIR=/opt/rustwide/workdir" "-e" "CARGO_TARGET_DIR=/opt/rustwide/target" "-e" "CARGO_INCREMENTAL=0" "-e" "RUST_BACKTRACE=full" "-e" "RUSTFLAGS=--cap-lints=warn" "-e" "RUSTDOCFLAGS=--cap-lints=warn" "-e" "CARGO_HOME=/opt/rustwide/cargo-home" "-e" "RUSTUP_HOME=/opt/rustwide/rustup-home" "-w" "/opt/rustwide/workdir" "-m" "1610612736" "--user" "0:0" "--network" "none" "ghcr.io/rust-lang/crates-build-env/linux@sha256:2788e3201cd34a07e3172128adcd8b3090168a8e3bcc40d7c032b9dda1df7d1c" "/opt/rustwide/cargo-home/bin/cargo" "+beta-2023-12-22" "build" "--frozen" "--message-format=json", kill_on_drop: false }`
[INFO] [stdout] 4933e76a8c03370e8874d1c5042f9862c07ed871fa94b3ee013ffbcd5e03702d
[INFO] running `Command { std: "docker" "start" "-a" "4933e76a8c03370e8874d1c5042f9862c07ed871fa94b3ee013ffbcd5e03702d", kill_on_drop: false }`
[INFO] [stderr]    Compiling timpl-internal v0.1.0-alpha.2
[INFO] [stderr]    Compiling timpl-proc v0.1.0-alpha.2 (/opt/rustwide/workdir)
[INFO] [stdout] error[E0432]: unresolved import `proc_macro::LineColumn`
[INFO] [stdout]  --> src/parse.rs:1:29
[INFO] [stdout]   |
[INFO] [stdout] 1 | use proc_macro::{Delimiter, LineColumn, TokenStream, TokenTree};
[INFO] [stdout]   |                             ^^^^^^^^^^ no `LineColumn` in the root
[INFO] [stdout] 
[INFO] [stdout] 
[INFO] [stdout] error[E0554]: `#![feature]` may not be used on the beta release channel
[INFO] [stdout]  --> src/lib.rs:1:12
[INFO] [stdout]   |
[INFO] [stdout] 1 | #![feature(proc_macro_span)]
[INFO] [stdout]   |            ^^^^^^^^^^^^^^^
[INFO] [stdout] 
[INFO] [stdout] 
[INFO] [stdout] error[E0615]: attempted to take value of method `line` on type `proc_macro::Span`
[INFO] [stdout]   --> src/codegen.rs:49:45
[INFO] [stdout]    |
[INFO] [stdout] 49 |                     if group.span().start().line == group.span().end().line {
[INFO] [stdout]    |                                             ^^^^ method, not a field
[INFO] [stdout]    |
[INFO] [stdout] help: use parentheses to call the method
[INFO] [stdout]    |
[INFO] [stdout] 49 |                     if group.span().start().line() == group.span().end().line {
[INFO] [stdout]    |                                                 ++
[INFO] [stdout] 
[INFO] [stdout] 
[INFO] [stdout] error[E0615]: attempted to take value of method `line` on type `proc_macro::Span`
[INFO] [stdout]   --> src/codegen.rs:49:72
[INFO] [stdout]    |
[INFO] [stdout] 49 |                     if group.span().start().line == group.span().end().line {
[INFO] [stdout]    |                                                                        ^^^^ method, not a field
[INFO] [stdout]    |
[INFO] [stdout] help: use parentheses to call the method
[INFO] [stdout]    |
[INFO] [stdout] 49 |                     if group.span().start().line == group.span().end().line() {
[INFO] [stdout]    |                                                                            ++
[INFO] [stdout] 
[INFO] [stdout] 
[INFO] [stdout] error[E0615]: attempted to take value of method `column` on type `proc_macro::Span`
[INFO] [stdout]   --> src/codegen.rs:52:47
[INFO] [stdout]    |
[INFO] [stdout] 52 |                     Some(group.span().start().column - 1 - offset)
[INFO] [stdout]    |                                               ^^^^^^ method, not a field
[INFO] [stdout]    |
[INFO] [stdout] help: use parentheses to call the method
[INFO] [stdout]    |
[INFO] [stdout] 52 |                     Some(group.span().start().column() - 1 - offset)
[INFO] [stdout]    |                                                     ++
[INFO] [stdout] 
[INFO] [stdout] 
[INFO] [stdout] error[E0615]: attempted to take value of method `line` on type `proc_macro::Span`
[INFO] [stdout]  --> src/parse.rs:9:44
[INFO] [stdout]   |
[INFO] [stdout] 9 |                 line: token.span().start().line,
[INFO] [stdout]   |                                            ^^^^ method, not a field
[INFO] [stdout]   |
[INFO] [stdout] help: use parentheses to call the method
[INFO] [stdout]   |
[INFO] [stdout] 9 |                 line: token.span().start().line(),
[INFO] [stdout]   |                                                ++
[INFO] [stdout] 
[INFO] [stdout] 
[INFO] [stdout] error[E0615]: attempted to take value of method `line` on type `proc_macro::Span`
[INFO] [stdout]   --> src/parse.rs:17:36
[INFO] [stdout]    |
[INFO] [stdout] 17 |             let newlines = current.line - previous.line;
[INFO] [stdout]    |                                    ^^^^ method, not a field
[INFO] [stdout]    |
[INFO] [stdout] help: use parentheses to call the method
[INFO] [stdout]    |
[INFO] [stdout] 17 |             let newlines = current.line() - previous.line;
[INFO] [stdout]    |                                        ++
[INFO] [stdout] 
[INFO] [stdout] 
[INFO] [stdout] error[E0615]: attempted to take value of method `column` on type `proc_macro::Span`
[INFO] [stdout]   --> src/parse.rs:22:25
[INFO] [stdout]    |
[INFO] [stdout] 22 |                 current.column - previous.column
[INFO] [stdout]    |                         ^^^^^^ method, not a field
[INFO] [stdout]    |
[INFO] [stdout] help: use parentheses to call the method
[INFO] [stdout]    |
[INFO] [stdout] 22 |                 current.column() - previous.column
[INFO] [stdout]    |                               ++
[INFO] [stdout] 
[INFO] [stdout] 
[INFO] [stdout] error[E0615]: attempted to take value of method `column` on type `proc_macro::Span`
[INFO] [stdout]   --> src/parse.rs:24:25
[INFO] [stdout]    |
[INFO] [stdout] 24 |                 current.column - 1
[INFO] [stdout]    |                         ^^^^^^ method, not a field
[INFO] [stdout]    |
[INFO] [stdout] help: use parentheses to call the method
[INFO] [stdout]    |
[INFO] [stdout] 24 |                 current.column() - 1
[INFO] [stdout]    |                               ++
[INFO] [stdout] 
[INFO] [stdout] 
[INFO] [stdout] error: aborting due to 9 previous errors
[INFO] [stdout] 
[INFO] [stdout] 
[INFO] [stdout] Some errors have detailed explanations: E0432, E0554, E0615.
[INFO] [stdout] 
[INFO] [stdout] For more information about an error, try `rustc --explain E0432`.
[INFO] [stdout] 
[INFO] [stderr] error: could not compile `timpl-proc` (lib) due to 10 previous errors
[INFO] running `Command { std: "docker" "inspect" "4933e76a8c03370e8874d1c5042f9862c07ed871fa94b3ee013ffbcd5e03702d", kill_on_drop: false }`
[INFO] running `Command { std: "docker" "rm" "-f" "4933e76a8c03370e8874d1c5042f9862c07ed871fa94b3ee013ffbcd5e03702d", kill_on_drop: false }`
[INFO] [stdout] 4933e76a8c03370e8874d1c5042f9862c07ed871fa94b3ee013ffbcd5e03702d
