[INFO] fetching crate timeware 0.1.0...
[INFO] testing timeware-0.1.0 against 1.75.0 for beta-1.76-1
[INFO] extracting crate timeware 0.1.0 into /workspace/builds/worker-2-tc1/source
[INFO] validating manifest of crates.io crate timeware 0.1.0 on toolchain 1.75.0
[INFO] running `Command { std: CARGO_HOME="/workspace/cargo-home" RUSTUP_HOME="/workspace/rustup-home" "/workspace/cargo-home/bin/cargo" "+1.75.0" "metadata" "--manifest-path" "Cargo.toml" "--no-deps", kill_on_drop: false }`
[INFO] started tweaking crates.io crate timeware 0.1.0
[INFO] finished tweaking crates.io crate timeware 0.1.0
[INFO] tweaked toml for crates.io crate timeware 0.1.0 written to /workspace/builds/worker-2-tc1/source/Cargo.toml
[INFO] crate crates.io crate timeware 0.1.0 already has a lockfile, it will not be regenerated
[INFO] running `Command { std: CARGO_HOME="/workspace/cargo-home" RUSTUP_HOME="/workspace/rustup-home" "/workspace/cargo-home/bin/cargo" "+1.75.0" "fetch" "--manifest-path" "Cargo.toml", kill_on_drop: false }`
[INFO] [stderr]  Downloading crates ...
[INFO] [stderr]   Downloaded axum v0.6.19
[INFO] running `Command { std: "docker" "create" "-v" "/var/lib/crater-agent-workspace/builds/worker-2-tc1/target:/opt/rustwide/target:rw,Z" "-v" "/var/lib/crater-agent-workspace/builds/worker-2-tc1/source:/opt/rustwide/workdir:ro,Z" "-v" "/var/lib/crater-agent-workspace/cargo-home:/opt/rustwide/cargo-home:ro,Z" "-v" "/var/lib/crater-agent-workspace/rustup-home:/opt/rustwide/rustup-home:ro,Z" "-e" "SOURCE_DIR=/opt/rustwide/workdir" "-e" "CARGO_TARGET_DIR=/opt/rustwide/target" "-e" "CARGO_HOME=/opt/rustwide/cargo-home" "-e" "RUSTUP_HOME=/opt/rustwide/rustup-home" "-w" "/opt/rustwide/workdir" "-m" "1610612736" "--user" "0:0" "--network" "none" "ghcr.io/rust-lang/crates-build-env/linux@sha256:2788e3201cd34a07e3172128adcd8b3090168a8e3bcc40d7c032b9dda1df7d1c" "/opt/rustwide/cargo-home/bin/cargo" "+1.75.0" "metadata" "--no-deps" "--format-version=1", kill_on_drop: false }`
[INFO] [stdout] dc91aa8d2a7799849345d88984d733fbfa8d62889e4d47af5d2ebc3d56c61cb7
[INFO] running `Command { std: "docker" "start" "-a" "dc91aa8d2a7799849345d88984d733fbfa8d62889e4d47af5d2ebc3d56c61cb7", kill_on_drop: false }`
[INFO] running `Command { std: "docker" "inspect" "dc91aa8d2a7799849345d88984d733fbfa8d62889e4d47af5d2ebc3d56c61cb7", kill_on_drop: false }`
[INFO] running `Command { std: "docker" "rm" "-f" "dc91aa8d2a7799849345d88984d733fbfa8d62889e4d47af5d2ebc3d56c61cb7", kill_on_drop: false }`
[INFO] [stdout] dc91aa8d2a7799849345d88984d733fbfa8d62889e4d47af5d2ebc3d56c61cb7
[INFO] running `Command { std: "docker" "create" "-v" "/var/lib/crater-agent-workspace/builds/worker-2-tc1/target:/opt/rustwide/target:rw,Z" "-v" "/var/lib/crater-agent-workspace/builds/worker-2-tc1/source:/opt/rustwide/workdir:ro,Z" "-v" "/var/lib/crater-agent-workspace/cargo-home:/opt/rustwide/cargo-home:ro,Z" "-v" "/var/lib/crater-agent-workspace/rustup-home:/opt/rustwide/rustup-home:ro,Z" "-e" "SOURCE_DIR=/opt/rustwide/workdir" "-e" "CARGO_TARGET_DIR=/opt/rustwide/target" "-e" "CARGO_INCREMENTAL=0" "-e" "RUST_BACKTRACE=full" "-e" "RUSTFLAGS=--cap-lints=warn" "-e" "RUSTDOCFLAGS=--cap-lints=warn" "-e" "CARGO_HOME=/opt/rustwide/cargo-home" "-e" "RUSTUP_HOME=/opt/rustwide/rustup-home" "-w" "/opt/rustwide/workdir" "-m" "1610612736" "--user" "0:0" "--network" "none" "ghcr.io/rust-lang/crates-build-env/linux@sha256:2788e3201cd34a07e3172128adcd8b3090168a8e3bcc40d7c032b9dda1df7d1c" "/opt/rustwide/cargo-home/bin/cargo" "+1.75.0" "build" "--frozen" "--message-format=json", kill_on_drop: false }`
[INFO] [stdout] 7ead25dba3e51ea6b7e231e04d28da5a5149b023a786cf73a6da0248c8445c0f
[INFO] running `Command { std: "docker" "start" "-a" "7ead25dba3e51ea6b7e231e04d28da5a5149b023a786cf73a6da0248c8445c0f", kill_on_drop: false }`
[INFO] [stderr]    Compiling proc-macro2 v1.0.66
[INFO] [stderr]    Compiling unicode-ident v1.0.11
[INFO] [stderr]    Compiling futures-core v0.3.28
[INFO] [stderr]    Compiling futures-channel v0.3.28
[INFO] [stderr]    Compiling memchr v2.5.0
[INFO] [stderr]    Compiling futures-task v0.3.28
[INFO] [stderr]    Compiling pin-project-lite v0.2.10
[INFO] [stderr]    Compiling futures-sink v0.3.28
[INFO] [stderr]    Compiling futures-util v0.3.28
[INFO] [stderr]    Compiling libc v0.2.147
[INFO] [stderr]    Compiling serde v1.0.171
[INFO] [stderr]    Compiling futures-io v0.3.28
[INFO] [stderr]    Compiling pin-utils v0.1.0
[INFO] [stderr]    Compiling thiserror v1.0.44
[INFO] [stderr]    Compiling once_cell v1.18.0
[INFO] [stderr]    Compiling slab v0.4.8
[INFO] [stderr]    Compiling num-traits v0.2.15
[INFO] [stderr]    Compiling tokio v1.29.1
[INFO] [stderr]    Compiling iana-time-zone v0.1.57
[INFO] [stderr]    Compiling tracing-core v0.1.31
[INFO] [stderr]    Compiling quote v1.0.31
[INFO] [stderr]    Compiling syn v2.0.26
[INFO] [stderr]    Compiling time v0.1.45
[INFO] [stderr]    Compiling chrono v0.4.26
[INFO] [stderr]    Compiling futures-macro v0.3.28
[INFO] [stderr]    Compiling tokio-macros v2.1.0
[INFO] [stderr]    Compiling tracing-attributes v0.1.26
[INFO] [stderr]    Compiling thiserror-impl v1.0.44
[INFO] [stderr]    Compiling tracing v0.1.37
[INFO] [stderr]    Compiling futures-executor v0.3.28
[INFO] [stderr]    Compiling futures v0.3.28
[INFO] [stderr]    Compiling timeware v0.1.0 (/opt/rustwide/workdir)
[INFO] [stderr]     Finished dev [unoptimized + debuginfo] target(s) in 7.46s
[INFO] running `Command { std: "docker" "inspect" "7ead25dba3e51ea6b7e231e04d28da5a5149b023a786cf73a6da0248c8445c0f", kill_on_drop: false }`
[INFO] running `Command { std: "docker" "rm" "-f" "7ead25dba3e51ea6b7e231e04d28da5a5149b023a786cf73a6da0248c8445c0f", kill_on_drop: false }`
[INFO] [stdout] 7ead25dba3e51ea6b7e231e04d28da5a5149b023a786cf73a6da0248c8445c0f
[INFO] running `Command { std: "docker" "create" "-v" "/var/lib/crater-agent-workspace/builds/worker-2-tc1/target:/opt/rustwide/target:rw,Z" "-v" "/var/lib/crater-agent-workspace/builds/worker-2-tc1/source:/opt/rustwide/workdir:ro,Z" "-v" "/var/lib/crater-agent-workspace/cargo-home:/opt/rustwide/cargo-home:ro,Z" "-v" "/var/lib/crater-agent-workspace/rustup-home:/opt/rustwide/rustup-home:ro,Z" "-e" "SOURCE_DIR=/opt/rustwide/workdir" "-e" "CARGO_TARGET_DIR=/opt/rustwide/target" "-e" "CARGO_INCREMENTAL=0" "-e" "RUST_BACKTRACE=full" "-e" "RUSTFLAGS=--cap-lints=warn" "-e" "RUSTDOCFLAGS=--cap-lints=warn" "-e" "CARGO_HOME=/opt/rustwide/cargo-home" "-e" "RUSTUP_HOME=/opt/rustwide/rustup-home" "-w" "/opt/rustwide/workdir" "-m" "1610612736" "--user" "0:0" "--network" "none" "ghcr.io/rust-lang/crates-build-env/linux@sha256:2788e3201cd34a07e3172128adcd8b3090168a8e3bcc40d7c032b9dda1df7d1c" "/opt/rustwide/cargo-home/bin/cargo" "+1.75.0" "test" "--frozen" "--no-run" "--message-format=json", kill_on_drop: false }`
[INFO] [stdout] 6e25dc0a46d08b05ac0e57abf0fe2a7c8f66fa1eb4df1eddbe066d1792b3e764
[INFO] running `Command { std: "docker" "start" "-a" "6e25dc0a46d08b05ac0e57abf0fe2a7c8f66fa1eb4df1eddbe066d1792b3e764", kill_on_drop: false }`
[INFO] [stderr]    Compiling futures-core v0.3.28
[INFO] [stderr]    Compiling futures-channel v0.3.28
[INFO] [stderr]    Compiling lock_api v0.4.10
[INFO] [stderr]    Compiling smallvec v1.11.0
[INFO] [stderr]    Compiling parking_lot_core v0.9.8
[INFO] [stderr]    Compiling serde v1.0.171
[INFO] [stderr]    Compiling itoa v1.0.9
[INFO] [stderr]    Compiling bytes v1.4.0
[INFO] [stderr]    Compiling tracing-core v0.1.31
[INFO] [stderr]    Compiling log v0.4.19
[INFO] [stderr]    Compiling tokio v1.29.1
[INFO] [stderr]    Compiling num_cpus v1.16.0
[INFO] [stderr]    Compiling serde_derive v1.0.171
[INFO] [stderr]    Compiling mio v0.8.8
[INFO] [stderr]    Compiling signal-hook-registry v1.4.1
[INFO] [stderr]    Compiling socket2 v0.4.9
[INFO] [stderr]    Compiling fnv v1.0.7
[INFO] [stderr]    Compiling tower-service v0.3.2
[INFO] [stderr]    Compiling async-trait v0.1.72
[INFO] [stderr]    Compiling httparse v1.8.0
[INFO] [stderr]    Compiling axum-core v0.3.4
[INFO] [stderr]    Compiling pin-project-internal v1.1.2
[INFO] [stderr]    Compiling try-lock v0.2.4
[INFO] [stderr]    Compiling ryu v1.0.15
[INFO] [stderr]    Compiling http v0.2.9
[INFO] [stderr]    Compiling tracing v0.1.37
[INFO] [stderr]    Compiling futures-util v0.3.28
[INFO] [stderr]    Compiling parking_lot v0.12.1
[INFO] [stderr]    Compiling serde_json v1.0.103
[INFO] [stderr]    Compiling tower-layer v0.3.2
[INFO] [stderr]    Compiling percent-encoding v2.3.0
[INFO] [stderr]    Compiling want v0.3.1
[INFO] [stderr]    Compiling axum v0.6.19
[INFO] [stderr]    Compiling httpdate v1.0.2
[INFO] [stderr]    Compiling form_urlencoded v1.2.0
[INFO] [stderr]    Compiling mime v0.3.17
[INFO] [stderr]    Compiling anyhow v1.0.72
[INFO] [stderr]    Compiling heck v0.4.1
[INFO] [stderr]    Compiling sharded-slab v0.1.4
[INFO] [stderr]    Compiling tracing-log v0.1.3
[INFO] [stderr]    Compiling thread_local v1.1.7
[INFO] [stderr]    Compiling sync_wrapper v0.1.2
[INFO] [stderr]    Compiling matchit v0.7.0
[INFO] [stderr]    Compiling axum-macros v0.3.8
[INFO] [stderr]    Compiling http-body v0.4.5
[INFO] [stderr]    Compiling tracing-subscriber v0.3.17
[INFO] [stderr]    Compiling pin-project v1.1.2
[INFO] [stderr]    Compiling futures-executor v0.3.28
[INFO] [stderr]    Compiling futures v0.3.28
[INFO] [stderr]    Compiling tower v0.4.13
[INFO] [stderr]    Compiling hyper v0.14.27
[INFO] [stderr]    Compiling chrono v0.4.26
[INFO] [stderr]    Compiling serde_urlencoded v0.7.1
[INFO] [stderr]    Compiling serde_path_to_error v0.1.14
[INFO] [stderr]    Compiling timeware v0.1.0 (/opt/rustwide/workdir)
[INFO] [stdout] error[E0432]: unresolved import `timer_rs`
[INFO] [stdout]  --> examples/http.rs:4:5
[INFO] [stdout]   |
[INFO] [stdout] 4 | use timer_rs::Timer;
[INFO] [stdout]   |     ^^^^^^^^ use of undeclared crate or module `timer_rs`
[INFO] [stdout] 
[INFO] [stdout] 
[INFO] [stdout] error[E0432]: unresolved import `timer_rs`
[INFO] [stdout]   --> examples/http.rs:44:9
[INFO] [stdout]    |
[INFO] [stdout] 44 |     use timer_rs::Scheduler;
[INFO] [stdout]    |         ^^^^^^^^ use of undeclared crate or module `timer_rs`
[INFO] [stdout] 
[INFO] [stdout] 
[INFO] [stdout] error[E0283]: type annotations needed: cannot satisfy `State<AppState>: FromRequestParts<AppState>`
[INFO] [stdout]   --> examples/http.rs:58:23
[INFO] [stdout]    |
[INFO] [stdout] 58 |         State(state): State<AppState>,
[INFO] [stdout]    |                       ^^^^^
[INFO] [stdout]    |
[INFO] [stdout] note: multiple `impl`s or `where` clauses satisfying `State<AppState>: FromRequestParts<AppState>` found
[INFO] [stdout]   --> examples/http.rs:58:23
[INFO] [stdout]    |
[INFO] [stdout] 58 |         State(state): State<AppState>,
[INFO] [stdout]    |                       ^^^^^
[INFO] [stdout]    = note: and another `impl` found in the `axum` crate:
[INFO] [stdout]            - impl<OuterState, InnerState> FromRequestParts<OuterState> for State<InnerState>
[INFO] [stdout]              where InnerState: FromRef<OuterState>, OuterState: Send, OuterState: Sync;
[INFO] [stdout] 
[INFO] [stdout] 
[INFO] [stdout] error[E0283]: type annotations needed: cannot satisfy `Json<Payload>: FromRequest<AppState, Body>`
[INFO] [stdout]   --> examples/http.rs:59:24
[INFO] [stdout]    |
[INFO] [stdout] 59 |         Json(payload): Json<Payload>,
[INFO] [stdout]    |                        ^^^^
[INFO] [stdout]    |
[INFO] [stdout] note: multiple `impl`s or `where` clauses satisfying `Json<Payload>: FromRequest<AppState, Body>` found
[INFO] [stdout]   --> examples/http.rs:59:24
[INFO] [stdout]    |
[INFO] [stdout] 59 |         Json(payload): Json<Payload>,
[INFO] [stdout]    |                        ^^^^
[INFO] [stdout]    = note: and another `impl` found in the `axum` crate:
[INFO] [stdout]            - impl<T, S, B> FromRequest<S, B> for Json<T>
[INFO] [stdout]              where T: DeserializeOwned, B: HttpBody, B: Send, B: 'static, <B as HttpBody>::Data: Send, <B as HttpBody>::Error: Into<Box<(dyn StdError + Send + Sync + 'static)>>, S: Send, S: Sync;
[INFO] [stdout] 
[INFO] [stdout] 
[INFO] [stdout] error: aborting due to 4 previous errors
[INFO] [stdout] 
[INFO] [stdout] 
[INFO] [stdout] Some errors have detailed explanations: E0283, E0432.
[INFO] [stdout] 
[INFO] [stdout] For more information about an error, try `rustc --explain E0283`.
[INFO] [stdout] 
[INFO] [stderr] error: could not compile `timeware` (example "http") due to 5 previous errors
[INFO] [stderr] warning: build failed, waiting for other jobs to finish...
[INFO] running `Command { std: "docker" "inspect" "6e25dc0a46d08b05ac0e57abf0fe2a7c8f66fa1eb4df1eddbe066d1792b3e764", kill_on_drop: false }`
[INFO] running `Command { std: "docker" "rm" "-f" "6e25dc0a46d08b05ac0e57abf0fe2a7c8f66fa1eb4df1eddbe066d1792b3e764", kill_on_drop: false }`
[INFO] [stdout] 6e25dc0a46d08b05ac0e57abf0fe2a7c8f66fa1eb4df1eddbe066d1792b3e764
[INFO] testing timeware-0.1.0 against beta-2023-12-22 for beta-1.76-1
[INFO] extracting crate timeware 0.1.0 into /workspace/builds/worker-2-tc2/source
[INFO] validating manifest of crates.io crate timeware 0.1.0 on toolchain beta-2023-12-22
[INFO] running `Command { std: CARGO_HOME="/workspace/cargo-home" RUSTUP_HOME="/workspace/rustup-home" "/workspace/cargo-home/bin/cargo" "+beta-2023-12-22" "metadata" "--manifest-path" "Cargo.toml" "--no-deps", kill_on_drop: false }`
[INFO] started tweaking crates.io crate timeware 0.1.0
[INFO] finished tweaking crates.io crate timeware 0.1.0
[INFO] tweaked toml for crates.io crate timeware 0.1.0 written to /workspace/builds/worker-2-tc2/source/Cargo.toml
[INFO] crate crates.io crate timeware 0.1.0 already has a lockfile, it will not be regenerated
[INFO] running `Command { std: CARGO_HOME="/workspace/cargo-home" RUSTUP_HOME="/workspace/rustup-home" "/workspace/cargo-home/bin/cargo" "+beta-2023-12-22" "fetch" "--manifest-path" "Cargo.toml", kill_on_drop: false }`
[INFO] running `Command { std: "docker" "create" "-v" "/var/lib/crater-agent-workspace/builds/worker-2-tc2/target:/opt/rustwide/target:rw,Z" "-v" "/var/lib/crater-agent-workspace/builds/worker-2-tc2/source:/opt/rustwide/workdir:ro,Z" "-v" "/var/lib/crater-agent-workspace/cargo-home:/opt/rustwide/cargo-home:ro,Z" "-v" "/var/lib/crater-agent-workspace/rustup-home:/opt/rustwide/rustup-home:ro,Z" "-e" "SOURCE_DIR=/opt/rustwide/workdir" "-e" "CARGO_TARGET_DIR=/opt/rustwide/target" "-e" "CARGO_HOME=/opt/rustwide/cargo-home" "-e" "RUSTUP_HOME=/opt/rustwide/rustup-home" "-w" "/opt/rustwide/workdir" "-m" "1610612736" "--user" "0:0" "--network" "none" "ghcr.io/rust-lang/crates-build-env/linux@sha256:2788e3201cd34a07e3172128adcd8b3090168a8e3bcc40d7c032b9dda1df7d1c" "/opt/rustwide/cargo-home/bin/cargo" "+beta-2023-12-22" "metadata" "--no-deps" "--format-version=1", kill_on_drop: false }`
[INFO] [stdout] f78f0f0c7b9e86923463069ff4fb539855867ebbf31f4a8245d022018c40a1a1
[INFO] running `Command { std: "docker" "start" "-a" "f78f0f0c7b9e86923463069ff4fb539855867ebbf31f4a8245d022018c40a1a1", kill_on_drop: false }`
[INFO] running `Command { std: "docker" "inspect" "f78f0f0c7b9e86923463069ff4fb539855867ebbf31f4a8245d022018c40a1a1", kill_on_drop: false }`
[INFO] running `Command { std: "docker" "rm" "-f" "f78f0f0c7b9e86923463069ff4fb539855867ebbf31f4a8245d022018c40a1a1", kill_on_drop: false }`
[INFO] [stdout] f78f0f0c7b9e86923463069ff4fb539855867ebbf31f4a8245d022018c40a1a1
[INFO] running `Command { std: "docker" "create" "-v" "/var/lib/crater-agent-workspace/builds/worker-2-tc2/target:/opt/rustwide/target:rw,Z" "-v" "/var/lib/crater-agent-workspace/builds/worker-2-tc2/source:/opt/rustwide/workdir:ro,Z" "-v" "/var/lib/crater-agent-workspace/cargo-home:/opt/rustwide/cargo-home:ro,Z" "-v" "/var/lib/crater-agent-workspace/rustup-home:/opt/rustwide/rustup-home:ro,Z" "-e" "SOURCE_DIR=/opt/rustwide/workdir" "-e" "CARGO_TARGET_DIR=/opt/rustwide/target" "-e" "CARGO_INCREMENTAL=0" "-e" "RUST_BACKTRACE=full" "-e" "RUSTFLAGS=--cap-lints=warn" "-e" "RUSTDOCFLAGS=--cap-lints=warn" "-e" "CARGO_HOME=/opt/rustwide/cargo-home" "-e" "RUSTUP_HOME=/opt/rustwide/rustup-home" "-w" "/opt/rustwide/workdir" "-m" "1610612736" "--user" "0:0" "--network" "none" "ghcr.io/rust-lang/crates-build-env/linux@sha256:2788e3201cd34a07e3172128adcd8b3090168a8e3bcc40d7c032b9dda1df7d1c" "/opt/rustwide/cargo-home/bin/cargo" "+beta-2023-12-22" "build" "--frozen" "--message-format=json", kill_on_drop: false }`
[INFO] [stdout] 7bc84b94b25c151a3b3e63b194b56b933ae629d83b68d7abc1b6a784bd4a970c
[INFO] running `Command { std: "docker" "start" "-a" "7bc84b94b25c151a3b3e63b194b56b933ae629d83b68d7abc1b6a784bd4a970c", kill_on_drop: false }`
[INFO] [stderr]    Compiling proc-macro2 v1.0.66
[INFO] [stderr]    Compiling unicode-ident v1.0.11
[INFO] [stderr]    Compiling futures-core v0.3.28
[INFO] [stderr]    Compiling pin-project-lite v0.2.10
[INFO] [stderr]    Compiling futures-channel v0.3.28
[INFO] [stderr]    Compiling futures-task v0.3.28
[INFO] [stderr]    Compiling memchr v2.5.0
[INFO] [stderr]    Compiling libc v0.2.147
[INFO] [stderr]    Compiling futures-util v0.3.28
[INFO] [stderr]    Compiling futures-sink v0.3.28
[INFO] [stderr]    Compiling pin-utils v0.1.0
[INFO] [stderr]    Compiling serde v1.0.171
[INFO] [stderr]    Compiling futures-io v0.3.28
[INFO] [stderr]    Compiling thiserror v1.0.44
[INFO] [stderr]    Compiling once_cell v1.18.0
[INFO] [stderr]    Compiling slab v0.4.8
[INFO] [stderr]    Compiling num-traits v0.2.15
[INFO] [stderr]    Compiling tokio v1.29.1
[INFO] [stderr]    Compiling iana-time-zone v0.1.57
[INFO] [stderr]    Compiling tracing-core v0.1.31
[INFO] [stderr]    Compiling quote v1.0.31
[INFO] [stderr]    Compiling syn v2.0.26
[INFO] [stderr]    Compiling time v0.1.45
[INFO] [stderr]    Compiling chrono v0.4.26
[INFO] [stderr]    Compiling futures-macro v0.3.28
[INFO] [stderr]    Compiling thiserror-impl v1.0.44
[INFO] [stderr]    Compiling tracing-attributes v0.1.26
[INFO] [stderr]    Compiling tokio-macros v2.1.0
[INFO] [stderr]    Compiling tracing v0.1.37
[INFO] [stderr]    Compiling futures-executor v0.3.28
[INFO] [stderr]    Compiling futures v0.3.28
[INFO] [stderr]    Compiling timeware v0.1.0 (/opt/rustwide/workdir)
[INFO] [stderr]     Finished dev [unoptimized + debuginfo] target(s) in 9.03s
[INFO] running `Command { std: "docker" "inspect" "7bc84b94b25c151a3b3e63b194b56b933ae629d83b68d7abc1b6a784bd4a970c", kill_on_drop: false }`
[INFO] running `Command { std: "docker" "rm" "-f" "7bc84b94b25c151a3b3e63b194b56b933ae629d83b68d7abc1b6a784bd4a970c", kill_on_drop: false }`
[INFO] [stdout] 7bc84b94b25c151a3b3e63b194b56b933ae629d83b68d7abc1b6a784bd4a970c
[INFO] running `Command { std: "docker" "create" "-v" "/var/lib/crater-agent-workspace/builds/worker-2-tc2/target:/opt/rustwide/target:rw,Z" "-v" "/var/lib/crater-agent-workspace/builds/worker-2-tc2/source:/opt/rustwide/workdir:ro,Z" "-v" "/var/lib/crater-agent-workspace/cargo-home:/opt/rustwide/cargo-home:ro,Z" "-v" "/var/lib/crater-agent-workspace/rustup-home:/opt/rustwide/rustup-home:ro,Z" "-e" "SOURCE_DIR=/opt/rustwide/workdir" "-e" "CARGO_TARGET_DIR=/opt/rustwide/target" "-e" "CARGO_INCREMENTAL=0" "-e" "RUST_BACKTRACE=full" "-e" "RUSTFLAGS=--cap-lints=warn" "-e" "RUSTDOCFLAGS=--cap-lints=warn" "-e" "CARGO_HOME=/opt/rustwide/cargo-home" "-e" "RUSTUP_HOME=/opt/rustwide/rustup-home" "-w" "/opt/rustwide/workdir" "-m" "1610612736" "--user" "0:0" "--network" "none" "ghcr.io/rust-lang/crates-build-env/linux@sha256:2788e3201cd34a07e3172128adcd8b3090168a8e3bcc40d7c032b9dda1df7d1c" "/opt/rustwide/cargo-home/bin/cargo" "+beta-2023-12-22" "test" "--frozen" "--no-run" "--message-format=json", kill_on_drop: false }`
[INFO] [stdout] 8f4199d49b55182153fb08a2edf64327f5e0bd410a37dbd184fa6e4b399ef125
[INFO] running `Command { std: "docker" "start" "-a" "8f4199d49b55182153fb08a2edf64327f5e0bd410a37dbd184fa6e4b399ef125", kill_on_drop: false }`
[INFO] [stderr]    Compiling futures-core v0.3.28
[INFO] [stderr]    Compiling futures-channel v0.3.28
[INFO] [stderr]    Compiling serde v1.0.171
[INFO] [stderr]    Compiling lock_api v0.4.10
[INFO] [stderr]    Compiling bytes v1.4.0
[INFO] [stderr]    Compiling parking_lot_core v0.9.8
[INFO] [stderr]    Compiling itoa v1.0.9
[INFO] [stderr]    Compiling smallvec v1.11.0
[INFO] [stderr]    Compiling tracing-core v0.1.31
[INFO] [stderr]    Compiling log v0.4.19
[INFO] [stderr]    Compiling tokio v1.29.1
[INFO] [stderr]    Compiling socket2 v0.4.9
[INFO] [stderr]    Compiling serde_derive v1.0.171
[INFO] [stderr]    Compiling signal-hook-registry v1.4.1
[INFO] [stderr]    Compiling mio v0.8.8
[INFO] [stderr]    Compiling num_cpus v1.16.0
[INFO] [stderr]    Compiling fnv v1.0.7
[INFO] [stderr]    Compiling tower-service v0.3.2
[INFO] [stderr]    Compiling async-trait v0.1.72
[INFO] [stderr]    Compiling httparse v1.8.0
[INFO] [stderr]    Compiling axum-core v0.3.4
[INFO] [stderr]    Compiling pin-project-internal v1.1.2
[INFO] [stderr]    Compiling tracing v0.1.37
[INFO] [stderr]    Compiling ryu v1.0.15
[INFO] [stderr]    Compiling percent-encoding v2.3.0
[INFO] [stderr]    Compiling http v0.2.9
[INFO] [stderr]    Compiling futures-util v0.3.28
[INFO] [stderr]    Compiling tower-layer v0.3.2
[INFO] [stderr]    Compiling serde_json v1.0.103
[INFO] [stderr]    Compiling try-lock v0.2.4
[INFO] [stderr]    Compiling parking_lot v0.12.1
[INFO] [stderr]    Compiling want v0.3.1
[INFO] [stderr]    Compiling form_urlencoded v1.2.0
[INFO] [stderr]    Compiling axum v0.6.19
[INFO] [stderr]    Compiling heck v0.4.1
[INFO] [stderr]    Compiling anyhow v1.0.72
[INFO] [stderr]    Compiling httpdate v1.0.2
[INFO] [stderr]    Compiling mime v0.3.17
[INFO] [stderr]    Compiling sharded-slab v0.1.4
[INFO] [stderr]    Compiling tracing-log v0.1.3
[INFO] [stderr]    Compiling thread_local v1.1.7
[INFO] [stderr]    Compiling sync_wrapper v0.1.2
[INFO] [stderr]    Compiling matchit v0.7.0
[INFO] [stderr]    Compiling axum-macros v0.3.8
[INFO] [stderr]    Compiling tracing-subscriber v0.3.17
[INFO] [stderr]    Compiling http-body v0.4.5
[INFO] [stderr]    Compiling pin-project v1.1.2
[INFO] [stderr]    Compiling futures-executor v0.3.28
[INFO] [stderr]    Compiling futures v0.3.28
[INFO] [stderr]    Compiling tower v0.4.13
[INFO] [stderr]    Compiling hyper v0.14.27
[INFO] [stderr]    Compiling serde_urlencoded v0.7.1
[INFO] [stderr]    Compiling serde_path_to_error v0.1.14
[INFO] [stderr]    Compiling chrono v0.4.26
[INFO] [stderr]    Compiling timeware v0.1.0 (/opt/rustwide/workdir)
[INFO] [stdout] error[E0432]: unresolved import `timer_rs`
[INFO] [stdout]  --> examples/http.rs:4:5
[INFO] [stdout]   |
[INFO] [stdout] 4 | use timer_rs::Timer;
[INFO] [stdout]   |     ^^^^^^^^ use of undeclared crate or module `timer_rs`
[INFO] [stdout] 
[INFO] [stdout] 
[INFO] [stdout] error[E0432]: unresolved import `timer_rs`
[INFO] [stdout]   --> examples/http.rs:44:9
[INFO] [stdout]    |
[INFO] [stdout] 44 |     use timer_rs::Scheduler;
[INFO] [stdout]    |         ^^^^^^^^ use of undeclared crate or module `timer_rs`
[INFO] [stdout] 
[INFO] [stdout] 
[INFO] [stdout] error[E0283]: type annotations needed: cannot satisfy `State<AppState>: FromRequestParts<AppState>`
[INFO] [stdout]   --> examples/http.rs:58:23
[INFO] [stdout]    |
[INFO] [stdout] 58 |         State(state): State<AppState>,
[INFO] [stdout]    |                       ^^^^^
[INFO] [stdout]    |
[INFO] [stdout] note: multiple `impl`s or `where` clauses satisfying `State<AppState>: FromRequestParts<AppState>` found
[INFO] [stdout]   --> examples/http.rs:58:23
[INFO] [stdout]    |
[INFO] [stdout] 58 |         State(state): State<AppState>,
[INFO] [stdout]    |                       ^^^^^
[INFO] [stdout]    = note: and another `impl` found in the `axum` crate:
[INFO] [stdout]            - impl<OuterState, InnerState> FromRequestParts<OuterState> for State<InnerState>
[INFO] [stdout]              where InnerState: FromRef<OuterState>, OuterState: Send, OuterState: Sync;
[INFO] [stdout] 
[INFO] [stdout] 
[INFO] [stdout] error[E0283]: type annotations needed: cannot satisfy `Json<Payload>: FromRequest<AppState, Body>`
[INFO] [stdout]   --> examples/http.rs:59:24
[INFO] [stdout]    |
[INFO] [stdout] 59 |         Json(payload): Json<Payload>,
[INFO] [stdout]    |                        ^^^^
[INFO] [stdout]    |
[INFO] [stdout] note: multiple `impl`s or `where` clauses satisfying `Json<Payload>: FromRequest<AppState, Body>` found
[INFO] [stdout]   --> examples/http.rs:59:24
[INFO] [stdout]    |
[INFO] [stdout] 59 |         Json(payload): Json<Payload>,
[INFO] [stdout]    |                        ^^^^
[INFO] [stdout]    = note: and another `impl` found in the `axum` crate:
[INFO] [stdout]            - impl<T, S, B> FromRequest<S, B> for Json<T>
[INFO] [stdout]              where T: DeserializeOwned, B: HttpBody, B: Send, B: 'static, <B as HttpBody>::Data: Send, <B as HttpBody>::Error: Into<Box<(dyn StdError + Send + Sync + 'static)>>, S: Send, S: Sync;
[INFO] [stdout] 
[INFO] [stdout] 
[INFO] [stdout] error: aborting due to 4 previous errors
[INFO] [stdout] 
[INFO] [stdout] 
[INFO] [stdout] Some errors have detailed explanations: E0283, E0432.
[INFO] [stdout] 
[INFO] [stdout] For more information about an error, try `rustc --explain E0283`.
[INFO] [stdout] 
[INFO] [stderr] error: could not compile `timeware` (example "http") due to 5 previous errors
[INFO] [stderr] warning: build failed, waiting for other jobs to finish...
[INFO] running `Command { std: "docker" "inspect" "8f4199d49b55182153fb08a2edf64327f5e0bd410a37dbd184fa6e4b399ef125", kill_on_drop: false }`
[INFO] running `Command { std: "docker" "rm" "-f" "8f4199d49b55182153fb08a2edf64327f5e0bd410a37dbd184fa6e4b399ef125", kill_on_drop: false }`
[INFO] [stdout] 8f4199d49b55182153fb08a2edf64327f5e0bd410a37dbd184fa6e4b399ef125
