[INFO] fetching crate time-scheduler-server 0.1.4...
[INFO] testing time-scheduler-server-0.1.4 against 1.75.0 for beta-1.76-1
[INFO] extracting crate time-scheduler-server 0.1.4 into /workspace/builds/worker-7-tc1/source
[INFO] validating manifest of crates.io crate time-scheduler-server 0.1.4 on toolchain 1.75.0
[INFO] running `Command { std: CARGO_HOME="/workspace/cargo-home" RUSTUP_HOME="/workspace/rustup-home" "/workspace/cargo-home/bin/cargo" "+1.75.0" "metadata" "--manifest-path" "Cargo.toml" "--no-deps", kill_on_drop: false }`
[INFO] started tweaking crates.io crate time-scheduler-server 0.1.4
[INFO] finished tweaking crates.io crate time-scheduler-server 0.1.4
[INFO] tweaked toml for crates.io crate time-scheduler-server 0.1.4 written to /workspace/builds/worker-7-tc1/source/Cargo.toml
[INFO] crate crates.io crate time-scheduler-server 0.1.4 already has a lockfile, it will not be regenerated
[INFO] running `Command { std: CARGO_HOME="/workspace/cargo-home" RUSTUP_HOME="/workspace/rustup-home" "/workspace/cargo-home/bin/cargo" "+1.75.0" "fetch" "--manifest-path" "Cargo.toml", kill_on_drop: false }`
[INFO] running `Command { std: "docker" "create" "-v" "/var/lib/crater-agent-workspace/builds/worker-7-tc1/target:/opt/rustwide/target:rw,Z" "-v" "/var/lib/crater-agent-workspace/builds/worker-7-tc1/source:/opt/rustwide/workdir:ro,Z" "-v" "/var/lib/crater-agent-workspace/cargo-home:/opt/rustwide/cargo-home:ro,Z" "-v" "/var/lib/crater-agent-workspace/rustup-home:/opt/rustwide/rustup-home:ro,Z" "-e" "SOURCE_DIR=/opt/rustwide/workdir" "-e" "CARGO_TARGET_DIR=/opt/rustwide/target" "-e" "CARGO_HOME=/opt/rustwide/cargo-home" "-e" "RUSTUP_HOME=/opt/rustwide/rustup-home" "-w" "/opt/rustwide/workdir" "-m" "1610612736" "--user" "0:0" "--network" "none" "ghcr.io/rust-lang/crates-build-env/linux@sha256:2788e3201cd34a07e3172128adcd8b3090168a8e3bcc40d7c032b9dda1df7d1c" "/opt/rustwide/cargo-home/bin/cargo" "+1.75.0" "metadata" "--no-deps" "--format-version=1", kill_on_drop: false }`
[INFO] [stdout] ade4e4dd66a0c532052cf650e70cec272e1f9606467e7c53a5a4837fab607f60
[INFO] running `Command { std: "docker" "start" "-a" "ade4e4dd66a0c532052cf650e70cec272e1f9606467e7c53a5a4837fab607f60", kill_on_drop: false }`
[INFO] running `Command { std: "docker" "inspect" "ade4e4dd66a0c532052cf650e70cec272e1f9606467e7c53a5a4837fab607f60", kill_on_drop: false }`
[INFO] running `Command { std: "docker" "rm" "-f" "ade4e4dd66a0c532052cf650e70cec272e1f9606467e7c53a5a4837fab607f60", kill_on_drop: false }`
[INFO] [stdout] ade4e4dd66a0c532052cf650e70cec272e1f9606467e7c53a5a4837fab607f60
[INFO] running `Command { std: "docker" "create" "-v" "/var/lib/crater-agent-workspace/builds/worker-7-tc1/target:/opt/rustwide/target:rw,Z" "-v" "/var/lib/crater-agent-workspace/builds/worker-7-tc1/source:/opt/rustwide/workdir:ro,Z" "-v" "/var/lib/crater-agent-workspace/cargo-home:/opt/rustwide/cargo-home:ro,Z" "-v" "/var/lib/crater-agent-workspace/rustup-home:/opt/rustwide/rustup-home:ro,Z" "-e" "SOURCE_DIR=/opt/rustwide/workdir" "-e" "CARGO_TARGET_DIR=/opt/rustwide/target" "-e" "CARGO_INCREMENTAL=0" "-e" "RUST_BACKTRACE=full" "-e" "RUSTFLAGS=--cap-lints=warn" "-e" "RUSTDOCFLAGS=--cap-lints=warn" "-e" "CARGO_HOME=/opt/rustwide/cargo-home" "-e" "RUSTUP_HOME=/opt/rustwide/rustup-home" "-w" "/opt/rustwide/workdir" "-m" "1610612736" "--user" "0:0" "--network" "none" "ghcr.io/rust-lang/crates-build-env/linux@sha256:2788e3201cd34a07e3172128adcd8b3090168a8e3bcc40d7c032b9dda1df7d1c" "/opt/rustwide/cargo-home/bin/cargo" "+1.75.0" "build" "--frozen" "--message-format=json", kill_on_drop: false }`
[INFO] [stdout] e5a19b2103fa21573c5381a98d46d2b352cc1de7e374e93d1d10cec4c311a7b7
[INFO] running `Command { std: "docker" "start" "-a" "e5a19b2103fa21573c5381a98d46d2b352cc1de7e374e93d1d10cec4c311a7b7", kill_on_drop: false }`
[INFO] [stderr]    Compiling proc-macro2 v1.0.70
[INFO] [stderr]    Compiling futures-core v0.3.29
[INFO] [stderr]    Compiling rustversion v1.0.14
[INFO] [stderr]    Compiling futures-task v0.3.29
[INFO] [stderr]    Compiling futures-util v0.3.29
[INFO] [stderr]    Compiling serde v1.0.193
[INFO] [stderr]    Compiling http v0.2.11
[INFO] [stderr]    Compiling async-trait v0.1.74
[INFO] [stderr]    Compiling tower-service v0.3.2
[INFO] [stderr]    Compiling mio v0.8.9
[INFO] [stderr]    Compiling socket2 v0.5.5
[INFO] [stderr]    Compiling tracing v0.1.40
[INFO] [stderr]    Compiling tower-layer v0.3.2
[INFO] [stderr]    Compiling serde_json v1.0.108
[INFO] [stderr]    Compiling try-lock v0.2.4
[INFO] [stderr]    Compiling sha1 v0.10.6
[INFO] [stderr]    Compiling want v0.3.1
[INFO] [stderr]    Compiling socket2 v0.4.10
[INFO] [stderr]    Compiling sha2 v0.10.8
[INFO] [stderr]    Compiling rtoolbox v0.0.2
[INFO] [stderr]    Compiling heck v0.4.1
[INFO] [stderr]    Compiling memchr v2.6.4
[INFO] [stderr]    Compiling sync_wrapper v0.1.2
[INFO] [stderr]    Compiling matchit v0.7.3
[INFO] [stderr]    Compiling futures-channel v0.3.29
[INFO] [stderr]    Compiling rpassword v7.3.1
[INFO] [stderr]    Compiling quote v1.0.33
[INFO] [stderr]    Compiling http-body v0.4.5
[INFO] [stderr]    Compiling headers-core v0.2.0
[INFO] [stderr]    Compiling headers v0.3.9
[INFO] [stderr]    Compiling syn v2.0.39
[INFO] [stderr]    Compiling axum-core v0.3.4
[INFO] [stderr]    Compiling axum v0.6.20
[INFO] [stderr]    Compiling serde_derive v1.0.193
[INFO] [stderr]    Compiling tokio-macros v2.2.0
[INFO] [stderr]    Compiling pin-project-internal v1.1.3
[INFO] [stderr]    Compiling axum-macros v0.3.8
[INFO] [stderr]    Compiling tokio v1.34.0
[INFO] [stderr]    Compiling pin-project v1.1.3
[INFO] [stderr]    Compiling tower v0.4.13
[INFO] [stderr]    Compiling hyper v0.14.27
[INFO] [stderr]    Compiling sha256 v1.4.0
[INFO] [stderr]    Compiling serde_urlencoded v0.7.1
[INFO] [stderr]    Compiling serde_path_to_error v0.1.14
[INFO] [stderr]    Compiling time-scheduler-server v0.1.4 (/opt/rustwide/workdir)
[INFO] [stderr]     Finished dev [unoptimized + debuginfo] target(s) in 13.18s
[INFO] running `Command { std: "docker" "inspect" "e5a19b2103fa21573c5381a98d46d2b352cc1de7e374e93d1d10cec4c311a7b7", kill_on_drop: false }`
[INFO] running `Command { std: "docker" "rm" "-f" "e5a19b2103fa21573c5381a98d46d2b352cc1de7e374e93d1d10cec4c311a7b7", kill_on_drop: false }`
[INFO] [stdout] e5a19b2103fa21573c5381a98d46d2b352cc1de7e374e93d1d10cec4c311a7b7
[INFO] running `Command { std: "docker" "create" "-v" "/var/lib/crater-agent-workspace/builds/worker-7-tc1/target:/opt/rustwide/target:rw,Z" "-v" "/var/lib/crater-agent-workspace/builds/worker-7-tc1/source:/opt/rustwide/workdir:ro,Z" "-v" "/var/lib/crater-agent-workspace/cargo-home:/opt/rustwide/cargo-home:ro,Z" "-v" "/var/lib/crater-agent-workspace/rustup-home:/opt/rustwide/rustup-home:ro,Z" "-e" "SOURCE_DIR=/opt/rustwide/workdir" "-e" "CARGO_TARGET_DIR=/opt/rustwide/target" "-e" "CARGO_INCREMENTAL=0" "-e" "RUST_BACKTRACE=full" "-e" "RUSTFLAGS=--cap-lints=warn" "-e" "RUSTDOCFLAGS=--cap-lints=warn" "-e" "CARGO_HOME=/opt/rustwide/cargo-home" "-e" "RUSTUP_HOME=/opt/rustwide/rustup-home" "-w" "/opt/rustwide/workdir" "-m" "1610612736" "--user" "0:0" "--network" "none" "ghcr.io/rust-lang/crates-build-env/linux@sha256:2788e3201cd34a07e3172128adcd8b3090168a8e3bcc40d7c032b9dda1df7d1c" "/opt/rustwide/cargo-home/bin/cargo" "+1.75.0" "test" "--frozen" "--no-run" "--message-format=json", kill_on_drop: false }`
[INFO] [stdout] 90d1116a52e84e7c96a3a3ad2872921825abec335678b998545ebf617dbc933e
[INFO] running `Command { std: "docker" "start" "-a" "90d1116a52e84e7c96a3a3ad2872921825abec335678b998545ebf617dbc933e", kill_on_drop: false }`
[INFO] [stderr]    Compiling time-scheduler-server v0.1.4 (/opt/rustwide/workdir)
[INFO] [stdout] error[E0599]: no method named `to_iso` found for enum `std::result::Result` in the current scope
[INFO] [stdout]    --> src/time.rs:215:55
[INFO] [stdout]     |
[INFO] [stdout] 215 |         let time = Time::new(2023, 11, 27, 3, 18, 52).to_iso();
[INFO] [stdout]     |                                                       ^^^^^^ method not found in `Result<Time, Box<dyn Error>>`
[INFO] [stdout]     |
[INFO] [stdout] note: the method `to_iso` exists on the type `time::Time`
[INFO] [stdout]    --> src/time.rs:51:5
[INFO] [stdout]     |
[INFO] [stdout] 51  |     pub fn to_iso(&self) -> u64 {
[INFO] [stdout]     |     ^^^^^^^^^^^^^^^^^^^^^^^^^^^
[INFO] [stdout] help: consider using `Result::expect` to unwrap the `time::Time` value, panicking if the value is a `Result::Err`
[INFO] [stdout]     |
[INFO] [stdout] 215 |         let time = Time::new(2023, 11, 27, 3, 18, 52).expect("REASON").to_iso();
[INFO] [stdout]     |                                                      +++++++++++++++++
[INFO] [stdout] 
[INFO] [stdout] 
[INFO] [stdout] error[E0308]: mismatched types
[INFO] [stdout]    --> src/time.rs:219:26
[INFO] [stdout]     |
[INFO] [stdout] 219 |         assert_eq!(time, Time::new(2023, 11, 27, 3, 18, 52));
[INFO] [stdout]     |                          ^^^^^^^^^^^^^^^^^^^^^^^^^^^^^^^^^^ expected `Time`, found `Result<Time, Box<dyn Error>>`
[INFO] [stdout]     |
[INFO] [stdout]     = note: expected struct `time::Time`
[INFO] [stdout]                  found enum `std::result::Result<time::Time, Box<dyn StdError>>`
[INFO] [stdout] help: consider using `Result::expect` to unwrap the `std::result::Result<time::Time, Box<dyn StdError>>` value, panicking if the value is a `Result::Err`
[INFO] [stdout]     |
[INFO] [stdout] 219 |         assert_eq!(time, Time::new(2023, 11, 27, 3, 18, 52).expect("REASON"));
[INFO] [stdout]     |                                                            +++++++++++++++++
[INFO] [stdout] 
[INFO] [stdout] 
[INFO] [stdout] error: aborting due to 2 previous errors
[INFO] [stdout] 
[INFO] [stdout] 
[INFO] [stdout] Some errors have detailed explanations: E0308, E0599.
[INFO] [stdout] 
[INFO] [stdout] For more information about an error, try `rustc --explain E0308`.
[INFO] [stdout] 
[INFO] [stderr] error: could not compile `time-scheduler-server` (bin "time-scheduler-server" test) due to 3 previous errors
[INFO] running `Command { std: "docker" "inspect" "90d1116a52e84e7c96a3a3ad2872921825abec335678b998545ebf617dbc933e", kill_on_drop: false }`
[INFO] running `Command { std: "docker" "rm" "-f" "90d1116a52e84e7c96a3a3ad2872921825abec335678b998545ebf617dbc933e", kill_on_drop: false }`
[INFO] [stdout] 90d1116a52e84e7c96a3a3ad2872921825abec335678b998545ebf617dbc933e
[INFO] testing time-scheduler-server-0.1.4 against beta-2023-12-22 for beta-1.76-1
[INFO] extracting crate time-scheduler-server 0.1.4 into /workspace/builds/worker-7-tc2/source
[INFO] validating manifest of crates.io crate time-scheduler-server 0.1.4 on toolchain beta-2023-12-22
[INFO] running `Command { std: CARGO_HOME="/workspace/cargo-home" RUSTUP_HOME="/workspace/rustup-home" "/workspace/cargo-home/bin/cargo" "+beta-2023-12-22" "metadata" "--manifest-path" "Cargo.toml" "--no-deps", kill_on_drop: false }`
[INFO] started tweaking crates.io crate time-scheduler-server 0.1.4
[INFO] finished tweaking crates.io crate time-scheduler-server 0.1.4
[INFO] tweaked toml for crates.io crate time-scheduler-server 0.1.4 written to /workspace/builds/worker-7-tc2/source/Cargo.toml
[INFO] crate crates.io crate time-scheduler-server 0.1.4 already has a lockfile, it will not be regenerated
[INFO] running `Command { std: CARGO_HOME="/workspace/cargo-home" RUSTUP_HOME="/workspace/rustup-home" "/workspace/cargo-home/bin/cargo" "+beta-2023-12-22" "fetch" "--manifest-path" "Cargo.toml", kill_on_drop: false }`
[INFO] running `Command { std: "docker" "create" "-v" "/var/lib/crater-agent-workspace/builds/worker-7-tc2/target:/opt/rustwide/target:rw,Z" "-v" "/var/lib/crater-agent-workspace/builds/worker-7-tc2/source:/opt/rustwide/workdir:ro,Z" "-v" "/var/lib/crater-agent-workspace/cargo-home:/opt/rustwide/cargo-home:ro,Z" "-v" "/var/lib/crater-agent-workspace/rustup-home:/opt/rustwide/rustup-home:ro,Z" "-e" "SOURCE_DIR=/opt/rustwide/workdir" "-e" "CARGO_TARGET_DIR=/opt/rustwide/target" "-e" "CARGO_HOME=/opt/rustwide/cargo-home" "-e" "RUSTUP_HOME=/opt/rustwide/rustup-home" "-w" "/opt/rustwide/workdir" "-m" "1610612736" "--user" "0:0" "--network" "none" "ghcr.io/rust-lang/crates-build-env/linux@sha256:2788e3201cd34a07e3172128adcd8b3090168a8e3bcc40d7c032b9dda1df7d1c" "/opt/rustwide/cargo-home/bin/cargo" "+beta-2023-12-22" "metadata" "--no-deps" "--format-version=1", kill_on_drop: false }`
[INFO] [stdout] ff0d528c73f1fce526f69bb708e672ed9edb360a175f3f3220221bacecb2e5a2
[INFO] running `Command { std: "docker" "start" "-a" "ff0d528c73f1fce526f69bb708e672ed9edb360a175f3f3220221bacecb2e5a2", kill_on_drop: false }`
[INFO] running `Command { std: "docker" "inspect" "ff0d528c73f1fce526f69bb708e672ed9edb360a175f3f3220221bacecb2e5a2", kill_on_drop: false }`
[INFO] running `Command { std: "docker" "rm" "-f" "ff0d528c73f1fce526f69bb708e672ed9edb360a175f3f3220221bacecb2e5a2", kill_on_drop: false }`
[INFO] [stdout] ff0d528c73f1fce526f69bb708e672ed9edb360a175f3f3220221bacecb2e5a2
[INFO] running `Command { std: "docker" "create" "-v" "/var/lib/crater-agent-workspace/builds/worker-7-tc2/target:/opt/rustwide/target:rw,Z" "-v" "/var/lib/crater-agent-workspace/builds/worker-7-tc2/source:/opt/rustwide/workdir:ro,Z" "-v" "/var/lib/crater-agent-workspace/cargo-home:/opt/rustwide/cargo-home:ro,Z" "-v" "/var/lib/crater-agent-workspace/rustup-home:/opt/rustwide/rustup-home:ro,Z" "-e" "SOURCE_DIR=/opt/rustwide/workdir" "-e" "CARGO_TARGET_DIR=/opt/rustwide/target" "-e" "CARGO_INCREMENTAL=0" "-e" "RUST_BACKTRACE=full" "-e" "RUSTFLAGS=--cap-lints=warn" "-e" "RUSTDOCFLAGS=--cap-lints=warn" "-e" "CARGO_HOME=/opt/rustwide/cargo-home" "-e" "RUSTUP_HOME=/opt/rustwide/rustup-home" "-w" "/opt/rustwide/workdir" "-m" "1610612736" "--user" "0:0" "--network" "none" "ghcr.io/rust-lang/crates-build-env/linux@sha256:2788e3201cd34a07e3172128adcd8b3090168a8e3bcc40d7c032b9dda1df7d1c" "/opt/rustwide/cargo-home/bin/cargo" "+beta-2023-12-22" "build" "--frozen" "--message-format=json", kill_on_drop: false }`
[INFO] [stdout] 16946d18266749fa2bd6dd1d27cc4649b422359e650dcea606072b4b14fc0bdf
[INFO] running `Command { std: "docker" "start" "-a" "16946d18266749fa2bd6dd1d27cc4649b422359e650dcea606072b4b14fc0bdf", kill_on_drop: false }`
[INFO] [stderr]    Compiling proc-macro2 v1.0.70
[INFO] [stderr]    Compiling rustversion v1.0.14
[INFO] [stderr]    Compiling futures-core v0.3.29
[INFO] [stderr]    Compiling futures-task v0.3.29
[INFO] [stderr]    Compiling futures-util v0.3.29
[INFO] [stderr]    Compiling serde v1.0.193
[INFO] [stderr]    Compiling http v0.2.11
[INFO] [stderr]    Compiling async-trait v0.1.74
[INFO] [stderr]    Compiling tower-service v0.3.2
[INFO] [stderr]    Compiling mio v0.8.9
[INFO] [stderr]    Compiling socket2 v0.5.5
[INFO] [stderr]    Compiling tracing v0.1.40
[INFO] [stderr]    Compiling serde_json v1.0.108
[INFO] [stderr]    Compiling try-lock v0.2.4
[INFO] [stderr]    Compiling tower-layer v0.3.2
[INFO] [stderr]    Compiling sha1 v0.10.6
[INFO] [stderr]    Compiling want v0.3.1
[INFO] [stderr]    Compiling socket2 v0.4.10
[INFO] [stderr]    Compiling sha2 v0.10.8
[INFO] [stderr]    Compiling rtoolbox v0.0.2
[INFO] [stderr]    Compiling heck v0.4.1
[INFO] [stderr]    Compiling memchr v2.6.4
[INFO] [stderr]    Compiling matchit v0.7.3
[INFO] [stderr]    Compiling sync_wrapper v0.1.2
[INFO] [stderr]    Compiling futures-channel v0.3.29
[INFO] [stderr]    Compiling rpassword v7.3.1
[INFO] [stderr]    Compiling quote v1.0.33
[INFO] [stderr]    Compiling http-body v0.4.5
[INFO] [stderr]    Compiling headers-core v0.2.0
[INFO] [stderr]    Compiling headers v0.3.9
[INFO] [stderr]    Compiling syn v2.0.39
[INFO] [stderr]    Compiling axum-core v0.3.4
[INFO] [stderr]    Compiling axum v0.6.20
[INFO] [stderr]    Compiling serde_derive v1.0.193
[INFO] [stderr]    Compiling tokio-macros v2.2.0
[INFO] [stderr]    Compiling pin-project-internal v1.1.3
[INFO] [stderr]    Compiling axum-macros v0.3.8
[INFO] [stderr]    Compiling tokio v1.34.0
[INFO] [stderr]    Compiling pin-project v1.1.3
[INFO] [stderr]    Compiling tower v0.4.13
[INFO] [stderr]    Compiling hyper v0.14.27
[INFO] [stderr]    Compiling sha256 v1.4.0
[INFO] [stderr]    Compiling serde_urlencoded v0.7.1
[INFO] [stderr]    Compiling serde_path_to_error v0.1.14
[INFO] [stderr]    Compiling time-scheduler-server v0.1.4 (/opt/rustwide/workdir)
[INFO] [stderr]     Finished dev [unoptimized + debuginfo] target(s) in 13.01s
[INFO] running `Command { std: "docker" "inspect" "16946d18266749fa2bd6dd1d27cc4649b422359e650dcea606072b4b14fc0bdf", kill_on_drop: false }`
[INFO] running `Command { std: "docker" "rm" "-f" "16946d18266749fa2bd6dd1d27cc4649b422359e650dcea606072b4b14fc0bdf", kill_on_drop: false }`
[INFO] [stdout] 16946d18266749fa2bd6dd1d27cc4649b422359e650dcea606072b4b14fc0bdf
[INFO] running `Command { std: "docker" "create" "-v" "/var/lib/crater-agent-workspace/builds/worker-7-tc2/target:/opt/rustwide/target:rw,Z" "-v" "/var/lib/crater-agent-workspace/builds/worker-7-tc2/source:/opt/rustwide/workdir:ro,Z" "-v" "/var/lib/crater-agent-workspace/cargo-home:/opt/rustwide/cargo-home:ro,Z" "-v" "/var/lib/crater-agent-workspace/rustup-home:/opt/rustwide/rustup-home:ro,Z" "-e" "SOURCE_DIR=/opt/rustwide/workdir" "-e" "CARGO_TARGET_DIR=/opt/rustwide/target" "-e" "CARGO_INCREMENTAL=0" "-e" "RUST_BACKTRACE=full" "-e" "RUSTFLAGS=--cap-lints=warn" "-e" "RUSTDOCFLAGS=--cap-lints=warn" "-e" "CARGO_HOME=/opt/rustwide/cargo-home" "-e" "RUSTUP_HOME=/opt/rustwide/rustup-home" "-w" "/opt/rustwide/workdir" "-m" "1610612736" "--user" "0:0" "--network" "none" "ghcr.io/rust-lang/crates-build-env/linux@sha256:2788e3201cd34a07e3172128adcd8b3090168a8e3bcc40d7c032b9dda1df7d1c" "/opt/rustwide/cargo-home/bin/cargo" "+beta-2023-12-22" "test" "--frozen" "--no-run" "--message-format=json", kill_on_drop: false }`
[INFO] [stdout] ca829af477226f4f5141c8bc0595c089074537330c3e3e372d8f70960119a808
[INFO] running `Command { std: "docker" "start" "-a" "ca829af477226f4f5141c8bc0595c089074537330c3e3e372d8f70960119a808", kill_on_drop: false }`
[INFO] [stderr]    Compiling time-scheduler-server v0.1.4 (/opt/rustwide/workdir)
[INFO] [stdout] error[E0599]: no method named `to_iso` found for enum `std::result::Result` in the current scope
[INFO] [stdout]    --> src/time.rs:215:55
[INFO] [stdout]     |
[INFO] [stdout] 215 |         let time = Time::new(2023, 11, 27, 3, 18, 52).to_iso();
[INFO] [stdout]     |                                                       ^^^^^^ method not found in `Result<Time, Box<dyn Error>>`
[INFO] [stdout]     |
[INFO] [stdout] note: the method `to_iso` exists on the type `time::Time`
[INFO] [stdout]    --> src/time.rs:51:5
[INFO] [stdout]     |
[INFO] [stdout] 51  |     pub fn to_iso(&self) -> u64 {
[INFO] [stdout]     |     ^^^^^^^^^^^^^^^^^^^^^^^^^^^
[INFO] [stdout] help: consider using `Result::expect` to unwrap the `time::Time` value, panicking if the value is a `Result::Err`
[INFO] [stdout]     |
[INFO] [stdout] 215 |         let time = Time::new(2023, 11, 27, 3, 18, 52).expect("REASON").to_iso();
[INFO] [stdout]     |                                                      +++++++++++++++++
[INFO] [stdout] 
[INFO] [stdout] 
[INFO] [stdout] error[E0308]: mismatched types
[INFO] [stdout]    --> src/time.rs:219:26
[INFO] [stdout]     |
[INFO] [stdout] 219 |         assert_eq!(time, Time::new(2023, 11, 27, 3, 18, 52));
[INFO] [stdout]     |                          ^^^^^^^^^^^^^^^^^^^^^^^^^^^^^^^^^^ expected `Time`, found `Result<Time, Box<dyn Error>>`
[INFO] [stdout]     |
[INFO] [stdout]     = note: expected struct `time::Time`
[INFO] [stdout]                  found enum `std::result::Result<time::Time, Box<dyn StdError>>`
[INFO] [stdout] help: consider using `Result::expect` to unwrap the `std::result::Result<time::Time, Box<dyn StdError>>` value, panicking if the value is a `Result::Err`
[INFO] [stdout]     |
[INFO] [stdout] 219 |         assert_eq!(time, Time::new(2023, 11, 27, 3, 18, 52).expect("REASON"));
[INFO] [stdout]     |                                                            +++++++++++++++++
[INFO] [stdout] 
[INFO] [stdout] 
[INFO] [stdout] error: aborting due to 2 previous errors
[INFO] [stdout] 
[INFO] [stdout] 
[INFO] [stdout] Some errors have detailed explanations: E0308, E0599.
[INFO] [stdout] 
[INFO] [stdout] For more information about an error, try `rustc --explain E0308`.
[INFO] [stdout] 
[INFO] [stderr] error: could not compile `time-scheduler-server` (bin "time-scheduler-server" test) due to 3 previous errors
[INFO] running `Command { std: "docker" "inspect" "ca829af477226f4f5141c8bc0595c089074537330c3e3e372d8f70960119a808", kill_on_drop: false }`
[INFO] running `Command { std: "docker" "rm" "-f" "ca829af477226f4f5141c8bc0595c089074537330c3e3e372d8f70960119a808", kill_on_drop: false }`
[INFO] [stdout] ca829af477226f4f5141c8bc0595c089074537330c3e3e372d8f70960119a808
