[INFO] fetching crate til-cli 0.1.1...
[INFO] testing til-cli-0.1.1 against 1.75.0 for beta-1.76-1
[INFO] extracting crate til-cli 0.1.1 into /workspace/builds/worker-4-tc1/source
[INFO] validating manifest of crates.io crate til-cli 0.1.1 on toolchain 1.75.0
[INFO] running `Command { std: CARGO_HOME="/workspace/cargo-home" RUSTUP_HOME="/workspace/rustup-home" "/workspace/cargo-home/bin/cargo" "+1.75.0" "metadata" "--manifest-path" "Cargo.toml" "--no-deps", kill_on_drop: false }`
[INFO] started tweaking crates.io crate til-cli 0.1.1
[INFO] finished tweaking crates.io crate til-cli 0.1.1
[INFO] tweaked toml for crates.io crate til-cli 0.1.1 written to /workspace/builds/worker-4-tc1/source/Cargo.toml
[INFO] running `Command { std: CARGO_HOME="/workspace/cargo-home" RUSTUP_HOME="/workspace/rustup-home" "/workspace/cargo-home/bin/cargo" "+1.75.0" "generate-lockfile" "--manifest-path" "Cargo.toml", kill_on_drop: false }`
[INFO] [stderr]     Updating crates.io index
[INFO] running `Command { std: CARGO_HOME="/workspace/cargo-home" RUSTUP_HOME="/workspace/rustup-home" "/workspace/cargo-home/bin/cargo" "+1.75.0" "fetch" "--manifest-path" "Cargo.toml", kill_on_drop: false }`
[INFO] running `Command { std: "docker" "create" "-v" "/var/lib/crater-agent-workspace/builds/worker-4-tc1/target:/opt/rustwide/target:rw,Z" "-v" "/var/lib/crater-agent-workspace/builds/worker-4-tc1/source:/opt/rustwide/workdir:ro,Z" "-v" "/var/lib/crater-agent-workspace/cargo-home:/opt/rustwide/cargo-home:ro,Z" "-v" "/var/lib/crater-agent-workspace/rustup-home:/opt/rustwide/rustup-home:ro,Z" "-e" "SOURCE_DIR=/opt/rustwide/workdir" "-e" "CARGO_TARGET_DIR=/opt/rustwide/target" "-e" "CARGO_HOME=/opt/rustwide/cargo-home" "-e" "RUSTUP_HOME=/opt/rustwide/rustup-home" "-w" "/opt/rustwide/workdir" "-m" "1610612736" "--user" "0:0" "--network" "none" "ghcr.io/rust-lang/crates-build-env/linux@sha256:2788e3201cd34a07e3172128adcd8b3090168a8e3bcc40d7c032b9dda1df7d1c" "/opt/rustwide/cargo-home/bin/cargo" "+1.75.0" "metadata" "--no-deps" "--format-version=1", kill_on_drop: false }`
[INFO] [stdout] 4cc4581038bd188510edfd0c6879837a518a306a82d80e83777e845e27484b12
[INFO] running `Command { std: "docker" "start" "-a" "4cc4581038bd188510edfd0c6879837a518a306a82d80e83777e845e27484b12", kill_on_drop: false }`
[INFO] running `Command { std: "docker" "inspect" "4cc4581038bd188510edfd0c6879837a518a306a82d80e83777e845e27484b12", kill_on_drop: false }`
[INFO] running `Command { std: "docker" "rm" "-f" "4cc4581038bd188510edfd0c6879837a518a306a82d80e83777e845e27484b12", kill_on_drop: false }`
[INFO] [stdout] 4cc4581038bd188510edfd0c6879837a518a306a82d80e83777e845e27484b12
[INFO] running `Command { std: "docker" "create" "-v" "/var/lib/crater-agent-workspace/builds/worker-4-tc1/target:/opt/rustwide/target:rw,Z" "-v" "/var/lib/crater-agent-workspace/builds/worker-4-tc1/source:/opt/rustwide/workdir:ro,Z" "-v" "/var/lib/crater-agent-workspace/cargo-home:/opt/rustwide/cargo-home:ro,Z" "-v" "/var/lib/crater-agent-workspace/rustup-home:/opt/rustwide/rustup-home:ro,Z" "-e" "SOURCE_DIR=/opt/rustwide/workdir" "-e" "CARGO_TARGET_DIR=/opt/rustwide/target" "-e" "CARGO_INCREMENTAL=0" "-e" "RUST_BACKTRACE=full" "-e" "RUSTFLAGS=--cap-lints=warn" "-e" "RUSTDOCFLAGS=--cap-lints=warn" "-e" "CARGO_HOME=/opt/rustwide/cargo-home" "-e" "RUSTUP_HOME=/opt/rustwide/rustup-home" "-w" "/opt/rustwide/workdir" "-m" "1610612736" "--user" "0:0" "--network" "none" "ghcr.io/rust-lang/crates-build-env/linux@sha256:2788e3201cd34a07e3172128adcd8b3090168a8e3bcc40d7c032b9dda1df7d1c" "/opt/rustwide/cargo-home/bin/cargo" "+1.75.0" "build" "--frozen" "--message-format=json", kill_on_drop: false }`
[INFO] [stdout] 9f9d4c3446441bf966dd629a4252048980b26712de56463267a5e5e472790aee
[INFO] running `Command { std: "docker" "start" "-a" "9f9d4c3446441bf966dd629a4252048980b26712de56463267a5e5e472790aee", kill_on_drop: false }`
[INFO] [stderr]    Compiling num-traits v0.2.17
[INFO] [stderr]    Compiling directories v1.0.2
[INFO] [stderr]    Compiling chrono v0.4.31
[INFO] [stderr]    Compiling til-cli v0.1.1 (/opt/rustwide/workdir)
[INFO] [stdout] warning: use of deprecated struct `chrono::Date`: Use `NaiveDate` or `DateTime<Tz>` instead
[INFO] [stdout]   --> src/file.rs:38:59
[INFO] [stdout]    |
[INFO] [stdout] 38 |     pub fn get_til_file_path(root_path: &Path, file_date: Date<Local>) -> PathBuf {
[INFO] [stdout]    |                                                           ^^^^
[INFO] [stdout]    |
[INFO] [stdout]    = note: `#[warn(deprecated)]` on by default
[INFO] [stdout] 
[INFO] [stdout] 
[INFO] [stdout] warning: use of deprecated struct `chrono::Date`: Use `NaiveDate` or `DateTime<Tz>` instead
[INFO] [stdout]  --> src/learned.rs:8:15
[INFO] [stdout]   |
[INFO] [stdout] 8 |     pub date: Date<Local>,
[INFO] [stdout]   |               ^^^^
[INFO] [stdout] 
[INFO] [stdout] 
[INFO] [stdout] warning: use of deprecated associated function `chrono::Local::today`: use `Local::now()` instead
[INFO] [stdout]   --> src/learned.rs:19:27
[INFO] [stdout]    |
[INFO] [stdout] 19 |         let date = Local::today();
[INFO] [stdout]    |                           ^^^^^
[INFO] [stdout] 
[INFO] [stdout] 
[INFO] [stdout] warning: 3 warnings emitted
[INFO] [stdout] 
[INFO] [stdout] 
[INFO] [stderr]     Finished dev [unoptimized + debuginfo] target(s) in 1.68s
[INFO] running `Command { std: "docker" "inspect" "9f9d4c3446441bf966dd629a4252048980b26712de56463267a5e5e472790aee", kill_on_drop: false }`
[INFO] running `Command { std: "docker" "rm" "-f" "9f9d4c3446441bf966dd629a4252048980b26712de56463267a5e5e472790aee", kill_on_drop: false }`
[INFO] [stdout] 9f9d4c3446441bf966dd629a4252048980b26712de56463267a5e5e472790aee
[INFO] running `Command { std: "docker" "create" "-v" "/var/lib/crater-agent-workspace/builds/worker-4-tc1/target:/opt/rustwide/target:rw,Z" "-v" "/var/lib/crater-agent-workspace/builds/worker-4-tc1/source:/opt/rustwide/workdir:ro,Z" "-v" "/var/lib/crater-agent-workspace/cargo-home:/opt/rustwide/cargo-home:ro,Z" "-v" "/var/lib/crater-agent-workspace/rustup-home:/opt/rustwide/rustup-home:ro,Z" "-e" "SOURCE_DIR=/opt/rustwide/workdir" "-e" "CARGO_TARGET_DIR=/opt/rustwide/target" "-e" "CARGO_INCREMENTAL=0" "-e" "RUST_BACKTRACE=full" "-e" "RUSTFLAGS=--cap-lints=warn" "-e" "RUSTDOCFLAGS=--cap-lints=warn" "-e" "CARGO_HOME=/opt/rustwide/cargo-home" "-e" "RUSTUP_HOME=/opt/rustwide/rustup-home" "-w" "/opt/rustwide/workdir" "-m" "1610612736" "--user" "0:0" "--network" "none" "ghcr.io/rust-lang/crates-build-env/linux@sha256:2788e3201cd34a07e3172128adcd8b3090168a8e3bcc40d7c032b9dda1df7d1c" "/opt/rustwide/cargo-home/bin/cargo" "+1.75.0" "test" "--frozen" "--no-run" "--message-format=json", kill_on_drop: false }`
[INFO] [stdout] f1c8752dff5b77645ab2d32656af522060baa1717e6c57ebfa414bbe7322f71e
[INFO] running `Command { std: "docker" "start" "-a" "f1c8752dff5b77645ab2d32656af522060baa1717e6c57ebfa414bbe7322f71e", kill_on_drop: false }`
[INFO] [stdout] warning: use of deprecated struct `chrono::Date`: Use `NaiveDate` or `DateTime<Tz>` instead
[INFO] [stdout]   --> src/file.rs:38:59
[INFO] [stdout]    |
[INFO] [stdout] 38 |     pub fn get_til_file_path(root_path: &Path, file_date: Date<Local>) -> PathBuf {
[INFO] [stdout]    |                                                           ^^^^
[INFO] [stdout]    |
[INFO] [stdout]    = note: `#[warn(deprecated)]` on by default
[INFO] [stdout] 
[INFO] [stdout] 
[INFO] [stderr]    Compiling til-cli v0.1.1 (/opt/rustwide/workdir)
[INFO] [stdout] warning: use of deprecated struct `chrono::Date`: Use `NaiveDate` or `DateTime<Tz>` instead
[INFO] [stdout]  --> src/learned.rs:8:15
[INFO] [stdout]   |
[INFO] [stdout] 8 |     pub date: Date<Local>,
[INFO] [stdout]   |               ^^^^
[INFO] [stdout] 
[INFO] [stdout] 
[INFO] [stdout] warning: use of deprecated associated function `chrono::Local::today`: use `Local::now()` instead
[INFO] [stdout]   --> src/learned.rs:19:27
[INFO] [stdout]    |
[INFO] [stdout] 19 |         let date = Local::today();
[INFO] [stdout]    |                           ^^^^^
[INFO] [stdout] 
[INFO] [stdout] 
[INFO] [stdout] warning: 3 warnings emitted
[INFO] [stdout] 
[INFO] [stdout] 
[INFO] [stdout] error[E0425]: cannot find value `Local` in this scope
[INFO] [stdout]   --> src/lib.rs:31:12
[INFO] [stdout]    |
[INFO] [stdout] 31 |         let dt = Local.ymd(2014, 11, 28);
[INFO] [stdout]    |                  ^^^^^ not found in this scope
[INFO] [stdout]    |
[INFO] [stdout] help: consider importing one of these items
[INFO] [stdout]    |
[INFO] [stdout] 11 +     use chrono::Local;
[INFO] [stdout]    |
[INFO] [stdout] 11 +     use crate::tests::chrono::Local;
[INFO] [stdout]    |
[INFO] [stdout] 
[INFO] [stdout] 
[INFO] [stdout] warning: use of deprecated struct `chrono::Date`: Use `NaiveDate` or `DateTime<Tz>` instead
[INFO] [stdout]   --> src/file.rs:38:59
[INFO] [stdout]    |
[INFO] [stdout] 38 |     pub fn get_til_file_path(root_path: &Path, file_date: Date<Local>) -> PathBuf {
[INFO] [stdout]    |                                                           ^^^^
[INFO] [stdout]    |
[INFO] [stdout]    = note: `#[warn(deprecated)]` on by default
[INFO] [stdout] 
[INFO] [stdout] 
[INFO] [stdout] warning: use of deprecated struct `chrono::Date`: Use `NaiveDate` or `DateTime<Tz>` instead
[INFO] [stdout]  --> src/learned.rs:8:15
[INFO] [stdout]   |
[INFO] [stdout] 8 |     pub date: Date<Local>,
[INFO] [stdout]   |               ^^^^
[INFO] [stdout] 
[INFO] [stdout] 
[INFO] [stdout] warning: use of deprecated associated function `chrono::Local::today`: use `Local::now()` instead
[INFO] [stdout]   --> src/learned.rs:19:27
[INFO] [stdout]    |
[INFO] [stdout] 19 |         let date = Local::today();
[INFO] [stdout]    |                           ^^^^^
[INFO] [stdout] 
[INFO] [stdout] 
[INFO] [stdout] error[E0425]: cannot find function `format_date` in this scope
[INFO] [stdout]   --> src/lib.rs:32:14
[INFO] [stdout]    |
[INFO] [stdout] 32 |         assert_eq!(format_date(dt), "2014-11-28");
[INFO] [stdout]    |                    ^^^^^^^^^^^ not found in this scope
[INFO] [stdout] 
[INFO] [stdout] 
[INFO] [stdout] error: aborting due to 2 previous errors; 3 warnings emitted
[INFO] [stdout] 
[INFO] [stdout] 
[INFO] [stdout] For more information about this error, try `rustc --explain E0425`.
[INFO] [stdout] 
[INFO] [stderr] error: could not compile `til-cli` (lib test) due to 3 previous errors; 3 warnings emitted
[INFO] [stderr] warning: build failed, waiting for other jobs to finish...
[INFO] running `Command { std: "docker" "inspect" "f1c8752dff5b77645ab2d32656af522060baa1717e6c57ebfa414bbe7322f71e", kill_on_drop: false }`
[INFO] running `Command { std: "docker" "rm" "-f" "f1c8752dff5b77645ab2d32656af522060baa1717e6c57ebfa414bbe7322f71e", kill_on_drop: false }`
[INFO] [stdout] f1c8752dff5b77645ab2d32656af522060baa1717e6c57ebfa414bbe7322f71e
[INFO] testing til-cli-0.1.1 against beta-2023-12-22 for beta-1.76-1
[INFO] extracting crate til-cli 0.1.1 into /workspace/builds/worker-4-tc2/source
[INFO] validating manifest of crates.io crate til-cli 0.1.1 on toolchain beta-2023-12-22
[INFO] running `Command { std: CARGO_HOME="/workspace/cargo-home" RUSTUP_HOME="/workspace/rustup-home" "/workspace/cargo-home/bin/cargo" "+beta-2023-12-22" "metadata" "--manifest-path" "Cargo.toml" "--no-deps", kill_on_drop: false }`
[INFO] started tweaking crates.io crate til-cli 0.1.1
[INFO] finished tweaking crates.io crate til-cli 0.1.1
[INFO] tweaked toml for crates.io crate til-cli 0.1.1 written to /workspace/builds/worker-4-tc2/source/Cargo.toml
[INFO] running `Command { std: CARGO_HOME="/workspace/cargo-home" RUSTUP_HOME="/workspace/rustup-home" "/workspace/cargo-home/bin/cargo" "+beta-2023-12-22" "generate-lockfile" "--manifest-path" "Cargo.toml", kill_on_drop: false }`
[INFO] [stderr]     Updating crates.io index
[INFO] running `Command { std: CARGO_HOME="/workspace/cargo-home" RUSTUP_HOME="/workspace/rustup-home" "/workspace/cargo-home/bin/cargo" "+beta-2023-12-22" "fetch" "--manifest-path" "Cargo.toml", kill_on_drop: false }`
[INFO] running `Command { std: "docker" "create" "-v" "/var/lib/crater-agent-workspace/builds/worker-4-tc2/target:/opt/rustwide/target:rw,Z" "-v" "/var/lib/crater-agent-workspace/builds/worker-4-tc2/source:/opt/rustwide/workdir:ro,Z" "-v" "/var/lib/crater-agent-workspace/cargo-home:/opt/rustwide/cargo-home:ro,Z" "-v" "/var/lib/crater-agent-workspace/rustup-home:/opt/rustwide/rustup-home:ro,Z" "-e" "SOURCE_DIR=/opt/rustwide/workdir" "-e" "CARGO_TARGET_DIR=/opt/rustwide/target" "-e" "CARGO_HOME=/opt/rustwide/cargo-home" "-e" "RUSTUP_HOME=/opt/rustwide/rustup-home" "-w" "/opt/rustwide/workdir" "-m" "1610612736" "--user" "0:0" "--network" "none" "ghcr.io/rust-lang/crates-build-env/linux@sha256:2788e3201cd34a07e3172128adcd8b3090168a8e3bcc40d7c032b9dda1df7d1c" "/opt/rustwide/cargo-home/bin/cargo" "+beta-2023-12-22" "metadata" "--no-deps" "--format-version=1", kill_on_drop: false }`
[INFO] [stdout] 7d434069ac57af07001b8dd3ed7d95d5f8ab1c7f04e7ffeb04d88757e3b61a7d
[INFO] running `Command { std: "docker" "start" "-a" "7d434069ac57af07001b8dd3ed7d95d5f8ab1c7f04e7ffeb04d88757e3b61a7d", kill_on_drop: false }`
[INFO] running `Command { std: "docker" "inspect" "7d434069ac57af07001b8dd3ed7d95d5f8ab1c7f04e7ffeb04d88757e3b61a7d", kill_on_drop: false }`
[INFO] running `Command { std: "docker" "rm" "-f" "7d434069ac57af07001b8dd3ed7d95d5f8ab1c7f04e7ffeb04d88757e3b61a7d", kill_on_drop: false }`
[INFO] [stdout] 7d434069ac57af07001b8dd3ed7d95d5f8ab1c7f04e7ffeb04d88757e3b61a7d
[INFO] running `Command { std: "docker" "create" "-v" "/var/lib/crater-agent-workspace/builds/worker-4-tc2/target:/opt/rustwide/target:rw,Z" "-v" "/var/lib/crater-agent-workspace/builds/worker-4-tc2/source:/opt/rustwide/workdir:ro,Z" "-v" "/var/lib/crater-agent-workspace/cargo-home:/opt/rustwide/cargo-home:ro,Z" "-v" "/var/lib/crater-agent-workspace/rustup-home:/opt/rustwide/rustup-home:ro,Z" "-e" "SOURCE_DIR=/opt/rustwide/workdir" "-e" "CARGO_TARGET_DIR=/opt/rustwide/target" "-e" "CARGO_INCREMENTAL=0" "-e" "RUST_BACKTRACE=full" "-e" "RUSTFLAGS=--cap-lints=warn" "-e" "RUSTDOCFLAGS=--cap-lints=warn" "-e" "CARGO_HOME=/opt/rustwide/cargo-home" "-e" "RUSTUP_HOME=/opt/rustwide/rustup-home" "-w" "/opt/rustwide/workdir" "-m" "1610612736" "--user" "0:0" "--network" "none" "ghcr.io/rust-lang/crates-build-env/linux@sha256:2788e3201cd34a07e3172128adcd8b3090168a8e3bcc40d7c032b9dda1df7d1c" "/opt/rustwide/cargo-home/bin/cargo" "+beta-2023-12-22" "build" "--frozen" "--message-format=json", kill_on_drop: false }`
[INFO] [stdout] 475b221666e7171d183fa0f0b3821eb54049ff3f3b9b5e387a39cfacf669b21d
[INFO] running `Command { std: "docker" "start" "-a" "475b221666e7171d183fa0f0b3821eb54049ff3f3b9b5e387a39cfacf669b21d", kill_on_drop: false }`
[INFO] [stderr]    Compiling num-traits v0.2.17
[INFO] [stderr]    Compiling directories v1.0.2
[INFO] [stderr]    Compiling chrono v0.4.31
[INFO] [stderr]    Compiling til-cli v0.1.1 (/opt/rustwide/workdir)
[INFO] [stdout] warning: use of deprecated struct `chrono::Date`: Use `NaiveDate` or `DateTime<Tz>` instead
[INFO] [stdout]   --> src/file.rs:38:59
[INFO] [stdout]    |
[INFO] [stdout] 38 |     pub fn get_til_file_path(root_path: &Path, file_date: Date<Local>) -> PathBuf {
[INFO] [stdout]    |                                                           ^^^^
[INFO] [stdout]    |
[INFO] [stdout]    = note: `#[warn(deprecated)]` on by default
[INFO] [stdout] 
[INFO] [stdout] 
[INFO] [stdout] warning: use of deprecated struct `chrono::Date`: Use `NaiveDate` or `DateTime<Tz>` instead
[INFO] [stdout]  --> src/learned.rs:8:15
[INFO] [stdout]   |
[INFO] [stdout] 8 |     pub date: Date<Local>,
[INFO] [stdout]   |               ^^^^
[INFO] [stdout] 
[INFO] [stdout] 
[INFO] [stdout] warning: use of deprecated associated function `chrono::Local::today`: use `Local::now()` instead
[INFO] [stdout]   --> src/learned.rs:19:27
[INFO] [stdout]    |
[INFO] [stdout] 19 |         let date = Local::today();
[INFO] [stdout]    |                           ^^^^^
[INFO] [stdout] 
[INFO] [stdout] 
[INFO] [stdout] warning: 3 warnings emitted
[INFO] [stdout] 
[INFO] [stdout] 
[INFO] [stderr]     Finished dev [unoptimized + debuginfo] target(s) in 1.73s
[INFO] running `Command { std: "docker" "inspect" "475b221666e7171d183fa0f0b3821eb54049ff3f3b9b5e387a39cfacf669b21d", kill_on_drop: false }`
[INFO] running `Command { std: "docker" "rm" "-f" "475b221666e7171d183fa0f0b3821eb54049ff3f3b9b5e387a39cfacf669b21d", kill_on_drop: false }`
[INFO] [stdout] 475b221666e7171d183fa0f0b3821eb54049ff3f3b9b5e387a39cfacf669b21d
[INFO] running `Command { std: "docker" "create" "-v" "/var/lib/crater-agent-workspace/builds/worker-4-tc2/target:/opt/rustwide/target:rw,Z" "-v" "/var/lib/crater-agent-workspace/builds/worker-4-tc2/source:/opt/rustwide/workdir:ro,Z" "-v" "/var/lib/crater-agent-workspace/cargo-home:/opt/rustwide/cargo-home:ro,Z" "-v" "/var/lib/crater-agent-workspace/rustup-home:/opt/rustwide/rustup-home:ro,Z" "-e" "SOURCE_DIR=/opt/rustwide/workdir" "-e" "CARGO_TARGET_DIR=/opt/rustwide/target" "-e" "CARGO_INCREMENTAL=0" "-e" "RUST_BACKTRACE=full" "-e" "RUSTFLAGS=--cap-lints=warn" "-e" "RUSTDOCFLAGS=--cap-lints=warn" "-e" "CARGO_HOME=/opt/rustwide/cargo-home" "-e" "RUSTUP_HOME=/opt/rustwide/rustup-home" "-w" "/opt/rustwide/workdir" "-m" "1610612736" "--user" "0:0" "--network" "none" "ghcr.io/rust-lang/crates-build-env/linux@sha256:2788e3201cd34a07e3172128adcd8b3090168a8e3bcc40d7c032b9dda1df7d1c" "/opt/rustwide/cargo-home/bin/cargo" "+beta-2023-12-22" "test" "--frozen" "--no-run" "--message-format=json", kill_on_drop: false }`
[INFO] [stdout] ce0cd78e15ffeb8f826ec8f05c06ca64bf9545513b1bf5da90e4c2bc922cc1c9
[INFO] running `Command { std: "docker" "start" "-a" "ce0cd78e15ffeb8f826ec8f05c06ca64bf9545513b1bf5da90e4c2bc922cc1c9", kill_on_drop: false }`
[INFO] [stdout] warning: use of deprecated struct `chrono::Date`: Use `NaiveDate` or `DateTime<Tz>` instead
[INFO] [stdout]   --> src/file.rs:38:59
[INFO] [stdout]    |
[INFO] [stdout] 38 |     pub fn get_til_file_path(root_path: &Path, file_date: Date<Local>) -> PathBuf {
[INFO] [stdout]    |                                                           ^^^^
[INFO] [stdout]    |
[INFO] [stdout]    = note: `#[warn(deprecated)]` on by default
[INFO] [stdout] 
[INFO] [stdout] 
[INFO] [stdout] warning: use of deprecated struct `chrono::Date`: Use `NaiveDate` or `DateTime<Tz>` instead
[INFO] [stdout]  --> src/learned.rs:8:15
[INFO] [stdout]   |
[INFO] [stdout] 8 |     pub date: Date<Local>,
[INFO] [stdout]   |               ^^^^
[INFO] [stdout] 
[INFO] [stdout] 
[INFO] [stdout] warning: use of deprecated associated function `chrono::Local::today`: use `Local::now()` instead
[INFO] [stdout]   --> src/learned.rs:19:27
[INFO] [stdout]    |
[INFO] [stdout] 19 |         let date = Local::today();
[INFO] [stdout]    |                           ^^^^^
[INFO] [stdout] 
[INFO] [stdout] 
[INFO] [stderr]    Compiling til-cli v0.1.1 (/opt/rustwide/workdir)
[INFO] [stdout] warning: 3 warnings emitted
[INFO] [stdout] 
[INFO] [stdout] 
[INFO] [stdout] error[E0425]: cannot find value `Local` in this scope
[INFO] [stdout]   --> src/lib.rs:31:12
[INFO] [stdout]    |
[INFO] [stdout] 31 |         let dt = Local.ymd(2014, 11, 28);
[INFO] [stdout]    |                  ^^^^^ not found in this scope
[INFO] [stdout]    |
[INFO] [stdout] help: consider importing one of these items
[INFO] [stdout]    |
[INFO] [stdout] 11 +     use chrono::Local;
[INFO] [stdout]    |
[INFO] [stdout] 11 +     use crate::tests::chrono::Local;
[INFO] [stdout]    |
[INFO] [stdout] 
[INFO] [stdout] 
[INFO] [stdout] warning: use of deprecated struct `chrono::Date`: Use `NaiveDate` or `DateTime<Tz>` instead
[INFO] [stdout]   --> src/file.rs:38:59
[INFO] [stdout]    |
[INFO] [stdout] 38 |     pub fn get_til_file_path(root_path: &Path, file_date: Date<Local>) -> PathBuf {
[INFO] [stdout]    |                                                           ^^^^
[INFO] [stdout]    |
[INFO] [stdout]    = note: `#[warn(deprecated)]` on by default
[INFO] [stdout] 
[INFO] [stdout] 
[INFO] [stdout] warning: use of deprecated struct `chrono::Date`: Use `NaiveDate` or `DateTime<Tz>` instead
[INFO] [stdout]  --> src/learned.rs:8:15
[INFO] [stdout]   |
[INFO] [stdout] 8 |     pub date: Date<Local>,
[INFO] [stdout]   |               ^^^^
[INFO] [stdout] 
[INFO] [stdout] 
[INFO] [stdout] warning: use of deprecated associated function `chrono::Local::today`: use `Local::now()` instead
[INFO] [stdout]   --> src/learned.rs:19:27
[INFO] [stdout]    |
[INFO] [stdout] 19 |         let date = Local::today();
[INFO] [stdout]    |                           ^^^^^
[INFO] [stdout] 
[INFO] [stdout] 
[INFO] [stdout] error[E0425]: cannot find function `format_date` in this scope
[INFO] [stdout]   --> src/lib.rs:32:14
[INFO] [stdout]    |
[INFO] [stdout] 32 |         assert_eq!(format_date(dt), "2014-11-28");
[INFO] [stdout]    |                    ^^^^^^^^^^^ not found in this scope
[INFO] [stdout] 
[INFO] [stdout] 
[INFO] [stdout] error: aborting due to 2 previous errors; 3 warnings emitted
[INFO] [stdout] 
[INFO] [stdout] 
[INFO] [stdout] For more information about this error, try `rustc --explain E0425`.
[INFO] [stdout] 
[INFO] [stderr] error: could not compile `til-cli` (lib test) due to 3 previous errors; 3 warnings emitted
[INFO] [stderr] warning: build failed, waiting for other jobs to finish...
[INFO] running `Command { std: "docker" "inspect" "ce0cd78e15ffeb8f826ec8f05c06ca64bf9545513b1bf5da90e4c2bc922cc1c9", kill_on_drop: false }`
[INFO] running `Command { std: "docker" "rm" "-f" "ce0cd78e15ffeb8f826ec8f05c06ca64bf9545513b1bf5da90e4c2bc922cc1c9", kill_on_drop: false }`
[INFO] [stdout] ce0cd78e15ffeb8f826ec8f05c06ca64bf9545513b1bf5da90e4c2bc922cc1c9
