[INFO] fetching crate tiempo 1.9.0...
[INFO] testing tiempo-1.9.0 against 1.75.0 for beta-1.76-1
[INFO] extracting crate tiempo 1.9.0 into /workspace/builds/worker-6-tc1/source
[INFO] validating manifest of crates.io crate tiempo 1.9.0 on toolchain 1.75.0
[INFO] running `Command { std: CARGO_HOME="/workspace/cargo-home" RUSTUP_HOME="/workspace/rustup-home" "/workspace/cargo-home/bin/cargo" "+1.75.0" "metadata" "--manifest-path" "Cargo.toml" "--no-deps", kill_on_drop: false }`
[INFO] started tweaking crates.io crate tiempo 1.9.0
[INFO] finished tweaking crates.io crate tiempo 1.9.0
[INFO] tweaked toml for crates.io crate tiempo 1.9.0 written to /workspace/builds/worker-6-tc1/source/Cargo.toml
[INFO] crate crates.io crate tiempo 1.9.0 already has a lockfile, it will not be regenerated
[INFO] running `Command { std: CARGO_HOME="/workspace/cargo-home" RUSTUP_HOME="/workspace/rustup-home" "/workspace/cargo-home/bin/cargo" "+1.75.0" "fetch" "--manifest-path" "Cargo.toml", kill_on_drop: false }`
[INFO] [stderr]     Updating crates.io index
[INFO] [stderr]  Downloading crates ...
[INFO] [stderr]   Downloaded isolang v1.0.0
[INFO] [stderr]   Downloaded timeago v0.3.1
[INFO] [stderr]   Downloaded allocator-api2 v0.2.15
[INFO] [stderr]   Downloaded clap v4.3.5
[INFO] [stderr]   Downloaded clap_builder v4.3.5
[INFO] [stderr]   Downloaded libsqlite3-sys v0.25.2
[INFO] running `Command { std: "docker" "create" "-v" "/var/lib/crater-agent-workspace/builds/worker-6-tc1/target:/opt/rustwide/target:rw,Z" "-v" "/var/lib/crater-agent-workspace/builds/worker-6-tc1/source:/opt/rustwide/workdir:ro,Z" "-v" "/var/lib/crater-agent-workspace/cargo-home:/opt/rustwide/cargo-home:ro,Z" "-v" "/var/lib/crater-agent-workspace/rustup-home:/opt/rustwide/rustup-home:ro,Z" "-e" "SOURCE_DIR=/opt/rustwide/workdir" "-e" "CARGO_TARGET_DIR=/opt/rustwide/target" "-e" "CARGO_HOME=/opt/rustwide/cargo-home" "-e" "RUSTUP_HOME=/opt/rustwide/rustup-home" "-w" "/opt/rustwide/workdir" "-m" "1610612736" "--user" "0:0" "--network" "none" "ghcr.io/rust-lang/crates-build-env/linux@sha256:2788e3201cd34a07e3172128adcd8b3090168a8e3bcc40d7c032b9dda1df7d1c" "/opt/rustwide/cargo-home/bin/cargo" "+1.75.0" "metadata" "--no-deps" "--format-version=1", kill_on_drop: false }`
[INFO] [stdout] 83aaa41cce59ca5f465b7ab97e819979d04395846be062f17a65b2b1a862d1f0
[INFO] running `Command { std: "docker" "start" "-a" "83aaa41cce59ca5f465b7ab97e819979d04395846be062f17a65b2b1a862d1f0", kill_on_drop: false }`
[INFO] running `Command { std: "docker" "inspect" "83aaa41cce59ca5f465b7ab97e819979d04395846be062f17a65b2b1a862d1f0", kill_on_drop: false }`
[INFO] running `Command { std: "docker" "rm" "-f" "83aaa41cce59ca5f465b7ab97e819979d04395846be062f17a65b2b1a862d1f0", kill_on_drop: false }`
[INFO] [stdout] 83aaa41cce59ca5f465b7ab97e819979d04395846be062f17a65b2b1a862d1f0
[INFO] running `Command { std: "docker" "create" "-v" "/var/lib/crater-agent-workspace/builds/worker-6-tc1/target:/opt/rustwide/target:rw,Z" "-v" "/var/lib/crater-agent-workspace/builds/worker-6-tc1/source:/opt/rustwide/workdir:ro,Z" "-v" "/var/lib/crater-agent-workspace/cargo-home:/opt/rustwide/cargo-home:ro,Z" "-v" "/var/lib/crater-agent-workspace/rustup-home:/opt/rustwide/rustup-home:ro,Z" "-e" "SOURCE_DIR=/opt/rustwide/workdir" "-e" "CARGO_TARGET_DIR=/opt/rustwide/target" "-e" "CARGO_INCREMENTAL=0" "-e" "RUST_BACKTRACE=full" "-e" "RUSTFLAGS=--cap-lints=warn" "-e" "RUSTDOCFLAGS=--cap-lints=warn" "-e" "CARGO_HOME=/opt/rustwide/cargo-home" "-e" "RUSTUP_HOME=/opt/rustwide/rustup-home" "-w" "/opt/rustwide/workdir" "-m" "1610612736" "--user" "0:0" "--network" "none" "ghcr.io/rust-lang/crates-build-env/linux@sha256:2788e3201cd34a07e3172128adcd8b3090168a8e3bcc40d7c032b9dda1df7d1c" "/opt/rustwide/cargo-home/bin/cargo" "+1.75.0" "build" "--frozen" "--message-format=json", kill_on_drop: false }`
[INFO] [stdout] b5107056ed962a8c01439d20bf88b979a37b5c4a91c7a76cb1e05cab7f4cd514
[INFO] running `Command { std: "docker" "start" "-a" "b5107056ed962a8c01439d20bf88b979a37b5c4a91c7a76cb1e05cab7f4cd514", kill_on_drop: false }`
[INFO] [stderr]    Compiling proc-macro2 v1.0.60
[INFO] [stderr]    Compiling quote v1.0.28
[INFO] [stderr]    Compiling unicode-ident v1.0.9
[INFO] [stderr]    Compiling libc v0.2.146
[INFO] [stderr]    Compiling rand_core v0.4.2
[INFO] [stderr]    Compiling memchr v2.5.0
[INFO] [stderr]    Compiling serde v1.0.164
[INFO] [stderr]    Compiling rand_chacha v0.1.1
[INFO] [stderr]    Compiling rand_core v0.3.1
[INFO] [stderr]    Compiling rand_pcg v0.1.2
[INFO] [stderr]    Compiling siphasher v0.2.3
[INFO] [stderr]    Compiling io-lifetimes v1.0.11
[INFO] [stderr]    Compiling phf_shared v0.7.24
[INFO] [stderr]    Compiling rand v0.6.5
[INFO] [stderr]    Compiling rand_xorshift v0.1.1
[INFO] [stderr]    Compiling rand_hc v0.1.0
[INFO] [stderr]    Compiling rand_isaac v0.1.1
[INFO] [stderr]    Compiling rand_jitter v0.1.4
[INFO] [stderr]    Compiling ahash v0.7.6
[INFO] [stderr]    Compiling rustix v0.37.20
[INFO] [stderr]    Compiling once_cell v1.18.0
[INFO] [stderr]    Compiling aho-corasick v1.0.2
[INFO] [stderr]    Compiling syn v2.0.18
[INFO] [stderr]    Compiling ahash v0.8.3
[INFO] [stderr]    Compiling num-traits v0.2.15
[INFO] [stderr]    Compiling rand_os v0.1.3
[INFO] [stderr]    Compiling getrandom v0.2.10
[INFO] [stderr]    Compiling regex-syntax v0.7.2
[INFO] [stderr]    Compiling hashbrown v0.12.3
[INFO] [stderr]    Compiling rustversion v1.0.12
[INFO] [stderr]    Compiling syn v1.0.109
[INFO] [stderr]    Compiling pkg-config v0.3.27
[INFO] [stderr]    Compiling cc v1.0.79
[INFO] [stderr]    Compiling phf_generator v0.7.24
[INFO] [stderr]    Compiling phf_codegen v0.7.24
[INFO] [stderr]    Compiling isolang v1.0.0
[INFO] [stderr]    Compiling anstyle-parse v0.2.1
[INFO] [stderr]    Compiling time v0.1.45
[INFO] [stderr]    Compiling indexmap v1.9.3
[INFO] [stderr]    Compiling itoa v1.0.6
[INFO] [stderr]    Compiling ryu v1.0.13
[INFO] [stderr]    Compiling anstyle v1.0.1
[INFO] [stderr]    Compiling iana-time-zone v0.1.57
[INFO] [stderr]    Compiling allocator-api2 v0.2.15
[INFO] [stderr]    Compiling libsqlite3-sys v0.25.2
[INFO] [stderr]    Compiling regex v1.8.4
[INFO] [stderr]    Compiling is-terminal v0.4.7
[INFO] [stderr]    Compiling hashbrown v0.14.0
[INFO] [stderr]    Compiling anstream v0.3.2
[INFO] [stderr]    Compiling phf v0.7.24
[INFO] [stderr]    Compiling tempfile v3.6.0
[INFO] [stderr]    Compiling serde_json v1.0.97
[INFO] [stderr]    Compiling clap_builder v4.3.5
[INFO] [stderr]    Compiling hashlink v0.8.3
[INFO] [stderr]    Compiling dirs-sys v0.3.7
[INFO] [stderr]    Compiling csv-core v0.1.10
[INFO] [stderr]    Compiling smawk v0.3.1
[INFO] [stderr]    Compiling fastrand v1.9.0
[INFO] [stderr]    Compiling match_cfg v0.1.0
[INFO] [stderr]    Compiling fallible-streaming-iterator v0.1.9
[INFO] [stderr]    Compiling fallible-iterator v0.2.0
[INFO] [stderr]    Compiling either v1.8.1
[INFO] [stderr]    Compiling unsafe-libyaml v0.2.8
[INFO] [stderr]    Compiling serde_derive v1.0.164
[INFO] [stderr]    Compiling thiserror-impl v1.0.40
[INFO] [stderr]    Compiling clap_derive v4.3.2
[INFO] [stderr]    Compiling unicode-linebreak v0.1.4
[INFO] [stderr]    Compiling thiserror v1.0.40
[INFO] [stderr]    Compiling strum_macros v0.24.3
[INFO] [stderr]    Compiling itertools v0.10.5
[INFO] [stderr]    Compiling clap v4.3.5
[INFO] [stderr]    Compiling hostname v0.3.1
[INFO] [stderr]    Compiling directories v3.0.2
[INFO] [stderr]    Compiling textwrap v0.14.2
[INFO] [stderr]    Compiling atty v0.2.14
[INFO] [stderr]    Compiling is_executable v1.0.1
[INFO] [stderr]    Compiling ansi_term v0.12.1
[INFO] [stderr]    Compiling strum v0.24.1
[INFO] [stderr]    Compiling chrono v0.4.26
[INFO] [stderr]    Compiling csv v1.2.2
[INFO] [stderr]    Compiling toml v0.5.11
[INFO] [stderr]    Compiling serde_yaml v0.9.21
[INFO] [stderr]    Compiling rusqlite v0.28.0
[INFO] [stderr]    Compiling timeago v0.3.1
[INFO] [stderr]    Compiling tiempo v1.9.0 (/opt/rustwide/workdir)
[INFO] [stderr]     Finished dev [unoptimized + debuginfo] target(s) in 1m 17s
[INFO] running `Command { std: "docker" "inspect" "b5107056ed962a8c01439d20bf88b979a37b5c4a91c7a76cb1e05cab7f4cd514", kill_on_drop: false }`
[INFO] running `Command { std: "docker" "rm" "-f" "b5107056ed962a8c01439d20bf88b979a37b5c4a91c7a76cb1e05cab7f4cd514", kill_on_drop: false }`
[INFO] [stdout] b5107056ed962a8c01439d20bf88b979a37b5c4a91c7a76cb1e05cab7f4cd514
[INFO] running `Command { std: "docker" "create" "-v" "/var/lib/crater-agent-workspace/builds/worker-6-tc1/target:/opt/rustwide/target:rw,Z" "-v" "/var/lib/crater-agent-workspace/builds/worker-6-tc1/source:/opt/rustwide/workdir:ro,Z" "-v" "/var/lib/crater-agent-workspace/cargo-home:/opt/rustwide/cargo-home:ro,Z" "-v" "/var/lib/crater-agent-workspace/rustup-home:/opt/rustwide/rustup-home:ro,Z" "-e" "SOURCE_DIR=/opt/rustwide/workdir" "-e" "CARGO_TARGET_DIR=/opt/rustwide/target" "-e" "CARGO_INCREMENTAL=0" "-e" "RUST_BACKTRACE=full" "-e" "RUSTFLAGS=--cap-lints=warn" "-e" "RUSTDOCFLAGS=--cap-lints=warn" "-e" "CARGO_HOME=/opt/rustwide/cargo-home" "-e" "RUSTUP_HOME=/opt/rustwide/rustup-home" "-w" "/opt/rustwide/workdir" "-m" "1610612736" "--user" "0:0" "--network" "none" "ghcr.io/rust-lang/crates-build-env/linux@sha256:2788e3201cd34a07e3172128adcd8b3090168a8e3bcc40d7c032b9dda1df7d1c" "/opt/rustwide/cargo-home/bin/cargo" "+1.75.0" "test" "--frozen" "--no-run" "--message-format=json", kill_on_drop: false }`
[INFO] [stdout] 93046330ab206a3b88b146dba45401251331a14737d7b5ba371dabe43cbb2766
[INFO] running `Command { std: "docker" "start" "-a" "93046330ab206a3b88b146dba45401251331a14737d7b5ba371dabe43cbb2766", kill_on_drop: false }`
[INFO] [stderr]    Compiling diff v0.1.13
[INFO] [stderr]    Compiling yansi v0.5.1
[INFO] [stderr]    Compiling pretty_assertions v1.3.0
[INFO] [stderr]    Compiling tiempo v1.9.0 (/opt/rustwide/workdir)
[INFO] [stdout] error[E0463]: can't find crate for `testutils`
[INFO] [stdout]  --> tests/command_month.rs:1:1
[INFO] [stdout]   |
[INFO] [stdout] 1 | extern crate testutils;
[INFO] [stdout]   | ^^^^^^^^^^^^^^^^^^^^^^^ can't find crate
[INFO] [stdout] 
[INFO] [stdout] 
[INFO] [stdout] error[E0463]: can't find crate for `testutils`
[INFO] [stdout]  --> tests/command_display.rs:1:1
[INFO] [stdout]   |
[INFO] [stdout] 1 | extern crate testutils;
[INFO] [stdout]   | ^^^^^^^^^^^^^^^^^^^^^^^ can't find crate
[INFO] [stdout] 
[INFO] [stdout] 
[INFO] [stdout] error: cannot determine resolution for the macro `run_command`
[INFO] [stdout]  --> tests/command_month.rs:9:18
[INFO] [stdout]   |
[INFO] [stdout] 9 |     let output = run_command!{
[INFO] [stdout]   |                  ^^^^^^^^^^^
[INFO] [stdout]   |
[INFO] [stdout]   = note: import resolution is stuck, try simplifying macro imports
[INFO] [stdout] 
[INFO] [stdout] 
[INFO] [stdout] error: cannot determine resolution for the macro `run_command`
[INFO] [stdout]  --> tests/command_display.rs:9:18
[INFO] [stdout]   |
[INFO] [stdout] 9 |     let output = run_command!{
[INFO] [stdout]   |                  ^^^^^^^^^^^
[INFO] [stdout]   |
[INFO] [stdout]   = note: import resolution is stuck, try simplifying macro imports
[INFO] [stdout] 
[INFO] [stdout] 
[INFO] [stdout] error: aborting due to 2 previous errors
[INFO] [stdout] 
[INFO] [stdout] 
[INFO] [stdout] error: aborting due to 2 previous errors
[INFO] [stdout] 
[INFO] [stdout] 
[INFO] [stdout] For more information about this error, try `rustc --explain E0463`.
[INFO] [stdout] 
[INFO] [stdout] For more information about this error, try `rustc --explain E0463`.
[INFO] [stdout] 
[INFO] [stderr] error: could not compile `tiempo` (test "command_display") due to 3 previous errors
[INFO] [stderr] warning: build failed, waiting for other jobs to finish...
[INFO] [stdout] error[E0463]: can't find crate for `testutils`
[INFO] [stdout]  --> tests/command_yesterday.rs:1:1
[INFO] [stdout]   |
[INFO] [stdout] 1 | extern crate testutils;
[INFO] [stdout]   | ^^^^^^^^^^^^^^^^^^^^^^^ can't find crate
[INFO] [stdout] 
[INFO] [stdout] 
[INFO] [stdout] error: cannot determine resolution for the macro `run_command`
[INFO] [stdout]  --> tests/command_yesterday.rs:9:18
[INFO] [stdout]   |
[INFO] [stdout] 9 |     let output = run_command!{
[INFO] [stdout]   |                  ^^^^^^^^^^^
[INFO] [stdout]   |
[INFO] [stdout]   = note: import resolution is stuck, try simplifying macro imports
[INFO] [stdout] 
[INFO] [stdout] 
[INFO] [stderr] error: could not compile `tiempo` (test "command_month") due to 3 previous errors
[INFO] [stdout] error[E0463]: can't find crate for `testutils`
[INFO] [stdout]  --> tests/command_configure.rs:1:1
[INFO] [stdout]   |
[INFO] [stdout] 1 | extern crate testutils;
[INFO] [stdout]   | ^^^^^^^^^^^^^^^^^^^^^^^ can't find crate
[INFO] [stdout] 
[INFO] [stdout] 
[INFO] [stdout] error: cannot determine resolution for the macro `run_command`
[INFO] [stdout]   --> tests/command_configure.rs:13:18
[INFO] [stdout]    |
[INFO] [stdout] 13 |     let output = run_command!{
[INFO] [stdout]    |                  ^^^^^^^^^^^
[INFO] [stdout]    |
[INFO] [stdout]    = note: import resolution is stuck, try simplifying macro imports
[INFO] [stdout] 
[INFO] [stdout] 
[INFO] [stdout] error[E0463]: can't find crate for `testutils`
[INFO] [stdout]  --> tests/command_kill.rs:1:1
[INFO] [stdout]   |
[INFO] [stdout] 1 | extern crate testutils;
[INFO] [stdout]   | ^^^^^^^^^^^^^^^^^^^^^^^ can't find crate
[INFO] [stdout] 
[INFO] [stdout] 
[INFO] [stdout] error: cannot determine resolution for the macro `run_command`
[INFO] [stdout]   --> tests/command_configure.rs:30:18
[INFO] [stdout]    |
[INFO] [stdout] 30 |     let output = run_command! {
[INFO] [stdout]    |                  ^^^^^^^^^^^
[INFO] [stdout]    |
[INFO] [stdout]    = note: import resolution is stuck, try simplifying macro imports
[INFO] [stdout] 
[INFO] [stdout] 
[INFO] [stdout] error: aborting due to 2 previous errors
[INFO] [stdout] 
[INFO] [stdout] 
[INFO] [stdout] For more information about this error, try `rustc --explain E0463`.
[INFO] [stdout] 
[INFO] [stdout] error[E0463]: can't find crate for `testutils`
[INFO] [stdout]  --> tests/command_week.rs:1:1
[INFO] [stdout]   |
[INFO] [stdout] 1 | extern crate testutils;
[INFO] [stdout]   | ^^^^^^^^^^^^^^^^^^^^^^^ can't find crate
[INFO] [stdout] 
[INFO] [stdout] 
[INFO] [stdout] error: cannot determine resolution for the macro `run_command`
[INFO] [stdout]   --> tests/command_kill.rs:11:18
[INFO] [stdout]    |
[INFO] [stdout] 11 |     let output = run_command!{
[INFO] [stdout]    |                  ^^^^^^^^^^^
[INFO] [stdout]    |
[INFO] [stdout]    = note: import resolution is stuck, try simplifying macro imports
[INFO] [stdout] 
[INFO] [stdout] 
[INFO] [stdout] error: cannot determine resolution for the macro `run_command`
[INFO] [stdout]   --> tests/command_kill.rs:30:18
[INFO] [stdout]    |
[INFO] [stdout] 30 |     let output = run_command!{
[INFO] [stdout]    |                  ^^^^^^^^^^^
[INFO] [stdout]    |
[INFO] [stdout]    = note: import resolution is stuck, try simplifying macro imports
[INFO] [stdout] 
[INFO] [stdout] 
[INFO] [stdout] error: cannot determine resolution for the macro `run_command`
[INFO] [stdout]   --> tests/command_kill.rs:45:18
[INFO] [stdout]    |
[INFO] [stdout] 45 |     let output = run_command!{
[INFO] [stdout]    |                  ^^^^^^^^^^^
[INFO] [stdout]    |
[INFO] [stdout]    = note: import resolution is stuck, try simplifying macro imports
[INFO] [stdout] 
[INFO] [stdout] 
[INFO] [stdout] error: cannot determine resolution for the macro `run_command`
[INFO] [stdout]   --> tests/command_kill.rs:60:18
[INFO] [stdout]    |
[INFO] [stdout] 60 |     let output = run_command!{
[INFO] [stdout]    |                  ^^^^^^^^^^^
[INFO] [stdout]    |
[INFO] [stdout]    = note: import resolution is stuck, try simplifying macro imports
[INFO] [stdout] 
[INFO] [stdout] 
[INFO] [stdout] error: cannot determine resolution for the macro `run_command`
[INFO] [stdout]  --> tests/command_week.rs:9:18
[INFO] [stdout]   |
[INFO] [stdout] 9 |     let output = run_command!{
[INFO] [stdout]   |                  ^^^^^^^^^^^
[INFO] [stdout]   |
[INFO] [stdout]   = note: import resolution is stuck, try simplifying macro imports
[INFO] [stdout] 
[INFO] [stdout] 
[INFO] [stdout] error: cannot determine resolution for the macro `run_command`
[INFO] [stdout]   --> tests/command_kill.rs:75:18
[INFO] [stdout]    |
[INFO] [stdout] 75 |     let output = run_command!{
[INFO] [stdout]    |                  ^^^^^^^^^^^
[INFO] [stdout]    |
[INFO] [stdout]    = note: import resolution is stuck, try simplifying macro imports
[INFO] [stdout] 
[INFO] [stdout] 
[INFO] [stdout] error: cannot determine resolution for the macro `run_command`
[INFO] [stdout]   --> tests/command_kill.rs:94:18
[INFO] [stdout]    |
[INFO] [stdout] 94 |     let output = run_command!{
[INFO] [stdout]    |                  ^^^^^^^^^^^
[INFO] [stdout]    |
[INFO] [stdout]    = note: import resolution is stuck, try simplifying macro imports
[INFO] [stdout] 
[INFO] [stdout] 
[INFO] [stdout] error: cannot determine resolution for the macro `run_command`
[INFO] [stdout]    --> tests/command_kill.rs:113:18
[INFO] [stdout]     |
[INFO] [stdout] 113 |     let output = run_command!{
[INFO] [stdout]     |                  ^^^^^^^^^^^
[INFO] [stdout]     |
[INFO] [stdout]     = note: import resolution is stuck, try simplifying macro imports
[INFO] [stdout] 
[INFO] [stdout] 
[INFO] [stdout] error: cannot determine resolution for the macro `run_command`
[INFO] [stdout]    --> tests/command_kill.rs:132:18
[INFO] [stdout]     |
[INFO] [stdout] 132 |     let output = run_command!{
[INFO] [stdout]     |                  ^^^^^^^^^^^
[INFO] [stdout]     |
[INFO] [stdout]     = note: import resolution is stuck, try simplifying macro imports
[INFO] [stdout] 
[INFO] [stdout] 
[INFO] [stderr] error: could not compile `tiempo` (test "command_yesterday") due to 3 previous errors
[INFO] [stdout] warning: unused import: `std::fs::File`
[INFO] [stdout]  --> tests/command_kill.rs:3:5
[INFO] [stdout]   |
[INFO] [stdout] 3 | use std::fs::File;
[INFO] [stdout]   |     ^^^^^^^^^^^^^
[INFO] [stdout]   |
[INFO] [stdout]   = note: `#[warn(unused_imports)]` on by default
[INFO] [stdout] 
[INFO] [stdout] 
[INFO] [stdout] error: aborting due to 2 previous errors
[INFO] [stdout] 
[INFO] [stdout] 
[INFO] [stdout] For more information about this error, try `rustc --explain E0463`.
[INFO] [stdout] 
[INFO] [stdout] error: aborting due to 3 previous errors
[INFO] [stdout] 
[INFO] [stdout] 
[INFO] [stdout] For more information about this error, try `rustc --explain E0463`.
[INFO] [stdout] 
[INFO] [stderr] error: could not compile `tiempo` (test "command_week") due to 3 previous errors
[INFO] [stderr] error: could not compile `tiempo` (test "command_configure") due to 4 previous errors
[INFO] [stdout] error: aborting due to 9 previous errors; 1 warning emitted
[INFO] [stdout] 
[INFO] [stdout] 
[INFO] [stdout] For more information about this error, try `rustc --explain E0463`.
[INFO] [stdout] 
[INFO] [stderr] error: could not compile `tiempo` (test "command_kill") due to 10 previous errors; 1 warning emitted
[INFO] running `Command { std: "docker" "inspect" "93046330ab206a3b88b146dba45401251331a14737d7b5ba371dabe43cbb2766", kill_on_drop: false }`
[INFO] running `Command { std: "docker" "rm" "-f" "93046330ab206a3b88b146dba45401251331a14737d7b5ba371dabe43cbb2766", kill_on_drop: false }`
[INFO] [stdout] 93046330ab206a3b88b146dba45401251331a14737d7b5ba371dabe43cbb2766
[INFO] testing tiempo-1.9.0 against beta-2023-12-22 for beta-1.76-1
[INFO] extracting crate tiempo 1.9.0 into /workspace/builds/worker-6-tc2/source
[INFO] validating manifest of crates.io crate tiempo 1.9.0 on toolchain beta-2023-12-22
[INFO] running `Command { std: CARGO_HOME="/workspace/cargo-home" RUSTUP_HOME="/workspace/rustup-home" "/workspace/cargo-home/bin/cargo" "+beta-2023-12-22" "metadata" "--manifest-path" "Cargo.toml" "--no-deps", kill_on_drop: false }`
[INFO] started tweaking crates.io crate tiempo 1.9.0
[INFO] finished tweaking crates.io crate tiempo 1.9.0
[INFO] tweaked toml for crates.io crate tiempo 1.9.0 written to /workspace/builds/worker-6-tc2/source/Cargo.toml
[INFO] crate crates.io crate tiempo 1.9.0 already has a lockfile, it will not be regenerated
[INFO] running `Command { std: CARGO_HOME="/workspace/cargo-home" RUSTUP_HOME="/workspace/rustup-home" "/workspace/cargo-home/bin/cargo" "+beta-2023-12-22" "fetch" "--manifest-path" "Cargo.toml", kill_on_drop: false }`
[INFO] running `Command { std: "docker" "create" "-v" "/var/lib/crater-agent-workspace/builds/worker-6-tc2/target:/opt/rustwide/target:rw,Z" "-v" "/var/lib/crater-agent-workspace/builds/worker-6-tc2/source:/opt/rustwide/workdir:ro,Z" "-v" "/var/lib/crater-agent-workspace/cargo-home:/opt/rustwide/cargo-home:ro,Z" "-v" "/var/lib/crater-agent-workspace/rustup-home:/opt/rustwide/rustup-home:ro,Z" "-e" "SOURCE_DIR=/opt/rustwide/workdir" "-e" "CARGO_TARGET_DIR=/opt/rustwide/target" "-e" "CARGO_HOME=/opt/rustwide/cargo-home" "-e" "RUSTUP_HOME=/opt/rustwide/rustup-home" "-w" "/opt/rustwide/workdir" "-m" "1610612736" "--user" "0:0" "--network" "none" "ghcr.io/rust-lang/crates-build-env/linux@sha256:2788e3201cd34a07e3172128adcd8b3090168a8e3bcc40d7c032b9dda1df7d1c" "/opt/rustwide/cargo-home/bin/cargo" "+beta-2023-12-22" "metadata" "--no-deps" "--format-version=1", kill_on_drop: false }`
[INFO] [stdout] 816a615e70e0c401b6078c103ff9ff04caaf89ab5ea7ba758e359d221f6d3b9c
[INFO] running `Command { std: "docker" "start" "-a" "816a615e70e0c401b6078c103ff9ff04caaf89ab5ea7ba758e359d221f6d3b9c", kill_on_drop: false }`
[INFO] running `Command { std: "docker" "inspect" "816a615e70e0c401b6078c103ff9ff04caaf89ab5ea7ba758e359d221f6d3b9c", kill_on_drop: false }`
[INFO] running `Command { std: "docker" "rm" "-f" "816a615e70e0c401b6078c103ff9ff04caaf89ab5ea7ba758e359d221f6d3b9c", kill_on_drop: false }`
[INFO] [stdout] 816a615e70e0c401b6078c103ff9ff04caaf89ab5ea7ba758e359d221f6d3b9c
[INFO] running `Command { std: "docker" "create" "-v" "/var/lib/crater-agent-workspace/builds/worker-6-tc2/target:/opt/rustwide/target:rw,Z" "-v" "/var/lib/crater-agent-workspace/builds/worker-6-tc2/source:/opt/rustwide/workdir:ro,Z" "-v" "/var/lib/crater-agent-workspace/cargo-home:/opt/rustwide/cargo-home:ro,Z" "-v" "/var/lib/crater-agent-workspace/rustup-home:/opt/rustwide/rustup-home:ro,Z" "-e" "SOURCE_DIR=/opt/rustwide/workdir" "-e" "CARGO_TARGET_DIR=/opt/rustwide/target" "-e" "CARGO_INCREMENTAL=0" "-e" "RUST_BACKTRACE=full" "-e" "RUSTFLAGS=--cap-lints=warn" "-e" "RUSTDOCFLAGS=--cap-lints=warn" "-e" "CARGO_HOME=/opt/rustwide/cargo-home" "-e" "RUSTUP_HOME=/opt/rustwide/rustup-home" "-w" "/opt/rustwide/workdir" "-m" "1610612736" "--user" "0:0" "--network" "none" "ghcr.io/rust-lang/crates-build-env/linux@sha256:2788e3201cd34a07e3172128adcd8b3090168a8e3bcc40d7c032b9dda1df7d1c" "/opt/rustwide/cargo-home/bin/cargo" "+beta-2023-12-22" "build" "--frozen" "--message-format=json", kill_on_drop: false }`
[INFO] [stdout] f57c37689fc9232796aed5b967f2f86bdcda47142fae022ed84c9128c05c4806
[INFO] running `Command { std: "docker" "start" "-a" "f57c37689fc9232796aed5b967f2f86bdcda47142fae022ed84c9128c05c4806", kill_on_drop: false }`
[INFO] [stderr]    Compiling proc-macro2 v1.0.60
[INFO] [stderr]    Compiling quote v1.0.28
[INFO] [stderr]    Compiling unicode-ident v1.0.9
[INFO] [stderr]    Compiling libc v0.2.146
[INFO] [stderr]    Compiling rand_core v0.4.2
[INFO] [stderr]    Compiling memchr v2.5.0
[INFO] [stderr]    Compiling serde v1.0.164
[INFO] [stderr]    Compiling rand_chacha v0.1.1
[INFO] [stderr]    Compiling rand_core v0.3.1
[INFO] [stderr]    Compiling rand_pcg v0.1.2
[INFO] [stderr]    Compiling siphasher v0.2.3
[INFO] [stderr]    Compiling io-lifetimes v1.0.11
[INFO] [stderr]    Compiling rand v0.6.5
[INFO] [stderr]    Compiling phf_shared v0.7.24
[INFO] [stderr]    Compiling rand_isaac v0.1.1
[INFO] [stderr]    Compiling rand_hc v0.1.0
[INFO] [stderr]    Compiling rand_xorshift v0.1.1
[INFO] [stderr]    Compiling rand_jitter v0.1.4
[INFO] [stderr]    Compiling ahash v0.7.6
[INFO] [stderr]    Compiling rustix v0.37.20
[INFO] [stderr]    Compiling once_cell v1.18.0
[INFO] [stderr]    Compiling ahash v0.8.3
[INFO] [stderr]    Compiling aho-corasick v1.0.2
[INFO] [stderr]    Compiling rand_os v0.1.3
[INFO] [stderr]    Compiling syn v2.0.18
[INFO] [stderr]    Compiling getrandom v0.2.10
[INFO] [stderr]    Compiling num-traits v0.2.15
[INFO] [stderr]    Compiling regex-syntax v0.7.2
[INFO] [stderr]    Compiling hashbrown v0.12.3
[INFO] [stderr]    Compiling cc v1.0.79
[INFO] [stderr]    Compiling rustversion v1.0.12
[INFO] [stderr]    Compiling phf_generator v0.7.24
[INFO] [stderr]    Compiling syn v1.0.109
[INFO] [stderr]    Compiling pkg-config v0.3.27
[INFO] [stderr]    Compiling phf_codegen v0.7.24
[INFO] [stderr]    Compiling anstyle-parse v0.2.1
[INFO] [stderr]    Compiling isolang v1.0.0
[INFO] [stderr]    Compiling time v0.1.45
[INFO] [stderr]    Compiling libsqlite3-sys v0.25.2
[INFO] [stderr]    Compiling regex v1.8.4
[INFO] [stderr]    Compiling indexmap v1.9.3
[INFO] [stderr]    Compiling itoa v1.0.6
[INFO] [stderr]    Compiling ryu v1.0.13
[INFO] [stderr]    Compiling anstyle v1.0.1
[INFO] [stderr]    Compiling iana-time-zone v0.1.57
[INFO] [stderr]    Compiling allocator-api2 v0.2.15
[INFO] [stderr]    Compiling hashbrown v0.14.0
[INFO] [stderr]    Compiling is-terminal v0.4.7
[INFO] [stderr]    Compiling phf v0.7.24
[INFO] [stderr]    Compiling anstream v0.3.2
[INFO] [stderr]    Compiling tempfile v3.6.0
[INFO] [stderr]    Compiling serde_json v1.0.97
[INFO] [stderr]    Compiling serde_derive v1.0.164
[INFO] [stderr]    Compiling thiserror-impl v1.0.40
[INFO] [stderr]    Compiling clap_derive v4.3.2
[INFO] [stderr]    Compiling clap_builder v4.3.5
[INFO] [stderr]    Compiling hashlink v0.8.3
[INFO] [stderr]    Compiling unicode-linebreak v0.1.4
[INFO] [stderr]    Compiling dirs-sys v0.3.7
[INFO] [stderr]    Compiling csv-core v0.1.10
[INFO] [stderr]    Compiling fallible-iterator v0.2.0
[INFO] [stderr]    Compiling fallible-streaming-iterator v0.1.9
[INFO] [stderr]    Compiling strum_macros v0.24.3
[INFO] [stderr]    Compiling fastrand v1.9.0
[INFO] [stderr]    Compiling smawk v0.3.1
[INFO] [stderr]    Compiling unsafe-libyaml v0.2.8
[INFO] [stderr]    Compiling match_cfg v0.1.0
[INFO] [stderr]    Compiling either v1.8.1
[INFO] [stderr]    Compiling itertools v0.10.5
[INFO] [stderr]    Compiling textwrap v0.14.2
[INFO] [stderr]    Compiling hostname v0.3.1
[INFO] [stderr]    Compiling clap v4.3.5
[INFO] [stderr]    Compiling directories v3.0.2
[INFO] [stderr]    Compiling thiserror v1.0.40
[INFO] [stderr]    Compiling atty v0.2.14
[INFO] [stderr]    Compiling ansi_term v0.12.1
[INFO] [stderr]    Compiling is_executable v1.0.1
[INFO] [stderr]    Compiling strum v0.24.1
[INFO] [stderr]    Compiling chrono v0.4.26
[INFO] [stderr]    Compiling toml v0.5.11
[INFO] [stderr]    Compiling csv v1.2.2
[INFO] [stderr]    Compiling serde_yaml v0.9.21
[INFO] [stderr]    Compiling rusqlite v0.28.0
[INFO] [stderr]    Compiling timeago v0.3.1
[INFO] [stderr]    Compiling tiempo v1.9.0 (/opt/rustwide/workdir)
[INFO] [stderr]     Finished dev [unoptimized + debuginfo] target(s) in 1m 17s
[INFO] running `Command { std: "docker" "inspect" "f57c37689fc9232796aed5b967f2f86bdcda47142fae022ed84c9128c05c4806", kill_on_drop: false }`
[INFO] running `Command { std: "docker" "rm" "-f" "f57c37689fc9232796aed5b967f2f86bdcda47142fae022ed84c9128c05c4806", kill_on_drop: false }`
[INFO] [stdout] f57c37689fc9232796aed5b967f2f86bdcda47142fae022ed84c9128c05c4806
[INFO] running `Command { std: "docker" "create" "-v" "/var/lib/crater-agent-workspace/builds/worker-6-tc2/target:/opt/rustwide/target:rw,Z" "-v" "/var/lib/crater-agent-workspace/builds/worker-6-tc2/source:/opt/rustwide/workdir:ro,Z" "-v" "/var/lib/crater-agent-workspace/cargo-home:/opt/rustwide/cargo-home:ro,Z" "-v" "/var/lib/crater-agent-workspace/rustup-home:/opt/rustwide/rustup-home:ro,Z" "-e" "SOURCE_DIR=/opt/rustwide/workdir" "-e" "CARGO_TARGET_DIR=/opt/rustwide/target" "-e" "CARGO_INCREMENTAL=0" "-e" "RUST_BACKTRACE=full" "-e" "RUSTFLAGS=--cap-lints=warn" "-e" "RUSTDOCFLAGS=--cap-lints=warn" "-e" "CARGO_HOME=/opt/rustwide/cargo-home" "-e" "RUSTUP_HOME=/opt/rustwide/rustup-home" "-w" "/opt/rustwide/workdir" "-m" "1610612736" "--user" "0:0" "--network" "none" "ghcr.io/rust-lang/crates-build-env/linux@sha256:2788e3201cd34a07e3172128adcd8b3090168a8e3bcc40d7c032b9dda1df7d1c" "/opt/rustwide/cargo-home/bin/cargo" "+beta-2023-12-22" "test" "--frozen" "--no-run" "--message-format=json", kill_on_drop: false }`
[INFO] [stdout] f43b9e5a105ba0a1ab613ed3aa93cb7a164791f219fe4e9f674711da22e2eff4
[INFO] running `Command { std: "docker" "start" "-a" "f43b9e5a105ba0a1ab613ed3aa93cb7a164791f219fe4e9f674711da22e2eff4", kill_on_drop: false }`
[INFO] [stderr]    Compiling yansi v0.5.1
[INFO] [stderr]    Compiling diff v0.1.13
[INFO] [stderr]    Compiling pretty_assertions v1.3.0
[INFO] [stderr]    Compiling tiempo v1.9.0 (/opt/rustwide/workdir)
[INFO] [stdout] error[E0463]: can't find crate for `testutils`
[INFO] [stdout]  --> tests/command_display.rs:1:1
[INFO] [stdout]   |
[INFO] [stdout] 1 | extern crate testutils;
[INFO] [stdout]   | ^^^^^^^^^^^^^^^^^^^^^^^ can't find crate
[INFO] [stdout] 
[INFO] [stdout] 
[INFO] [stdout] error: cannot determine resolution for the macro `run_command`
[INFO] [stdout]  --> tests/command_display.rs:9:18
[INFO] [stdout]   |
[INFO] [stdout] 9 |     let output = run_command!{
[INFO] [stdout]   |                  ^^^^^^^^^^^
[INFO] [stdout]   |
[INFO] [stdout]   = note: import resolution is stuck, try simplifying macro imports
[INFO] [stdout] 
[INFO] [stdout] 
[INFO] [stdout] error[E0463]: can't find crate for `testutils`
[INFO] [stdout]  --> tests/command_month.rs:1:1
[INFO] [stdout]   |
[INFO] [stdout] 1 | extern crate testutils;
[INFO] [stdout]   | ^^^^^^^^^^^^^^^^^^^^^^^ can't find crate
[INFO] [stdout] 
[INFO] [stdout] 
[INFO] [stdout] error: cannot determine resolution for the macro `run_command`
[INFO] [stdout]  --> tests/command_month.rs:9:18
[INFO] [stdout]   |
[INFO] [stdout] 9 |     let output = run_command!{
[INFO] [stdout]   |                  ^^^^^^^^^^^
[INFO] [stdout]   |
[INFO] [stdout]   = note: import resolution is stuck, try simplifying macro imports
[INFO] [stdout] 
[INFO] [stdout] 
[INFO] [stdout] error: aborting due to 2 previous errors
[INFO] [stdout] 
[INFO] [stdout] 
[INFO] [stdout] For more information about this error, try `rustc --explain E0463`.
[INFO] [stdout] 
[INFO] [stderr] error: could not compile `tiempo` (test "command_display") due to 3 previous errors
[INFO] [stdout] error[E0463]: can't find crate for `testutils`
[INFO] [stdout]  --> tests/command_configure.rs:1:1
[INFO] [stdout]   |
[INFO] [stdout] 1 | extern crate testutils;
[INFO] [stdout]   | ^^^^^^^^^^^^^^^^^^^^^^^ can't find crate
[INFO] [stdout] 
[INFO] [stdout] 
[INFO] [stderr] warning: build failed, waiting for other jobs to finish...
[INFO] [stdout] error[E0463]: can't find crate for `testutils`
[INFO] [stdout]  --> tests/command_today.rs:1:1
[INFO] [stdout]   |
[INFO] [stdout] 1 | extern crate testutils;
[INFO] [stdout]   | ^^^^^^^^^^^^^^^^^^^^^^^ can't find crate
[INFO] [stdout] 
[INFO] [stdout] 
[INFO] [stdout] error: cannot determine resolution for the macro `run_command`
[INFO] [stdout]  --> tests/command_today.rs:9:18
[INFO] [stdout]   |
[INFO] [stdout] 9 |     let output = run_command!{
[INFO] [stdout]   |                  ^^^^^^^^^^^
[INFO] [stdout]   |
[INFO] [stdout]   = note: import resolution is stuck, try simplifying macro imports
[INFO] [stdout] 
[INFO] [stdout] 
[INFO] [stdout] error[E0463]: can't find crate for `testutils`
[INFO] [stdout]  --> tests/command_yesterday.rs:1:1
[INFO] [stdout]   |
[INFO] [stdout] 1 | extern crate testutils;
[INFO] [stdout]   | ^^^^^^^^^^^^^^^^^^^^^^^ can't find crate
[INFO] [stdout] 
[INFO] [stdout] 
[INFO] [stdout] error[E0463]: can't find crate for `testutils`
[INFO] [stdout]  --> tests/command_week.rs:1:1
[INFO] [stdout]   |
[INFO] [stdout] 1 | extern crate testutils;
[INFO] [stdout]   | ^^^^^^^^^^^^^^^^^^^^^^^ can't find crate
[INFO] [stdout] 
[INFO] [stdout] 
[INFO] [stdout] error: cannot determine resolution for the macro `run_command`
[INFO] [stdout]  --> tests/command_week.rs:9:18
[INFO] [stdout]   |
[INFO] [stdout] 9 |     let output = run_command!{
[INFO] [stdout]   |                  ^^^^^^^^^^^
[INFO] [stdout]   |
[INFO] [stdout]   = note: import resolution is stuck, try simplifying macro imports
[INFO] [stdout] 
[INFO] [stdout] 
[INFO] [stdout] error: cannot determine resolution for the macro `run_command`
[INFO] [stdout]  --> tests/command_yesterday.rs:9:18
[INFO] [stdout]   |
[INFO] [stdout] 9 |     let output = run_command!{
[INFO] [stdout]   |                  ^^^^^^^^^^^
[INFO] [stdout]   |
[INFO] [stdout]   = note: import resolution is stuck, try simplifying macro imports
[INFO] [stdout] 
[INFO] [stdout] 
[INFO] [stdout] error: aborting due to 2 previous errors
[INFO] [stdout] 
[INFO] [stdout] 
[INFO] [stdout] error: aborting due to 2 previous errors
[INFO] [stdout] 
[INFO] [stdout] 
[INFO] [stdout] For more information about this error, try `rustc --explain E0463`.
[INFO] [stdout] 
[INFO] [stdout] For more information about this error, try `rustc --explain E0463`.
[INFO] [stdout] 
[INFO] [stderr] error: could not compile `tiempo` (test "command_today") due to 3 previous errors
[INFO] [stdout] error: cannot determine resolution for the macro `run_command`
[INFO] [stdout]   --> tests/command_configure.rs:13:18
[INFO] [stdout]    |
[INFO] [stdout] 13 |     let output = run_command!{
[INFO] [stdout]    |                  ^^^^^^^^^^^
[INFO] [stdout]    |
[INFO] [stdout]    = note: import resolution is stuck, try simplifying macro imports
[INFO] [stdout] 
[INFO] [stdout] 
[INFO] [stdout] error: cannot determine resolution for the macro `run_command`
[INFO] [stdout]   --> tests/command_configure.rs:30:18
[INFO] [stdout]    |
[INFO] [stdout] 30 |     let output = run_command! {
[INFO] [stdout]    |                  ^^^^^^^^^^^
[INFO] [stdout]    |
[INFO] [stdout]    = note: import resolution is stuck, try simplifying macro imports
[INFO] [stdout] 
[INFO] [stdout] 
[INFO] [stdout] error: aborting due to 2 previous errors
[INFO] [stdout] 
[INFO] [stdout] 
[INFO] [stderr] error: could not compile `tiempo` (test "command_month") due to 3 previous errors
[INFO] [stdout] For more information about this error, try `rustc --explain E0463`.
[INFO] [stdout] 
[INFO] [stdout] error: aborting due to 2 previous errors
[INFO] [stdout] 
[INFO] [stdout] 
[INFO] [stdout] For more information about this error, try `rustc --explain E0463`.
[INFO] [stdout] 
[INFO] [stderr] error: could not compile `tiempo` (test "command_week") due to 3 previous errors
[INFO] [stderr] error: could not compile `tiempo` (test "command_yesterday") due to 3 previous errors
[INFO] [stdout] error: aborting due to 3 previous errors
[INFO] [stdout] 
[INFO] [stdout] 
[INFO] [stderr] error: could not compile `tiempo` (test "command_configure") due to 4 previous errors
[INFO] [stdout] For more information about this error, try `rustc --explain E0463`.
[INFO] [stdout] 
[INFO] running `Command { std: "docker" "inspect" "f43b9e5a105ba0a1ab613ed3aa93cb7a164791f219fe4e9f674711da22e2eff4", kill_on_drop: false }`
[INFO] running `Command { std: "docker" "rm" "-f" "f43b9e5a105ba0a1ab613ed3aa93cb7a164791f219fe4e9f674711da22e2eff4", kill_on_drop: false }`
[INFO] [stdout] f43b9e5a105ba0a1ab613ed3aa93cb7a164791f219fe4e9f674711da22e2eff4
