[INFO] fetching crate thrash 0.1.0...
[INFO] testing thrash-0.1.0 against 1.75.0 for beta-1.76-1
[INFO] extracting crate thrash 0.1.0 into /workspace/builds/worker-7-tc1/source
[INFO] validating manifest of crates.io crate thrash 0.1.0 on toolchain 1.75.0
[INFO] running `Command { std: CARGO_HOME="/workspace/cargo-home" RUSTUP_HOME="/workspace/rustup-home" "/workspace/cargo-home/bin/cargo" "+1.75.0" "metadata" "--manifest-path" "Cargo.toml" "--no-deps", kill_on_drop: false }`
[INFO] started tweaking crates.io crate thrash 0.1.0
[INFO] finished tweaking crates.io crate thrash 0.1.0
[INFO] tweaked toml for crates.io crate thrash 0.1.0 written to /workspace/builds/worker-7-tc1/source/Cargo.toml
[INFO] running `Command { std: CARGO_HOME="/workspace/cargo-home" RUSTUP_HOME="/workspace/rustup-home" "/workspace/cargo-home/bin/cargo" "+1.75.0" "generate-lockfile" "--manifest-path" "Cargo.toml", kill_on_drop: false }`
[INFO] [stderr]     Blocking waiting for file lock on package cache
[INFO] [stderr]     Updating crates.io index
[INFO] running `Command { std: CARGO_HOME="/workspace/cargo-home" RUSTUP_HOME="/workspace/rustup-home" "/workspace/cargo-home/bin/cargo" "+1.75.0" "fetch" "--manifest-path" "Cargo.toml", kill_on_drop: false }`
[INFO] [stderr]  Downloading crates ...
[INFO] [stderr]   Downloaded http-muncher v0.3.2
[INFO] [stderr]   Downloaded mockito v0.13.0
[INFO] [stderr]   Downloaded cached v0.6.2
[INFO] running `Command { std: "docker" "create" "-v" "/var/lib/crater-agent-workspace/builds/worker-7-tc1/target:/opt/rustwide/target:rw,Z" "-v" "/var/lib/crater-agent-workspace/builds/worker-7-tc1/source:/opt/rustwide/workdir:ro,Z" "-v" "/var/lib/crater-agent-workspace/cargo-home:/opt/rustwide/cargo-home:ro,Z" "-v" "/var/lib/crater-agent-workspace/rustup-home:/opt/rustwide/rustup-home:ro,Z" "-e" "SOURCE_DIR=/opt/rustwide/workdir" "-e" "CARGO_TARGET_DIR=/opt/rustwide/target" "-e" "CARGO_HOME=/opt/rustwide/cargo-home" "-e" "RUSTUP_HOME=/opt/rustwide/rustup-home" "-w" "/opt/rustwide/workdir" "-m" "1610612736" "--user" "0:0" "--network" "none" "ghcr.io/rust-lang/crates-build-env/linux@sha256:2788e3201cd34a07e3172128adcd8b3090168a8e3bcc40d7c032b9dda1df7d1c" "/opt/rustwide/cargo-home/bin/cargo" "+1.75.0" "metadata" "--no-deps" "--format-version=1", kill_on_drop: false }`
[INFO] [stdout] fe2e95d4327ab98c61e680150457ae5e0709b76eb5f913a609ba7cf6aaa0b8fd
[INFO] running `Command { std: "docker" "start" "-a" "fe2e95d4327ab98c61e680150457ae5e0709b76eb5f913a609ba7cf6aaa0b8fd", kill_on_drop: false }`
[INFO] running `Command { std: "docker" "inspect" "fe2e95d4327ab98c61e680150457ae5e0709b76eb5f913a609ba7cf6aaa0b8fd", kill_on_drop: false }`
[INFO] running `Command { std: "docker" "rm" "-f" "fe2e95d4327ab98c61e680150457ae5e0709b76eb5f913a609ba7cf6aaa0b8fd", kill_on_drop: false }`
[INFO] [stdout] fe2e95d4327ab98c61e680150457ae5e0709b76eb5f913a609ba7cf6aaa0b8fd
[INFO] running `Command { std: "docker" "create" "-v" "/var/lib/crater-agent-workspace/builds/worker-7-tc1/target:/opt/rustwide/target:rw,Z" "-v" "/var/lib/crater-agent-workspace/builds/worker-7-tc1/source:/opt/rustwide/workdir:ro,Z" "-v" "/var/lib/crater-agent-workspace/cargo-home:/opt/rustwide/cargo-home:ro,Z" "-v" "/var/lib/crater-agent-workspace/rustup-home:/opt/rustwide/rustup-home:ro,Z" "-e" "SOURCE_DIR=/opt/rustwide/workdir" "-e" "CARGO_TARGET_DIR=/opt/rustwide/target" "-e" "CARGO_INCREMENTAL=0" "-e" "RUST_BACKTRACE=full" "-e" "RUSTFLAGS=--cap-lints=warn" "-e" "RUSTDOCFLAGS=--cap-lints=warn" "-e" "CARGO_HOME=/opt/rustwide/cargo-home" "-e" "RUSTUP_HOME=/opt/rustwide/rustup-home" "-w" "/opt/rustwide/workdir" "-m" "1610612736" "--user" "0:0" "--network" "none" "ghcr.io/rust-lang/crates-build-env/linux@sha256:2788e3201cd34a07e3172128adcd8b3090168a8e3bcc40d7c032b9dda1df7d1c" "/opt/rustwide/cargo-home/bin/cargo" "+1.75.0" "build" "--frozen" "--message-format=json", kill_on_drop: false }`
[INFO] [stdout] 9c8e1c0fd70133848781ff9411a536217578d930781f0e54773eb8196f7db38b
[INFO] running `Command { std: "docker" "start" "-a" "9c8e1c0fd70133848781ff9411a536217578d930781f0e54773eb8196f7db38b", kill_on_drop: false }`
[INFO] [stderr]    Compiling libc v0.2.151
[INFO] [stderr]    Compiling futures v0.1.31
[INFO] [stderr]    Compiling semver-parser v0.7.0
[INFO] [stderr]    Compiling maybe-uninit v2.0.0
[INFO] [stderr]    Compiling crossbeam-utils v0.7.2
[INFO] [stderr]    Compiling either v1.9.0
[INFO] [stderr]    Compiling byteorder v1.5.0
[INFO] [stderr]    Compiling log v0.4.20
[INFO] [stderr]    Compiling tinyvec_macros v0.1.1
[INFO] [stderr]    Compiling semver v0.9.0
[INFO] [stderr]    Compiling tinyvec v1.6.0
[INFO] [stderr]    Compiling autocfg v0.1.8
[INFO] [stderr]    Compiling rustc_version v0.2.3
[INFO] [stderr]    Compiling rand_core v0.4.2
[INFO] [stderr]    Compiling unicode-bidi v0.3.14
[INFO] [stderr]    Compiling memoffset v0.5.6
[INFO] [stderr]    Compiling pkg-config v0.3.28
[INFO] [stderr]    Compiling parking_lot_core v0.6.3
[INFO] [stderr]    Compiling vcpkg v0.2.15
[INFO] [stderr]    Compiling parking_lot v0.9.0
[INFO] [stderr]    Compiling smallvec v0.6.14
[INFO] [stderr]    Compiling unicode-normalization v0.1.22
[INFO] [stderr]    Compiling tokio-executor v0.1.10
[INFO] [stderr]    Compiling crossbeam-epoch v0.8.2
[INFO] [stderr]    Compiling matches v0.1.10
[INFO] [stderr]    Compiling rand_core v0.3.1
[INFO] [stderr]    Compiling lock_api v0.3.4
[INFO] [stderr]    Compiling syn v1.0.109
[INFO] [stderr]    Compiling itoa v0.4.8
[INFO] [stderr]    Compiling version_check v0.9.4
[INFO] [stderr]    Compiling tokio-sync v0.1.8
[INFO] [stderr]    Compiling indexmap v1.9.3
[INFO] [stderr]    Compiling serde v1.0.194
[INFO] [stderr]    Compiling iovec v0.1.4
[INFO] [stderr]    Compiling cc v1.0.83
[INFO] [stderr]    Compiling bytes v0.4.12
[INFO] [stderr]    Compiling num_cpus v1.16.0
[INFO] [stderr]    Compiling net2 v0.2.39
[INFO] [stderr]    Compiling unicase v2.7.0
[INFO] [stderr]    Compiling adler v1.0.2
[INFO] [stderr]    Compiling miniz_oxide v0.7.1
[INFO] [stderr]    Compiling mio v0.6.23
[INFO] [stderr]    Compiling tokio-io v0.1.13
[INFO] [stderr]    Compiling http v0.1.21
[INFO] [stderr]    Compiling crossbeam-deque v0.7.4
[INFO] [stderr]    Compiling tokio-reactor v0.1.12
[INFO] [stderr]    Compiling time v0.1.45
[INFO] [stderr]    Compiling idna v0.1.5
[INFO] [stderr]    Compiling openssl-sys v0.9.98
[INFO] [stderr]    Compiling backtrace v0.3.69
[INFO] [stderr]    Compiling crossbeam-queue v0.2.3
[INFO] [stderr]    Compiling serde_derive v1.0.194
[INFO] [stderr]    Compiling rand_chacha v0.1.1
[INFO] [stderr]    Compiling rand_pcg v0.1.2
[INFO] [stderr]    Compiling hashbrown v0.12.3
[INFO] [stderr]    Compiling foreign-types-shared v0.1.1
[INFO] [stderr]    Compiling unicode-xid v0.2.4
[INFO] [stderr]    Compiling percent-encoding v1.0.1
[INFO] [stderr]    Compiling gimli v0.28.1
[INFO] [stderr]    Compiling openssl v0.10.62
[INFO] [stderr]    Compiling httparse v1.8.0
[INFO] [stderr]    Compiling failure_derive v0.1.8
[INFO] [stderr]    Compiling percent-encoding v2.3.1
[INFO] [stderr]    Compiling object v0.32.2
[INFO] [stderr]    Compiling form_urlencoded v1.2.1
[INFO] [stderr]    Compiling synstructure v0.12.6
[INFO] [stderr]    Compiling url v1.7.2
[INFO] [stderr]    Compiling foreign-types v0.3.2
[INFO] [stderr]    Compiling tokio-threadpool v0.1.18
[INFO] [stderr]    Compiling tokio-tcp v0.1.4
[INFO] [stderr]    Compiling addr2line v0.21.0
[INFO] [stderr]    Compiling string v0.2.1
[INFO] [stderr]    Compiling tokio-buf v0.1.1
[INFO] [stderr]    Compiling idna v0.5.0
[INFO] [stderr]    Compiling tokio-current-thread v0.1.7
[INFO] [stderr]    Compiling tokio-timer v0.2.13
[INFO] [stderr]    Compiling hyper v0.12.36
[INFO] [stderr]    Compiling openssl-macros v0.1.1
[INFO] [stderr]    Compiling rand v0.6.5
[INFO] [stderr]    Compiling bitflags v2.4.1
[INFO] [stderr]    Compiling serde_json v1.0.111
[INFO] [stderr]    Compiling rustc-demangle v0.1.23
[INFO] [stderr]    Compiling native-tls v0.2.11
[INFO] [stderr]    Compiling crc32fast v1.3.2
[INFO] [stderr]    Compiling try-lock v0.2.5
[INFO] [stderr]    Compiling once_cell v1.19.0
[INFO] [stderr]    Compiling want v0.2.0
[INFO] [stderr]    Compiling tokio v0.1.22
[INFO] [stderr]    Compiling url v2.5.0
[INFO] [stderr]    Compiling http-body v0.1.0
[INFO] [stderr]    Compiling h2 v0.1.26
[INFO] [stderr]    Compiling mime_guess v2.0.4
[INFO] [stderr]    Compiling futures-cpupool v0.1.8
[INFO] [stderr]    Compiling rand_os v0.1.3
[INFO] [stderr]    Compiling idna v0.2.3
[INFO] [stderr]    Compiling rand_isaac v0.1.1
[INFO] [stderr]    Compiling rand_hc v0.1.0
[INFO] [stderr]    Compiling rand_xorshift v0.1.1
[INFO] [stderr]    Compiling rand_jitter v0.1.4
[INFO] [stderr]    Compiling ryu v1.0.16
[INFO] [stderr]    Compiling openssl-probe v0.1.5
[INFO] [stderr]    Compiling itoa v1.0.10
[INFO] [stderr]    Compiling publicsuffix v1.5.6
[INFO] [stderr]    Compiling failure v0.1.8
[INFO] [stderr]    Compiling cookie v0.12.0
[INFO] [stderr]    Compiling try_from v0.3.2
[INFO] [stderr]    Compiling dtoa v0.4.8
[INFO] [stderr]    Compiling mime v0.3.17
[INFO] [stderr]    Compiling uuid v0.7.4
[INFO] [stderr]    Compiling flate2 v1.0.28
[INFO] [stderr]    Compiling encoding_rs v0.8.33
[INFO] [stderr]    Compiling base64 v0.10.1
[INFO] [stderr]    Compiling itertools v0.7.11
[INFO] [stderr]    Compiling cached v0.6.2
[INFO] [stderr]    Compiling serde_urlencoded v0.5.5
[INFO] [stderr]    Compiling hyper-tls v0.3.2
[INFO] [stderr]    Compiling cookie_store v0.7.0
[INFO] [stderr]    Compiling reqwest v0.9.24
[INFO] [stderr]    Compiling thrash v0.1.0 (/opt/rustwide/workdir)
[INFO] [stdout] warning: field `repository` is never read
[INFO] [stdout]    --> src/auth/access.rs:259:5
[INFO] [stdout]     |
[INFO] [stdout] 257 | pub struct RepositoryKeyAccess {
[INFO] [stdout]     |            ------------------- field in this struct
[INFO] [stdout] 258 |     key: SshKey,
[INFO] [stdout] 259 |     repository: Repository,
[INFO] [stdout]     |     ^^^^^^^^^^
[INFO] [stdout]     |
[INFO] [stdout]     = note: `RepositoryKeyAccess` has a derived impl for the trait `Debug`, but this is intentionally ignored during dead code analysis
[INFO] [stdout]     = note: `#[warn(dead_code)]` on by default
[INFO] [stdout] 
[INFO] [stdout] 
[INFO] [stdout] warning: field `project` is never read
[INFO] [stdout]    --> src/auth/access.rs:273:5
[INFO] [stdout]     |
[INFO] [stdout] 271 | pub struct ProjectKeyAccess {
[INFO] [stdout]     |            ---------------- field in this struct
[INFO] [stdout] 272 |     key: SshKey,
[INFO] [stdout] 273 |     project: Project,
[INFO] [stdout]     |     ^^^^^^^
[INFO] [stdout]     |
[INFO] [stdout]     = note: `ProjectKeyAccess` has a derived impl for the trait `Debug`, but this is intentionally ignored during dead code analysis
[INFO] [stdout] 
[INFO] [stdout] 
[INFO] [stdout] warning: fields `id` and `text` are never read
[INFO] [stdout]    --> src/auth/access.rs:310:5
[INFO] [stdout]     |
[INFO] [stdout] 309 | pub struct SshKey {
[INFO] [stdout]     |            ------ fields in this struct
[INFO] [stdout] 310 |     id: u64,
[INFO] [stdout]     |     ^^
[INFO] [stdout] 311 |     text: String,
[INFO] [stdout]     |     ^^^^
[INFO] [stdout]     |
[INFO] [stdout]     = note: `SshKey` has a derived impl for the trait `Debug`, but this is intentionally ignored during dead code analysis
[INFO] [stdout] 
[INFO] [stdout] 
[INFO] [stdout] warning: fields `size` and `start` are never read
[INFO] [stdout]    --> src/client.rs:169:5
[INFO] [stdout]     |
[INFO] [stdout] 168 | struct Page<T> {
[INFO] [stdout]     |        ---- fields in this struct
[INFO] [stdout] 169 |     size: u64,
[INFO] [stdout]     |     ^^^^
[INFO] [stdout] ...
[INFO] [stdout] 173 |     start: u64,
[INFO] [stdout]     |     ^^^^^
[INFO] [stdout]     |
[INFO] [stdout]     = note: `Page` has a derived impl for the trait `Debug`, but this is intentionally ignored during dead code analysis
[INFO] [stdout] 
[INFO] [stdout] 
[INFO] [stdout] warning: field `start` is never read
[INFO] [stdout]    --> src/client.rs:180:5
[INFO] [stdout]     |
[INFO] [stdout] 178 | struct LinePage {
[INFO] [stdout]     |        -------- field in this struct
[INFO] [stdout] 179 |     lines: Vec<Line>,
[INFO] [stdout] 180 |     start: u64,
[INFO] [stdout]     |     ^^^^^
[INFO] [stdout]     |
[INFO] [stdout]     = note: `LinePage` has a derived impl for the trait `Debug`, but this is intentionally ignored during dead code analysis
[INFO] [stdout] 
[INFO] [stdout] 
[INFO] [stdout] warning: 5 warnings emitted
[INFO] [stdout] 
[INFO] [stdout] 
[INFO] [stderr]     Finished dev [unoptimized + debuginfo] target(s) in 28.57s
[INFO] running `Command { std: "docker" "inspect" "9c8e1c0fd70133848781ff9411a536217578d930781f0e54773eb8196f7db38b", kill_on_drop: false }`
[INFO] running `Command { std: "docker" "rm" "-f" "9c8e1c0fd70133848781ff9411a536217578d930781f0e54773eb8196f7db38b", kill_on_drop: false }`
[INFO] [stdout] 9c8e1c0fd70133848781ff9411a536217578d930781f0e54773eb8196f7db38b
[INFO] running `Command { std: "docker" "create" "-v" "/var/lib/crater-agent-workspace/builds/worker-7-tc1/target:/opt/rustwide/target:rw,Z" "-v" "/var/lib/crater-agent-workspace/builds/worker-7-tc1/source:/opt/rustwide/workdir:ro,Z" "-v" "/var/lib/crater-agent-workspace/cargo-home:/opt/rustwide/cargo-home:ro,Z" "-v" "/var/lib/crater-agent-workspace/rustup-home:/opt/rustwide/rustup-home:ro,Z" "-e" "SOURCE_DIR=/opt/rustwide/workdir" "-e" "CARGO_TARGET_DIR=/opt/rustwide/target" "-e" "CARGO_INCREMENTAL=0" "-e" "RUST_BACKTRACE=full" "-e" "RUSTFLAGS=--cap-lints=warn" "-e" "RUSTDOCFLAGS=--cap-lints=warn" "-e" "CARGO_HOME=/opt/rustwide/cargo-home" "-e" "RUSTUP_HOME=/opt/rustwide/rustup-home" "-w" "/opt/rustwide/workdir" "-m" "1610612736" "--user" "0:0" "--network" "none" "ghcr.io/rust-lang/crates-build-env/linux@sha256:2788e3201cd34a07e3172128adcd8b3090168a8e3bcc40d7c032b9dda1df7d1c" "/opt/rustwide/cargo-home/bin/cargo" "+1.75.0" "test" "--frozen" "--no-run" "--message-format=json", kill_on_drop: false }`
[INFO] [stdout] b6bc329eb1786521603951f06c13b21625f07623c6827262389cf2ff138a6256
[INFO] running `Command { std: "docker" "start" "-a" "b6bc329eb1786521603951f06c13b21625f07623c6827262389cf2ff138a6256", kill_on_drop: false }`
[INFO] [stderr]    Compiling rustix v0.38.28
[INFO] [stderr]    Compiling linux-raw-sys v0.4.12
[INFO] [stderr]    Compiling http-muncher v0.3.2
[INFO] [stderr]    Compiling ucd-util v0.1.10
[INFO] [stderr]    Compiling regex v0.2.11
[INFO] [stderr]    Compiling aho-corasick v0.6.10
[INFO] [stderr]    Compiling rand v0.4.6
[INFO] [stderr]    Compiling thread_local v0.3.6
[INFO] [stderr]    Compiling regex-syntax v0.5.6
[INFO] [stderr]    Compiling utf8-ranges v1.0.5
[INFO] [stderr]    Compiling lazy_static v0.2.11
[INFO] [stderr]    Compiling difference v2.0.0
[INFO] [stdout] warning: field `repository` is never read
[INFO] [stdout]    --> src/auth/access.rs:259:5
[INFO] [stdout]     |
[INFO] [stdout] 257 | pub struct RepositoryKeyAccess {
[INFO] [stdout]     |            ------------------- field in this struct
[INFO] [stdout] 258 |     key: SshKey,
[INFO] [stdout] 259 |     repository: Repository,
[INFO] [stdout]     |     ^^^^^^^^^^
[INFO] [stdout]     |
[INFO] [stdout]     = note: `RepositoryKeyAccess` has a derived impl for the trait `Debug`, but this is intentionally ignored during dead code analysis
[INFO] [stdout]     = note: `#[warn(dead_code)]` on by default
[INFO] [stdout] 
[INFO] [stdout] 
[INFO] [stdout] warning: field `project` is never read
[INFO] [stdout]    --> src/auth/access.rs:273:5
[INFO] [stdout]     |
[INFO] [stdout] 271 | pub struct ProjectKeyAccess {
[INFO] [stdout]     |            ---------------- field in this struct
[INFO] [stdout] 272 |     key: SshKey,
[INFO] [stdout] 273 |     project: Project,
[INFO] [stdout]     |     ^^^^^^^
[INFO] [stdout]     |
[INFO] [stdout]     = note: `ProjectKeyAccess` has a derived impl for the trait `Debug`, but this is intentionally ignored during dead code analysis
[INFO] [stdout] 
[INFO] [stdout] 
[INFO] [stdout] warning: fields `id` and `text` are never read
[INFO] [stdout]    --> src/auth/access.rs:310:5
[INFO] [stdout]     |
[INFO] [stdout] 309 | pub struct SshKey {
[INFO] [stdout]     |            ------ fields in this struct
[INFO] [stdout] 310 |     id: u64,
[INFO] [stdout]     |     ^^
[INFO] [stdout] 311 |     text: String,
[INFO] [stdout]     |     ^^^^
[INFO] [stdout]     |
[INFO] [stdout]     = note: `SshKey` has a derived impl for the trait `Debug`, but this is intentionally ignored during dead code analysis
[INFO] [stdout] 
[INFO] [stdout] 
[INFO] [stdout] warning: fields `size` and `start` are never read
[INFO] [stdout]    --> src/client.rs:169:5
[INFO] [stdout]     |
[INFO] [stdout] 168 | struct Page<T> {
[INFO] [stdout]     |        ---- fields in this struct
[INFO] [stdout] 169 |     size: u64,
[INFO] [stdout]     |     ^^^^
[INFO] [stdout] ...
[INFO] [stdout] 173 |     start: u64,
[INFO] [stdout]     |     ^^^^^
[INFO] [stdout]     |
[INFO] [stdout]     = note: `Page` has a derived impl for the trait `Debug`, but this is intentionally ignored during dead code analysis
[INFO] [stdout] 
[INFO] [stdout] 
[INFO] [stdout] warning: field `start` is never read
[INFO] [stdout]    --> src/client.rs:180:5
[INFO] [stdout]     |
[INFO] [stdout] 178 | struct LinePage {
[INFO] [stdout]     |        -------- field in this struct
[INFO] [stdout] 179 |     lines: Vec<Line>,
[INFO] [stdout] 180 |     start: u64,
[INFO] [stdout]     |     ^^^^^
[INFO] [stdout]     |
[INFO] [stdout]     = note: `LinePage` has a derived impl for the trait `Debug`, but this is intentionally ignored during dead code analysis
[INFO] [stdout] 
[INFO] [stdout] 
[INFO] [stdout] warning: 5 warnings emitted
[INFO] [stdout] 
[INFO] [stdout] 
[INFO] [stderr]    Compiling rand v0.3.23
[INFO] [stderr]    Compiling is-terminal v0.4.10
[INFO] [stderr]    Compiling colored v1.9.4
[INFO] [stderr]    Compiling mockito v0.13.0
[INFO] [stderr]    Compiling thrash v0.1.0 (/opt/rustwide/workdir)
[INFO] [stdout] warning: field `repository` is never read
[INFO] [stdout]    --> src/auth/access.rs:259:5
[INFO] [stdout]     |
[INFO] [stdout] 257 | pub struct RepositoryKeyAccess {
[INFO] [stdout]     |            ------------------- field in this struct
[INFO] [stdout] 258 |     key: SshKey,
[INFO] [stdout] 259 |     repository: Repository,
[INFO] [stdout]     |     ^^^^^^^^^^
[INFO] [stdout]     |
[INFO] [stdout]     = note: `RepositoryKeyAccess` has a derived impl for the trait `Debug`, but this is intentionally ignored during dead code analysis
[INFO] [stdout]     = note: `#[warn(dead_code)]` on by default
[INFO] [stdout] 
[INFO] [stdout] 
[INFO] [stdout] warning: field `project` is never read
[INFO] [stdout]    --> src/auth/access.rs:273:5
[INFO] [stdout]     |
[INFO] [stdout] 271 | pub struct ProjectKeyAccess {
[INFO] [stdout]     |            ---------------- field in this struct
[INFO] [stdout] 272 |     key: SshKey,
[INFO] [stdout] 273 |     project: Project,
[INFO] [stdout]     |     ^^^^^^^
[INFO] [stdout]     |
[INFO] [stdout]     = note: `ProjectKeyAccess` has a derived impl for the trait `Debug`, but this is intentionally ignored during dead code analysis
[INFO] [stdout] 
[INFO] [stdout] 
[INFO] [stdout] warning: fields `id` and `text` are never read
[INFO] [stdout]    --> src/auth/access.rs:310:5
[INFO] [stdout]     |
[INFO] [stdout] 309 | pub struct SshKey {
[INFO] [stdout]     |            ------ fields in this struct
[INFO] [stdout] 310 |     id: u64,
[INFO] [stdout]     |     ^^
[INFO] [stdout] 311 |     text: String,
[INFO] [stdout]     |     ^^^^
[INFO] [stdout]     |
[INFO] [stdout]     = note: `SshKey` has a derived impl for the trait `Debug`, but this is intentionally ignored during dead code analysis
[INFO] [stdout] 
[INFO] [stdout] 
[INFO] [stdout] warning: fields `size` and `start` are never read
[INFO] [stdout]    --> src/client.rs:169:5
[INFO] [stdout]     |
[INFO] [stdout] 168 | struct Page<T> {
[INFO] [stdout]     |        ---- fields in this struct
[INFO] [stdout] 169 |     size: u64,
[INFO] [stdout]     |     ^^^^
[INFO] [stdout] ...
[INFO] [stdout] 173 |     start: u64,
[INFO] [stdout]     |     ^^^^^
[INFO] [stdout]     |
[INFO] [stdout]     = note: `Page` has a derived impl for the trait `Debug`, but this is intentionally ignored during dead code analysis
[INFO] [stdout] 
[INFO] [stdout] 
[INFO] [stdout] warning: field `start` is never read
[INFO] [stdout]    --> src/client.rs:180:5
[INFO] [stdout]     |
[INFO] [stdout] 178 | struct LinePage {
[INFO] [stdout]     |        -------- field in this struct
[INFO] [stdout] 179 |     lines: Vec<Line>,
[INFO] [stdout] 180 |     start: u64,
[INFO] [stdout]     |     ^^^^^
[INFO] [stdout]     |
[INFO] [stdout]     = note: `LinePage` has a derived impl for the trait `Debug`, but this is intentionally ignored during dead code analysis
[INFO] [stdout] 
[INFO] [stdout] 
[INFO] [stdout] error: linking with `cc` failed: exit status: 1
[INFO] [stdout]   |
[INFO] [stdout]   = note: LC_ALL="C" PATH="/opt/rustwide/rustup-home/toolchains/1.75.0-x86_64-unknown-linux-gnu/lib/rustlib/x86_64-unknown-linux-gnu/bin:/opt/rustwide/cargo-home/bin:/usr/local/sbin:/usr/local/bin:/usr/sbin:/usr/bin:/sbin:/bin" VSLANG="1033" "cc" "-m64" "/tmp/rustcuCA96L/symbols.o" "/opt/rustwide/target/debug/deps/repository-d4a30f63163b46ab.repository.12bcd5c953bf8cae-cgu.0.rcgu.o" "/opt/rustwide/target/debug/deps/repository-d4a30f63163b46ab.2f6x6y8gqjg9tf4g.rcgu.o" "-Wl,--as-needed" "-L" "/opt/rustwide/target/debug/deps" "-L" "/opt/rustwide/target/debug/build/http-muncher-09c81819e3119c67/out" "-L" "/opt/rustwide/rustup-home/toolchains/1.75.0-x86_64-unknown-linux-gnu/lib/rustlib/x86_64-unknown-linux-gnu/lib" "-Wl,-Bstatic" "/opt/rustwide/rustup-home/toolchains/1.75.0-x86_64-unknown-linux-gnu/lib/rustlib/x86_64-unknown-linux-gnu/lib/libtest-3df1bed8075ce1de.rlib" "/opt/rustwide/rustup-home/toolchains/1.75.0-x86_64-unknown-linux-gnu/lib/rustlib/x86_64-unknown-linux-gnu/lib/libgetopts-2076fd86b325cb5d.rlib" "/opt/rustwide/rustup-home/toolchains/1.75.0-x86_64-unknown-linux-gnu/lib/rustlib/x86_64-unknown-linux-gnu/lib/libunicode_width-caa7152ee70c190f.rlib" "/opt/rustwide/rustup-home/toolchains/1.75.0-x86_64-unknown-linux-gnu/lib/rustlib/x86_64-unknown-linux-gnu/lib/librustc_std_workspace_std-04e6425e07f02a3c.rlib" "/opt/rustwide/target/debug/deps/libthrash-ab92a491dd6fff4e.rlib" "/opt/rustwide/target/debug/deps/libreqwest-74ed9f4417969bc7.rlib" "/opt/rustwide/target/debug/deps/libuuid-07ac31c31612f604.rlib" "/opt/rustwide/target/debug/deps/librand-947e72c3948ad058.rlib" "/opt/rustwide/target/debug/deps/librand_xorshift-9b7e196cd50c4e67.rlib" "/opt/rustwide/target/debug/deps/librand_pcg-39107a4cc57ccea5.rlib" "/opt/rustwide/target/debug/deps/librand_hc-677515abc5e770db.rlib" "/opt/rustwide/target/debug/deps/librand_chacha-adff71a8c2e03c9d.rlib" "/opt/rustwide/target/debug/deps/librand_isaac-9055555a0ce64bea.rlib" "/opt/rustwide/target/debug/deps/librand_core-2d6f500acd6a936c.rlib" "/opt/rustwide/target/debug/deps/librand_os-81d1ff4e38564a0d.rlib" "/opt/rustwide/target/debug/deps/librand_jitter-e0716e2be2341726.rlib" "/opt/rustwide/target/debug/deps/librand_core-5f8dc8f8f4491b97.rlib" "/opt/rustwide/target/debug/deps/libserde_urlencoded-2cb689a1e874ecda.rlib" "/opt/rustwide/target/debug/deps/libdtoa-665aa5830ef0260e.rlib" "/opt/rustwide/target/debug/deps/libmime_guess-b52504f9ddbbfa9c.rlib" "/opt/rustwide/target/debug/deps/libunicase-131885e46c9d146d.rlib" "/opt/rustwide/target/debug/deps/libmime-7e306270d8ceb372.rlib" "/opt/rustwide/target/debug/deps/libflate2-2bb4b5915f036a54.rlib" "/opt/rustwide/target/debug/deps/libcrc32fast-664446237529ebff.rlib" "/opt/rustwide/target/debug/deps/libhyper_tls-0da54425e699a1eb.rlib" "/opt/rustwide/target/debug/deps/libnative_tls-3af0636a950131e6.rlib" "/opt/rustwide/target/debug/deps/libopenssl_probe-d850575132083d7c.rlib" "/opt/rustwide/target/debug/deps/libopenssl-2c5ff4097ffe98df.rlib" "/opt/rustwide/target/debug/deps/libonce_cell-63be820ac0ed0954.rlib" "/opt/rustwide/target/debug/deps/libforeign_types-c05743815e5b8a9d.rlib" "/opt/rustwide/target/debug/deps/libforeign_types_shared-d149f5491fde2862.rlib" "/opt/rustwide/target/debug/deps/libopenssl_sys-f8e76e4ab1799714.rlib" "/opt/rustwide/target/debug/deps/libhyper-84f53504ab9aae84.rlib" "/opt/rustwide/target/debug/deps/libwant-95ecb7e0961c771e.rlib" "/opt/rustwide/target/debug/deps/libtry_lock-ba0ec0947155aa20.rlib" "/opt/rustwide/target/debug/deps/libtokio-617f16bbd884836c.rlib" "/opt/rustwide/target/debug/deps/libtokio_timer-5879a73f13d790e8.rlib" "/opt/rustwide/target/debug/deps/libtokio_threadpool-bd88e86d0dbc0c63.rlib" "/opt/rustwide/target/debug/deps/libcrossbeam_queue-c5563bd9f963b5a9.rlib" "/opt/rustwide/target/debug/deps/libcrossbeam_deque-b16be8723014cb64.rlib" "/opt/rustwide/target/debug/deps/libcrossbeam_epoch-2eefb546c17400b4.rlib" "/opt/rustwide/target/debug/deps/libmemoffset-391bf7ec82acb482.rlib" "/opt/rustwide/target/debug/deps/libtokio_tcp-5b99681cb9ee607f.rlib" "/opt/rustwide/target/debug/deps/libtokio_reactor-78e08a16d9b67eae.rlib" "/opt/rustwide/target/debug/deps/libtokio_sync-08ea48bc61321deb.rlib" "/opt/rustwide/target/debug/deps/libparking_lot-c84c5cc8015054ea.rlib" "/opt/rustwide/target/debug/deps/libparking_lot_core-e9a5455203bd3274.rlib" "/opt/rustwide/target/debug/deps/libsmallvec-d0609e27bcb54d1d.rlib" "/opt/rustwide/target/debug/deps/libmaybe_uninit-5d087cbaeefa52e2.rlib" "/opt/rustwide/target/debug/deps/liblock_api-66bae9b5c6af1fce.rlib" "/opt/rustwide/target/debug/deps/libscopeguard-012e5ed929fc2fe6.rlib" "/opt/rustwide/target/debug/deps/libtokio_current_thread-0ec463f1ca04bf29.rlib" "/opt/rustwide/target/debug/deps/libtokio_executor-1cf9988edc02426a.rlib" "/opt/rustwide/target/debug/deps/libcrossbeam_utils-642de20fe914a5f2.rlib" "/opt/rustwide/target/debug/deps/libmio-4b6685f79126fbef.rlib" "/opt/rustwide/target/debug/deps/libnet2-07be40c26687f8c4.rlib" "/opt/rustwide/target/debug/deps/libhttparse-64f1ffbeda450424.rlib" "/opt/rustwide/target/debug/deps/libhttp_body-d9cd57b33cff5a0a.rlib" "/opt/rustwide/target/debug/deps/libtokio_buf-641ddc17bbd86cae.rlib" "/opt/rustwide/target/debug/deps/libh2-fbafcd56a326a3fd.rlib" "/opt/rustwide/target/debug/deps/libindexmap-7b2113ac7fccbab6.rlib" "/opt/rustwide/target/debug/deps/libhashbrown-567986452cb9bc94.rlib" "/opt/rustwide/target/debug/deps/libstring-279ac8139682368b.rlib" "/opt/rustwide/target/debug/deps/libslab-6eb39baadbe9101c.rlib" "/opt/rustwide/target/debug/deps/libtokio_io-cdb793a9651fdd5e.rlib" "/opt/rustwide/target/debug/deps/libfutures_cpupool-20fe1a787abc7079.rlib" "/opt/rustwide/target/debug/deps/libnum_cpus-d4708e9618b376f9.rlib" "/opt/rustwide/target/debug/deps/libhttp-03cb19406190c0d0.rlib" "/opt/rustwide/target/debug/deps/libitoa-88dc5e7d606068cc.rlib" "/opt/rustwide/target/debug/deps/libfnv-18bf5144d055e772.rlib" "/opt/rustwide/target/debug/deps/libfutures-8d8915a23f05644b.rlib" "/opt/rustwide/target/debug/deps/libencoding_rs-000c97fafd38c2ed.rlib" "/opt/rustwide/target/debug/deps/libcookie_store-664cf79e9c608008.rlib" "/opt/rustwide/target/debug/deps/libpublicsuffix-45b8396eeddd9523.rlib" "/opt/rustwide/target/debug/deps/libidna-ad9dbac65afa869f.rlib" "/opt/rustwide/target/debug/deps/liburl-6415f4a0e2585893.rlib" "/opt/rustwide/target/debug/deps/libidna-f4c6dc12c81bea2a.rlib" "/opt/rustwide/target/debug/deps/libform_urlencoded-ef5eb70334031c86.rlib" "/opt/rustwide/target/debug/deps/libpercent_encoding-fe0d57427b4d92e0.rlib" "/opt/rustwide/target/debug/deps/libtry_from-f76d6ad68028474c.rlib" "/opt/rustwide/target/debug/deps/libcfg_if-925b73a2e437f0c3.rlib" "/opt/rustwide/target/debug/deps/libcookie-a849b1e0a0050e04.rlib" "/opt/rustwide/target/debug/deps/libtime-29918f4542d2a484.rlib" "/opt/rustwide/target/debug/deps/liburl-5eb6abafa299dfb6.rlib" "/opt/rustwide/target/debug/deps/libidna-1c39b7924ead49eb.rlib" "/opt/rustwide/target/debug/deps/libunicode_normalization-e1c1be84a555e587.rlib" "/opt/rustwide/target/debug/deps/libtinyvec-cf6c9f6b792a5507.rlib" "/opt/rustwide/target/debug/deps/libtinyvec_macros-b1cb7f53f58c9f87.rlib" "/opt/rustwide/target/debug/deps/libunicode_bidi-9e36a2b0928c1d80.rlib" "/opt/rustwide/target/debug/deps/libmatches-5e4cb3d4c3233fbd.rlib" "/opt/rustwide/target/debug/deps/libbytes-2c3443e881dd6e9d.rlib" "/opt/rustwide/target/debug/deps/libiovec-829156e2f90dc6bd.rlib" "/opt/rustwide/target/debug/deps/libbase64-30cb3015b498dd6d.rlib" "/opt/rustwide/target/debug/deps/libbyteorder-e9468b374a0c0c11.rlib" "/opt/rustwide/target/debug/deps/libpercent_encoding-139f6dad4c5bd392.rlib" "/opt/rustwide/target/debug/deps/liblog-4f472032e8cdd371.rlib" "/opt/rustwide/target/debug/deps/libitertools-0af79a1f7c09f56f.rlib" "/opt/rustwide/target/debug/deps/libeither-ff4e6ab7d60eb8c1.rlib" "/opt/rustwide/target/debug/deps/libcached-6ca4cfc316facdfb.rlib" "/opt/rustwide/target/debug/deps/libmockito-3767efe374285f5d.rlib" "/opt/rustwide/target/debug/deps/libcolored-83b02bcbed78a9e2.rlib" "/opt/rustwide/target/debug/deps/libis_terminal-baf539422834e89a.rlib" "/opt/rustwide/target/debug/deps/librustix-103ccd1ef98b030f.rlib" "/opt/rustwide/target/debug/deps/libbitflags-912d270082a3a4ea.rlib" "/opt/rustwide/target/debug/deps/liblinux_raw_sys-2091734e5f15aeaa.rlib" "/opt/rustwide/target/debug/deps/libdifference-d6d136d0781dc2bb.rlib" "/opt/rustwide/target/debug/deps/libserde_json-24a4c6737c3b85b6.rlib" "/opt/rustwide/target/debug/deps/libryu-5f304b1b6393964f.rlib" "/opt/rustwide/target/debug/deps/libitoa-5f181af53b99b92c.rlib" "/opt/rustwide/target/debug/deps/libserde-de74a60ae7075efe.rlib" "/opt/rustwide/target/debug/deps/liblazy_static-f3c2a39b584a8c58.rlib" "/opt/rustwide/target/debug/deps/libregex-3cce5e2b06fe87ad.rlib" "/opt/rustwide/target/debug/deps/libutf8_ranges-4ad094584ea8f45b.rlib" "/opt/rustwide/target/debug/deps/libregex_syntax-2696e54958e00d15.rlib" "/opt/rustwide/target/debug/deps/libucd_util-a038f79afc473100.rlib" "/opt/rustwide/target/debug/deps/libthread_local-a8c51dbf257b3fb9.rlib" "/opt/rustwide/target/debug/deps/liblazy_static-591486ebcb9a7ead.rlib" "/opt/rustwide/target/debug/deps/libaho_corasick-f031fd6ed75ff267.rlib" "/opt/rustwide/target/debug/deps/librand-388fbd0ba5e4d46b.rlib" "/opt/rustwide/target/debug/deps/librand-ecd8ee92bfb8e148.rlib" "/opt/rustwide/target/debug/deps/libhttp_muncher-c767bf3a10395e33.rlib" "/opt/rustwide/target/debug/deps/libfailure-98d969be31cc6f7e.rlib" "/opt/rustwide/target/debug/deps/libbacktrace-771ec93326b34b4b.rlib" "/opt/rustwide/target/debug/deps/libminiz_oxide-f272f5814aa49507.rlib" "/opt/rustwide/target/debug/deps/libadler-c8f2240c56a0abca.rlib" "/opt/rustwide/target/debug/deps/libobject-e7796a9e8e532c53.rlib" "/opt/rustwide/target/debug/deps/libmemchr-94009dd89ebb9d8d.rlib" "/opt/rustwide/target/debug/deps/liblibc-4f34ddd04c373408.rlib" "/opt/rustwide/target/debug/deps/libaddr2line-2d4126a5dc567f39.rlib" "/opt/rustwide/target/debug/deps/libgimli-7f4f1abc0cbbfdc4.rlib" "/opt/rustwide/target/debug/deps/libcfg_if-61dc7a6799e72b18.rlib" "/opt/rustwide/target/debug/deps/librustc_demangle-7ef8571a19a75907.rlib" "/opt/rustwide/rustup-home/toolchains/1.75.0-x86_64-unknown-linux-gnu/lib/rustlib/x86_64-unknown-linux-gnu/lib/libstd-90f6ddbf82de36ec.rlib" "/opt/rustwide/rustup-home/toolchains/1.75.0-x86_64-unknown-linux-gnu/lib/rustlib/x86_64-unknown-linux-gnu/lib/libpanic_unwind-480c41e9d4e1f677.rlib" "/opt/rustwide/rustup-home/toolchains/1.75.0-x86_64-unknown-linux-gnu/lib/rustlib/x86_64-unknown-linux-gnu/lib/libobject-db744c0ca03eed1d.rlib" "/opt/rustwide/rustup-home/toolchains/1.75.0-x86_64-unknown-linux-gnu/lib/rustlib/x86_64-unknown-linux-gnu/lib/libmemchr-8ba652dc7d4b285a.rlib" "/opt/rustwide/rustup-home/toolchains/1.75.0-x86_64-unknown-linux-gnu/lib/rustlib/x86_64-unknown-linux-gnu/lib/libaddr2line-d5f4520a9ebc0d58.rlib" "/opt/rustwide/rustup-home/toolchains/1.75.0-x86_64-unknown-linux-gnu/lib/rustlib/x86_64-unknown-linux-gnu/lib/libgimli-4ad84de58f0cb463.rlib" "/opt/rustwide/rustup-home/toolchains/1.75.0-x86_64-unknown-linux-gnu/lib/rustlib/x86_64-unknown-linux-gnu/lib/librustc_demangle-0d10aae2e0f38735.rlib" "/opt/rustwide/rustup-home/toolchains/1.75.0-x86_64-unknown-linux-gnu/lib/rustlib/x86_64-unknown-linux-gnu/lib/libstd_detect-0c17cff739e6745b.rlib" "/opt/rustwide/rustup-home/toolchains/1.75.0-x86_64-unknown-linux-gnu/lib/rustlib/x86_64-unknown-linux-gnu/lib/libhashbrown-b29e17139dde1aa8.rlib" "/opt/rustwide/rustup-home/toolchains/1.75.0-x86_64-unknown-linux-gnu/lib/rustlib/x86_64-unknown-linux-gnu/lib/librustc_std_workspace_alloc-1f975299829cc7bd.rlib" "/opt/rustwide/rustup-home/toolchains/1.75.0-x86_64-unknown-linux-gnu/lib/rustlib/x86_64-unknown-linux-gnu/lib/libminiz_oxide-86bae3bc3079f89b.rlib" "/opt/rustwide/rustup-home/toolchains/1.75.0-x86_64-unknown-linux-gnu/lib/rustlib/x86_64-unknown-linux-gnu/lib/libadler-321b82c30dffdf5f.rlib" "/opt/rustwide/rustup-home/toolchains/1.75.0-x86_64-unknown-linux-gnu/lib/rustlib/x86_64-unknown-linux-gnu/lib/libunwind-3dd8a6810a0bdfef.rlib" "/opt/rustwide/rustup-home/toolchains/1.75.0-x86_64-unknown-linux-gnu/lib/rustlib/x86_64-unknown-linux-gnu/lib/libcfg_if-eb39a61c0c879984.rlib" "/opt/rustwide/rustup-home/toolchains/1.75.0-x86_64-unknown-linux-gnu/lib/rustlib/x86_64-unknown-linux-gnu/lib/liblibc-aa769569f91c3548.rlib" "/opt/rustwide/rustup-home/toolchains/1.75.0-x86_64-unknown-linux-gnu/lib/rustlib/x86_64-unknown-linux-gnu/lib/liballoc-510a192a50a983ed.rlib" "/opt/rustwide/rustup-home/toolchains/1.75.0-x86_64-unknown-linux-gnu/lib/rustlib/x86_64-unknown-linux-gnu/lib/librustc_std_workspace_core-0577018320f99037.rlib" "/opt/rustwide/rustup-home/toolchains/1.75.0-x86_64-unknown-linux-gnu/lib/rustlib/x86_64-unknown-linux-gnu/lib/libcore-193cf992125ccd4c.rlib" "/opt/rustwide/rustup-home/toolchains/1.75.0-x86_64-unknown-linux-gnu/lib/rustlib/x86_64-unknown-linux-gnu/lib/libcompiler_builtins-8e138eaf26ebb4a8.rlib" "-Wl,-Bdynamic" "-lssl" "-lcrypto" "-lgcc_s" "-lutil" "-lrt" "-lpthread" "-lm" "-ldl" "-lc" "-Wl,--eh-frame-hdr" "-Wl,-z,noexecstack" "-L" "/opt/rustwide/rustup-home/toolchains/1.75.0-x86_64-unknown-linux-gnu/lib/rustlib/x86_64-unknown-linux-gnu/lib" "-o" "/opt/rustwide/target/debug/deps/repository-d4a30f63163b46ab" "-Wl,--gc-sections" "-pie" "-Wl,-z,relro,-z,now" "-nodefaultlibs"
[INFO] [stdout]   = note: collect2: fatal error: ld terminated with signal 9 [Killed]
[INFO] [stdout]           compilation terminated.
[INFO] [stdout]           
[INFO] [stdout] 
[INFO] [stdout] 
[INFO] [stdout] error: aborting due to previous error
[INFO] [stdout] 
[INFO] [stdout] 
[INFO] [stderr] error: could not compile `thrash` (test "repository") due to 2 previous errors
[INFO] [stderr] warning: build failed, waiting for other jobs to finish...
[INFO] [stdout] warning: 5 warnings emitted
[INFO] [stdout] 
[INFO] [stdout] 
[INFO] [stdout] error: linking with `cc` failed: exit status: 1
[INFO] [stdout]   |
[INFO] [stdout]   = note: LC_ALL="C" PATH="/opt/rustwide/rustup-home/toolchains/1.75.0-x86_64-unknown-linux-gnu/lib/rustlib/x86_64-unknown-linux-gnu/bin:/opt/rustwide/cargo-home/bin:/usr/local/sbin:/usr/local/bin:/usr/sbin:/usr/bin:/sbin:/bin" VSLANG="1033" "cc" "-m64" "/tmp/rustcugqICW/symbols.o" "/opt/rustwide/target/debug/deps/user-c6df0f6c1ca1ab33.user.8141fc99465a43d4-cgu.0.rcgu.o" "/opt/rustwide/target/debug/deps/user-c6df0f6c1ca1ab33.4jc5ge9wbgv5yloa.rcgu.o" "-Wl,--as-needed" "-L" "/opt/rustwide/target/debug/deps" "-L" "/opt/rustwide/target/debug/build/http-muncher-09c81819e3119c67/out" "-L" "/opt/rustwide/rustup-home/toolchains/1.75.0-x86_64-unknown-linux-gnu/lib/rustlib/x86_64-unknown-linux-gnu/lib" "-Wl,-Bstatic" "/opt/rustwide/rustup-home/toolchains/1.75.0-x86_64-unknown-linux-gnu/lib/rustlib/x86_64-unknown-linux-gnu/lib/libtest-3df1bed8075ce1de.rlib" "/opt/rustwide/rustup-home/toolchains/1.75.0-x86_64-unknown-linux-gnu/lib/rustlib/x86_64-unknown-linux-gnu/lib/libgetopts-2076fd86b325cb5d.rlib" "/opt/rustwide/rustup-home/toolchains/1.75.0-x86_64-unknown-linux-gnu/lib/rustlib/x86_64-unknown-linux-gnu/lib/libunicode_width-caa7152ee70c190f.rlib" "/opt/rustwide/rustup-home/toolchains/1.75.0-x86_64-unknown-linux-gnu/lib/rustlib/x86_64-unknown-linux-gnu/lib/librustc_std_workspace_std-04e6425e07f02a3c.rlib" "/opt/rustwide/target/debug/deps/libthrash-ab92a491dd6fff4e.rlib" "/opt/rustwide/target/debug/deps/libreqwest-74ed9f4417969bc7.rlib" "/opt/rustwide/target/debug/deps/libuuid-07ac31c31612f604.rlib" "/opt/rustwide/target/debug/deps/librand-947e72c3948ad058.rlib" "/opt/rustwide/target/debug/deps/librand_xorshift-9b7e196cd50c4e67.rlib" "/opt/rustwide/target/debug/deps/librand_pcg-39107a4cc57ccea5.rlib" "/opt/rustwide/target/debug/deps/librand_hc-677515abc5e770db.rlib" "/opt/rustwide/target/debug/deps/librand_chacha-adff71a8c2e03c9d.rlib" "/opt/rustwide/target/debug/deps/librand_isaac-9055555a0ce64bea.rlib" "/opt/rustwide/target/debug/deps/librand_core-2d6f500acd6a936c.rlib" "/opt/rustwide/target/debug/deps/librand_os-81d1ff4e38564a0d.rlib" "/opt/rustwide/target/debug/deps/librand_jitter-e0716e2be2341726.rlib" "/opt/rustwide/target/debug/deps/librand_core-5f8dc8f8f4491b97.rlib" "/opt/rustwide/target/debug/deps/libserde_urlencoded-2cb689a1e874ecda.rlib" "/opt/rustwide/target/debug/deps/libdtoa-665aa5830ef0260e.rlib" "/opt/rustwide/target/debug/deps/libmime_guess-b52504f9ddbbfa9c.rlib" "/opt/rustwide/target/debug/deps/libunicase-131885e46c9d146d.rlib" "/opt/rustwide/target/debug/deps/libmime-7e306270d8ceb372.rlib" "/opt/rustwide/target/debug/deps/libflate2-2bb4b5915f036a54.rlib" "/opt/rustwide/target/debug/deps/libcrc32fast-664446237529ebff.rlib" "/opt/rustwide/target/debug/deps/libhyper_tls-0da54425e699a1eb.rlib" "/opt/rustwide/target/debug/deps/libnative_tls-3af0636a950131e6.rlib" "/opt/rustwide/target/debug/deps/libopenssl_probe-d850575132083d7c.rlib" "/opt/rustwide/target/debug/deps/libopenssl-2c5ff4097ffe98df.rlib" "/opt/rustwide/target/debug/deps/libonce_cell-63be820ac0ed0954.rlib" "/opt/rustwide/target/debug/deps/libforeign_types-c05743815e5b8a9d.rlib" "/opt/rustwide/target/debug/deps/libforeign_types_shared-d149f5491fde2862.rlib" "/opt/rustwide/target/debug/deps/libopenssl_sys-f8e76e4ab1799714.rlib" "/opt/rustwide/target/debug/deps/libhyper-84f53504ab9aae84.rlib" "/opt/rustwide/target/debug/deps/libwant-95ecb7e0961c771e.rlib" "/opt/rustwide/target/debug/deps/libtry_lock-ba0ec0947155aa20.rlib" "/opt/rustwide/target/debug/deps/libtokio-617f16bbd884836c.rlib" "/opt/rustwide/target/debug/deps/libtokio_timer-5879a73f13d790e8.rlib" "/opt/rustwide/target/debug/deps/libtokio_threadpool-bd88e86d0dbc0c63.rlib" "/opt/rustwide/target/debug/deps/libcrossbeam_queue-c5563bd9f963b5a9.rlib" "/opt/rustwide/target/debug/deps/libcrossbeam_deque-b16be8723014cb64.rlib" "/opt/rustwide/target/debug/deps/libcrossbeam_epoch-2eefb546c17400b4.rlib" "/opt/rustwide/target/debug/deps/libmemoffset-391bf7ec82acb482.rlib" "/opt/rustwide/target/debug/deps/libtokio_tcp-5b99681cb9ee607f.rlib" "/opt/rustwide/target/debug/deps/libtokio_reactor-78e08a16d9b67eae.rlib" "/opt/rustwide/target/debug/deps/libtokio_sync-08ea48bc61321deb.rlib" "/opt/rustwide/target/debug/deps/libparking_lot-c84c5cc8015054ea.rlib" "/opt/rustwide/target/debug/deps/libparking_lot_core-e9a5455203bd3274.rlib" "/opt/rustwide/target/debug/deps/libsmallvec-d0609e27bcb54d1d.rlib" "/opt/rustwide/target/debug/deps/libmaybe_uninit-5d087cbaeefa52e2.rlib" "/opt/rustwide/target/debug/deps/liblock_api-66bae9b5c6af1fce.rlib" "/opt/rustwide/target/debug/deps/libscopeguard-012e5ed929fc2fe6.rlib" "/opt/rustwide/target/debug/deps/libtokio_current_thread-0ec463f1ca04bf29.rlib" "/opt/rustwide/target/debug/deps/libtokio_executor-1cf9988edc02426a.rlib" "/opt/rustwide/target/debug/deps/libcrossbeam_utils-642de20fe914a5f2.rlib" "/opt/rustwide/target/debug/deps/libmio-4b6685f79126fbef.rlib" "/opt/rustwide/target/debug/deps/libnet2-07be40c26687f8c4.rlib" "/opt/rustwide/target/debug/deps/libhttparse-64f1ffbeda450424.rlib" "/opt/rustwide/target/debug/deps/libhttp_body-d9cd57b33cff5a0a.rlib" "/opt/rustwide/target/debug/deps/libtokio_buf-641ddc17bbd86cae.rlib" "/opt/rustwide/target/debug/deps/libh2-fbafcd56a326a3fd.rlib" "/opt/rustwide/target/debug/deps/libindexmap-7b2113ac7fccbab6.rlib" "/opt/rustwide/target/debug/deps/libhashbrown-567986452cb9bc94.rlib" "/opt/rustwide/target/debug/deps/libstring-279ac8139682368b.rlib" "/opt/rustwide/target/debug/deps/libslab-6eb39baadbe9101c.rlib" "/opt/rustwide/target/debug/deps/libtokio_io-cdb793a9651fdd5e.rlib" "/opt/rustwide/target/debug/deps/libfutures_cpupool-20fe1a787abc7079.rlib" "/opt/rustwide/target/debug/deps/libnum_cpus-d4708e9618b376f9.rlib" "/opt/rustwide/target/debug/deps/libhttp-03cb19406190c0d0.rlib" "/opt/rustwide/target/debug/deps/libitoa-88dc5e7d606068cc.rlib" "/opt/rustwide/target/debug/deps/libfnv-18bf5144d055e772.rlib" "/opt/rustwide/target/debug/deps/libfutures-8d8915a23f05644b.rlib" "/opt/rustwide/target/debug/deps/libencoding_rs-000c97fafd38c2ed.rlib" "/opt/rustwide/target/debug/deps/libcookie_store-664cf79e9c608008.rlib" "/opt/rustwide/target/debug/deps/libpublicsuffix-45b8396eeddd9523.rlib" "/opt/rustwide/target/debug/deps/libidna-ad9dbac65afa869f.rlib" "/opt/rustwide/target/debug/deps/liburl-6415f4a0e2585893.rlib" "/opt/rustwide/target/debug/deps/libidna-f4c6dc12c81bea2a.rlib" "/opt/rustwide/target/debug/deps/libform_urlencoded-ef5eb70334031c86.rlib" "/opt/rustwide/target/debug/deps/libpercent_encoding-fe0d57427b4d92e0.rlib" "/opt/rustwide/target/debug/deps/libtry_from-f76d6ad68028474c.rlib" "/opt/rustwide/target/debug/deps/libcfg_if-925b73a2e437f0c3.rlib" "/opt/rustwide/target/debug/deps/libcookie-a849b1e0a0050e04.rlib" "/opt/rustwide/target/debug/deps/libtime-29918f4542d2a484.rlib" "/opt/rustwide/target/debug/deps/liburl-5eb6abafa299dfb6.rlib" "/opt/rustwide/target/debug/deps/libidna-1c39b7924ead49eb.rlib" "/opt/rustwide/target/debug/deps/libunicode_normalization-e1c1be84a555e587.rlib" "/opt/rustwide/target/debug/deps/libtinyvec-cf6c9f6b792a5507.rlib" "/opt/rustwide/target/debug/deps/libtinyvec_macros-b1cb7f53f58c9f87.rlib" "/opt/rustwide/target/debug/deps/libunicode_bidi-9e36a2b0928c1d80.rlib" "/opt/rustwide/target/debug/deps/libmatches-5e4cb3d4c3233fbd.rlib" "/opt/rustwide/target/debug/deps/libbytes-2c3443e881dd6e9d.rlib" "/opt/rustwide/target/debug/deps/libiovec-829156e2f90dc6bd.rlib" "/opt/rustwide/target/debug/deps/libbase64-30cb3015b498dd6d.rlib" "/opt/rustwide/target/debug/deps/libbyteorder-e9468b374a0c0c11.rlib" "/opt/rustwide/target/debug/deps/libpercent_encoding-139f6dad4c5bd392.rlib" "/opt/rustwide/target/debug/deps/liblog-4f472032e8cdd371.rlib" "/opt/rustwide/target/debug/deps/libitertools-0af79a1f7c09f56f.rlib" "/opt/rustwide/target/debug/deps/libeither-ff4e6ab7d60eb8c1.rlib" "/opt/rustwide/target/debug/deps/libcached-6ca4cfc316facdfb.rlib" "/opt/rustwide/target/debug/deps/libmockito-3767efe374285f5d.rlib" "/opt/rustwide/target/debug/deps/libcolored-83b02bcbed78a9e2.rlib" "/opt/rustwide/target/debug/deps/libis_terminal-baf539422834e89a.rlib" "/opt/rustwide/target/debug/deps/librustix-103ccd1ef98b030f.rlib" "/opt/rustwide/target/debug/deps/libbitflags-912d270082a3a4ea.rlib" "/opt/rustwide/target/debug/deps/liblinux_raw_sys-2091734e5f15aeaa.rlib" "/opt/rustwide/target/debug/deps/libdifference-d6d136d0781dc2bb.rlib" "/opt/rustwide/target/debug/deps/libserde_json-24a4c6737c3b85b6.rlib" "/opt/rustwide/target/debug/deps/libryu-5f304b1b6393964f.rlib" "/opt/rustwide/target/debug/deps/libitoa-5f181af53b99b92c.rlib" "/opt/rustwide/target/debug/deps/libserde-de74a60ae7075efe.rlib" "/opt/rustwide/target/debug/deps/liblazy_static-f3c2a39b584a8c58.rlib" "/opt/rustwide/target/debug/deps/libregex-3cce5e2b06fe87ad.rlib" "/opt/rustwide/target/debug/deps/libutf8_ranges-4ad094584ea8f45b.rlib" "/opt/rustwide/target/debug/deps/libregex_syntax-2696e54958e00d15.rlib" "/opt/rustwide/target/debug/deps/libucd_util-a038f79afc473100.rlib" "/opt/rustwide/target/debug/deps/libthread_local-a8c51dbf257b3fb9.rlib" "/opt/rustwide/target/debug/deps/liblazy_static-591486ebcb9a7ead.rlib" "/opt/rustwide/target/debug/deps/libaho_corasick-f031fd6ed75ff267.rlib" "/opt/rustwide/target/debug/deps/librand-388fbd0ba5e4d46b.rlib" "/opt/rustwide/target/debug/deps/librand-ecd8ee92bfb8e148.rlib" "/opt/rustwide/target/debug/deps/libhttp_muncher-c767bf3a10395e33.rlib" "/opt/rustwide/target/debug/deps/libfailure-98d969be31cc6f7e.rlib" "/opt/rustwide/target/debug/deps/libbacktrace-771ec93326b34b4b.rlib" "/opt/rustwide/target/debug/deps/libminiz_oxide-f272f5814aa49507.rlib" "/opt/rustwide/target/debug/deps/libadler-c8f2240c56a0abca.rlib" "/opt/rustwide/target/debug/deps/libobject-e7796a9e8e532c53.rlib" "/opt/rustwide/target/debug/deps/libmemchr-94009dd89ebb9d8d.rlib" "/opt/rustwide/target/debug/deps/liblibc-4f34ddd04c373408.rlib" "/opt/rustwide/target/debug/deps/libaddr2line-2d4126a5dc567f39.rlib" "/opt/rustwide/target/debug/deps/libgimli-7f4f1abc0cbbfdc4.rlib" "/opt/rustwide/target/debug/deps/libcfg_if-61dc7a6799e72b18.rlib" "/opt/rustwide/target/debug/deps/librustc_demangle-7ef8571a19a75907.rlib" "/opt/rustwide/rustup-home/toolchains/1.75.0-x86_64-unknown-linux-gnu/lib/rustlib/x86_64-unknown-linux-gnu/lib/libstd-90f6ddbf82de36ec.rlib" "/opt/rustwide/rustup-home/toolchains/1.75.0-x86_64-unknown-linux-gnu/lib/rustlib/x86_64-unknown-linux-gnu/lib/libpanic_unwind-480c41e9d4e1f677.rlib" "/opt/rustwide/rustup-home/toolchains/1.75.0-x86_64-unknown-linux-gnu/lib/rustlib/x86_64-unknown-linux-gnu/lib/libobject-db744c0ca03eed1d.rlib" "/opt/rustwide/rustup-home/toolchains/1.75.0-x86_64-unknown-linux-gnu/lib/rustlib/x86_64-unknown-linux-gnu/lib/libmemchr-8ba652dc7d4b285a.rlib" "/opt/rustwide/rustup-home/toolchains/1.75.0-x86_64-unknown-linux-gnu/lib/rustlib/x86_64-unknown-linux-gnu/lib/libaddr2line-d5f4520a9ebc0d58.rlib" "/opt/rustwide/rustup-home/toolchains/1.75.0-x86_64-unknown-linux-gnu/lib/rustlib/x86_64-unknown-linux-gnu/lib/libgimli-4ad84de58f0cb463.rlib" "/opt/rustwide/rustup-home/toolchains/1.75.0-x86_64-unknown-linux-gnu/lib/rustlib/x86_64-unknown-linux-gnu/lib/librustc_demangle-0d10aae2e0f38735.rlib" "/opt/rustwide/rustup-home/toolchains/1.75.0-x86_64-unknown-linux-gnu/lib/rustlib/x86_64-unknown-linux-gnu/lib/libstd_detect-0c17cff739e6745b.rlib" "/opt/rustwide/rustup-home/toolchains/1.75.0-x86_64-unknown-linux-gnu/lib/rustlib/x86_64-unknown-linux-gnu/lib/libhashbrown-b29e17139dde1aa8.rlib" "/opt/rustwide/rustup-home/toolchains/1.75.0-x86_64-unknown-linux-gnu/lib/rustlib/x86_64-unknown-linux-gnu/lib/librustc_std_workspace_alloc-1f975299829cc7bd.rlib" "/opt/rustwide/rustup-home/toolchains/1.75.0-x86_64-unknown-linux-gnu/lib/rustlib/x86_64-unknown-linux-gnu/lib/libminiz_oxide-86bae3bc3079f89b.rlib" "/opt/rustwide/rustup-home/toolchains/1.75.0-x86_64-unknown-linux-gnu/lib/rustlib/x86_64-unknown-linux-gnu/lib/libadler-321b82c30dffdf5f.rlib" "/opt/rustwide/rustup-home/toolchains/1.75.0-x86_64-unknown-linux-gnu/lib/rustlib/x86_64-unknown-linux-gnu/lib/libunwind-3dd8a6810a0bdfef.rlib" "/opt/rustwide/rustup-home/toolchains/1.75.0-x86_64-unknown-linux-gnu/lib/rustlib/x86_64-unknown-linux-gnu/lib/libcfg_if-eb39a61c0c879984.rlib" "/opt/rustwide/rustup-home/toolchains/1.75.0-x86_64-unknown-linux-gnu/lib/rustlib/x86_64-unknown-linux-gnu/lib/liblibc-aa769569f91c3548.rlib" "/opt/rustwide/rustup-home/toolchains/1.75.0-x86_64-unknown-linux-gnu/lib/rustlib/x86_64-unknown-linux-gnu/lib/liballoc-510a192a50a983ed.rlib" "/opt/rustwide/rustup-home/toolchains/1.75.0-x86_64-unknown-linux-gnu/lib/rustlib/x86_64-unknown-linux-gnu/lib/librustc_std_workspace_core-0577018320f99037.rlib" "/opt/rustwide/rustup-home/toolchains/1.75.0-x86_64-unknown-linux-gnu/lib/rustlib/x86_64-unknown-linux-gnu/lib/libcore-193cf992125ccd4c.rlib" "/opt/rustwide/rustup-home/toolchains/1.75.0-x86_64-unknown-linux-gnu/lib/rustlib/x86_64-unknown-linux-gnu/lib/libcompiler_builtins-8e138eaf26ebb4a8.rlib" "-Wl,-Bdynamic" "-lssl" "-lcrypto" "-lgcc_s" "-lutil" "-lrt" "-lpthread" "-lm" "-ldl" "-lc" "-Wl,--eh-frame-hdr" "-Wl,-z,noexecstack" "-L" "/opt/rustwide/rustup-home/toolchains/1.75.0-x86_64-unknown-linux-gnu/lib/rustlib/x86_64-unknown-linux-gnu/lib" "-o" "/opt/rustwide/target/debug/deps/user-c6df0f6c1ca1ab33" "-Wl,--gc-sections" "-pie" "-Wl,-z,relro,-z,now" "-nodefaultlibs"
[INFO] [stdout]   = note: collect2: fatal error: ld terminated with signal 9 [Killed]
[INFO] [stdout]           compilation terminated.
[INFO] [stdout]           
[INFO] [stdout] 
[INFO] [stdout] 
[INFO] [stdout] error: aborting due to previous error
[INFO] [stdout] 
[INFO] [stdout] 
[INFO] [stderr] error: could not compile `thrash` (test "user") due to 2 previous errors
[INFO] running `Command { std: "docker" "inspect" "b6bc329eb1786521603951f06c13b21625f07623c6827262389cf2ff138a6256", kill_on_drop: false }`
[INFO] running `Command { std: "docker" "rm" "-f" "b6bc329eb1786521603951f06c13b21625f07623c6827262389cf2ff138a6256", kill_on_drop: false }`
[INFO] [stdout] b6bc329eb1786521603951f06c13b21625f07623c6827262389cf2ff138a6256
[INFO] testing thrash-0.1.0 against beta-2023-12-22 for beta-1.76-1
[INFO] extracting crate thrash 0.1.0 into /workspace/builds/worker-7-tc2/source
[INFO] validating manifest of crates.io crate thrash 0.1.0 on toolchain beta-2023-12-22
[INFO] running `Command { std: CARGO_HOME="/workspace/cargo-home" RUSTUP_HOME="/workspace/rustup-home" "/workspace/cargo-home/bin/cargo" "+beta-2023-12-22" "metadata" "--manifest-path" "Cargo.toml" "--no-deps", kill_on_drop: false }`
[INFO] started tweaking crates.io crate thrash 0.1.0
[INFO] finished tweaking crates.io crate thrash 0.1.0
[INFO] tweaked toml for crates.io crate thrash 0.1.0 written to /workspace/builds/worker-7-tc2/source/Cargo.toml
[INFO] running `Command { std: CARGO_HOME="/workspace/cargo-home" RUSTUP_HOME="/workspace/rustup-home" "/workspace/cargo-home/bin/cargo" "+beta-2023-12-22" "generate-lockfile" "--manifest-path" "Cargo.toml", kill_on_drop: false }`
[INFO] [stderr]     Updating crates.io index
[INFO] running `Command { std: CARGO_HOME="/workspace/cargo-home" RUSTUP_HOME="/workspace/rustup-home" "/workspace/cargo-home/bin/cargo" "+beta-2023-12-22" "fetch" "--manifest-path" "Cargo.toml", kill_on_drop: false }`
[INFO] running `Command { std: "docker" "create" "-v" "/var/lib/crater-agent-workspace/builds/worker-7-tc2/target:/opt/rustwide/target:rw,Z" "-v" "/var/lib/crater-agent-workspace/builds/worker-7-tc2/source:/opt/rustwide/workdir:ro,Z" "-v" "/var/lib/crater-agent-workspace/cargo-home:/opt/rustwide/cargo-home:ro,Z" "-v" "/var/lib/crater-agent-workspace/rustup-home:/opt/rustwide/rustup-home:ro,Z" "-e" "SOURCE_DIR=/opt/rustwide/workdir" "-e" "CARGO_TARGET_DIR=/opt/rustwide/target" "-e" "CARGO_HOME=/opt/rustwide/cargo-home" "-e" "RUSTUP_HOME=/opt/rustwide/rustup-home" "-w" "/opt/rustwide/workdir" "-m" "1610612736" "--user" "0:0" "--network" "none" "ghcr.io/rust-lang/crates-build-env/linux@sha256:2788e3201cd34a07e3172128adcd8b3090168a8e3bcc40d7c032b9dda1df7d1c" "/opt/rustwide/cargo-home/bin/cargo" "+beta-2023-12-22" "metadata" "--no-deps" "--format-version=1", kill_on_drop: false }`
[INFO] [stdout] a10d2d5c8c01e39c961c92a7b36d96dab6f75675921abe1a202241ae8bf7e71f
[INFO] running `Command { std: "docker" "start" "-a" "a10d2d5c8c01e39c961c92a7b36d96dab6f75675921abe1a202241ae8bf7e71f", kill_on_drop: false }`
[INFO] running `Command { std: "docker" "inspect" "a10d2d5c8c01e39c961c92a7b36d96dab6f75675921abe1a202241ae8bf7e71f", kill_on_drop: false }`
[INFO] running `Command { std: "docker" "rm" "-f" "a10d2d5c8c01e39c961c92a7b36d96dab6f75675921abe1a202241ae8bf7e71f", kill_on_drop: false }`
[INFO] [stdout] a10d2d5c8c01e39c961c92a7b36d96dab6f75675921abe1a202241ae8bf7e71f
[INFO] running `Command { std: "docker" "create" "-v" "/var/lib/crater-agent-workspace/builds/worker-7-tc2/target:/opt/rustwide/target:rw,Z" "-v" "/var/lib/crater-agent-workspace/builds/worker-7-tc2/source:/opt/rustwide/workdir:ro,Z" "-v" "/var/lib/crater-agent-workspace/cargo-home:/opt/rustwide/cargo-home:ro,Z" "-v" "/var/lib/crater-agent-workspace/rustup-home:/opt/rustwide/rustup-home:ro,Z" "-e" "SOURCE_DIR=/opt/rustwide/workdir" "-e" "CARGO_TARGET_DIR=/opt/rustwide/target" "-e" "CARGO_INCREMENTAL=0" "-e" "RUST_BACKTRACE=full" "-e" "RUSTFLAGS=--cap-lints=warn" "-e" "RUSTDOCFLAGS=--cap-lints=warn" "-e" "CARGO_HOME=/opt/rustwide/cargo-home" "-e" "RUSTUP_HOME=/opt/rustwide/rustup-home" "-w" "/opt/rustwide/workdir" "-m" "1610612736" "--user" "0:0" "--network" "none" "ghcr.io/rust-lang/crates-build-env/linux@sha256:2788e3201cd34a07e3172128adcd8b3090168a8e3bcc40d7c032b9dda1df7d1c" "/opt/rustwide/cargo-home/bin/cargo" "+beta-2023-12-22" "build" "--frozen" "--message-format=json", kill_on_drop: false }`
[INFO] [stdout] 69f55d9fa83a0a57e2e4f8e6241fa630894d8cb5de313d38619ee049100bcdef
[INFO] running `Command { std: "docker" "start" "-a" "69f55d9fa83a0a57e2e4f8e6241fa630894d8cb5de313d38619ee049100bcdef", kill_on_drop: false }`
[INFO] [stderr]    Compiling libc v0.2.151
[INFO] [stderr]    Compiling futures v0.1.31
[INFO] [stderr]    Compiling semver-parser v0.7.0
[INFO] [stderr]    Compiling maybe-uninit v2.0.0
[INFO] [stderr]    Compiling crossbeam-utils v0.7.2
[INFO] [stderr]    Compiling byteorder v1.5.0
[INFO] [stderr]    Compiling either v1.9.0
[INFO] [stderr]    Compiling log v0.4.20
[INFO] [stderr]    Compiling semver v0.9.0
[INFO] [stderr]    Compiling tinyvec_macros v0.1.1
[INFO] [stderr]    Compiling tinyvec v1.6.0
[INFO] [stderr]    Compiling autocfg v0.1.8
[INFO] [stderr]    Compiling rand_core v0.4.2
[INFO] [stderr]    Compiling rustc_version v0.2.3
[INFO] [stderr]    Compiling unicode-bidi v0.3.14
[INFO] [stderr]    Compiling memoffset v0.5.6
[INFO] [stderr]    Compiling vcpkg v0.2.15
[INFO] [stderr]    Compiling parking_lot_core v0.6.3
[INFO] [stderr]    Compiling pkg-config v0.3.28
[INFO] [stderr]    Compiling tokio-executor v0.1.10
[INFO] [stderr]    Compiling parking_lot v0.9.0
[INFO] [stderr]    Compiling smallvec v0.6.14
[INFO] [stderr]    Compiling crossbeam-epoch v0.8.2
[INFO] [stderr]    Compiling unicode-normalization v0.1.22
[INFO] [stderr]    Compiling matches v0.1.10
[INFO] [stderr]    Compiling rand_core v0.3.1
[INFO] [stderr]    Compiling lock_api v0.3.4
[INFO] [stderr]    Compiling version_check v0.9.4
[INFO] [stderr]    Compiling itoa v0.4.8
[INFO] [stderr]    Compiling syn v1.0.109
[INFO] [stderr]    Compiling tokio-sync v0.1.8
[INFO] [stderr]    Compiling indexmap v1.9.3
[INFO] [stderr]    Compiling cc v1.0.83
[INFO] [stderr]    Compiling iovec v0.1.4
[INFO] [stderr]    Compiling bytes v0.4.12
[INFO] [stderr]    Compiling num_cpus v1.16.0
[INFO] [stderr]    Compiling net2 v0.2.39
[INFO] [stderr]    Compiling unicase v2.7.0
[INFO] [stderr]    Compiling adler v1.0.2
[INFO] [stderr]    Compiling tokio-io v0.1.13
[INFO] [stderr]    Compiling mio v0.6.23
[INFO] [stderr]    Compiling serde v1.0.194
[INFO] [stderr]    Compiling crossbeam-deque v0.7.4
[INFO] [stderr]    Compiling http v0.1.21
[INFO] [stderr]    Compiling miniz_oxide v0.7.1
[INFO] [stderr]    Compiling idna v0.1.5
[INFO] [stderr]    Compiling tokio-reactor v0.1.12
[INFO] [stderr]    Compiling time v0.1.45
[INFO] [stderr]    Compiling openssl-sys v0.9.98
[INFO] [stderr]    Compiling backtrace v0.3.69
[INFO] [stderr]    Compiling crossbeam-queue v0.2.3
[INFO] [stderr]    Compiling serde_derive v1.0.194
[INFO] [stderr]    Compiling rand_pcg v0.1.2
[INFO] [stderr]    Compiling rand_chacha v0.1.1
[INFO] [stderr]    Compiling gimli v0.28.1
[INFO] [stderr]    Compiling foreign-types-shared v0.1.1
[INFO] [stderr]    Compiling hashbrown v0.12.3
[INFO] [stderr]    Compiling failure_derive v0.1.8
[INFO] [stderr]    Compiling openssl v0.10.62
[INFO] [stderr]    Compiling unicode-xid v0.2.4
[INFO] [stderr]    Compiling percent-encoding v1.0.1
[INFO] [stderr]    Compiling percent-encoding v2.3.1
[INFO] [stderr]    Compiling httparse v1.8.0
[INFO] [stderr]    Compiling object v0.32.2
[INFO] [stderr]    Compiling form_urlencoded v1.2.1
[INFO] [stderr]    Compiling url v1.7.2
[INFO] [stderr]    Compiling synstructure v0.12.6
[INFO] [stderr]    Compiling foreign-types v0.3.2
[INFO] [stderr]    Compiling tokio-threadpool v0.1.18
[INFO] [stderr]    Compiling tokio-tcp v0.1.4
[INFO] [stderr]    Compiling string v0.2.1
[INFO] [stderr]    Compiling addr2line v0.21.0
[INFO] [stderr]    Compiling tokio-buf v0.1.1
[INFO] [stderr]    Compiling idna v0.5.0
[INFO] [stderr]    Compiling tokio-current-thread v0.1.7
[INFO] [stderr]    Compiling tokio-timer v0.2.13
[INFO] [stderr]    Compiling hyper v0.12.36
[INFO] [stderr]    Compiling openssl-macros v0.1.1
[INFO] [stderr]    Compiling rand v0.6.5
[INFO] [stderr]    Compiling rustc-demangle v0.1.23
[INFO] [stderr]    Compiling crc32fast v1.3.2
[INFO] [stderr]    Compiling native-tls v0.2.11
[INFO] [stderr]    Compiling once_cell v1.19.0
[INFO] [stderr]    Compiling bitflags v2.4.1
[INFO] [stderr]    Compiling serde_json v1.0.111
[INFO] [stderr]    Compiling try-lock v0.2.5
[INFO] [stderr]    Compiling want v0.2.0
[INFO] [stderr]    Compiling tokio v0.1.22
[INFO] [stderr]    Compiling url v2.5.0
[INFO] [stderr]    Compiling http-body v0.1.0
[INFO] [stderr]    Compiling mime_guess v2.0.4
[INFO] [stderr]    Compiling h2 v0.1.26
[INFO] [stderr]    Compiling futures-cpupool v0.1.8
[INFO] [stderr]    Compiling idna v0.2.3
[INFO] [stderr]    Compiling rand_os v0.1.3
[INFO] [stderr]    Compiling rand_xorshift v0.1.1
[INFO] [stderr]    Compiling rand_isaac v0.1.1
[INFO] [stderr]    Compiling rand_hc v0.1.0
[INFO] [stderr]    Compiling rand_jitter v0.1.4
[INFO] [stderr]    Compiling ryu v1.0.16
[INFO] [stderr]    Compiling itoa v1.0.10
[INFO] [stderr]    Compiling openssl-probe v0.1.5
[INFO] [stderr]    Compiling publicsuffix v1.5.6
[INFO] [stderr]    Compiling failure v0.1.8
[INFO] [stderr]    Compiling cookie v0.12.0
[INFO] [stderr]    Compiling try_from v0.3.2
[INFO] [stderr]    Compiling dtoa v0.4.8
[INFO] [stderr]    Compiling mime v0.3.17
[INFO] [stderr]    Compiling uuid v0.7.4
[INFO] [stderr]    Compiling flate2 v1.0.28
[INFO] [stderr]    Compiling encoding_rs v0.8.33
[INFO] [stderr]    Compiling base64 v0.10.1
[INFO] [stderr]    Compiling itertools v0.7.11
[INFO] [stderr]    Compiling cached v0.6.2
[INFO] [stderr]    Compiling hyper-tls v0.3.2
[INFO] [stderr]    Compiling serde_urlencoded v0.5.5
[INFO] [stderr]    Compiling cookie_store v0.7.0
[INFO] [stderr]    Compiling reqwest v0.9.24
[INFO] [stderr]    Compiling thrash v0.1.0 (/opt/rustwide/workdir)
[INFO] [stdout] warning: field `repository` is never read
[INFO] [stdout]    --> src/auth/access.rs:259:5
[INFO] [stdout]     |
[INFO] [stdout] 257 | pub struct RepositoryKeyAccess {
[INFO] [stdout]     |            ------------------- field in this struct
[INFO] [stdout] 258 |     key: SshKey,
[INFO] [stdout] 259 |     repository: Repository,
[INFO] [stdout]     |     ^^^^^^^^^^
[INFO] [stdout]     |
[INFO] [stdout]     = note: `RepositoryKeyAccess` has a derived impl for the trait `Debug`, but this is intentionally ignored during dead code analysis
[INFO] [stdout]     = note: `#[warn(dead_code)]` on by default
[INFO] [stdout] 
[INFO] [stdout] 
[INFO] [stdout] warning: field `project` is never read
[INFO] [stdout]    --> src/auth/access.rs:273:5
[INFO] [stdout]     |
[INFO] [stdout] 271 | pub struct ProjectKeyAccess {
[INFO] [stdout]     |            ---------------- field in this struct
[INFO] [stdout] 272 |     key: SshKey,
[INFO] [stdout] 273 |     project: Project,
[INFO] [stdout]     |     ^^^^^^^
[INFO] [stdout]     |
[INFO] [stdout]     = note: `ProjectKeyAccess` has a derived impl for the trait `Debug`, but this is intentionally ignored during dead code analysis
[INFO] [stdout] 
[INFO] [stdout] 
[INFO] [stdout] warning: fields `id` and `text` are never read
[INFO] [stdout]    --> src/auth/access.rs:310:5
[INFO] [stdout]     |
[INFO] [stdout] 309 | pub struct SshKey {
[INFO] [stdout]     |            ------ fields in this struct
[INFO] [stdout] 310 |     id: u64,
[INFO] [stdout]     |     ^^
[INFO] [stdout] 311 |     text: String,
[INFO] [stdout]     |     ^^^^
[INFO] [stdout]     |
[INFO] [stdout]     = note: `SshKey` has a derived impl for the trait `Debug`, but this is intentionally ignored during dead code analysis
[INFO] [stdout] 
[INFO] [stdout] 
[INFO] [stdout] warning: fields `size` and `start` are never read
[INFO] [stdout]    --> src/client.rs:169:5
[INFO] [stdout]     |
[INFO] [stdout] 168 | struct Page<T> {
[INFO] [stdout]     |        ---- fields in this struct
[INFO] [stdout] 169 |     size: u64,
[INFO] [stdout]     |     ^^^^
[INFO] [stdout] ...
[INFO] [stdout] 173 |     start: u64,
[INFO] [stdout]     |     ^^^^^
[INFO] [stdout]     |
[INFO] [stdout]     = note: `Page` has a derived impl for the trait `Debug`, but this is intentionally ignored during dead code analysis
[INFO] [stdout] 
[INFO] [stdout] 
[INFO] [stdout] warning: field `start` is never read
[INFO] [stdout]    --> src/client.rs:180:5
[INFO] [stdout]     |
[INFO] [stdout] 178 | struct LinePage {
[INFO] [stdout]     |        -------- field in this struct
[INFO] [stdout] 179 |     lines: Vec<Line>,
[INFO] [stdout] 180 |     start: u64,
[INFO] [stdout]     |     ^^^^^
[INFO] [stdout]     |
[INFO] [stdout]     = note: `LinePage` has a derived impl for the trait `Debug`, but this is intentionally ignored during dead code analysis
[INFO] [stdout] 
[INFO] [stdout] 
[INFO] [stdout] warning: 5 warnings emitted
[INFO] [stdout] 
[INFO] [stdout] 
[INFO] [stderr]     Finished dev [unoptimized + debuginfo] target(s) in 28.74s
[INFO] running `Command { std: "docker" "inspect" "69f55d9fa83a0a57e2e4f8e6241fa630894d8cb5de313d38619ee049100bcdef", kill_on_drop: false }`
[INFO] running `Command { std: "docker" "rm" "-f" "69f55d9fa83a0a57e2e4f8e6241fa630894d8cb5de313d38619ee049100bcdef", kill_on_drop: false }`
[INFO] [stdout] 69f55d9fa83a0a57e2e4f8e6241fa630894d8cb5de313d38619ee049100bcdef
[INFO] running `Command { std: "docker" "create" "-v" "/var/lib/crater-agent-workspace/builds/worker-7-tc2/target:/opt/rustwide/target:rw,Z" "-v" "/var/lib/crater-agent-workspace/builds/worker-7-tc2/source:/opt/rustwide/workdir:ro,Z" "-v" "/var/lib/crater-agent-workspace/cargo-home:/opt/rustwide/cargo-home:ro,Z" "-v" "/var/lib/crater-agent-workspace/rustup-home:/opt/rustwide/rustup-home:ro,Z" "-e" "SOURCE_DIR=/opt/rustwide/workdir" "-e" "CARGO_TARGET_DIR=/opt/rustwide/target" "-e" "CARGO_INCREMENTAL=0" "-e" "RUST_BACKTRACE=full" "-e" "RUSTFLAGS=--cap-lints=warn" "-e" "RUSTDOCFLAGS=--cap-lints=warn" "-e" "CARGO_HOME=/opt/rustwide/cargo-home" "-e" "RUSTUP_HOME=/opt/rustwide/rustup-home" "-w" "/opt/rustwide/workdir" "-m" "1610612736" "--user" "0:0" "--network" "none" "ghcr.io/rust-lang/crates-build-env/linux@sha256:2788e3201cd34a07e3172128adcd8b3090168a8e3bcc40d7c032b9dda1df7d1c" "/opt/rustwide/cargo-home/bin/cargo" "+beta-2023-12-22" "test" "--frozen" "--no-run" "--message-format=json", kill_on_drop: false }`
[INFO] [stdout] f0f75724eee240cb819b80f3e7ab58d490c2171e5de80df39e72b2bb6b445239
[INFO] running `Command { std: "docker" "start" "-a" "f0f75724eee240cb819b80f3e7ab58d490c2171e5de80df39e72b2bb6b445239", kill_on_drop: false }`
[INFO] [stderr]    Compiling rustix v0.38.28
[INFO] [stderr]    Compiling linux-raw-sys v0.4.12
[INFO] [stderr]    Compiling http-muncher v0.3.2
[INFO] [stderr]    Compiling ucd-util v0.1.10
[INFO] [stderr]    Compiling regex v0.2.11
[INFO] [stderr]    Compiling aho-corasick v0.6.10
[INFO] [stderr]    Compiling rand v0.4.6
[INFO] [stderr]    Compiling thread_local v0.3.6
[INFO] [stderr]    Compiling regex-syntax v0.5.6
[INFO] [stderr]    Compiling utf8-ranges v1.0.5
[INFO] [stderr]    Compiling lazy_static v0.2.11
[INFO] [stderr]    Compiling difference v2.0.0
[INFO] [stdout] warning: field `repository` is never read
[INFO] [stdout]    --> src/auth/access.rs:259:5
[INFO] [stdout]     |
[INFO] [stdout] 257 | pub struct RepositoryKeyAccess {
[INFO] [stdout]     |            ------------------- field in this struct
[INFO] [stdout] 258 |     key: SshKey,
[INFO] [stdout] 259 |     repository: Repository,
[INFO] [stdout]     |     ^^^^^^^^^^
[INFO] [stdout]     |
[INFO] [stdout]     = note: `RepositoryKeyAccess` has a derived impl for the trait `Debug`, but this is intentionally ignored during dead code analysis
[INFO] [stdout]     = note: `#[warn(dead_code)]` on by default
[INFO] [stdout] 
[INFO] [stdout] 
[INFO] [stdout] warning: field `project` is never read
[INFO] [stdout]    --> src/auth/access.rs:273:5
[INFO] [stdout]     |
[INFO] [stdout] 271 | pub struct ProjectKeyAccess {
[INFO] [stdout]     |            ---------------- field in this struct
[INFO] [stdout] 272 |     key: SshKey,
[INFO] [stdout] 273 |     project: Project,
[INFO] [stdout]     |     ^^^^^^^
[INFO] [stdout]     |
[INFO] [stdout]     = note: `ProjectKeyAccess` has a derived impl for the trait `Debug`, but this is intentionally ignored during dead code analysis
[INFO] [stdout] 
[INFO] [stdout] 
[INFO] [stdout] warning: fields `id` and `text` are never read
[INFO] [stdout]    --> src/auth/access.rs:310:5
[INFO] [stdout]     |
[INFO] [stdout] 309 | pub struct SshKey {
[INFO] [stdout]     |            ------ fields in this struct
[INFO] [stdout] 310 |     id: u64,
[INFO] [stdout]     |     ^^
[INFO] [stdout] 311 |     text: String,
[INFO] [stdout]     |     ^^^^
[INFO] [stdout]     |
[INFO] [stdout]     = note: `SshKey` has a derived impl for the trait `Debug`, but this is intentionally ignored during dead code analysis
[INFO] [stdout] 
[INFO] [stdout] 
[INFO] [stdout] warning: fields `size` and `start` are never read
[INFO] [stdout]    --> src/client.rs:169:5
[INFO] [stdout]     |
[INFO] [stdout] 168 | struct Page<T> {
[INFO] [stdout]     |        ---- fields in this struct
[INFO] [stdout] 169 |     size: u64,
[INFO] [stdout]     |     ^^^^
[INFO] [stdout] ...
[INFO] [stdout] 173 |     start: u64,
[INFO] [stdout]     |     ^^^^^
[INFO] [stdout]     |
[INFO] [stdout]     = note: `Page` has a derived impl for the trait `Debug`, but this is intentionally ignored during dead code analysis
[INFO] [stdout] 
[INFO] [stdout] 
[INFO] [stdout] warning: field `start` is never read
[INFO] [stdout]    --> src/client.rs:180:5
[INFO] [stdout]     |
[INFO] [stdout] 178 | struct LinePage {
[INFO] [stdout]     |        -------- field in this struct
[INFO] [stdout] 179 |     lines: Vec<Line>,
[INFO] [stdout] 180 |     start: u64,
[INFO] [stdout]     |     ^^^^^
[INFO] [stdout]     |
[INFO] [stdout]     = note: `LinePage` has a derived impl for the trait `Debug`, but this is intentionally ignored during dead code analysis
[INFO] [stdout] 
[INFO] [stdout] 
[INFO] [stdout] warning: 5 warnings emitted
[INFO] [stdout] 
[INFO] [stdout] 
[INFO] [stderr]    Compiling rand v0.3.23
[INFO] [stderr]    Compiling is-terminal v0.4.10
[INFO] [stderr]    Compiling colored v1.9.4
[INFO] [stderr]    Compiling mockito v0.13.0
[INFO] [stderr]    Compiling thrash v0.1.0 (/opt/rustwide/workdir)
[INFO] [stdout] warning: field `repository` is never read
[INFO] [stdout]    --> src/auth/access.rs:259:5
[INFO] [stdout]     |
[INFO] [stdout] 257 | pub struct RepositoryKeyAccess {
[INFO] [stdout]     |            ------------------- field in this struct
[INFO] [stdout] 258 |     key: SshKey,
[INFO] [stdout] 259 |     repository: Repository,
[INFO] [stdout]     |     ^^^^^^^^^^
[INFO] [stdout]     |
[INFO] [stdout]     = note: `RepositoryKeyAccess` has a derived impl for the trait `Debug`, but this is intentionally ignored during dead code analysis
[INFO] [stdout]     = note: `#[warn(dead_code)]` on by default
[INFO] [stdout] 
[INFO] [stdout] 
[INFO] [stdout] warning: field `project` is never read
[INFO] [stdout]    --> src/auth/access.rs:273:5
[INFO] [stdout]     |
[INFO] [stdout] 271 | pub struct ProjectKeyAccess {
[INFO] [stdout]     |            ---------------- field in this struct
[INFO] [stdout] 272 |     key: SshKey,
[INFO] [stdout] 273 |     project: Project,
[INFO] [stdout]     |     ^^^^^^^
[INFO] [stdout]     |
[INFO] [stdout]     = note: `ProjectKeyAccess` has a derived impl for the trait `Debug`, but this is intentionally ignored during dead code analysis
[INFO] [stdout] 
[INFO] [stdout] 
[INFO] [stdout] warning: fields `id` and `text` are never read
[INFO] [stdout]    --> src/auth/access.rs:310:5
[INFO] [stdout]     |
[INFO] [stdout] 309 | pub struct SshKey {
[INFO] [stdout]     |            ------ fields in this struct
[INFO] [stdout] 310 |     id: u64,
[INFO] [stdout]     |     ^^
[INFO] [stdout] 311 |     text: String,
[INFO] [stdout]     |     ^^^^
[INFO] [stdout]     |
[INFO] [stdout]     = note: `SshKey` has a derived impl for the trait `Debug`, but this is intentionally ignored during dead code analysis
[INFO] [stdout] 
[INFO] [stdout] 
[INFO] [stdout] warning: fields `size` and `start` are never read
[INFO] [stdout]    --> src/client.rs:169:5
[INFO] [stdout]     |
[INFO] [stdout] 168 | struct Page<T> {
[INFO] [stdout]     |        ---- fields in this struct
[INFO] [stdout] 169 |     size: u64,
[INFO] [stdout]     |     ^^^^
[INFO] [stdout] ...
[INFO] [stdout] 173 |     start: u64,
[INFO] [stdout]     |     ^^^^^
[INFO] [stdout]     |
[INFO] [stdout]     = note: `Page` has a derived impl for the trait `Debug`, but this is intentionally ignored during dead code analysis
[INFO] [stdout] 
[INFO] [stdout] 
[INFO] [stdout] warning: field `start` is never read
[INFO] [stdout]    --> src/client.rs:180:5
[INFO] [stdout]     |
[INFO] [stdout] 178 | struct LinePage {
[INFO] [stdout]     |        -------- field in this struct
[INFO] [stdout] 179 |     lines: Vec<Line>,
[INFO] [stdout] 180 |     start: u64,
[INFO] [stdout]     |     ^^^^^
[INFO] [stdout]     |
[INFO] [stdout]     = note: `LinePage` has a derived impl for the trait `Debug`, but this is intentionally ignored during dead code analysis
[INFO] [stdout] 
[INFO] [stdout] 
[INFO] [stdout] error: linking with `cc` failed: exit status: 1
[INFO] [stdout]   |
[INFO] [stdout]   = note: LC_ALL="C" PATH="/opt/rustwide/rustup-home/toolchains/beta-2023-12-22-x86_64-unknown-linux-gnu/lib/rustlib/x86_64-unknown-linux-gnu/bin:/opt/rustwide/cargo-home/bin:/usr/local/sbin:/usr/local/bin:/usr/sbin:/usr/bin:/sbin:/bin" VSLANG="1033" "cc" "-m64" "/tmp/rustcdon4BQ/symbols.o" "/opt/rustwide/target/debug/deps/access-b683e102c91537bd.access.2283ab14aea3a6e5-cgu.0.rcgu.o" "/opt/rustwide/target/debug/deps/access-b683e102c91537bd.3rgdlebqlcx0gx8v.rcgu.o" "-Wl,--as-needed" "-L" "/opt/rustwide/target/debug/deps" "-L" "/opt/rustwide/target/debug/build/http-muncher-81c140e58a415d7b/out" "-L" "/opt/rustwide/rustup-home/toolchains/beta-2023-12-22-x86_64-unknown-linux-gnu/lib/rustlib/x86_64-unknown-linux-gnu/lib" "-Wl,-Bstatic" "/opt/rustwide/rustup-home/toolchains/beta-2023-12-22-x86_64-unknown-linux-gnu/lib/rustlib/x86_64-unknown-linux-gnu/lib/libtest-cbab71697df97b00.rlib" "/opt/rustwide/rustup-home/toolchains/beta-2023-12-22-x86_64-unknown-linux-gnu/lib/rustlib/x86_64-unknown-linux-gnu/lib/libgetopts-2a2cf8f16c536007.rlib" "/opt/rustwide/rustup-home/toolchains/beta-2023-12-22-x86_64-unknown-linux-gnu/lib/rustlib/x86_64-unknown-linux-gnu/lib/libunicode_width-c5f3cc3cceaf9070.rlib" "/opt/rustwide/rustup-home/toolchains/beta-2023-12-22-x86_64-unknown-linux-gnu/lib/rustlib/x86_64-unknown-linux-gnu/lib/librustc_std_workspace_std-a31324ec815b09db.rlib" "/opt/rustwide/target/debug/deps/libthrash-6e91af9f98628b7a.rlib" "/opt/rustwide/target/debug/deps/libreqwest-e48cd58c15f802e4.rlib" "/opt/rustwide/target/debug/deps/libuuid-15ae9b3fe86c45ec.rlib" "/opt/rustwide/target/debug/deps/librand-703b2a928402378b.rlib" "/opt/rustwide/target/debug/deps/librand_xorshift-fddfb659da58e4bf.rlib" "/opt/rustwide/target/debug/deps/librand_pcg-469b12f1257a3006.rlib" "/opt/rustwide/target/debug/deps/librand_hc-04e4f418b9ab77db.rlib" "/opt/rustwide/target/debug/deps/librand_chacha-78ae6272db5d33a8.rlib" "/opt/rustwide/target/debug/deps/librand_isaac-0a7dc632816af8d7.rlib" "/opt/rustwide/target/debug/deps/librand_core-93fd6fb9d20da204.rlib" "/opt/rustwide/target/debug/deps/librand_os-89526e7110ae1ee4.rlib" "/opt/rustwide/target/debug/deps/librand_jitter-628645d750895e52.rlib" "/opt/rustwide/target/debug/deps/librand_core-1adf33305417fb82.rlib" "/opt/rustwide/target/debug/deps/libserde_urlencoded-4242a037e1850a96.rlib" "/opt/rustwide/target/debug/deps/libdtoa-12091a2276cdb1a6.rlib" "/opt/rustwide/target/debug/deps/libmime_guess-8f52b5360560672e.rlib" "/opt/rustwide/target/debug/deps/libunicase-cb1165946b287cbf.rlib" "/opt/rustwide/target/debug/deps/libmime-a9df5a780629fb7d.rlib" "/opt/rustwide/target/debug/deps/libflate2-1be562fe8436f093.rlib" "/opt/rustwide/target/debug/deps/libcrc32fast-dbea8ee6fb11ce73.rlib" "/opt/rustwide/target/debug/deps/libhyper_tls-c7735e80b330c53c.rlib" "/opt/rustwide/target/debug/deps/libnative_tls-227348df5a82cb18.rlib" "/opt/rustwide/target/debug/deps/libopenssl_probe-01da96bec2dfd166.rlib" "/opt/rustwide/target/debug/deps/libopenssl-dedc4c5475c030fe.rlib" "/opt/rustwide/target/debug/deps/libonce_cell-334d739f4e3a4961.rlib" "/opt/rustwide/target/debug/deps/libforeign_types-34162016ad32c65c.rlib" "/opt/rustwide/target/debug/deps/libforeign_types_shared-6c481fa47d8ef87b.rlib" "/opt/rustwide/target/debug/deps/libopenssl_sys-91e4c4d93a344417.rlib" "/opt/rustwide/target/debug/deps/libhyper-acba1e8cb288497f.rlib" "/opt/rustwide/target/debug/deps/libwant-bab6d3adc7671eff.rlib" "/opt/rustwide/target/debug/deps/libtry_lock-61552f3200b10770.rlib" "/opt/rustwide/target/debug/deps/libtokio-c5b64e6f2e411212.rlib" "/opt/rustwide/target/debug/deps/libtokio_timer-95b6883e43f8ae79.rlib" "/opt/rustwide/target/debug/deps/libtokio_threadpool-f12257d1308a45f7.rlib" "/opt/rustwide/target/debug/deps/libcrossbeam_queue-69cfc0c615cdfbcb.rlib" "/opt/rustwide/target/debug/deps/libcrossbeam_deque-b5ace0bfc480f607.rlib" "/opt/rustwide/target/debug/deps/libcrossbeam_epoch-0c3985f000be774a.rlib" "/opt/rustwide/target/debug/deps/libmemoffset-6a1519d63a7d13cb.rlib" "/opt/rustwide/target/debug/deps/libtokio_tcp-c6b3e3c2707a942b.rlib" "/opt/rustwide/target/debug/deps/libtokio_reactor-3c54be6e22c40bba.rlib" "/opt/rustwide/target/debug/deps/libtokio_sync-8198c264564a8d25.rlib" "/opt/rustwide/target/debug/deps/libparking_lot-c1b48faddf116c33.rlib" "/opt/rustwide/target/debug/deps/libparking_lot_core-340aa6b240c10465.rlib" "/opt/rustwide/target/debug/deps/libsmallvec-eafb20b88e9b2b51.rlib" "/opt/rustwide/target/debug/deps/libmaybe_uninit-28ff06c455fb66db.rlib" "/opt/rustwide/target/debug/deps/liblock_api-ebbb9309bca5176b.rlib" "/opt/rustwide/target/debug/deps/libscopeguard-f937485db0060aca.rlib" "/opt/rustwide/target/debug/deps/libtokio_current_thread-ff6735076ee4eeb2.rlib" "/opt/rustwide/target/debug/deps/libtokio_executor-fb4c34bb267d814d.rlib" "/opt/rustwide/target/debug/deps/libcrossbeam_utils-52e6e479da9af301.rlib" "/opt/rustwide/target/debug/deps/libmio-e2c20359f843457a.rlib" "/opt/rustwide/target/debug/deps/libnet2-a23bfc54abc44489.rlib" "/opt/rustwide/target/debug/deps/libhttparse-2dbc320ca65411a3.rlib" "/opt/rustwide/target/debug/deps/libhttp_body-f36ac2754b715e9f.rlib" "/opt/rustwide/target/debug/deps/libtokio_buf-b03fa751ea918170.rlib" "/opt/rustwide/target/debug/deps/libh2-24a1a40ec329ff54.rlib" "/opt/rustwide/target/debug/deps/libindexmap-62fedebfd28271ec.rlib" "/opt/rustwide/target/debug/deps/libhashbrown-e273ba0f8cdcbe5b.rlib" "/opt/rustwide/target/debug/deps/libstring-f96be8eabff8067b.rlib" "/opt/rustwide/target/debug/deps/libslab-0a39a638bccea296.rlib" "/opt/rustwide/target/debug/deps/libtokio_io-865a52faea42b188.rlib" "/opt/rustwide/target/debug/deps/libfutures_cpupool-2359cd2bb87da025.rlib" "/opt/rustwide/target/debug/deps/libnum_cpus-aef0cfcece38ac8d.rlib" "/opt/rustwide/target/debug/deps/libhttp-8dcd2a5c4570e8ef.rlib" "/opt/rustwide/target/debug/deps/libitoa-a2832f2392deebad.rlib" "/opt/rustwide/target/debug/deps/libfnv-953831fe314029b4.rlib" "/opt/rustwide/target/debug/deps/libfutures-cad31b25443ec5c2.rlib" "/opt/rustwide/target/debug/deps/libencoding_rs-4339e23ae7924400.rlib" "/opt/rustwide/target/debug/deps/libcookie_store-13a4b42d0b985d84.rlib" "/opt/rustwide/target/debug/deps/libpublicsuffix-8065df99b14c61c1.rlib" "/opt/rustwide/target/debug/deps/libidna-1bb5aa3007696aca.rlib" "/opt/rustwide/target/debug/deps/liburl-256d5b2214fecede.rlib" "/opt/rustwide/target/debug/deps/libidna-9fbc936cfa26c0d2.rlib" "/opt/rustwide/target/debug/deps/libform_urlencoded-00b3292b537cfa9a.rlib" "/opt/rustwide/target/debug/deps/libpercent_encoding-9ca315f6c750067f.rlib" "/opt/rustwide/target/debug/deps/libtry_from-3e67d348194645bb.rlib" "/opt/rustwide/target/debug/deps/libcfg_if-e83968822db62928.rlib" "/opt/rustwide/target/debug/deps/libcookie-729f65b275141cff.rlib" "/opt/rustwide/target/debug/deps/libtime-6bed3dcdc312a431.rlib" "/opt/rustwide/target/debug/deps/liburl-b7e8506f15bc6729.rlib" "/opt/rustwide/target/debug/deps/libidna-9c132200a865b598.rlib" "/opt/rustwide/target/debug/deps/libunicode_normalization-6720ecd938ebfb2b.rlib" "/opt/rustwide/target/debug/deps/libtinyvec-dcbbce603bc23510.rlib" "/opt/rustwide/target/debug/deps/libtinyvec_macros-333661e3b238a9a3.rlib" "/opt/rustwide/target/debug/deps/libunicode_bidi-1d5be417c01f34b2.rlib" "/opt/rustwide/target/debug/deps/libmatches-59081526691d27d6.rlib" "/opt/rustwide/target/debug/deps/libbytes-16e0d6180091cd36.rlib" "/opt/rustwide/target/debug/deps/libiovec-70e2ab2d95fddf8e.rlib" "/opt/rustwide/target/debug/deps/libbase64-7ae3f4974b235e08.rlib" "/opt/rustwide/target/debug/deps/libbyteorder-6ac88002c46ec63a.rlib" "/opt/rustwide/target/debug/deps/libpercent_encoding-39f007c0633ec8a6.rlib" "/opt/rustwide/target/debug/deps/liblog-8188d82fb061445d.rlib" "/opt/rustwide/target/debug/deps/libitertools-db072929a0d70ff1.rlib" "/opt/rustwide/target/debug/deps/libeither-bc25dbceced3a40f.rlib" "/opt/rustwide/target/debug/deps/libcached-5ab99e6892e48793.rlib" "/opt/rustwide/target/debug/deps/libmockito-25ce8db07dfa71b6.rlib" "/opt/rustwide/target/debug/deps/libcolored-fc73e2424eb4d964.rlib" "/opt/rustwide/target/debug/deps/libis_terminal-acca73330faec473.rlib" "/opt/rustwide/target/debug/deps/librustix-d4a60c17bff8ad24.rlib" "/opt/rustwide/target/debug/deps/libbitflags-52f05aea2267c407.rlib" "/opt/rustwide/target/debug/deps/liblinux_raw_sys-5bf670d0b82b06d1.rlib" "/opt/rustwide/target/debug/deps/libdifference-547350eca1f9acdf.rlib" "/opt/rustwide/target/debug/deps/libserde_json-b0cada26079251ef.rlib" "/opt/rustwide/target/debug/deps/libryu-4b03a7708da1319d.rlib" "/opt/rustwide/target/debug/deps/libitoa-34968a9f29c36fec.rlib" "/opt/rustwide/target/debug/deps/libserde-6a55a24b89ea7650.rlib" "/opt/rustwide/target/debug/deps/liblazy_static-297a58a4a5d545f0.rlib" "/opt/rustwide/target/debug/deps/libregex-a135f6328a2bad0b.rlib" "/opt/rustwide/target/debug/deps/libutf8_ranges-c5ef6d4612af7581.rlib" "/opt/rustwide/target/debug/deps/libregex_syntax-8adbdc4cd1e15bb3.rlib" "/opt/rustwide/target/debug/deps/libucd_util-827cdd5052c7251c.rlib" "/opt/rustwide/target/debug/deps/libthread_local-17af41059fe2c129.rlib" "/opt/rustwide/target/debug/deps/liblazy_static-efa3519517df6cf0.rlib" "/opt/rustwide/target/debug/deps/libaho_corasick-236975e57dcb3dd1.rlib" "/opt/rustwide/target/debug/deps/librand-66f7d37e4104264a.rlib" "/opt/rustwide/target/debug/deps/librand-384bbf761235c741.rlib" "/opt/rustwide/target/debug/deps/libhttp_muncher-b92da52abbfce8ce.rlib" "/opt/rustwide/target/debug/deps/libfailure-a9e970bf572e94b6.rlib" "/opt/rustwide/target/debug/deps/libbacktrace-e5ccba39355ac115.rlib" "/opt/rustwide/target/debug/deps/libminiz_oxide-fdd9e74574a7bd2a.rlib" "/opt/rustwide/target/debug/deps/libadler-eba61f23bb3cdb48.rlib" "/opt/rustwide/target/debug/deps/libobject-69075e3e5406539d.rlib" "/opt/rustwide/target/debug/deps/libmemchr-14a47255884553ca.rlib" "/opt/rustwide/target/debug/deps/liblibc-a3863744b2422075.rlib" "/opt/rustwide/target/debug/deps/libaddr2line-21893705b0d8abc8.rlib" "/opt/rustwide/target/debug/deps/libgimli-f171d86691d4b49e.rlib" "/opt/rustwide/target/debug/deps/libcfg_if-e7002d307f97bc56.rlib" "/opt/rustwide/target/debug/deps/librustc_demangle-880659badff80dc2.rlib" "/opt/rustwide/rustup-home/toolchains/beta-2023-12-22-x86_64-unknown-linux-gnu/lib/rustlib/x86_64-unknown-linux-gnu/lib/libstd-0672489a78b613de.rlib" "/opt/rustwide/rustup-home/toolchains/beta-2023-12-22-x86_64-unknown-linux-gnu/lib/rustlib/x86_64-unknown-linux-gnu/lib/libpanic_unwind-7eb3ffc34a49f675.rlib" "/opt/rustwide/rustup-home/toolchains/beta-2023-12-22-x86_64-unknown-linux-gnu/lib/rustlib/x86_64-unknown-linux-gnu/lib/libobject-6478a9daa4bee8e2.rlib" "/opt/rustwide/rustup-home/toolchains/beta-2023-12-22-x86_64-unknown-linux-gnu/lib/rustlib/x86_64-unknown-linux-gnu/lib/libmemchr-0c75d871a5c3923d.rlib" "/opt/rustwide/rustup-home/toolchains/beta-2023-12-22-x86_64-unknown-linux-gnu/lib/rustlib/x86_64-unknown-linux-gnu/lib/libaddr2line-d163ef63ad37bb71.rlib" "/opt/rustwide/rustup-home/toolchains/beta-2023-12-22-x86_64-unknown-linux-gnu/lib/rustlib/x86_64-unknown-linux-gnu/lib/libgimli-8a3fd810a85b9f4c.rlib" "/opt/rustwide/rustup-home/toolchains/beta-2023-12-22-x86_64-unknown-linux-gnu/lib/rustlib/x86_64-unknown-linux-gnu/lib/librustc_demangle-462a2cde8c5dfc10.rlib" "/opt/rustwide/rustup-home/toolchains/beta-2023-12-22-x86_64-unknown-linux-gnu/lib/rustlib/x86_64-unknown-linux-gnu/lib/libstd_detect-cb06ac9f54713f71.rlib" "/opt/rustwide/rustup-home/toolchains/beta-2023-12-22-x86_64-unknown-linux-gnu/lib/rustlib/x86_64-unknown-linux-gnu/lib/libhashbrown-f20bfd1f8e59b393.rlib" "/opt/rustwide/rustup-home/toolchains/beta-2023-12-22-x86_64-unknown-linux-gnu/lib/rustlib/x86_64-unknown-linux-gnu/lib/librustc_std_workspace_alloc-1ef460949b49da4b.rlib" "/opt/rustwide/rustup-home/toolchains/beta-2023-12-22-x86_64-unknown-linux-gnu/lib/rustlib/x86_64-unknown-linux-gnu/lib/libminiz_oxide-2cb0c0ffe4f87514.rlib" "/opt/rustwide/rustup-home/toolchains/beta-2023-12-22-x86_64-unknown-linux-gnu/lib/rustlib/x86_64-unknown-linux-gnu/lib/libadler-58d841eb322a11a2.rlib" "/opt/rustwide/rustup-home/toolchains/beta-2023-12-22-x86_64-unknown-linux-gnu/lib/rustlib/x86_64-unknown-linux-gnu/lib/libunwind-aa2ae0b0a9d11533.rlib" "/opt/rustwide/rustup-home/toolchains/beta-2023-12-22-x86_64-unknown-linux-gnu/lib/rustlib/x86_64-unknown-linux-gnu/lib/libcfg_if-23874e15830ed336.rlib" "/opt/rustwide/rustup-home/toolchains/beta-2023-12-22-x86_64-unknown-linux-gnu/lib/rustlib/x86_64-unknown-linux-gnu/lib/liblibc-e47cddc003bce885.rlib" "/opt/rustwide/rustup-home/toolchains/beta-2023-12-22-x86_64-unknown-linux-gnu/lib/rustlib/x86_64-unknown-linux-gnu/lib/liballoc-c22b13b48a8f128e.rlib" "/opt/rustwide/rustup-home/toolchains/beta-2023-12-22-x86_64-unknown-linux-gnu/lib/rustlib/x86_64-unknown-linux-gnu/lib/librustc_std_workspace_core-e46bc3da6d7c462f.rlib" "/opt/rustwide/rustup-home/toolchains/beta-2023-12-22-x86_64-unknown-linux-gnu/lib/rustlib/x86_64-unknown-linux-gnu/lib/libcore-8d1ac131d3cb2645.rlib" "/opt/rustwide/rustup-home/toolchains/beta-2023-12-22-x86_64-unknown-linux-gnu/lib/rustlib/x86_64-unknown-linux-gnu/lib/libcompiler_builtins-a1b43df8c6899c1f.rlib" "-Wl,-Bdynamic" "-lssl" "-lcrypto" "-lgcc_s" "-lutil" "-lrt" "-lpthread" "-lm" "-ldl" "-lc" "-Wl,--eh-frame-hdr" "-Wl,-z,noexecstack" "-L" "/opt/rustwide/rustup-home/toolchains/beta-2023-12-22-x86_64-unknown-linux-gnu/lib/rustlib/x86_64-unknown-linux-gnu/lib" "-o" "/opt/rustwide/target/debug/deps/access-b683e102c91537bd" "-Wl,--gc-sections" "-pie" "-Wl,-z,relro,-z,now" "-nodefaultlibs"
[INFO] [stdout]   = note: collect2: fatal error: ld terminated with signal 9 [Killed]
[INFO] [stdout]           compilation terminated.
[INFO] [stdout]           
[INFO] [stdout] 
[INFO] [stdout] 
[INFO] [stdout] error: aborting due to 1 previous error
[INFO] [stdout] 
[INFO] [stdout] 
[INFO] [stderr] error: could not compile `thrash` (test "access") due to 2 previous errors
[INFO] [stderr] warning: build failed, waiting for other jobs to finish...
[INFO] [stdout] warning: 5 warnings emitted
[INFO] [stdout] 
[INFO] [stdout] 
[INFO] [stdout] error: linking with `cc` failed: exit status: 1
[INFO] [stdout]   |
[INFO] [stdout]   = note: LC_ALL="C" PATH="/opt/rustwide/rustup-home/toolchains/beta-2023-12-22-x86_64-unknown-linux-gnu/lib/rustlib/x86_64-unknown-linux-gnu/bin:/opt/rustwide/cargo-home/bin:/usr/local/sbin:/usr/local/bin:/usr/sbin:/usr/bin:/sbin:/bin" VSLANG="1033" "cc" "-m64" "/tmp/rustcxTgJiu/symbols.o" "/opt/rustwide/target/debug/deps/repository-34cb7a7a6944e545.repository.3e67a1290fb9db12-cgu.0.rcgu.o" "/opt/rustwide/target/debug/deps/repository-34cb7a7a6944e545.16vt92pfw79hxha5.rcgu.o" "-Wl,--as-needed" "-L" "/opt/rustwide/target/debug/deps" "-L" "/opt/rustwide/target/debug/build/http-muncher-81c140e58a415d7b/out" "-L" "/opt/rustwide/rustup-home/toolchains/beta-2023-12-22-x86_64-unknown-linux-gnu/lib/rustlib/x86_64-unknown-linux-gnu/lib" "-Wl,-Bstatic" "/opt/rustwide/rustup-home/toolchains/beta-2023-12-22-x86_64-unknown-linux-gnu/lib/rustlib/x86_64-unknown-linux-gnu/lib/libtest-cbab71697df97b00.rlib" "/opt/rustwide/rustup-home/toolchains/beta-2023-12-22-x86_64-unknown-linux-gnu/lib/rustlib/x86_64-unknown-linux-gnu/lib/libgetopts-2a2cf8f16c536007.rlib" "/opt/rustwide/rustup-home/toolchains/beta-2023-12-22-x86_64-unknown-linux-gnu/lib/rustlib/x86_64-unknown-linux-gnu/lib/libunicode_width-c5f3cc3cceaf9070.rlib" "/opt/rustwide/rustup-home/toolchains/beta-2023-12-22-x86_64-unknown-linux-gnu/lib/rustlib/x86_64-unknown-linux-gnu/lib/librustc_std_workspace_std-a31324ec815b09db.rlib" "/opt/rustwide/target/debug/deps/libthrash-6e91af9f98628b7a.rlib" "/opt/rustwide/target/debug/deps/libreqwest-e48cd58c15f802e4.rlib" "/opt/rustwide/target/debug/deps/libuuid-15ae9b3fe86c45ec.rlib" "/opt/rustwide/target/debug/deps/librand-703b2a928402378b.rlib" "/opt/rustwide/target/debug/deps/librand_xorshift-fddfb659da58e4bf.rlib" "/opt/rustwide/target/debug/deps/librand_pcg-469b12f1257a3006.rlib" "/opt/rustwide/target/debug/deps/librand_hc-04e4f418b9ab77db.rlib" "/opt/rustwide/target/debug/deps/librand_chacha-78ae6272db5d33a8.rlib" "/opt/rustwide/target/debug/deps/librand_isaac-0a7dc632816af8d7.rlib" "/opt/rustwide/target/debug/deps/librand_core-93fd6fb9d20da204.rlib" "/opt/rustwide/target/debug/deps/librand_os-89526e7110ae1ee4.rlib" "/opt/rustwide/target/debug/deps/librand_jitter-628645d750895e52.rlib" "/opt/rustwide/target/debug/deps/librand_core-1adf33305417fb82.rlib" "/opt/rustwide/target/debug/deps/libserde_urlencoded-4242a037e1850a96.rlib" "/opt/rustwide/target/debug/deps/libdtoa-12091a2276cdb1a6.rlib" "/opt/rustwide/target/debug/deps/libmime_guess-8f52b5360560672e.rlib" "/opt/rustwide/target/debug/deps/libunicase-cb1165946b287cbf.rlib" "/opt/rustwide/target/debug/deps/libmime-a9df5a780629fb7d.rlib" "/opt/rustwide/target/debug/deps/libflate2-1be562fe8436f093.rlib" "/opt/rustwide/target/debug/deps/libcrc32fast-dbea8ee6fb11ce73.rlib" "/opt/rustwide/target/debug/deps/libhyper_tls-c7735e80b330c53c.rlib" "/opt/rustwide/target/debug/deps/libnative_tls-227348df5a82cb18.rlib" "/opt/rustwide/target/debug/deps/libopenssl_probe-01da96bec2dfd166.rlib" "/opt/rustwide/target/debug/deps/libopenssl-dedc4c5475c030fe.rlib" "/opt/rustwide/target/debug/deps/libonce_cell-334d739f4e3a4961.rlib" "/opt/rustwide/target/debug/deps/libforeign_types-34162016ad32c65c.rlib" "/opt/rustwide/target/debug/deps/libforeign_types_shared-6c481fa47d8ef87b.rlib" "/opt/rustwide/target/debug/deps/libopenssl_sys-91e4c4d93a344417.rlib" "/opt/rustwide/target/debug/deps/libhyper-acba1e8cb288497f.rlib" "/opt/rustwide/target/debug/deps/libwant-bab6d3adc7671eff.rlib" "/opt/rustwide/target/debug/deps/libtry_lock-61552f3200b10770.rlib" "/opt/rustwide/target/debug/deps/libtokio-c5b64e6f2e411212.rlib" "/opt/rustwide/target/debug/deps/libtokio_timer-95b6883e43f8ae79.rlib" "/opt/rustwide/target/debug/deps/libtokio_threadpool-f12257d1308a45f7.rlib" "/opt/rustwide/target/debug/deps/libcrossbeam_queue-69cfc0c615cdfbcb.rlib" "/opt/rustwide/target/debug/deps/libcrossbeam_deque-b5ace0bfc480f607.rlib" "/opt/rustwide/target/debug/deps/libcrossbeam_epoch-0c3985f000be774a.rlib" "/opt/rustwide/target/debug/deps/libmemoffset-6a1519d63a7d13cb.rlib" "/opt/rustwide/target/debug/deps/libtokio_tcp-c6b3e3c2707a942b.rlib" "/opt/rustwide/target/debug/deps/libtokio_reactor-3c54be6e22c40bba.rlib" "/opt/rustwide/target/debug/deps/libtokio_sync-8198c264564a8d25.rlib" "/opt/rustwide/target/debug/deps/libparking_lot-c1b48faddf116c33.rlib" "/opt/rustwide/target/debug/deps/libparking_lot_core-340aa6b240c10465.rlib" "/opt/rustwide/target/debug/deps/libsmallvec-eafb20b88e9b2b51.rlib" "/opt/rustwide/target/debug/deps/libmaybe_uninit-28ff06c455fb66db.rlib" "/opt/rustwide/target/debug/deps/liblock_api-ebbb9309bca5176b.rlib" "/opt/rustwide/target/debug/deps/libscopeguard-f937485db0060aca.rlib" "/opt/rustwide/target/debug/deps/libtokio_current_thread-ff6735076ee4eeb2.rlib" "/opt/rustwide/target/debug/deps/libtokio_executor-fb4c34bb267d814d.rlib" "/opt/rustwide/target/debug/deps/libcrossbeam_utils-52e6e479da9af301.rlib" "/opt/rustwide/target/debug/deps/libmio-e2c20359f843457a.rlib" "/opt/rustwide/target/debug/deps/libnet2-a23bfc54abc44489.rlib" "/opt/rustwide/target/debug/deps/libhttparse-2dbc320ca65411a3.rlib" "/opt/rustwide/target/debug/deps/libhttp_body-f36ac2754b715e9f.rlib" "/opt/rustwide/target/debug/deps/libtokio_buf-b03fa751ea918170.rlib" "/opt/rustwide/target/debug/deps/libh2-24a1a40ec329ff54.rlib" "/opt/rustwide/target/debug/deps/libindexmap-62fedebfd28271ec.rlib" "/opt/rustwide/target/debug/deps/libhashbrown-e273ba0f8cdcbe5b.rlib" "/opt/rustwide/target/debug/deps/libstring-f96be8eabff8067b.rlib" "/opt/rustwide/target/debug/deps/libslab-0a39a638bccea296.rlib" "/opt/rustwide/target/debug/deps/libtokio_io-865a52faea42b188.rlib" "/opt/rustwide/target/debug/deps/libfutures_cpupool-2359cd2bb87da025.rlib" "/opt/rustwide/target/debug/deps/libnum_cpus-aef0cfcece38ac8d.rlib" "/opt/rustwide/target/debug/deps/libhttp-8dcd2a5c4570e8ef.rlib" "/opt/rustwide/target/debug/deps/libitoa-a2832f2392deebad.rlib" "/opt/rustwide/target/debug/deps/libfnv-953831fe314029b4.rlib" "/opt/rustwide/target/debug/deps/libfutures-cad31b25443ec5c2.rlib" "/opt/rustwide/target/debug/deps/libencoding_rs-4339e23ae7924400.rlib" "/opt/rustwide/target/debug/deps/libcookie_store-13a4b42d0b985d84.rlib" "/opt/rustwide/target/debug/deps/libpublicsuffix-8065df99b14c61c1.rlib" "/opt/rustwide/target/debug/deps/libidna-1bb5aa3007696aca.rlib" "/opt/rustwide/target/debug/deps/liburl-256d5b2214fecede.rlib" "/opt/rustwide/target/debug/deps/libidna-9fbc936cfa26c0d2.rlib" "/opt/rustwide/target/debug/deps/libform_urlencoded-00b3292b537cfa9a.rlib" "/opt/rustwide/target/debug/deps/libpercent_encoding-9ca315f6c750067f.rlib" "/opt/rustwide/target/debug/deps/libtry_from-3e67d348194645bb.rlib" "/opt/rustwide/target/debug/deps/libcfg_if-e83968822db62928.rlib" "/opt/rustwide/target/debug/deps/libcookie-729f65b275141cff.rlib" "/opt/rustwide/target/debug/deps/libtime-6bed3dcdc312a431.rlib" "/opt/rustwide/target/debug/deps/liburl-b7e8506f15bc6729.rlib" "/opt/rustwide/target/debug/deps/libidna-9c132200a865b598.rlib" "/opt/rustwide/target/debug/deps/libunicode_normalization-6720ecd938ebfb2b.rlib" "/opt/rustwide/target/debug/deps/libtinyvec-dcbbce603bc23510.rlib" "/opt/rustwide/target/debug/deps/libtinyvec_macros-333661e3b238a9a3.rlib" "/opt/rustwide/target/debug/deps/libunicode_bidi-1d5be417c01f34b2.rlib" "/opt/rustwide/target/debug/deps/libmatches-59081526691d27d6.rlib" "/opt/rustwide/target/debug/deps/libbytes-16e0d6180091cd36.rlib" "/opt/rustwide/target/debug/deps/libiovec-70e2ab2d95fddf8e.rlib" "/opt/rustwide/target/debug/deps/libbase64-7ae3f4974b235e08.rlib" "/opt/rustwide/target/debug/deps/libbyteorder-6ac88002c46ec63a.rlib" "/opt/rustwide/target/debug/deps/libpercent_encoding-39f007c0633ec8a6.rlib" "/opt/rustwide/target/debug/deps/liblog-8188d82fb061445d.rlib" "/opt/rustwide/target/debug/deps/libitertools-db072929a0d70ff1.rlib" "/opt/rustwide/target/debug/deps/libeither-bc25dbceced3a40f.rlib" "/opt/rustwide/target/debug/deps/libcached-5ab99e6892e48793.rlib" "/opt/rustwide/target/debug/deps/libmockito-25ce8db07dfa71b6.rlib" "/opt/rustwide/target/debug/deps/libcolored-fc73e2424eb4d964.rlib" "/opt/rustwide/target/debug/deps/libis_terminal-acca73330faec473.rlib" "/opt/rustwide/target/debug/deps/librustix-d4a60c17bff8ad24.rlib" "/opt/rustwide/target/debug/deps/libbitflags-52f05aea2267c407.rlib" "/opt/rustwide/target/debug/deps/liblinux_raw_sys-5bf670d0b82b06d1.rlib" "/opt/rustwide/target/debug/deps/libdifference-547350eca1f9acdf.rlib" "/opt/rustwide/target/debug/deps/libserde_json-b0cada26079251ef.rlib" "/opt/rustwide/target/debug/deps/libryu-4b03a7708da1319d.rlib" "/opt/rustwide/target/debug/deps/libitoa-34968a9f29c36fec.rlib" "/opt/rustwide/target/debug/deps/libserde-6a55a24b89ea7650.rlib" "/opt/rustwide/target/debug/deps/liblazy_static-297a58a4a5d545f0.rlib" "/opt/rustwide/target/debug/deps/libregex-a135f6328a2bad0b.rlib" "/opt/rustwide/target/debug/deps/libutf8_ranges-c5ef6d4612af7581.rlib" "/opt/rustwide/target/debug/deps/libregex_syntax-8adbdc4cd1e15bb3.rlib" "/opt/rustwide/target/debug/deps/libucd_util-827cdd5052c7251c.rlib" "/opt/rustwide/target/debug/deps/libthread_local-17af41059fe2c129.rlib" "/opt/rustwide/target/debug/deps/liblazy_static-efa3519517df6cf0.rlib" "/opt/rustwide/target/debug/deps/libaho_corasick-236975e57dcb3dd1.rlib" "/opt/rustwide/target/debug/deps/librand-66f7d37e4104264a.rlib" "/opt/rustwide/target/debug/deps/librand-384bbf761235c741.rlib" "/opt/rustwide/target/debug/deps/libhttp_muncher-b92da52abbfce8ce.rlib" "/opt/rustwide/target/debug/deps/libfailure-a9e970bf572e94b6.rlib" "/opt/rustwide/target/debug/deps/libbacktrace-e5ccba39355ac115.rlib" "/opt/rustwide/target/debug/deps/libminiz_oxide-fdd9e74574a7bd2a.rlib" "/opt/rustwide/target/debug/deps/libadler-eba61f23bb3cdb48.rlib" "/opt/rustwide/target/debug/deps/libobject-69075e3e5406539d.rlib" "/opt/rustwide/target/debug/deps/libmemchr-14a47255884553ca.rlib" "/opt/rustwide/target/debug/deps/liblibc-a3863744b2422075.rlib" "/opt/rustwide/target/debug/deps/libaddr2line-21893705b0d8abc8.rlib" "/opt/rustwide/target/debug/deps/libgimli-f171d86691d4b49e.rlib" "/opt/rustwide/target/debug/deps/libcfg_if-e7002d307f97bc56.rlib" "/opt/rustwide/target/debug/deps/librustc_demangle-880659badff80dc2.rlib" "/opt/rustwide/rustup-home/toolchains/beta-2023-12-22-x86_64-unknown-linux-gnu/lib/rustlib/x86_64-unknown-linux-gnu/lib/libstd-0672489a78b613de.rlib" "/opt/rustwide/rustup-home/toolchains/beta-2023-12-22-x86_64-unknown-linux-gnu/lib/rustlib/x86_64-unknown-linux-gnu/lib/libpanic_unwind-7eb3ffc34a49f675.rlib" "/opt/rustwide/rustup-home/toolchains/beta-2023-12-22-x86_64-unknown-linux-gnu/lib/rustlib/x86_64-unknown-linux-gnu/lib/libobject-6478a9daa4bee8e2.rlib" "/opt/rustwide/rustup-home/toolchains/beta-2023-12-22-x86_64-unknown-linux-gnu/lib/rustlib/x86_64-unknown-linux-gnu/lib/libmemchr-0c75d871a5c3923d.rlib" "/opt/rustwide/rustup-home/toolchains/beta-2023-12-22-x86_64-unknown-linux-gnu/lib/rustlib/x86_64-unknown-linux-gnu/lib/libaddr2line-d163ef63ad37bb71.rlib" "/opt/rustwide/rustup-home/toolchains/beta-2023-12-22-x86_64-unknown-linux-gnu/lib/rustlib/x86_64-unknown-linux-gnu/lib/libgimli-8a3fd810a85b9f4c.rlib" "/opt/rustwide/rustup-home/toolchains/beta-2023-12-22-x86_64-unknown-linux-gnu/lib/rustlib/x86_64-unknown-linux-gnu/lib/librustc_demangle-462a2cde8c5dfc10.rlib" "/opt/rustwide/rustup-home/toolchains/beta-2023-12-22-x86_64-unknown-linux-gnu/lib/rustlib/x86_64-unknown-linux-gnu/lib/libstd_detect-cb06ac9f54713f71.rlib" "/opt/rustwide/rustup-home/toolchains/beta-2023-12-22-x86_64-unknown-linux-gnu/lib/rustlib/x86_64-unknown-linux-gnu/lib/libhashbrown-f20bfd1f8e59b393.rlib" "/opt/rustwide/rustup-home/toolchains/beta-2023-12-22-x86_64-unknown-linux-gnu/lib/rustlib/x86_64-unknown-linux-gnu/lib/librustc_std_workspace_alloc-1ef460949b49da4b.rlib" "/opt/rustwide/rustup-home/toolchains/beta-2023-12-22-x86_64-unknown-linux-gnu/lib/rustlib/x86_64-unknown-linux-gnu/lib/libminiz_oxide-2cb0c0ffe4f87514.rlib" "/opt/rustwide/rustup-home/toolchains/beta-2023-12-22-x86_64-unknown-linux-gnu/lib/rustlib/x86_64-unknown-linux-gnu/lib/libadler-58d841eb322a11a2.rlib" "/opt/rustwide/rustup-home/toolchains/beta-2023-12-22-x86_64-unknown-linux-gnu/lib/rustlib/x86_64-unknown-linux-gnu/lib/libunwind-aa2ae0b0a9d11533.rlib" "/opt/rustwide/rustup-home/toolchains/beta-2023-12-22-x86_64-unknown-linux-gnu/lib/rustlib/x86_64-unknown-linux-gnu/lib/libcfg_if-23874e15830ed336.rlib" "/opt/rustwide/rustup-home/toolchains/beta-2023-12-22-x86_64-unknown-linux-gnu/lib/rustlib/x86_64-unknown-linux-gnu/lib/liblibc-e47cddc003bce885.rlib" "/opt/rustwide/rustup-home/toolchains/beta-2023-12-22-x86_64-unknown-linux-gnu/lib/rustlib/x86_64-unknown-linux-gnu/lib/liballoc-c22b13b48a8f128e.rlib" "/opt/rustwide/rustup-home/toolchains/beta-2023-12-22-x86_64-unknown-linux-gnu/lib/rustlib/x86_64-unknown-linux-gnu/lib/librustc_std_workspace_core-e46bc3da6d7c462f.rlib" "/opt/rustwide/rustup-home/toolchains/beta-2023-12-22-x86_64-unknown-linux-gnu/lib/rustlib/x86_64-unknown-linux-gnu/lib/libcore-8d1ac131d3cb2645.rlib" "/opt/rustwide/rustup-home/toolchains/beta-2023-12-22-x86_64-unknown-linux-gnu/lib/rustlib/x86_64-unknown-linux-gnu/lib/libcompiler_builtins-a1b43df8c6899c1f.rlib" "-Wl,-Bdynamic" "-lssl" "-lcrypto" "-lgcc_s" "-lutil" "-lrt" "-lpthread" "-lm" "-ldl" "-lc" "-Wl,--eh-frame-hdr" "-Wl,-z,noexecstack" "-L" "/opt/rustwide/rustup-home/toolchains/beta-2023-12-22-x86_64-unknown-linux-gnu/lib/rustlib/x86_64-unknown-linux-gnu/lib" "-o" "/opt/rustwide/target/debug/deps/repository-34cb7a7a6944e545" "-Wl,--gc-sections" "-pie" "-Wl,-z,relro,-z,now" "-nodefaultlibs"
[INFO] [stdout]   = note: collect2: fatal error: ld terminated with signal 9 [Killed]
[INFO] [stdout]           compilation terminated.
[INFO] [stdout]           
[INFO] [stdout] 
[INFO] [stdout] 
[INFO] [stdout] error: aborting due to 1 previous error
[INFO] [stdout] 
[INFO] [stdout] 
[INFO] [stderr] error: could not compile `thrash` (test "repository") due to 2 previous errors
[INFO] running `Command { std: "docker" "inspect" "f0f75724eee240cb819b80f3e7ab58d490c2171e5de80df39e72b2bb6b445239", kill_on_drop: false }`
[INFO] running `Command { std: "docker" "rm" "-f" "f0f75724eee240cb819b80f3e7ab58d490c2171e5de80df39e72b2bb6b445239", kill_on_drop: false }`
[INFO] [stdout] f0f75724eee240cb819b80f3e7ab58d490c2171e5de80df39e72b2bb6b445239
