[INFO] fetching crate thirtyfour 0.32.0-rc.8...
[INFO] testing thirtyfour-0.32.0-rc.8 against 1.75.0 for beta-1.76-1
[INFO] extracting crate thirtyfour 0.32.0-rc.8 into /workspace/builds/worker-1-tc1/source
[INFO] validating manifest of crates.io crate thirtyfour 0.32.0-rc.8 on toolchain 1.75.0
[INFO] running `Command { std: CARGO_HOME="/workspace/cargo-home" RUSTUP_HOME="/workspace/rustup-home" "/workspace/cargo-home/bin/cargo" "+1.75.0" "metadata" "--manifest-path" "Cargo.toml" "--no-deps", kill_on_drop: false }`
[INFO] started tweaking crates.io crate thirtyfour 0.32.0-rc.8
[INFO] removed 0 missing examples
[INFO] finished tweaking crates.io crate thirtyfour 0.32.0-rc.8
[INFO] tweaked toml for crates.io crate thirtyfour 0.32.0-rc.8 written to /workspace/builds/worker-1-tc1/source/Cargo.toml
[INFO] crate crates.io crate thirtyfour 0.32.0-rc.8 already has a lockfile, it will not be regenerated
[INFO] running `Command { std: CARGO_HOME="/workspace/cargo-home" RUSTUP_HOME="/workspace/rustup-home" "/workspace/cargo-home/bin/cargo" "+1.75.0" "fetch" "--manifest-path" "Cargo.toml", kill_on_drop: false }`
[INFO] [stderr]     Updating crates.io index
[INFO] [stderr]  Downloading crates ...
[INFO] [stderr]   Downloaded thirtyfour-macros v0.1.1
[INFO] [stderr]   Downloaded webdriver v0.46.0
[INFO] [stderr]   Downloaded stringmatch v0.4.0
[INFO] [stderr]   Downloaded fantoccini v0.20.0-rc.4
[INFO] running `Command { std: "docker" "create" "-v" "/var/lib/crater-agent-workspace/builds/worker-1-tc1/target:/opt/rustwide/target:rw,Z" "-v" "/var/lib/crater-agent-workspace/builds/worker-1-tc1/source:/opt/rustwide/workdir:ro,Z" "-v" "/var/lib/crater-agent-workspace/cargo-home:/opt/rustwide/cargo-home:ro,Z" "-v" "/var/lib/crater-agent-workspace/rustup-home:/opt/rustwide/rustup-home:ro,Z" "-e" "SOURCE_DIR=/opt/rustwide/workdir" "-e" "CARGO_TARGET_DIR=/opt/rustwide/target" "-e" "CARGO_HOME=/opt/rustwide/cargo-home" "-e" "RUSTUP_HOME=/opt/rustwide/rustup-home" "-w" "/opt/rustwide/workdir" "-m" "1610612736" "--user" "0:0" "--network" "none" "ghcr.io/rust-lang/crates-build-env/linux@sha256:2788e3201cd34a07e3172128adcd8b3090168a8e3bcc40d7c032b9dda1df7d1c" "/opt/rustwide/cargo-home/bin/cargo" "+1.75.0" "metadata" "--no-deps" "--format-version=1", kill_on_drop: false }`
[INFO] [stdout] 015ba4d620b3f8f562d36b374f5b4e694538b4cf32b29d1f72fd2f04fff078d1
[INFO] running `Command { std: "docker" "start" "-a" "015ba4d620b3f8f562d36b374f5b4e694538b4cf32b29d1f72fd2f04fff078d1", kill_on_drop: false }`
[INFO] running `Command { std: "docker" "inspect" "015ba4d620b3f8f562d36b374f5b4e694538b4cf32b29d1f72fd2f04fff078d1", kill_on_drop: false }`
[INFO] running `Command { std: "docker" "rm" "-f" "015ba4d620b3f8f562d36b374f5b4e694538b4cf32b29d1f72fd2f04fff078d1", kill_on_drop: false }`
[INFO] [stdout] 015ba4d620b3f8f562d36b374f5b4e694538b4cf32b29d1f72fd2f04fff078d1
[INFO] running `Command { std: "docker" "create" "-v" "/var/lib/crater-agent-workspace/builds/worker-1-tc1/target:/opt/rustwide/target:rw,Z" "-v" "/var/lib/crater-agent-workspace/builds/worker-1-tc1/source:/opt/rustwide/workdir:ro,Z" "-v" "/var/lib/crater-agent-workspace/cargo-home:/opt/rustwide/cargo-home:ro,Z" "-v" "/var/lib/crater-agent-workspace/rustup-home:/opt/rustwide/rustup-home:ro,Z" "-e" "SOURCE_DIR=/opt/rustwide/workdir" "-e" "CARGO_TARGET_DIR=/opt/rustwide/target" "-e" "CARGO_INCREMENTAL=0" "-e" "RUST_BACKTRACE=full" "-e" "RUSTFLAGS=--cap-lints=warn" "-e" "RUSTDOCFLAGS=--cap-lints=warn" "-e" "CARGO_HOME=/opt/rustwide/cargo-home" "-e" "RUSTUP_HOME=/opt/rustwide/rustup-home" "-w" "/opt/rustwide/workdir" "-m" "1610612736" "--user" "0:0" "--network" "none" "ghcr.io/rust-lang/crates-build-env/linux@sha256:2788e3201cd34a07e3172128adcd8b3090168a8e3bcc40d7c032b9dda1df7d1c" "/opt/rustwide/cargo-home/bin/cargo" "+1.75.0" "build" "--frozen" "--message-format=json", kill_on_drop: false }`
[INFO] [stdout] c8aa57b952314caf5668685629e319a3dd40f8c9272a64be8092e5669d045b25
[INFO] running `Command { std: "docker" "start" "-a" "c8aa57b952314caf5668685629e319a3dd40f8c9272a64be8092e5669d045b25", kill_on_drop: false }`
[INFO] [stderr]    Compiling proc-macro2 v1.0.59
[INFO] [stderr]    Compiling quote v1.0.28
[INFO] [stderr]    Compiling unicode-ident v1.0.9
[INFO] [stderr]    Compiling libc v0.2.144
[INFO] [stderr]    Compiling memchr v2.5.0
[INFO] [stderr]    Compiling once_cell v1.17.2
[INFO] [stderr]    Compiling pin-project-lite v0.2.9
[INFO] [stderr]    Compiling cc v1.0.79
[INFO] [stderr]    Compiling itoa v1.0.6
[INFO] [stderr]    Compiling log v0.4.18
[INFO] [stderr]    Compiling futures-core v0.3.28
[INFO] [stderr]    Compiling futures-channel v0.3.28
[INFO] [stderr]    Compiling futures-task v0.3.28
[INFO] [stderr]    Compiling bytes v1.4.0
[INFO] [stderr]    Compiling slab v0.4.8
[INFO] [stderr]    Compiling futures-sink v0.3.28
[INFO] [stderr]    Compiling spin v0.5.2
[INFO] [stderr]    Compiling futures-util v0.3.28
[INFO] [stderr]    Compiling untrusted v0.7.1
[INFO] [stderr]    Compiling tokio v1.28.2
[INFO] [stderr]    Compiling futures-io v0.3.28
[INFO] [stderr]    Compiling indexmap v1.9.3
[INFO] [stderr]    Compiling percent-encoding v2.2.0
[INFO] [stderr]    Compiling time-core v0.1.1
[INFO] [stderr]    Compiling serde v1.0.163
[INFO] [stderr]    Compiling rustls v0.20.8
[INFO] [stderr]    Compiling time-macros v0.2.9
[INFO] [stderr]    Compiling tracing-core v0.1.31
[INFO] [stderr]    Compiling http v0.2.9
[INFO] [stderr]    Compiling proc-macro-error-attr v1.0.4
[INFO] [stderr]    Compiling cookie v0.16.2
[INFO] [stderr]    Compiling base64 v0.21.2
[INFO] [stderr]    Compiling try-lock v0.2.4
[INFO] [stderr]    Compiling serde_json v1.0.96
[INFO] [stderr]    Compiling unicode-bidi v0.3.13
[INFO] [stderr]    Compiling want v0.3.0
[INFO] [stderr]    Compiling form_urlencoded v1.1.0
[INFO] [stderr]    Compiling proc-macro-error v1.0.4
[INFO] [stderr]    Compiling httpdate v1.0.2
[INFO] [stderr]    Compiling parking_lot_core v0.9.7
[INFO] [stderr]    Compiling idna v0.3.0
[INFO] [stderr]    Compiling rustls-pemfile v1.0.2
[INFO] [stderr]    Compiling ryu v1.0.13
[INFO] [stderr]    Compiling syn v2.0.18
[INFO] [stderr]    Compiling tracing v0.1.37
[INFO] [stderr]    Compiling syn v1.0.109
[INFO] [stderr]    Compiling rustls-native-certs v0.6.2
[INFO] [stderr]    Compiling num_cpus v1.15.0
[INFO] [stderr]    Compiling socket2 v0.4.9
[INFO] [stderr]    Compiling mio v0.8.8
[INFO] [stderr]    Compiling aho-corasick v1.0.1
[INFO] [stderr]    Compiling base64 v0.13.1
[INFO] [stderr]    Compiling http-body v0.4.5
[INFO] [stderr]    Compiling url v2.3.1
[INFO] [stderr]    Compiling regex-syntax v0.7.2
[INFO] [stderr]    Compiling unicode-segmentation v1.10.1
[INFO] [stderr]    Compiling paste v1.0.12
[INFO] [stderr]    Compiling async-trait v0.1.68
[INFO] [stderr]    Compiling thiserror v1.0.40
[INFO] [stderr]    Compiling ring v0.16.20
[INFO] [stderr]    Compiling parking_lot v0.12.1
[INFO] [stderr]    Compiling time v0.3.21
[INFO] [stderr]    Compiling regex v1.8.3
[INFO] [stderr]    Compiling stringmatch v0.4.0
[INFO] [stderr]    Compiling futures-macro v0.3.28
[INFO] [stderr]    Compiling tokio-macros v2.1.0
[INFO] [stderr]    Compiling serde_derive v1.0.163
[INFO] [stderr]    Compiling thiserror-impl v1.0.40
[INFO] [stderr]    Compiling serde_repr v0.1.12
[INFO] [stderr]    Compiling thirtyfour-macros v0.1.1
[INFO] [stderr]    Compiling sct v0.7.0
[INFO] [stderr]    Compiling webpki v0.22.0
[INFO] [stderr]    Compiling futures-executor v0.3.28
[INFO] [stderr]    Compiling futures v0.3.28
[INFO] [stderr]    Compiling tokio-rustls v0.23.4
[INFO] [stderr]    Compiling hyper v0.14.26
[INFO] [stderr]    Compiling webdriver v0.46.0
[INFO] [stderr]    Compiling hyper-rustls v0.23.2
[INFO] [stderr]    Compiling fantoccini v0.20.0-rc.4
[INFO] [stderr]    Compiling thirtyfour v0.32.0-rc.8 (/opt/rustwide/workdir)
[INFO] [stderr]     Finished dev [unoptimized + debuginfo] target(s) in 15.97s
[INFO] running `Command { std: "docker" "inspect" "c8aa57b952314caf5668685629e319a3dd40f8c9272a64be8092e5669d045b25", kill_on_drop: false }`
[INFO] running `Command { std: "docker" "rm" "-f" "c8aa57b952314caf5668685629e319a3dd40f8c9272a64be8092e5669d045b25", kill_on_drop: false }`
[INFO] [stdout] c8aa57b952314caf5668685629e319a3dd40f8c9272a64be8092e5669d045b25
[INFO] running `Command { std: "docker" "create" "-v" "/var/lib/crater-agent-workspace/builds/worker-1-tc1/target:/opt/rustwide/target:rw,Z" "-v" "/var/lib/crater-agent-workspace/builds/worker-1-tc1/source:/opt/rustwide/workdir:ro,Z" "-v" "/var/lib/crater-agent-workspace/cargo-home:/opt/rustwide/cargo-home:ro,Z" "-v" "/var/lib/crater-agent-workspace/rustup-home:/opt/rustwide/rustup-home:ro,Z" "-e" "SOURCE_DIR=/opt/rustwide/workdir" "-e" "CARGO_TARGET_DIR=/opt/rustwide/target" "-e" "CARGO_INCREMENTAL=0" "-e" "RUST_BACKTRACE=full" "-e" "RUSTFLAGS=--cap-lints=warn" "-e" "RUSTDOCFLAGS=--cap-lints=warn" "-e" "CARGO_HOME=/opt/rustwide/cargo-home" "-e" "RUSTUP_HOME=/opt/rustwide/rustup-home" "-w" "/opt/rustwide/workdir" "-m" "1610612736" "--user" "0:0" "--network" "none" "ghcr.io/rust-lang/crates-build-env/linux@sha256:2788e3201cd34a07e3172128adcd8b3090168a8e3bcc40d7c032b9dda1df7d1c" "/opt/rustwide/cargo-home/bin/cargo" "+1.75.0" "test" "--frozen" "--no-run" "--message-format=json", kill_on_drop: false }`
[INFO] [stdout] a61fa4c0381c801e5a63d5b063a27eabe04bfae65e4488d5ffb983e1bfb04793
[INFO] running `Command { std: "docker" "start" "-a" "a61fa4c0381c801e5a63d5b063a27eabe04bfae65e4488d5ffb983e1bfb04793", kill_on_drop: false }`
[INFO] [stderr]    Compiling sharded-slab v0.1.4
[INFO] [stderr]    Compiling thread_local v1.1.7
[INFO] [stderr]    Compiling backtrace v0.3.67
[INFO] [stderr]    Compiling eyre v0.6.8
[INFO] [stderr]    Compiling gimli v0.27.2
[INFO] [stderr]    Compiling miniz_oxide v0.6.2
[INFO] [stderr]    Compiling object v0.30.3
[INFO] [stderr]    Compiling indenter v0.3.3
[INFO] [stderr]    Compiling owo-colors v3.5.0
[INFO] [stderr]    Compiling dashmap v5.4.0
[INFO] [stderr]    Compiling serial_test_derive v2.0.0
[INFO] [stderr]    Compiling assert_matches v1.5.0
[INFO] [stderr]    Compiling serial_test v2.0.0
[INFO] [stderr]    Compiling tracing-subscriber v0.3.17
[INFO] [stderr]    Compiling tracing-error v0.2.0
[INFO] [stderr]    Compiling color-spantrace v0.2.0
[INFO] [stderr]    Compiling addr2line v0.19.0
[INFO] [stderr]    Compiling color-eyre v0.6.2
[INFO] [stderr]    Compiling thirtyfour v0.32.0-rc.8 (/opt/rustwide/workdir)
[INFO] [stderr] error: could not compile `thirtyfour` (test "alert")
[INFO] [stderr] 
[INFO] [stderr] Caused by:
[INFO] [stderr]   process didn't exit successfully: `/opt/rustwide/rustup-home/toolchains/1.75.0-x86_64-unknown-linux-gnu/bin/rustc --crate-name alert --edition=2021 tests/alert.rs --error-format=json --json=diagnostic-rendered-ansi,artifacts,future-incompat --emit=dep-info,link -C embed-bitcode=no -C debuginfo=2 --test --cfg 'feature="component"' --cfg 'feature="default"' --cfg 'feature="rustls-tls"' --cfg 'feature="thirtyfour-macros"' -C metadata=85c875876ad0ba29 -C extra-filename=-85c875876ad0ba29 --out-dir /opt/rustwide/target/debug/deps -L dependency=/opt/rustwide/target/debug/deps --extern assert_matches=/opt/rustwide/target/debug/deps/libassert_matches-330f4d77d0113f87.rlib --extern async_trait=/opt/rustwide/target/debug/deps/libasync_trait-a1d1eab0fbfc6f1b.so --extern base64=/opt/rustwide/target/debug/deps/libbase64-4ae6d688b6a59d6a.rlib --extern color_eyre=/opt/rustwide/target/debug/deps/libcolor_eyre-8b4ee121f72cc892.rlib --extern cookie=/opt/rustwide/target/debug/deps/libcookie-a33a98bad332ac79.rlib --extern fantoccini=/opt/rustwide/target/debug/deps/libfantoccini-a0490942903c6db4.rlib --extern futures=/opt/rustwide/target/debug/deps/libfutures-b5d9dd4a19d4b71c.rlib --extern http=/opt/rustwide/target/debug/deps/libhttp-1bfd600a9633f538.rlib --extern hyper=/opt/rustwide/target/debug/deps/libhyper-b94a0be39c9aa734.rlib --extern indexmap=/opt/rustwide/target/debug/deps/libindexmap-93f72862478380d0.rlib --extern log=/opt/rustwide/target/debug/deps/liblog-e5a08d2c20c29976.rlib --extern parking_lot=/opt/rustwide/target/debug/deps/libparking_lot-a2e1a5585061f5ec.rlib --extern paste=/opt/rustwide/target/debug/deps/libpaste-c60c46dfb3a8a062.so --extern serde=/opt/rustwide/target/debug/deps/libserde-d6b968890155bd39.rlib --extern serde_json=/opt/rustwide/target/debug/deps/libserde_json-3cacd136b195089d.rlib --extern serde_repr=/opt/rustwide/target/debug/deps/libserde_repr-4f544e43fc3c1aac.so --extern serial_test=/opt/rustwide/target/debug/deps/libserial_test-90aad472b33a3f41.rlib --extern stringmatch=/opt/rustwide/target/debug/deps/libstringmatch-225dda3677da0c36.rlib --extern thirtyfour=/opt/rustwide/target/debug/deps/libthirtyfour-8d9eb1addcec84d7.rlib --extern thirtyfour_macros=/opt/rustwide/target/debug/deps/libthirtyfour_macros-892d197c0efb3ac1.so --extern thiserror=/opt/rustwide/target/debug/deps/libthiserror-f9245d984baa4950.rlib --extern tokio=/opt/rustwide/target/debug/deps/libtokio-a8a24b2cefdee814.rlib --extern url=/opt/rustwide/target/debug/deps/liburl-835209bb06fa4b66.rlib --cap-lints=warn -L native=/opt/rustwide/target/debug/build/ring-0cd49e87d4d55b88/out` (signal: 9, SIGKILL: kill)
[INFO] [stderr] warning: build failed, waiting for other jobs to finish...
[INFO] [stderr] error: could not compile `thirtyfour` (test "queries")
[INFO] [stderr] 
[INFO] [stderr] Caused by:
[INFO] [stderr]   process didn't exit successfully: `/opt/rustwide/rustup-home/toolchains/1.75.0-x86_64-unknown-linux-gnu/bin/rustc --crate-name queries --edition=2021 tests/queries.rs --error-format=json --json=diagnostic-rendered-ansi,artifacts,future-incompat --emit=dep-info,link -C embed-bitcode=no -C debuginfo=2 --test --cfg 'feature="component"' --cfg 'feature="default"' --cfg 'feature="rustls-tls"' --cfg 'feature="thirtyfour-macros"' -C metadata=50d7d60c77d5a0d9 -C extra-filename=-50d7d60c77d5a0d9 --out-dir /opt/rustwide/target/debug/deps -L dependency=/opt/rustwide/target/debug/deps --extern assert_matches=/opt/rustwide/target/debug/deps/libassert_matches-330f4d77d0113f87.rlib --extern async_trait=/opt/rustwide/target/debug/deps/libasync_trait-a1d1eab0fbfc6f1b.so --extern base64=/opt/rustwide/target/debug/deps/libbase64-4ae6d688b6a59d6a.rlib --extern color_eyre=/opt/rustwide/target/debug/deps/libcolor_eyre-8b4ee121f72cc892.rlib --extern cookie=/opt/rustwide/target/debug/deps/libcookie-a33a98bad332ac79.rlib --extern fantoccini=/opt/rustwide/target/debug/deps/libfantoccini-a0490942903c6db4.rlib --extern futures=/opt/rustwide/target/debug/deps/libfutures-b5d9dd4a19d4b71c.rlib --extern http=/opt/rustwide/target/debug/deps/libhttp-1bfd600a9633f538.rlib --extern hyper=/opt/rustwide/target/debug/deps/libhyper-b94a0be39c9aa734.rlib --extern indexmap=/opt/rustwide/target/debug/deps/libindexmap-93f72862478380d0.rlib --extern log=/opt/rustwide/target/debug/deps/liblog-e5a08d2c20c29976.rlib --extern parking_lot=/opt/rustwide/target/debug/deps/libparking_lot-a2e1a5585061f5ec.rlib --extern paste=/opt/rustwide/target/debug/deps/libpaste-c60c46dfb3a8a062.so --extern serde=/opt/rustwide/target/debug/deps/libserde-d6b968890155bd39.rlib --extern serde_json=/opt/rustwide/target/debug/deps/libserde_json-3cacd136b195089d.rlib --extern serde_repr=/opt/rustwide/target/debug/deps/libserde_repr-4f544e43fc3c1aac.so --extern serial_test=/opt/rustwide/target/debug/deps/libserial_test-90aad472b33a3f41.rlib --extern stringmatch=/opt/rustwide/target/debug/deps/libstringmatch-225dda3677da0c36.rlib --extern thirtyfour=/opt/rustwide/target/debug/deps/libthirtyfour-8d9eb1addcec84d7.rlib --extern thirtyfour_macros=/opt/rustwide/target/debug/deps/libthirtyfour_macros-892d197c0efb3ac1.so --extern thiserror=/opt/rustwide/target/debug/deps/libthiserror-f9245d984baa4950.rlib --extern tokio=/opt/rustwide/target/debug/deps/libtokio-a8a24b2cefdee814.rlib --extern url=/opt/rustwide/target/debug/deps/liburl-835209bb06fa4b66.rlib --cap-lints=warn -L native=/opt/rustwide/target/debug/build/ring-0cd49e87d4d55b88/out` (signal: 9, SIGKILL: kill)
[INFO] [stderr] error: could not compile `thirtyfour` (test "elements")
[INFO] [stderr] 
[INFO] [stderr] Caused by:
[INFO] [stderr]   process didn't exit successfully: `/opt/rustwide/rustup-home/toolchains/1.75.0-x86_64-unknown-linux-gnu/bin/rustc --crate-name elements --edition=2021 tests/elements.rs --error-format=json --json=diagnostic-rendered-ansi,artifacts,future-incompat --emit=dep-info,link -C embed-bitcode=no -C debuginfo=2 --test --cfg 'feature="component"' --cfg 'feature="default"' --cfg 'feature="rustls-tls"' --cfg 'feature="thirtyfour-macros"' -C metadata=dd0bb36b5b4a18de -C extra-filename=-dd0bb36b5b4a18de --out-dir /opt/rustwide/target/debug/deps -L dependency=/opt/rustwide/target/debug/deps --extern assert_matches=/opt/rustwide/target/debug/deps/libassert_matches-330f4d77d0113f87.rlib --extern async_trait=/opt/rustwide/target/debug/deps/libasync_trait-a1d1eab0fbfc6f1b.so --extern base64=/opt/rustwide/target/debug/deps/libbase64-4ae6d688b6a59d6a.rlib --extern color_eyre=/opt/rustwide/target/debug/deps/libcolor_eyre-8b4ee121f72cc892.rlib --extern cookie=/opt/rustwide/target/debug/deps/libcookie-a33a98bad332ac79.rlib --extern fantoccini=/opt/rustwide/target/debug/deps/libfantoccini-a0490942903c6db4.rlib --extern futures=/opt/rustwide/target/debug/deps/libfutures-b5d9dd4a19d4b71c.rlib --extern http=/opt/rustwide/target/debug/deps/libhttp-1bfd600a9633f538.rlib --extern hyper=/opt/rustwide/target/debug/deps/libhyper-b94a0be39c9aa734.rlib --extern indexmap=/opt/rustwide/target/debug/deps/libindexmap-93f72862478380d0.rlib --extern log=/opt/rustwide/target/debug/deps/liblog-e5a08d2c20c29976.rlib --extern parking_lot=/opt/rustwide/target/debug/deps/libparking_lot-a2e1a5585061f5ec.rlib --extern paste=/opt/rustwide/target/debug/deps/libpaste-c60c46dfb3a8a062.so --extern serde=/opt/rustwide/target/debug/deps/libserde-d6b968890155bd39.rlib --extern serde_json=/opt/rustwide/target/debug/deps/libserde_json-3cacd136b195089d.rlib --extern serde_repr=/opt/rustwide/target/debug/deps/libserde_repr-4f544e43fc3c1aac.so --extern serial_test=/opt/rustwide/target/debug/deps/libserial_test-90aad472b33a3f41.rlib --extern stringmatch=/opt/rustwide/target/debug/deps/libstringmatch-225dda3677da0c36.rlib --extern thirtyfour=/opt/rustwide/target/debug/deps/libthirtyfour-8d9eb1addcec84d7.rlib --extern thirtyfour_macros=/opt/rustwide/target/debug/deps/libthirtyfour_macros-892d197c0efb3ac1.so --extern thiserror=/opt/rustwide/target/debug/deps/libthiserror-f9245d984baa4950.rlib --extern tokio=/opt/rustwide/target/debug/deps/libtokio-a8a24b2cefdee814.rlib --extern url=/opt/rustwide/target/debug/deps/liburl-835209bb06fa4b66.rlib --cap-lints=warn -L native=/opt/rustwide/target/debug/build/ring-0cd49e87d4d55b88/out` (signal: 9, SIGKILL: kill)
[INFO] [stderr] error: could not compile `thirtyfour` (test "window")
[INFO] [stderr] 
[INFO] [stderr] Caused by:
[INFO] [stderr]   process didn't exit successfully: `/opt/rustwide/rustup-home/toolchains/1.75.0-x86_64-unknown-linux-gnu/bin/rustc --crate-name window --edition=2021 tests/window.rs --error-format=json --json=diagnostic-rendered-ansi,artifacts,future-incompat --emit=dep-info,link -C embed-bitcode=no -C debuginfo=2 --test --cfg 'feature="component"' --cfg 'feature="default"' --cfg 'feature="rustls-tls"' --cfg 'feature="thirtyfour-macros"' -C metadata=0dd9589509985b26 -C extra-filename=-0dd9589509985b26 --out-dir /opt/rustwide/target/debug/deps -L dependency=/opt/rustwide/target/debug/deps --extern assert_matches=/opt/rustwide/target/debug/deps/libassert_matches-330f4d77d0113f87.rlib --extern async_trait=/opt/rustwide/target/debug/deps/libasync_trait-a1d1eab0fbfc6f1b.so --extern base64=/opt/rustwide/target/debug/deps/libbase64-4ae6d688b6a59d6a.rlib --extern color_eyre=/opt/rustwide/target/debug/deps/libcolor_eyre-8b4ee121f72cc892.rlib --extern cookie=/opt/rustwide/target/debug/deps/libcookie-a33a98bad332ac79.rlib --extern fantoccini=/opt/rustwide/target/debug/deps/libfantoccini-a0490942903c6db4.rlib --extern futures=/opt/rustwide/target/debug/deps/libfutures-b5d9dd4a19d4b71c.rlib --extern http=/opt/rustwide/target/debug/deps/libhttp-1bfd600a9633f538.rlib --extern hyper=/opt/rustwide/target/debug/deps/libhyper-b94a0be39c9aa734.rlib --extern indexmap=/opt/rustwide/target/debug/deps/libindexmap-93f72862478380d0.rlib --extern log=/opt/rustwide/target/debug/deps/liblog-e5a08d2c20c29976.rlib --extern parking_lot=/opt/rustwide/target/debug/deps/libparking_lot-a2e1a5585061f5ec.rlib --extern paste=/opt/rustwide/target/debug/deps/libpaste-c60c46dfb3a8a062.so --extern serde=/opt/rustwide/target/debug/deps/libserde-d6b968890155bd39.rlib --extern serde_json=/opt/rustwide/target/debug/deps/libserde_json-3cacd136b195089d.rlib --extern serde_repr=/opt/rustwide/target/debug/deps/libserde_repr-4f544e43fc3c1aac.so --extern serial_test=/opt/rustwide/target/debug/deps/libserial_test-90aad472b33a3f41.rlib --extern stringmatch=/opt/rustwide/target/debug/deps/libstringmatch-225dda3677da0c36.rlib --extern thirtyfour=/opt/rustwide/target/debug/deps/libthirtyfour-8d9eb1addcec84d7.rlib --extern thirtyfour_macros=/opt/rustwide/target/debug/deps/libthirtyfour_macros-892d197c0efb3ac1.so --extern thiserror=/opt/rustwide/target/debug/deps/libthiserror-f9245d984baa4950.rlib --extern tokio=/opt/rustwide/target/debug/deps/libtokio-a8a24b2cefdee814.rlib --extern url=/opt/rustwide/target/debug/deps/liburl-835209bb06fa4b66.rlib --cap-lints=warn -L native=/opt/rustwide/target/debug/build/ring-0cd49e87d4d55b88/out` (signal: 9, SIGKILL: kill)
[INFO] [stderr] error: could not compile `thirtyfour` (test "navigation")
[INFO] [stderr] 
[INFO] [stderr] Caused by:
[INFO] [stderr]   process didn't exit successfully: `/opt/rustwide/rustup-home/toolchains/1.75.0-x86_64-unknown-linux-gnu/bin/rustc --crate-name navigation --edition=2021 tests/navigation.rs --error-format=json --json=diagnostic-rendered-ansi,artifacts,future-incompat --emit=dep-info,link -C embed-bitcode=no -C debuginfo=2 --test --cfg 'feature="component"' --cfg 'feature="default"' --cfg 'feature="rustls-tls"' --cfg 'feature="thirtyfour-macros"' -C metadata=7c7adf7daa30f4a0 -C extra-filename=-7c7adf7daa30f4a0 --out-dir /opt/rustwide/target/debug/deps -L dependency=/opt/rustwide/target/debug/deps --extern assert_matches=/opt/rustwide/target/debug/deps/libassert_matches-330f4d77d0113f87.rlib --extern async_trait=/opt/rustwide/target/debug/deps/libasync_trait-a1d1eab0fbfc6f1b.so --extern base64=/opt/rustwide/target/debug/deps/libbase64-4ae6d688b6a59d6a.rlib --extern color_eyre=/opt/rustwide/target/debug/deps/libcolor_eyre-8b4ee121f72cc892.rlib --extern cookie=/opt/rustwide/target/debug/deps/libcookie-a33a98bad332ac79.rlib --extern fantoccini=/opt/rustwide/target/debug/deps/libfantoccini-a0490942903c6db4.rlib --extern futures=/opt/rustwide/target/debug/deps/libfutures-b5d9dd4a19d4b71c.rlib --extern http=/opt/rustwide/target/debug/deps/libhttp-1bfd600a9633f538.rlib --extern hyper=/opt/rustwide/target/debug/deps/libhyper-b94a0be39c9aa734.rlib --extern indexmap=/opt/rustwide/target/debug/deps/libindexmap-93f72862478380d0.rlib --extern log=/opt/rustwide/target/debug/deps/liblog-e5a08d2c20c29976.rlib --extern parking_lot=/opt/rustwide/target/debug/deps/libparking_lot-a2e1a5585061f5ec.rlib --extern paste=/opt/rustwide/target/debug/deps/libpaste-c60c46dfb3a8a062.so --extern serde=/opt/rustwide/target/debug/deps/libserde-d6b968890155bd39.rlib --extern serde_json=/opt/rustwide/target/debug/deps/libserde_json-3cacd136b195089d.rlib --extern serde_repr=/opt/rustwide/target/debug/deps/libserde_repr-4f544e43fc3c1aac.so --extern serial_test=/opt/rustwide/target/debug/deps/libserial_test-90aad472b33a3f41.rlib --extern stringmatch=/opt/rustwide/target/debug/deps/libstringmatch-225dda3677da0c36.rlib --extern thirtyfour=/opt/rustwide/target/debug/deps/libthirtyfour-8d9eb1addcec84d7.rlib --extern thirtyfour_macros=/opt/rustwide/target/debug/deps/libthirtyfour_macros-892d197c0efb3ac1.so --extern thiserror=/opt/rustwide/target/debug/deps/libthiserror-f9245d984baa4950.rlib --extern tokio=/opt/rustwide/target/debug/deps/libtokio-a8a24b2cefdee814.rlib --extern url=/opt/rustwide/target/debug/deps/liburl-835209bb06fa4b66.rlib --cap-lints=warn -L native=/opt/rustwide/target/debug/build/ring-0cd49e87d4d55b88/out` (signal: 9, SIGKILL: kill)
[INFO] [stderr] error: could not compile `thirtyfour` (test "actions")
[INFO] [stderr] 
[INFO] [stderr] Caused by:
[INFO] [stderr]   process didn't exit successfully: `/opt/rustwide/rustup-home/toolchains/1.75.0-x86_64-unknown-linux-gnu/bin/rustc --crate-name actions --edition=2021 tests/actions.rs --error-format=json --json=diagnostic-rendered-ansi,artifacts,future-incompat --emit=dep-info,link -C embed-bitcode=no -C debuginfo=2 --test --cfg 'feature="component"' --cfg 'feature="default"' --cfg 'feature="rustls-tls"' --cfg 'feature="thirtyfour-macros"' -C metadata=b933faabfa676bce -C extra-filename=-b933faabfa676bce --out-dir /opt/rustwide/target/debug/deps -L dependency=/opt/rustwide/target/debug/deps --extern assert_matches=/opt/rustwide/target/debug/deps/libassert_matches-330f4d77d0113f87.rlib --extern async_trait=/opt/rustwide/target/debug/deps/libasync_trait-a1d1eab0fbfc6f1b.so --extern base64=/opt/rustwide/target/debug/deps/libbase64-4ae6d688b6a59d6a.rlib --extern color_eyre=/opt/rustwide/target/debug/deps/libcolor_eyre-8b4ee121f72cc892.rlib --extern cookie=/opt/rustwide/target/debug/deps/libcookie-a33a98bad332ac79.rlib --extern fantoccini=/opt/rustwide/target/debug/deps/libfantoccini-a0490942903c6db4.rlib --extern futures=/opt/rustwide/target/debug/deps/libfutures-b5d9dd4a19d4b71c.rlib --extern http=/opt/rustwide/target/debug/deps/libhttp-1bfd600a9633f538.rlib --extern hyper=/opt/rustwide/target/debug/deps/libhyper-b94a0be39c9aa734.rlib --extern indexmap=/opt/rustwide/target/debug/deps/libindexmap-93f72862478380d0.rlib --extern log=/opt/rustwide/target/debug/deps/liblog-e5a08d2c20c29976.rlib --extern parking_lot=/opt/rustwide/target/debug/deps/libparking_lot-a2e1a5585061f5ec.rlib --extern paste=/opt/rustwide/target/debug/deps/libpaste-c60c46dfb3a8a062.so --extern serde=/opt/rustwide/target/debug/deps/libserde-d6b968890155bd39.rlib --extern serde_json=/opt/rustwide/target/debug/deps/libserde_json-3cacd136b195089d.rlib --extern serde_repr=/opt/rustwide/target/debug/deps/libserde_repr-4f544e43fc3c1aac.so --extern serial_test=/opt/rustwide/target/debug/deps/libserial_test-90aad472b33a3f41.rlib --extern stringmatch=/opt/rustwide/target/debug/deps/libstringmatch-225dda3677da0c36.rlib --extern thirtyfour=/opt/rustwide/target/debug/deps/libthirtyfour-8d9eb1addcec84d7.rlib --extern thirtyfour_macros=/opt/rustwide/target/debug/deps/libthirtyfour_macros-892d197c0efb3ac1.so --extern thiserror=/opt/rustwide/target/debug/deps/libthiserror-f9245d984baa4950.rlib --extern tokio=/opt/rustwide/target/debug/deps/libtokio-a8a24b2cefdee814.rlib --extern url=/opt/rustwide/target/debug/deps/liburl-835209bb06fa4b66.rlib --cap-lints=warn -L native=/opt/rustwide/target/debug/build/ring-0cd49e87d4d55b88/out` (signal: 9, SIGKILL: kill)
[INFO] [stderr] error: could not compile `thirtyfour` (test "components")
[INFO] [stderr] 
[INFO] [stderr] Caused by:
[INFO] [stderr]   process didn't exit successfully: `/opt/rustwide/rustup-home/toolchains/1.75.0-x86_64-unknown-linux-gnu/bin/rustc --crate-name components --edition=2021 tests/components.rs --error-format=json --json=diagnostic-rendered-ansi,artifacts,future-incompat --emit=dep-info,link -C embed-bitcode=no -C debuginfo=2 --test --cfg 'feature="component"' --cfg 'feature="default"' --cfg 'feature="rustls-tls"' --cfg 'feature="thirtyfour-macros"' -C metadata=65c2c8d5c7fda5bf -C extra-filename=-65c2c8d5c7fda5bf --out-dir /opt/rustwide/target/debug/deps -L dependency=/opt/rustwide/target/debug/deps --extern assert_matches=/opt/rustwide/target/debug/deps/libassert_matches-330f4d77d0113f87.rlib --extern async_trait=/opt/rustwide/target/debug/deps/libasync_trait-a1d1eab0fbfc6f1b.so --extern base64=/opt/rustwide/target/debug/deps/libbase64-4ae6d688b6a59d6a.rlib --extern color_eyre=/opt/rustwide/target/debug/deps/libcolor_eyre-8b4ee121f72cc892.rlib --extern cookie=/opt/rustwide/target/debug/deps/libcookie-a33a98bad332ac79.rlib --extern fantoccini=/opt/rustwide/target/debug/deps/libfantoccini-a0490942903c6db4.rlib --extern futures=/opt/rustwide/target/debug/deps/libfutures-b5d9dd4a19d4b71c.rlib --extern http=/opt/rustwide/target/debug/deps/libhttp-1bfd600a9633f538.rlib --extern hyper=/opt/rustwide/target/debug/deps/libhyper-b94a0be39c9aa734.rlib --extern indexmap=/opt/rustwide/target/debug/deps/libindexmap-93f72862478380d0.rlib --extern log=/opt/rustwide/target/debug/deps/liblog-e5a08d2c20c29976.rlib --extern parking_lot=/opt/rustwide/target/debug/deps/libparking_lot-a2e1a5585061f5ec.rlib --extern paste=/opt/rustwide/target/debug/deps/libpaste-c60c46dfb3a8a062.so --extern serde=/opt/rustwide/target/debug/deps/libserde-d6b968890155bd39.rlib --extern serde_json=/opt/rustwide/target/debug/deps/libserde_json-3cacd136b195089d.rlib --extern serde_repr=/opt/rustwide/target/debug/deps/libserde_repr-4f544e43fc3c1aac.so --extern serial_test=/opt/rustwide/target/debug/deps/libserial_test-90aad472b33a3f41.rlib --extern stringmatch=/opt/rustwide/target/debug/deps/libstringmatch-225dda3677da0c36.rlib --extern thirtyfour=/opt/rustwide/target/debug/deps/libthirtyfour-8d9eb1addcec84d7.rlib --extern thirtyfour_macros=/opt/rustwide/target/debug/deps/libthirtyfour_macros-892d197c0efb3ac1.so --extern thiserror=/opt/rustwide/target/debug/deps/libthiserror-f9245d984baa4950.rlib --extern tokio=/opt/rustwide/target/debug/deps/libtokio-a8a24b2cefdee814.rlib --extern url=/opt/rustwide/target/debug/deps/liburl-835209bb06fa4b66.rlib --cap-lints=warn -L native=/opt/rustwide/target/debug/build/ring-0cd49e87d4d55b88/out` (signal: 9, SIGKILL: kill)
[INFO] [stderr] error: could not compile `thirtyfour` (example "custom_poller")
[INFO] [stderr] 
[INFO] [stderr] Caused by:
[INFO] [stderr]   process didn't exit successfully: `/opt/rustwide/rustup-home/toolchains/1.75.0-x86_64-unknown-linux-gnu/bin/rustc --crate-name custom_poller --edition=2021 examples/query/custom_poller.rs --error-format=json --json=diagnostic-rendered-ansi,artifacts,future-incompat --crate-type bin --emit=dep-info,link -C embed-bitcode=no -C debuginfo=2 --cfg 'feature="component"' --cfg 'feature="default"' --cfg 'feature="rustls-tls"' --cfg 'feature="thirtyfour-macros"' -C metadata=da1f5edf0b0c0208 -C extra-filename=-da1f5edf0b0c0208 --out-dir /opt/rustwide/target/debug/examples -L dependency=/opt/rustwide/target/debug/deps --extern assert_matches=/opt/rustwide/target/debug/deps/libassert_matches-330f4d77d0113f87.rlib --extern async_trait=/opt/rustwide/target/debug/deps/libasync_trait-a1d1eab0fbfc6f1b.so --extern base64=/opt/rustwide/target/debug/deps/libbase64-4ae6d688b6a59d6a.rlib --extern color_eyre=/opt/rustwide/target/debug/deps/libcolor_eyre-8b4ee121f72cc892.rlib --extern cookie=/opt/rustwide/target/debug/deps/libcookie-a33a98bad332ac79.rlib --extern fantoccini=/opt/rustwide/target/debug/deps/libfantoccini-a0490942903c6db4.rlib --extern futures=/opt/rustwide/target/debug/deps/libfutures-b5d9dd4a19d4b71c.rlib --extern http=/opt/rustwide/target/debug/deps/libhttp-1bfd600a9633f538.rlib --extern hyper=/opt/rustwide/target/debug/deps/libhyper-b94a0be39c9aa734.rlib --extern indexmap=/opt/rustwide/target/debug/deps/libindexmap-93f72862478380d0.rlib --extern log=/opt/rustwide/target/debug/deps/liblog-e5a08d2c20c29976.rlib --extern parking_lot=/opt/rustwide/target/debug/deps/libparking_lot-a2e1a5585061f5ec.rlib --extern paste=/opt/rustwide/target/debug/deps/libpaste-c60c46dfb3a8a062.so --extern serde=/opt/rustwide/target/debug/deps/libserde-d6b968890155bd39.rlib --extern serde_json=/opt/rustwide/target/debug/deps/libserde_json-3cacd136b195089d.rlib --extern serde_repr=/opt/rustwide/target/debug/deps/libserde_repr-4f544e43fc3c1aac.so --extern serial_test=/opt/rustwide/target/debug/deps/libserial_test-90aad472b33a3f41.rlib --extern stringmatch=/opt/rustwide/target/debug/deps/libstringmatch-225dda3677da0c36.rlib --extern thirtyfour=/opt/rustwide/target/debug/deps/libthirtyfour-8d9eb1addcec84d7.rlib --extern thirtyfour_macros=/opt/rustwide/target/debug/deps/libthirtyfour_macros-892d197c0efb3ac1.so --extern thiserror=/opt/rustwide/target/debug/deps/libthiserror-f9245d984baa4950.rlib --extern tokio=/opt/rustwide/target/debug/deps/libtokio-a8a24b2cefdee814.rlib --extern url=/opt/rustwide/target/debug/deps/liburl-835209bb06fa4b66.rlib --cap-lints=warn -L native=/opt/rustwide/target/debug/build/ring-0cd49e87d4d55b88/out` (signal: 9, SIGKILL: kill)
[INFO] [stdout] error: linking with `cc` failed: exit status: 1
[INFO] [stdout]   |
[INFO] [stdout]   = note: LC_ALL="C" PATH="/opt/rustwide/rustup-home/toolchains/1.75.0-x86_64-unknown-linux-gnu/lib/rustlib/x86_64-unknown-linux-gnu/bin:/opt/rustwide/cargo-home/bin:/usr/local/sbin:/usr/local/bin:/usr/sbin:/usr/bin:/sbin:/bin" VSLANG="1033" "cc" "-m64" "/tmp/rustc51K231/symbols.o" "/opt/rustwide/target/debug/examples/chrome_devtools-c36b9ed793d497ed.chrome_devtools.862aa3450feb1987-cgu.00.rcgu.o" "/opt/rustwide/target/debug/examples/chrome_devtools-c36b9ed793d497ed.chrome_devtools.862aa3450feb1987-cgu.01.rcgu.o" "/opt/rustwide/target/debug/examples/chrome_devtools-c36b9ed793d497ed.chrome_devtools.862aa3450feb1987-cgu.02.rcgu.o" "/opt/rustwide/target/debug/examples/chrome_devtools-c36b9ed793d497ed.chrome_devtools.862aa3450feb1987-cgu.03.rcgu.o" "/opt/rustwide/target/debug/examples/chrome_devtools-c36b9ed793d497ed.chrome_devtools.862aa3450feb1987-cgu.04.rcgu.o" "/opt/rustwide/target/debug/examples/chrome_devtools-c36b9ed793d497ed.chrome_devtools.862aa3450feb1987-cgu.05.rcgu.o" "/opt/rustwide/target/debug/examples/chrome_devtools-c36b9ed793d497ed.chrome_devtools.862aa3450feb1987-cgu.06.rcgu.o" "/opt/rustwide/target/debug/examples/chrome_devtools-c36b9ed793d497ed.chrome_devtools.862aa3450feb1987-cgu.07.rcgu.o" "/opt/rustwide/target/debug/examples/chrome_devtools-c36b9ed793d497ed.chrome_devtools.862aa3450feb1987-cgu.08.rcgu.o" "/opt/rustwide/target/debug/examples/chrome_devtools-c36b9ed793d497ed.chrome_devtools.862aa3450feb1987-cgu.09.rcgu.o" "/opt/rustwide/target/debug/examples/chrome_devtools-c36b9ed793d497ed.chrome_devtools.862aa3450feb1987-cgu.10.rcgu.o" "/opt/rustwide/target/debug/examples/chrome_devtools-c36b9ed793d497ed.chrome_devtools.862aa3450feb1987-cgu.11.rcgu.o" "/opt/rustwide/target/debug/examples/chrome_devtools-c36b9ed793d497ed.chrome_devtools.862aa3450feb1987-cgu.12.rcgu.o" "/opt/rustwide/target/debug/examples/chrome_devtools-c36b9ed793d497ed.chrome_devtools.862aa3450feb1987-cgu.13.rcgu.o" "/opt/rustwide/target/debug/examples/chrome_devtools-c36b9ed793d497ed.chrome_devtools.862aa3450feb1987-cgu.14.rcgu.o" "/opt/rustwide/target/debug/examples/chrome_devtools-c36b9ed793d497ed.chrome_devtools.862aa3450feb1987-cgu.15.rcgu.o" "/opt/rustwide/target/debug/examples/chrome_devtools-c36b9ed793d497ed.m9oazfbs9bwwg69.rcgu.o" "-Wl,--as-needed" "-L" "/opt/rustwide/target/debug/deps" "-L" "/opt/rustwide/target/debug/build/ring-0cd49e87d4d55b88/out" "-L" "/opt/rustwide/rustup-home/toolchains/1.75.0-x86_64-unknown-linux-gnu/lib/rustlib/x86_64-unknown-linux-gnu/lib" "-Wl,-Bstatic" "/opt/rustwide/target/debug/deps/libcolor_eyre-8b4ee121f72cc892.rlib" "/opt/rustwide/target/debug/deps/libcolor_spantrace-21970eac63b561e7.rlib" "/opt/rustwide/target/debug/deps/libtracing_error-4fda49c13801713f.rlib" "/opt/rustwide/target/debug/deps/libtracing_subscriber-4cf4d0830c9041b6.rlib" "/opt/rustwide/target/debug/deps/libthread_local-b8ffc194fbe81159.rlib" "/opt/rustwide/target/debug/deps/libsharded_slab-02c3102eff4edbd9.rlib" "/opt/rustwide/target/debug/deps/liblazy_static-591486ebcb9a7ead.rlib" "/opt/rustwide/target/debug/deps/libowo_colors-616f114f0bc7996f.rlib" "/opt/rustwide/target/debug/deps/libeyre-0ea1a1fe7f58142e.rlib" "/opt/rustwide/target/debug/deps/libindenter-38c3d05611f4024c.rlib" "/opt/rustwide/target/debug/deps/libbacktrace-3e2ea0b7c11a8e97.rlib" "/opt/rustwide/target/debug/deps/libminiz_oxide-8688b2df3c5476d9.rlib" "/opt/rustwide/target/debug/deps/libadler-c8f2240c56a0abca.rlib" "/opt/rustwide/target/debug/deps/libobject-4b3e6f3c2e8931eb.rlib" "/opt/rustwide/target/debug/deps/libaddr2line-0102942144dd6a0f.rlib" "/opt/rustwide/target/debug/deps/libgimli-b27c741335b1e040.rlib" "/opt/rustwide/target/debug/deps/librustc_demangle-7ef8571a19a75907.rlib" "/opt/rustwide/target/debug/deps/libthirtyfour-8d9eb1addcec84d7.rlib" "/opt/rustwide/target/debug/deps/libthiserror-f9245d984baa4950.rlib" "/opt/rustwide/target/debug/deps/libstringmatch-225dda3677da0c36.rlib" "/opt/rustwide/target/debug/deps/libregex-31e41685d3246335.rlib" "/opt/rustwide/target/debug/deps/libaho_corasick-07444be8bb34ef9e.rlib" "/opt/rustwide/target/debug/deps/libregex_syntax-9bf174677eb3a180.rlib" "/opt/rustwide/target/debug/deps/libparking_lot-a2e1a5585061f5ec.rlib" "/opt/rustwide/target/debug/deps/libparking_lot_core-d4e1ca4927f4592e.rlib" "/opt/rustwide/target/debug/deps/libsmallvec-75a5879a2c4c0c6c.rlib" "/opt/rustwide/target/debug/deps/liblock_api-400daf411a1c055a.rlib" "/opt/rustwide/target/debug/deps/libscopeguard-b35f5c652940acc2.rlib" "/opt/rustwide/target/debug/deps/libfutures-b5d9dd4a19d4b71c.rlib" "/opt/rustwide/target/debug/deps/libfutures_executor-f044293fc9b02886.rlib" "/opt/rustwide/target/debug/deps/libfantoccini-a0490942903c6db4.rlib" "/opt/rustwide/target/debug/deps/libhyper_rustls-b7794e984cbefc5e.rlib" "/opt/rustwide/target/debug/deps/librustls_native_certs-2222066a285e6fd7.rlib" "/opt/rustwide/target/debug/deps/librustls_pemfile-4919afdebc1c0a81.rlib" "/opt/rustwide/target/debug/deps/libbase64-4ae6d688b6a59d6a.rlib" "/opt/rustwide/target/debug/deps/libopenssl_probe-d850575132083d7c.rlib" "/opt/rustwide/target/debug/deps/libtokio_rustls-bfc0d67f958659a0.rlib" "/opt/rustwide/target/debug/deps/librustls-8f66690456930687.rlib" "/opt/rustwide/target/debug/deps/libsct-20882fd1c00ba8e2.rlib" "/opt/rustwide/target/debug/deps/libwebpki-22a4db6ce121045f.rlib" "/opt/rustwide/target/debug/deps/libring-17bbecbdab7cd429.rlib" "/opt/rustwide/target/debug/deps/libspin-c4098cd951aef6c9.rlib" "/opt/rustwide/target/debug/deps/libuntrusted-5ec0aa78ed8cda5c.rlib" "/opt/rustwide/target/debug/deps/libmime-7e306270d8ceb372.rlib" "/opt/rustwide/target/debug/deps/libwebdriver-475245b601ffc865.rlib" "/opt/rustwide/target/debug/deps/libunicode_segmentation-7a669f4e93299c6a.rlib" "/opt/rustwide/target/debug/deps/libcookie-a33a98bad332ac79.rlib" "/opt/rustwide/target/debug/deps/libtime-38c4e51c95f38c1d.rlib" "/opt/rustwide/target/debug/deps/libtime_core-8975f5c3c8091bbd.rlib" "/opt/rustwide/target/debug/deps/libbase64-b09bba5046b087ce.rlib" "/opt/rustwide/target/debug/deps/libserde_json-3cacd136b195089d.rlib" "/opt/rustwide/target/debug/deps/libryu-07c77bcabf6ee02b.rlib" "/opt/rustwide/target/debug/deps/libindexmap-93f72862478380d0.rlib" "/opt/rustwide/target/debug/deps/libhashbrown-567986452cb9bc94.rlib" "/opt/rustwide/target/debug/deps/liburl-835209bb06fa4b66.rlib" "/opt/rustwide/target/debug/deps/libidna-b88b16256f94c1f5.rlib" "/opt/rustwide/target/debug/deps/libunicode_normalization-e1c1be84a555e587.rlib" "/opt/rustwide/target/debug/deps/libtinyvec-cf6c9f6b792a5507.rlib" "/opt/rustwide/target/debug/deps/libtinyvec_macros-b1cb7f53f58c9f87.rlib" "/opt/rustwide/target/debug/deps/libunicode_bidi-282ea4eeb343ff18.rlib" "/opt/rustwide/target/debug/deps/libform_urlencoded-e8c43e838ad28fa4.rlib" "/opt/rustwide/target/debug/deps/libpercent_encoding-c39f6500503dd269.rlib" "/opt/rustwide/target/debug/deps/libserde-d6b968890155bd39.rlib" "/opt/rustwide/target/debug/deps/libhyper-b94a0be39c9aa734.rlib" "/opt/rustwide/target/debug/deps/libwant-3435cf055320e760.rlib" "/opt/rustwide/target/debug/deps/libtry_lock-51271589248cd7d9.rlib" "/opt/rustwide/target/debug/deps/liblog-e5a08d2c20c29976.rlib" "/opt/rustwide/target/debug/deps/libhttparse-64f1ffbeda450424.rlib" "/opt/rustwide/target/debug/deps/libtower_service-104d6e83d5ce383d.rlib" "/opt/rustwide/target/debug/deps/libtracing-9aac5afcb8274a51.rlib" "/opt/rustwide/target/debug/deps/libcfg_if-61dc7a6799e72b18.rlib" "/opt/rustwide/target/debug/deps/libtracing_core-fcb645ff4aa2883f.rlib" "/opt/rustwide/target/debug/deps/libonce_cell-6ecee5b0a97fe27b.rlib" "/opt/rustwide/target/debug/deps/libhttp_body-7e22d86f2e012d16.rlib" "/opt/rustwide/target/debug/deps/libfutures_util-cc7642919687b929.rlib" "/opt/rustwide/target/debug/deps/libmemchr-4fdcfd9ddfba30cb.rlib" "/opt/rustwide/target/debug/deps/libfutures_io-e29e1f931c78f5ad.rlib" "/opt/rustwide/target/debug/deps/libslab-7742106a97732125.rlib" "/opt/rustwide/target/debug/deps/libfutures_channel-7aebd8cea24b8850.rlib" "/opt/rustwide/target/debug/deps/libfutures_sink-2b0e95e5f1ef133b.rlib" "/opt/rustwide/target/debug/deps/libfutures_task-ec207c36a8b1b716.rlib" "/opt/rustwide/target/debug/deps/libpin_utils-741f7d9d160e4a16.rlib" "/opt/rustwide/target/debug/deps/libfutures_core-02b74ed2f49284a7.rlib" "/opt/rustwide/target/debug/deps/libtokio-a8a24b2cefdee814.rlib" "/opt/rustwide/target/debug/deps/libnum_cpus-c7a6a59e2edb5ffb.rlib" "/opt/rustwide/target/debug/deps/libsocket2-1dc3a883b6c28134.rlib" "/opt/rustwide/target/debug/deps/libmio-0bd9d1932ee9acec.rlib" "/opt/rustwide/target/debug/deps/liblibc-37b50e3b7819e5c7.rlib" "/opt/rustwide/target/debug/deps/libpin_project_lite-cead9f5d94689600.rlib" "/opt/rustwide/target/debug/deps/libhttpdate-07ccb2bff48c32b9.rlib" "/opt/rustwide/target/debug/deps/libhttp-1bfd600a9633f538.rlib" "/opt/rustwide/target/debug/deps/libitoa-807e41d963466eb2.rlib" "/opt/rustwide/target/debug/deps/libbytes-3fc98b508f6e4a28.rlib" "/opt/rustwide/target/debug/deps/libfnv-18bf5144d055e772.rlib" "/opt/rustwide/rustup-home/toolchains/1.75.0-x86_64-unknown-linux-gnu/lib/rustlib/x86_64-unknown-linux-gnu/lib/libstd-90f6ddbf82de36ec.rlib" "/opt/rustwide/rustup-home/toolchains/1.75.0-x86_64-unknown-linux-gnu/lib/rustlib/x86_64-unknown-linux-gnu/lib/libpanic_unwind-480c41e9d4e1f677.rlib" "/opt/rustwide/rustup-home/toolchains/1.75.0-x86_64-unknown-linux-gnu/lib/rustlib/x86_64-unknown-linux-gnu/lib/libobject-db744c0ca03eed1d.rlib" "/opt/rustwide/rustup-home/toolchains/1.75.0-x86_64-unknown-linux-gnu/lib/rustlib/x86_64-unknown-linux-gnu/lib/libmemchr-8ba652dc7d4b285a.rlib" "/opt/rustwide/rustup-home/toolchains/1.75.0-x86_64-unknown-linux-gnu/lib/rustlib/x86_64-unknown-linux-gnu/lib/libaddr2line-d5f4520a9ebc0d58.rlib" "/opt/rustwide/rustup-home/toolchains/1.75.0-x86_64-unknown-linux-gnu/lib/rustlib/x86_64-unknown-linux-gnu/lib/libgimli-4ad84de58f0cb463.rlib" "/opt/rustwide/rustup-home/toolchains/1.75.0-x86_64-unknown-linux-gnu/lib/rustlib/x86_64-unknown-linux-gnu/lib/librustc_demangle-0d10aae2e0f38735.rlib" "/opt/rustwide/rustup-home/toolchains/1.75.0-x86_64-unknown-linux-gnu/lib/rustlib/x86_64-unknown-linux-gnu/lib/libstd_detect-0c17cff739e6745b.rlib" "/opt/rustwide/rustup-home/toolchains/1.75.0-x86_64-unknown-linux-gnu/lib/rustlib/x86_64-unknown-linux-gnu/lib/libhashbrown-b29e17139dde1aa8.rlib" "/opt/rustwide/rustup-home/toolchains/1.75.0-x86_64-unknown-linux-gnu/lib/rustlib/x86_64-unknown-linux-gnu/lib/librustc_std_workspace_alloc-1f975299829cc7bd.rlib" "/opt/rustwide/rustup-home/toolchains/1.75.0-x86_64-unknown-linux-gnu/lib/rustlib/x86_64-unknown-linux-gnu/lib/libminiz_oxide-86bae3bc3079f89b.rlib" "/opt/rustwide/rustup-home/toolchains/1.75.0-x86_64-unknown-linux-gnu/lib/rustlib/x86_64-unknown-linux-gnu/lib/libadler-321b82c30dffdf5f.rlib" "/opt/rustwide/rustup-home/toolchains/1.75.0-x86_64-unknown-linux-gnu/lib/rustlib/x86_64-unknown-linux-gnu/lib/libunwind-3dd8a6810a0bdfef.rlib" "/opt/rustwide/rustup-home/toolchains/1.75.0-x86_64-unknown-linux-gnu/lib/rustlib/x86_64-unknown-linux-gnu/lib/libcfg_if-eb39a61c0c879984.rlib" "/opt/rustwide/rustup-home/toolchains/1.75.0-x86_64-unknown-linux-gnu/lib/rustlib/x86_64-unknown-linux-gnu/lib/liblibc-aa769569f91c3548.rlib" "/opt/rustwide/rustup-home/toolchains/1.75.0-x86_64-unknown-linux-gnu/lib/rustlib/x86_64-unknown-linux-gnu/lib/liballoc-510a192a50a983ed.rlib" "/opt/rustwide/rustup-home/toolchains/1.75.0-x86_64-unknown-linux-gnu/lib/rustlib/x86_64-unknown-linux-gnu/lib/librustc_std_workspace_core-0577018320f99037.rlib" "/opt/rustwide/rustup-home/toolchains/1.75.0-x86_64-unknown-linux-gnu/lib/rustlib/x86_64-unknown-linux-gnu/lib/libcore-193cf992125ccd4c.rlib" "/opt/rustwide/rustup-home/toolchains/1.75.0-x86_64-unknown-linux-gnu/lib/rustlib/x86_64-unknown-linux-gnu/lib/libcompiler_builtins-8e138eaf26ebb4a8.rlib" "-Wl,-Bdynamic" "-lgcc_s" "-lutil" "-lrt" "-lpthread" "-lm" "-ldl" "-lc" "-Wl,--eh-frame-hdr" "-Wl,-z,noexecstack" "-L" "/opt/rustwide/rustup-home/toolchains/1.75.0-x86_64-unknown-linux-gnu/lib/rustlib/x86_64-unknown-linux-gnu/lib" "-o" "/opt/rustwide/target/debug/examples/chrome_devtools-c36b9ed793d497ed" "-Wl,--gc-sections" "-pie" "-Wl,-z,relro,-z,now" "-nodefaultlibs"
[INFO] [stdout]   = note: collect2: fatal error: ld terminated with signal 9 [Killed]
[INFO] [stdout]           compilation terminated.
[INFO] [stdout]           
[INFO] [stdout] 
[INFO] [stdout] 
[INFO] [stdout] error: aborting due to previous error
[INFO] [stdout] 
[INFO] [stdout] 
[INFO] [stderr] error: could not compile `thirtyfour` (example "chrome_devtools") due to 2 previous errors
[INFO] [stdout] error: linking with `cc` failed: exit status: 1
[INFO] [stdout]   |
[INFO] [stdout]   = note: LC_ALL="C" PATH="/opt/rustwide/rustup-home/toolchains/1.75.0-x86_64-unknown-linux-gnu/lib/rustlib/x86_64-unknown-linux-gnu/bin:/opt/rustwide/cargo-home/bin:/usr/local/sbin:/usr/local/bin:/usr/sbin:/usr/bin:/sbin:/bin" VSLANG="1033" "cc" "-m64" "/tmp/rustcfQNsTM/symbols.o" "/opt/rustwide/target/debug/examples/firefox_preferences-9f0b088ac6c8585b.firefox_preferences.440031d4475ec538-cgu.00.rcgu.o" "/opt/rustwide/target/debug/examples/firefox_preferences-9f0b088ac6c8585b.firefox_preferences.440031d4475ec538-cgu.01.rcgu.o" "/opt/rustwide/target/debug/examples/firefox_preferences-9f0b088ac6c8585b.firefox_preferences.440031d4475ec538-cgu.02.rcgu.o" "/opt/rustwide/target/debug/examples/firefox_preferences-9f0b088ac6c8585b.firefox_preferences.440031d4475ec538-cgu.03.rcgu.o" "/opt/rustwide/target/debug/examples/firefox_preferences-9f0b088ac6c8585b.firefox_preferences.440031d4475ec538-cgu.04.rcgu.o" "/opt/rustwide/target/debug/examples/firefox_preferences-9f0b088ac6c8585b.firefox_preferences.440031d4475ec538-cgu.05.rcgu.o" "/opt/rustwide/target/debug/examples/firefox_preferences-9f0b088ac6c8585b.firefox_preferences.440031d4475ec538-cgu.06.rcgu.o" "/opt/rustwide/target/debug/examples/firefox_preferences-9f0b088ac6c8585b.firefox_preferences.440031d4475ec538-cgu.07.rcgu.o" "/opt/rustwide/target/debug/examples/firefox_preferences-9f0b088ac6c8585b.firefox_preferences.440031d4475ec538-cgu.08.rcgu.o" "/opt/rustwide/target/debug/examples/firefox_preferences-9f0b088ac6c8585b.firefox_preferences.440031d4475ec538-cgu.09.rcgu.o" "/opt/rustwide/target/debug/examples/firefox_preferences-9f0b088ac6c8585b.firefox_preferences.440031d4475ec538-cgu.10.rcgu.o" "/opt/rustwide/target/debug/examples/firefox_preferences-9f0b088ac6c8585b.firefox_preferences.440031d4475ec538-cgu.11.rcgu.o" "/opt/rustwide/target/debug/examples/firefox_preferences-9f0b088ac6c8585b.firefox_preferences.440031d4475ec538-cgu.12.rcgu.o" "/opt/rustwide/target/debug/examples/firefox_preferences-9f0b088ac6c8585b.firefox_preferences.440031d4475ec538-cgu.13.rcgu.o" "/opt/rustwide/target/debug/examples/firefox_preferences-9f0b088ac6c8585b.firefox_preferences.440031d4475ec538-cgu.14.rcgu.o" "/opt/rustwide/target/debug/examples/firefox_preferences-9f0b088ac6c8585b.firefox_preferences.440031d4475ec538-cgu.15.rcgu.o" "/opt/rustwide/target/debug/examples/firefox_preferences-9f0b088ac6c8585b.4gu0fpz29dmfqnhx.rcgu.o" "-Wl,--as-needed" "-L" "/opt/rustwide/target/debug/deps" "-L" "/opt/rustwide/target/debug/build/ring-0cd49e87d4d55b88/out" "-L" "/opt/rustwide/rustup-home/toolchains/1.75.0-x86_64-unknown-linux-gnu/lib/rustlib/x86_64-unknown-linux-gnu/lib" "-Wl,-Bstatic" "/opt/rustwide/target/debug/deps/libcolor_eyre-8b4ee121f72cc892.rlib" "/opt/rustwide/target/debug/deps/libcolor_spantrace-21970eac63b561e7.rlib" "/opt/rustwide/target/debug/deps/libtracing_error-4fda49c13801713f.rlib" "/opt/rustwide/target/debug/deps/libtracing_subscriber-4cf4d0830c9041b6.rlib" "/opt/rustwide/target/debug/deps/libthread_local-b8ffc194fbe81159.rlib" "/opt/rustwide/target/debug/deps/libsharded_slab-02c3102eff4edbd9.rlib" "/opt/rustwide/target/debug/deps/liblazy_static-591486ebcb9a7ead.rlib" "/opt/rustwide/target/debug/deps/libowo_colors-616f114f0bc7996f.rlib" "/opt/rustwide/target/debug/deps/libeyre-0ea1a1fe7f58142e.rlib" "/opt/rustwide/target/debug/deps/libindenter-38c3d05611f4024c.rlib" "/opt/rustwide/target/debug/deps/libbacktrace-3e2ea0b7c11a8e97.rlib" "/opt/rustwide/target/debug/deps/libminiz_oxide-8688b2df3c5476d9.rlib" "/opt/rustwide/target/debug/deps/libadler-c8f2240c56a0abca.rlib" "/opt/rustwide/target/debug/deps/libobject-4b3e6f3c2e8931eb.rlib" "/opt/rustwide/target/debug/deps/libaddr2line-0102942144dd6a0f.rlib" "/opt/rustwide/target/debug/deps/libgimli-b27c741335b1e040.rlib" "/opt/rustwide/target/debug/deps/librustc_demangle-7ef8571a19a75907.rlib" "/opt/rustwide/target/debug/deps/libthirtyfour-8d9eb1addcec84d7.rlib" "/opt/rustwide/target/debug/deps/libthiserror-f9245d984baa4950.rlib" "/opt/rustwide/target/debug/deps/libstringmatch-225dda3677da0c36.rlib" "/opt/rustwide/target/debug/deps/libregex-31e41685d3246335.rlib" "/opt/rustwide/target/debug/deps/libaho_corasick-07444be8bb34ef9e.rlib" "/opt/rustwide/target/debug/deps/libregex_syntax-9bf174677eb3a180.rlib" "/opt/rustwide/target/debug/deps/libparking_lot-a2e1a5585061f5ec.rlib" "/opt/rustwide/target/debug/deps/libparking_lot_core-d4e1ca4927f4592e.rlib" "/opt/rustwide/target/debug/deps/libsmallvec-75a5879a2c4c0c6c.rlib" "/opt/rustwide/target/debug/deps/liblock_api-400daf411a1c055a.rlib" "/opt/rustwide/target/debug/deps/libscopeguard-b35f5c652940acc2.rlib" "/opt/rustwide/target/debug/deps/libfutures-b5d9dd4a19d4b71c.rlib" "/opt/rustwide/target/debug/deps/libfutures_executor-f044293fc9b02886.rlib" "/opt/rustwide/target/debug/deps/libfantoccini-a0490942903c6db4.rlib" "/opt/rustwide/target/debug/deps/libhyper_rustls-b7794e984cbefc5e.rlib" "/opt/rustwide/target/debug/deps/librustls_native_certs-2222066a285e6fd7.rlib" "/opt/rustwide/target/debug/deps/librustls_pemfile-4919afdebc1c0a81.rlib" "/opt/rustwide/target/debug/deps/libbase64-4ae6d688b6a59d6a.rlib" "/opt/rustwide/target/debug/deps/libopenssl_probe-d850575132083d7c.rlib" "/opt/rustwide/target/debug/deps/libtokio_rustls-bfc0d67f958659a0.rlib" "/opt/rustwide/target/debug/deps/librustls-8f66690456930687.rlib" "/opt/rustwide/target/debug/deps/libsct-20882fd1c00ba8e2.rlib" "/opt/rustwide/target/debug/deps/libwebpki-22a4db6ce121045f.rlib" "/opt/rustwide/target/debug/deps/libring-17bbecbdab7cd429.rlib" "/opt/rustwide/target/debug/deps/libspin-c4098cd951aef6c9.rlib" "/opt/rustwide/target/debug/deps/libuntrusted-5ec0aa78ed8cda5c.rlib" "/opt/rustwide/target/debug/deps/libmime-7e306270d8ceb372.rlib" "/opt/rustwide/target/debug/deps/libwebdriver-475245b601ffc865.rlib" "/opt/rustwide/target/debug/deps/libunicode_segmentation-7a669f4e93299c6a.rlib" "/opt/rustwide/target/debug/deps/libcookie-a33a98bad332ac79.rlib" "/opt/rustwide/target/debug/deps/libtime-38c4e51c95f38c1d.rlib" "/opt/rustwide/target/debug/deps/libtime_core-8975f5c3c8091bbd.rlib" "/opt/rustwide/target/debug/deps/libbase64-b09bba5046b087ce.rlib" "/opt/rustwide/target/debug/deps/libserde_json-3cacd136b195089d.rlib" "/opt/rustwide/target/debug/deps/libryu-07c77bcabf6ee02b.rlib" "/opt/rustwide/target/debug/deps/libindexmap-93f72862478380d0.rlib" "/opt/rustwide/target/debug/deps/libhashbrown-567986452cb9bc94.rlib" "/opt/rustwide/target/debug/deps/liburl-835209bb06fa4b66.rlib" "/opt/rustwide/target/debug/deps/libidna-b88b16256f94c1f5.rlib" "/opt/rustwide/target/debug/deps/libunicode_normalization-e1c1be84a555e587.rlib" "/opt/rustwide/target/debug/deps/libtinyvec-cf6c9f6b792a5507.rlib" "/opt/rustwide/target/debug/deps/libtinyvec_macros-b1cb7f53f58c9f87.rlib" "/opt/rustwide/target/debug/deps/libunicode_bidi-282ea4eeb343ff18.rlib" "/opt/rustwide/target/debug/deps/libform_urlencoded-e8c43e838ad28fa4.rlib" "/opt/rustwide/target/debug/deps/libpercent_encoding-c39f6500503dd269.rlib" "/opt/rustwide/target/debug/deps/libserde-d6b968890155bd39.rlib" "/opt/rustwide/target/debug/deps/libhyper-b94a0be39c9aa734.rlib" "/opt/rustwide/target/debug/deps/libwant-3435cf055320e760.rlib" "/opt/rustwide/target/debug/deps/libtry_lock-51271589248cd7d9.rlib" "/opt/rustwide/target/debug/deps/liblog-e5a08d2c20c29976.rlib" "/opt/rustwide/target/debug/deps/libhttparse-64f1ffbeda450424.rlib" "/opt/rustwide/target/debug/deps/libtower_service-104d6e83d5ce383d.rlib" "/opt/rustwide/target/debug/deps/libtracing-9aac5afcb8274a51.rlib" "/opt/rustwide/target/debug/deps/libcfg_if-61dc7a6799e72b18.rlib" "/opt/rustwide/target/debug/deps/libtracing_core-fcb645ff4aa2883f.rlib" "/opt/rustwide/target/debug/deps/libonce_cell-6ecee5b0a97fe27b.rlib" "/opt/rustwide/target/debug/deps/libhttp_body-7e22d86f2e012d16.rlib" "/opt/rustwide/target/debug/deps/libfutures_util-cc7642919687b929.rlib" "/opt/rustwide/target/debug/deps/libmemchr-4fdcfd9ddfba30cb.rlib" "/opt/rustwide/target/debug/deps/libfutures_io-e29e1f931c78f5ad.rlib" "/opt/rustwide/target/debug/deps/libslab-7742106a97732125.rlib" "/opt/rustwide/target/debug/deps/libfutures_channel-7aebd8cea24b8850.rlib" "/opt/rustwide/target/debug/deps/libfutures_sink-2b0e95e5f1ef133b.rlib" "/opt/rustwide/target/debug/deps/libfutures_task-ec207c36a8b1b716.rlib" "/opt/rustwide/target/debug/deps/libpin_utils-741f7d9d160e4a16.rlib" "/opt/rustwide/target/debug/deps/libfutures_core-02b74ed2f49284a7.rlib" "/opt/rustwide/target/debug/deps/libtokio-a8a24b2cefdee814.rlib" "/opt/rustwide/target/debug/deps/libnum_cpus-c7a6a59e2edb5ffb.rlib" "/opt/rustwide/target/debug/deps/libsocket2-1dc3a883b6c28134.rlib" "/opt/rustwide/target/debug/deps/libmio-0bd9d1932ee9acec.rlib" "/opt/rustwide/target/debug/deps/liblibc-37b50e3b7819e5c7.rlib" "/opt/rustwide/target/debug/deps/libpin_project_lite-cead9f5d94689600.rlib" "/opt/rustwide/target/debug/deps/libhttpdate-07ccb2bff48c32b9.rlib" "/opt/rustwide/target/debug/deps/libhttp-1bfd600a9633f538.rlib" "/opt/rustwide/target/debug/deps/libitoa-807e41d963466eb2.rlib" "/opt/rustwide/target/debug/deps/libbytes-3fc98b508f6e4a28.rlib" "/opt/rustwide/target/debug/deps/libfnv-18bf5144d055e772.rlib" "/opt/rustwide/rustup-home/toolchains/1.75.0-x86_64-unknown-linux-gnu/lib/rustlib/x86_64-unknown-linux-gnu/lib/libstd-90f6ddbf82de36ec.rlib" "/opt/rustwide/rustup-home/toolchains/1.75.0-x86_64-unknown-linux-gnu/lib/rustlib/x86_64-unknown-linux-gnu/lib/libpanic_unwind-480c41e9d4e1f677.rlib" "/opt/rustwide/rustup-home/toolchains/1.75.0-x86_64-unknown-linux-gnu/lib/rustlib/x86_64-unknown-linux-gnu/lib/libobject-db744c0ca03eed1d.rlib" "/opt/rustwide/rustup-home/toolchains/1.75.0-x86_64-unknown-linux-gnu/lib/rustlib/x86_64-unknown-linux-gnu/lib/libmemchr-8ba652dc7d4b285a.rlib" "/opt/rustwide/rustup-home/toolchains/1.75.0-x86_64-unknown-linux-gnu/lib/rustlib/x86_64-unknown-linux-gnu/lib/libaddr2line-d5f4520a9ebc0d58.rlib" "/opt/rustwide/rustup-home/toolchains/1.75.0-x86_64-unknown-linux-gnu/lib/rustlib/x86_64-unknown-linux-gnu/lib/libgimli-4ad84de58f0cb463.rlib" "/opt/rustwide/rustup-home/toolchains/1.75.0-x86_64-unknown-linux-gnu/lib/rustlib/x86_64-unknown-linux-gnu/lib/librustc_demangle-0d10aae2e0f38735.rlib" "/opt/rustwide/rustup-home/toolchains/1.75.0-x86_64-unknown-linux-gnu/lib/rustlib/x86_64-unknown-linux-gnu/lib/libstd_detect-0c17cff739e6745b.rlib" "/opt/rustwide/rustup-home/toolchains/1.75.0-x86_64-unknown-linux-gnu/lib/rustlib/x86_64-unknown-linux-gnu/lib/libhashbrown-b29e17139dde1aa8.rlib" "/opt/rustwide/rustup-home/toolchains/1.75.0-x86_64-unknown-linux-gnu/lib/rustlib/x86_64-unknown-linux-gnu/lib/librustc_std_workspace_alloc-1f975299829cc7bd.rlib" "/opt/rustwide/rustup-home/toolchains/1.75.0-x86_64-unknown-linux-gnu/lib/rustlib/x86_64-unknown-linux-gnu/lib/libminiz_oxide-86bae3bc3079f89b.rlib" "/opt/rustwide/rustup-home/toolchains/1.75.0-x86_64-unknown-linux-gnu/lib/rustlib/x86_64-unknown-linux-gnu/lib/libadler-321b82c30dffdf5f.rlib" "/opt/rustwide/rustup-home/toolchains/1.75.0-x86_64-unknown-linux-gnu/lib/rustlib/x86_64-unknown-linux-gnu/lib/libunwind-3dd8a6810a0bdfef.rlib" "/opt/rustwide/rustup-home/toolchains/1.75.0-x86_64-unknown-linux-gnu/lib/rustlib/x86_64-unknown-linux-gnu/lib/libcfg_if-eb39a61c0c879984.rlib" "/opt/rustwide/rustup-home/toolchains/1.75.0-x86_64-unknown-linux-gnu/lib/rustlib/x86_64-unknown-linux-gnu/lib/liblibc-aa769569f91c3548.rlib" "/opt/rustwide/rustup-home/toolchains/1.75.0-x86_64-unknown-linux-gnu/lib/rustlib/x86_64-unknown-linux-gnu/lib/liballoc-510a192a50a983ed.rlib" "/opt/rustwide/rustup-home/toolchains/1.75.0-x86_64-unknown-linux-gnu/lib/rustlib/x86_64-unknown-linux-gnu/lib/librustc_std_workspace_core-0577018320f99037.rlib" "/opt/rustwide/rustup-home/toolchains/1.75.0-x86_64-unknown-linux-gnu/lib/rustlib/x86_64-unknown-linux-gnu/lib/libcore-193cf992125ccd4c.rlib" "/opt/rustwide/rustup-home/toolchains/1.75.0-x86_64-unknown-linux-gnu/lib/rustlib/x86_64-unknown-linux-gnu/lib/libcompiler_builtins-8e138eaf26ebb4a8.rlib" "-Wl,-Bdynamic" "-lgcc_s" "-lutil" "-lrt" "-lpthread" "-lm" "-ldl" "-lc" "-Wl,--eh-frame-hdr" "-Wl,-z,noexecstack" "-L" "/opt/rustwide/rustup-home/toolchains/1.75.0-x86_64-unknown-linux-gnu/lib/rustlib/x86_64-unknown-linux-gnu/lib" "-o" "/opt/rustwide/target/debug/examples/firefox_preferences-9f0b088ac6c8585b" "-Wl,--gc-sections" "-pie" "-Wl,-z,relro,-z,now" "-nodefaultlibs"
[INFO] [stdout]   = note: collect2: fatal error: ld terminated with signal 9 [Killed]
[INFO] [stdout]           compilation terminated.
[INFO] [stdout]           
[INFO] [stdout] 
[INFO] [stdout] 
[INFO] [stdout] error: aborting due to previous error
[INFO] [stdout] 
[INFO] [stdout] 
[INFO] [stderr] error: could not compile `thirtyfour` (example "firefox_preferences") due to 2 previous errors
[INFO] [stdout] error: linking with `cc` failed: exit status: 1
[INFO] [stdout]   |
[INFO] [stdout]   = note: LC_ALL="C" PATH="/opt/rustwide/rustup-home/toolchains/1.75.0-x86_64-unknown-linux-gnu/lib/rustlib/x86_64-unknown-linux-gnu/bin:/opt/rustwide/cargo-home/bin:/usr/local/sbin:/usr/local/bin:/usr/sbin:/usr/bin:/sbin:/bin" VSLANG="1033" "cc" "-m64" "/tmp/rustcO8PhtF/symbols.o" "/opt/rustwide/target/debug/examples/minimal_async-e4ea99a91d25dc78.minimal_async.8e2cb38f80f9eeeb-cgu.00.rcgu.o" "/opt/rustwide/target/debug/examples/minimal_async-e4ea99a91d25dc78.minimal_async.8e2cb38f80f9eeeb-cgu.01.rcgu.o" "/opt/rustwide/target/debug/examples/minimal_async-e4ea99a91d25dc78.minimal_async.8e2cb38f80f9eeeb-cgu.02.rcgu.o" "/opt/rustwide/target/debug/examples/minimal_async-e4ea99a91d25dc78.minimal_async.8e2cb38f80f9eeeb-cgu.03.rcgu.o" "/opt/rustwide/target/debug/examples/minimal_async-e4ea99a91d25dc78.minimal_async.8e2cb38f80f9eeeb-cgu.04.rcgu.o" "/opt/rustwide/target/debug/examples/minimal_async-e4ea99a91d25dc78.minimal_async.8e2cb38f80f9eeeb-cgu.05.rcgu.o" "/opt/rustwide/target/debug/examples/minimal_async-e4ea99a91d25dc78.minimal_async.8e2cb38f80f9eeeb-cgu.06.rcgu.o" "/opt/rustwide/target/debug/examples/minimal_async-e4ea99a91d25dc78.minimal_async.8e2cb38f80f9eeeb-cgu.07.rcgu.o" "/opt/rustwide/target/debug/examples/minimal_async-e4ea99a91d25dc78.minimal_async.8e2cb38f80f9eeeb-cgu.08.rcgu.o" "/opt/rustwide/target/debug/examples/minimal_async-e4ea99a91d25dc78.minimal_async.8e2cb38f80f9eeeb-cgu.09.rcgu.o" "/opt/rustwide/target/debug/examples/minimal_async-e4ea99a91d25dc78.minimal_async.8e2cb38f80f9eeeb-cgu.10.rcgu.o" "/opt/rustwide/target/debug/examples/minimal_async-e4ea99a91d25dc78.minimal_async.8e2cb38f80f9eeeb-cgu.11.rcgu.o" "/opt/rustwide/target/debug/examples/minimal_async-e4ea99a91d25dc78.minimal_async.8e2cb38f80f9eeeb-cgu.12.rcgu.o" "/opt/rustwide/target/debug/examples/minimal_async-e4ea99a91d25dc78.minimal_async.8e2cb38f80f9eeeb-cgu.13.rcgu.o" "/opt/rustwide/target/debug/examples/minimal_async-e4ea99a91d25dc78.minimal_async.8e2cb38f80f9eeeb-cgu.14.rcgu.o" "/opt/rustwide/target/debug/examples/minimal_async-e4ea99a91d25dc78.minimal_async.8e2cb38f80f9eeeb-cgu.15.rcgu.o" "/opt/rustwide/target/debug/examples/minimal_async-e4ea99a91d25dc78.18hw2azs43rcparu.rcgu.o" "-Wl,--as-needed" "-L" "/opt/rustwide/target/debug/deps" "-L" "/opt/rustwide/target/debug/build/ring-0cd49e87d4d55b88/out" "-L" "/opt/rustwide/rustup-home/toolchains/1.75.0-x86_64-unknown-linux-gnu/lib/rustlib/x86_64-unknown-linux-gnu/lib" "-Wl,-Bstatic" "/opt/rustwide/target/debug/deps/libthirtyfour-8d9eb1addcec84d7.rlib" "/opt/rustwide/target/debug/deps/libthiserror-f9245d984baa4950.rlib" "/opt/rustwide/target/debug/deps/libstringmatch-225dda3677da0c36.rlib" "/opt/rustwide/target/debug/deps/libregex-31e41685d3246335.rlib" "/opt/rustwide/target/debug/deps/libaho_corasick-07444be8bb34ef9e.rlib" "/opt/rustwide/target/debug/deps/libregex_syntax-9bf174677eb3a180.rlib" "/opt/rustwide/target/debug/deps/libparking_lot-a2e1a5585061f5ec.rlib" "/opt/rustwide/target/debug/deps/libparking_lot_core-d4e1ca4927f4592e.rlib" "/opt/rustwide/target/debug/deps/libsmallvec-75a5879a2c4c0c6c.rlib" "/opt/rustwide/target/debug/deps/liblock_api-400daf411a1c055a.rlib" "/opt/rustwide/target/debug/deps/libscopeguard-b35f5c652940acc2.rlib" "/opt/rustwide/target/debug/deps/libfutures-b5d9dd4a19d4b71c.rlib" "/opt/rustwide/target/debug/deps/libfutures_executor-f044293fc9b02886.rlib" "/opt/rustwide/target/debug/deps/libfantoccini-a0490942903c6db4.rlib" "/opt/rustwide/target/debug/deps/libhyper_rustls-b7794e984cbefc5e.rlib" "/opt/rustwide/target/debug/deps/librustls_native_certs-2222066a285e6fd7.rlib" "/opt/rustwide/target/debug/deps/librustls_pemfile-4919afdebc1c0a81.rlib" "/opt/rustwide/target/debug/deps/libbase64-4ae6d688b6a59d6a.rlib" "/opt/rustwide/target/debug/deps/libopenssl_probe-d850575132083d7c.rlib" "/opt/rustwide/target/debug/deps/libtokio_rustls-bfc0d67f958659a0.rlib" "/opt/rustwide/target/debug/deps/librustls-8f66690456930687.rlib" "/opt/rustwide/target/debug/deps/libsct-20882fd1c00ba8e2.rlib" "/opt/rustwide/target/debug/deps/libwebpki-22a4db6ce121045f.rlib" "/opt/rustwide/target/debug/deps/libring-17bbecbdab7cd429.rlib" "/opt/rustwide/target/debug/deps/libspin-c4098cd951aef6c9.rlib" "/opt/rustwide/target/debug/deps/libuntrusted-5ec0aa78ed8cda5c.rlib" "/opt/rustwide/target/debug/deps/libmime-7e306270d8ceb372.rlib" "/opt/rustwide/target/debug/deps/libwebdriver-475245b601ffc865.rlib" "/opt/rustwide/target/debug/deps/libunicode_segmentation-7a669f4e93299c6a.rlib" "/opt/rustwide/target/debug/deps/libcookie-a33a98bad332ac79.rlib" "/opt/rustwide/target/debug/deps/libtime-38c4e51c95f38c1d.rlib" "/opt/rustwide/target/debug/deps/libtime_core-8975f5c3c8091bbd.rlib" "/opt/rustwide/target/debug/deps/libbase64-b09bba5046b087ce.rlib" "/opt/rustwide/target/debug/deps/libserde_json-3cacd136b195089d.rlib" "/opt/rustwide/target/debug/deps/libryu-07c77bcabf6ee02b.rlib" "/opt/rustwide/target/debug/deps/libindexmap-93f72862478380d0.rlib" "/opt/rustwide/target/debug/deps/libhashbrown-567986452cb9bc94.rlib" "/opt/rustwide/target/debug/deps/liburl-835209bb06fa4b66.rlib" "/opt/rustwide/target/debug/deps/libidna-b88b16256f94c1f5.rlib" "/opt/rustwide/target/debug/deps/libunicode_normalization-e1c1be84a555e587.rlib" "/opt/rustwide/target/debug/deps/libtinyvec-cf6c9f6b792a5507.rlib" "/opt/rustwide/target/debug/deps/libtinyvec_macros-b1cb7f53f58c9f87.rlib" "/opt/rustwide/target/debug/deps/libunicode_bidi-282ea4eeb343ff18.rlib" "/opt/rustwide/target/debug/deps/libform_urlencoded-e8c43e838ad28fa4.rlib" "/opt/rustwide/target/debug/deps/libpercent_encoding-c39f6500503dd269.rlib" "/opt/rustwide/target/debug/deps/libserde-d6b968890155bd39.rlib" "/opt/rustwide/target/debug/deps/libhyper-b94a0be39c9aa734.rlib" "/opt/rustwide/target/debug/deps/libwant-3435cf055320e760.rlib" "/opt/rustwide/target/debug/deps/libtry_lock-51271589248cd7d9.rlib" "/opt/rustwide/target/debug/deps/liblog-e5a08d2c20c29976.rlib" "/opt/rustwide/target/debug/deps/libhttparse-64f1ffbeda450424.rlib" "/opt/rustwide/target/debug/deps/libtower_service-104d6e83d5ce383d.rlib" "/opt/rustwide/target/debug/deps/libtracing-9aac5afcb8274a51.rlib" "/opt/rustwide/target/debug/deps/libcfg_if-61dc7a6799e72b18.rlib" "/opt/rustwide/target/debug/deps/libtracing_core-fcb645ff4aa2883f.rlib" "/opt/rustwide/target/debug/deps/libonce_cell-6ecee5b0a97fe27b.rlib" "/opt/rustwide/target/debug/deps/libhttp_body-7e22d86f2e012d16.rlib" "/opt/rustwide/target/debug/deps/libfutures_util-cc7642919687b929.rlib" "/opt/rustwide/target/debug/deps/libmemchr-4fdcfd9ddfba30cb.rlib" "/opt/rustwide/target/debug/deps/libfutures_io-e29e1f931c78f5ad.rlib" "/opt/rustwide/target/debug/deps/libslab-7742106a97732125.rlib" "/opt/rustwide/target/debug/deps/libfutures_channel-7aebd8cea24b8850.rlib" "/opt/rustwide/target/debug/deps/libfutures_sink-2b0e95e5f1ef133b.rlib" "/opt/rustwide/target/debug/deps/libfutures_task-ec207c36a8b1b716.rlib" "/opt/rustwide/target/debug/deps/libpin_utils-741f7d9d160e4a16.rlib" "/opt/rustwide/target/debug/deps/libfutures_core-02b74ed2f49284a7.rlib" "/opt/rustwide/target/debug/deps/libtokio-a8a24b2cefdee814.rlib" "/opt/rustwide/target/debug/deps/libnum_cpus-c7a6a59e2edb5ffb.rlib" "/opt/rustwide/target/debug/deps/libsocket2-1dc3a883b6c28134.rlib" "/opt/rustwide/target/debug/deps/libmio-0bd9d1932ee9acec.rlib" "/opt/rustwide/target/debug/deps/liblibc-37b50e3b7819e5c7.rlib" "/opt/rustwide/target/debug/deps/libpin_project_lite-cead9f5d94689600.rlib" "/opt/rustwide/target/debug/deps/libhttpdate-07ccb2bff48c32b9.rlib" "/opt/rustwide/target/debug/deps/libhttp-1bfd600a9633f538.rlib" "/opt/rustwide/target/debug/deps/libitoa-807e41d963466eb2.rlib" "/opt/rustwide/target/debug/deps/libbytes-3fc98b508f6e4a28.rlib" "/opt/rustwide/target/debug/deps/libfnv-18bf5144d055e772.rlib" "/opt/rustwide/rustup-home/toolchains/1.75.0-x86_64-unknown-linux-gnu/lib/rustlib/x86_64-unknown-linux-gnu/lib/libstd-90f6ddbf82de36ec.rlib" "/opt/rustwide/rustup-home/toolchains/1.75.0-x86_64-unknown-linux-gnu/lib/rustlib/x86_64-unknown-linux-gnu/lib/libpanic_unwind-480c41e9d4e1f677.rlib" "/opt/rustwide/rustup-home/toolchains/1.75.0-x86_64-unknown-linux-gnu/lib/rustlib/x86_64-unknown-linux-gnu/lib/libobject-db744c0ca03eed1d.rlib" "/opt/rustwide/rustup-home/toolchains/1.75.0-x86_64-unknown-linux-gnu/lib/rustlib/x86_64-unknown-linux-gnu/lib/libmemchr-8ba652dc7d4b285a.rlib" "/opt/rustwide/rustup-home/toolchains/1.75.0-x86_64-unknown-linux-gnu/lib/rustlib/x86_64-unknown-linux-gnu/lib/libaddr2line-d5f4520a9ebc0d58.rlib" "/opt/rustwide/rustup-home/toolchains/1.75.0-x86_64-unknown-linux-gnu/lib/rustlib/x86_64-unknown-linux-gnu/lib/libgimli-4ad84de58f0cb463.rlib" "/opt/rustwide/rustup-home/toolchains/1.75.0-x86_64-unknown-linux-gnu/lib/rustlib/x86_64-unknown-linux-gnu/lib/librustc_demangle-0d10aae2e0f38735.rlib" "/opt/rustwide/rustup-home/toolchains/1.75.0-x86_64-unknown-linux-gnu/lib/rustlib/x86_64-unknown-linux-gnu/lib/libstd_detect-0c17cff739e6745b.rlib" "/opt/rustwide/rustup-home/toolchains/1.75.0-x86_64-unknown-linux-gnu/lib/rustlib/x86_64-unknown-linux-gnu/lib/libhashbrown-b29e17139dde1aa8.rlib" "/opt/rustwide/rustup-home/toolchains/1.75.0-x86_64-unknown-linux-gnu/lib/rustlib/x86_64-unknown-linux-gnu/lib/librustc_std_workspace_alloc-1f975299829cc7bd.rlib" "/opt/rustwide/rustup-home/toolchains/1.75.0-x86_64-unknown-linux-gnu/lib/rustlib/x86_64-unknown-linux-gnu/lib/libminiz_oxide-86bae3bc3079f89b.rlib" "/opt/rustwide/rustup-home/toolchains/1.75.0-x86_64-unknown-linux-gnu/lib/rustlib/x86_64-unknown-linux-gnu/lib/libadler-321b82c30dffdf5f.rlib" "/opt/rustwide/rustup-home/toolchains/1.75.0-x86_64-unknown-linux-gnu/lib/rustlib/x86_64-unknown-linux-gnu/lib/libunwind-3dd8a6810a0bdfef.rlib" "/opt/rustwide/rustup-home/toolchains/1.75.0-x86_64-unknown-linux-gnu/lib/rustlib/x86_64-unknown-linux-gnu/lib/libcfg_if-eb39a61c0c879984.rlib" "/opt/rustwide/rustup-home/toolchains/1.75.0-x86_64-unknown-linux-gnu/lib/rustlib/x86_64-unknown-linux-gnu/lib/liblibc-aa769569f91c3548.rlib" "/opt/rustwide/rustup-home/toolchains/1.75.0-x86_64-unknown-linux-gnu/lib/rustlib/x86_64-unknown-linux-gnu/lib/liballoc-510a192a50a983ed.rlib" "/opt/rustwide/rustup-home/toolchains/1.75.0-x86_64-unknown-linux-gnu/lib/rustlib/x86_64-unknown-linux-gnu/lib/librustc_std_workspace_core-0577018320f99037.rlib" "/opt/rustwide/rustup-home/toolchains/1.75.0-x86_64-unknown-linux-gnu/lib/rustlib/x86_64-unknown-linux-gnu/lib/libcore-193cf992125ccd4c.rlib" "/opt/rustwide/rustup-home/toolchains/1.75.0-x86_64-unknown-linux-gnu/lib/rustlib/x86_64-unknown-linux-gnu/lib/libcompiler_builtins-8e138eaf26ebb4a8.rlib" "-Wl,-Bdynamic" "-lgcc_s" "-lutil" "-lrt" "-lpthread" "-lm" "-ldl" "-lc" "-Wl,--eh-frame-hdr" "-Wl,-z,noexecstack" "-L" "/opt/rustwide/rustup-home/toolchains/1.75.0-x86_64-unknown-linux-gnu/lib/rustlib/x86_64-unknown-linux-gnu/lib" "-o" "/opt/rustwide/target/debug/examples/minimal_async-e4ea99a91d25dc78" "-Wl,--gc-sections" "-pie" "-Wl,-z,relro,-z,now" "-nodefaultlibs"
[INFO] [stdout]   = note: collect2: fatal error: ld terminated with signal 9 [Killed]
[INFO] [stdout]           compilation terminated.
[INFO] [stdout]           
[INFO] [stdout] 
[INFO] [stdout] 
[INFO] [stdout] error: aborting due to previous error
[INFO] [stdout] 
[INFO] [stdout] 
[INFO] [stderr] error: could not compile `thirtyfour` (example "minimal_async") due to 2 previous errors
[INFO] running `Command { std: "docker" "inspect" "a61fa4c0381c801e5a63d5b063a27eabe04bfae65e4488d5ffb983e1bfb04793", kill_on_drop: false }`
[INFO] running `Command { std: "docker" "rm" "-f" "a61fa4c0381c801e5a63d5b063a27eabe04bfae65e4488d5ffb983e1bfb04793", kill_on_drop: false }`
[INFO] [stdout] a61fa4c0381c801e5a63d5b063a27eabe04bfae65e4488d5ffb983e1bfb04793
