[INFO] fetching crate tggen 0.0.29...
[INFO] testing tggen-0.0.29 against 1.75.0 for beta-1.76-1
[INFO] extracting crate tggen 0.0.29 into /workspace/builds/worker-3-tc1/source
[INFO] validating manifest of crates.io crate tggen 0.0.29 on toolchain 1.75.0
[INFO] running `Command { std: CARGO_HOME="/workspace/cargo-home" RUSTUP_HOME="/workspace/rustup-home" "/workspace/cargo-home/bin/cargo" "+1.75.0" "metadata" "--manifest-path" "Cargo.toml" "--no-deps", kill_on_drop: false }`
[INFO] started tweaking crates.io crate tggen 0.0.29
[INFO] finished tweaking crates.io crate tggen 0.0.29
[INFO] tweaked toml for crates.io crate tggen 0.0.29 written to /workspace/builds/worker-3-tc1/source/Cargo.toml
[INFO] running `Command { std: CARGO_HOME="/workspace/cargo-home" RUSTUP_HOME="/workspace/rustup-home" "/workspace/cargo-home/bin/cargo" "+1.75.0" "generate-lockfile" "--manifest-path" "Cargo.toml", kill_on_drop: false }`
[INFO] [stderr]     Updating crates.io index
[INFO] running `Command { std: CARGO_HOME="/workspace/cargo-home" RUSTUP_HOME="/workspace/rustup-home" "/workspace/cargo-home/bin/cargo" "+1.75.0" "fetch" "--manifest-path" "Cargo.toml", kill_on_drop: false }`
[INFO] running `Command { std: "docker" "create" "-v" "/var/lib/crater-agent-workspace/builds/worker-3-tc1/target:/opt/rustwide/target:rw,Z" "-v" "/var/lib/crater-agent-workspace/builds/worker-3-tc1/source:/opt/rustwide/workdir:ro,Z" "-v" "/var/lib/crater-agent-workspace/cargo-home:/opt/rustwide/cargo-home:ro,Z" "-v" "/var/lib/crater-agent-workspace/rustup-home:/opt/rustwide/rustup-home:ro,Z" "-e" "SOURCE_DIR=/opt/rustwide/workdir" "-e" "CARGO_TARGET_DIR=/opt/rustwide/target" "-e" "CARGO_HOME=/opt/rustwide/cargo-home" "-e" "RUSTUP_HOME=/opt/rustwide/rustup-home" "-w" "/opt/rustwide/workdir" "-m" "1610612736" "--user" "0:0" "--network" "none" "ghcr.io/rust-lang/crates-build-env/linux@sha256:2788e3201cd34a07e3172128adcd8b3090168a8e3bcc40d7c032b9dda1df7d1c" "/opt/rustwide/cargo-home/bin/cargo" "+1.75.0" "metadata" "--no-deps" "--format-version=1", kill_on_drop: false }`
[INFO] [stdout] f00b4344f7aafa5d98acb523c3e4d3f7c4ea91c620a9bc392fd64854e606ee5c
[INFO] running `Command { std: "docker" "start" "-a" "f00b4344f7aafa5d98acb523c3e4d3f7c4ea91c620a9bc392fd64854e606ee5c", kill_on_drop: false }`
[INFO] running `Command { std: "docker" "inspect" "f00b4344f7aafa5d98acb523c3e4d3f7c4ea91c620a9bc392fd64854e606ee5c", kill_on_drop: false }`
[INFO] running `Command { std: "docker" "rm" "-f" "f00b4344f7aafa5d98acb523c3e4d3f7c4ea91c620a9bc392fd64854e606ee5c", kill_on_drop: false }`
[INFO] [stdout] f00b4344f7aafa5d98acb523c3e4d3f7c4ea91c620a9bc392fd64854e606ee5c
[INFO] running `Command { std: "docker" "create" "-v" "/var/lib/crater-agent-workspace/builds/worker-3-tc1/target:/opt/rustwide/target:rw,Z" "-v" "/var/lib/crater-agent-workspace/builds/worker-3-tc1/source:/opt/rustwide/workdir:ro,Z" "-v" "/var/lib/crater-agent-workspace/cargo-home:/opt/rustwide/cargo-home:ro,Z" "-v" "/var/lib/crater-agent-workspace/rustup-home:/opt/rustwide/rustup-home:ro,Z" "-e" "SOURCE_DIR=/opt/rustwide/workdir" "-e" "CARGO_TARGET_DIR=/opt/rustwide/target" "-e" "CARGO_INCREMENTAL=0" "-e" "RUST_BACKTRACE=full" "-e" "RUSTFLAGS=--cap-lints=warn" "-e" "RUSTDOCFLAGS=--cap-lints=warn" "-e" "CARGO_HOME=/opt/rustwide/cargo-home" "-e" "RUSTUP_HOME=/opt/rustwide/rustup-home" "-w" "/opt/rustwide/workdir" "-m" "1610612736" "--user" "0:0" "--network" "none" "ghcr.io/rust-lang/crates-build-env/linux@sha256:2788e3201cd34a07e3172128adcd8b3090168a8e3bcc40d7c032b9dda1df7d1c" "/opt/rustwide/cargo-home/bin/cargo" "+1.75.0" "build" "--frozen" "--message-format=json", kill_on_drop: false }`
[INFO] [stdout] 0f3be206b4d3c1098c9ff122e06b82586c6d8ecce2557ef778e54b82998eef83
[INFO] running `Command { std: "docker" "start" "-a" "0f3be206b4d3c1098c9ff122e06b82586c6d8ecce2557ef778e54b82998eef83", kill_on_drop: false }`
[INFO] [stderr]    Compiling unicode-ident v1.0.12
[INFO] [stderr]    Compiling proc-macro2 v1.0.75
[INFO] [stderr]    Compiling memchr v2.7.1
[INFO] [stderr]    Compiling serde v1.0.194
[INFO] [stderr]    Compiling serde_json v1.0.111
[INFO] [stderr]    Compiling regex-syntax v0.8.2
[INFO] [stderr]    Compiling anyhow v1.0.79
[INFO] [stderr]    Compiling ryu v1.0.16
[INFO] [stderr]    Compiling unicode-segmentation v1.10.1
[INFO] [stderr]    Compiling either v1.9.0
[INFO] [stderr]    Compiling itoa v1.0.10
[INFO] [stderr]    Compiling once_cell v1.19.0
[INFO] [stderr]    Compiling itertools v0.10.5
[INFO] [stderr]    Compiling convert_case v0.6.0
[INFO] [stderr]    Compiling aho-corasick v1.1.2
[INFO] [stderr]    Compiling quote v1.0.35
[INFO] [stderr]    Compiling syn v2.0.48
[INFO] [stderr]    Compiling regex-automata v0.4.3
[INFO] [stderr]    Compiling serde_derive v1.0.194
[INFO] [stderr]    Compiling regex v1.10.2
[INFO] [stderr]    Compiling tggen v0.0.29 (/opt/rustwide/workdir)
[INFO] [stderr]     Finished dev [unoptimized + debuginfo] target(s) in 11.47s
[INFO] running `Command { std: "docker" "inspect" "0f3be206b4d3c1098c9ff122e06b82586c6d8ecce2557ef778e54b82998eef83", kill_on_drop: false }`
[INFO] running `Command { std: "docker" "rm" "-f" "0f3be206b4d3c1098c9ff122e06b82586c6d8ecce2557ef778e54b82998eef83", kill_on_drop: false }`
[INFO] [stdout] 0f3be206b4d3c1098c9ff122e06b82586c6d8ecce2557ef778e54b82998eef83
[INFO] running `Command { std: "docker" "create" "-v" "/var/lib/crater-agent-workspace/builds/worker-3-tc1/target:/opt/rustwide/target:rw,Z" "-v" "/var/lib/crater-agent-workspace/builds/worker-3-tc1/source:/opt/rustwide/workdir:ro,Z" "-v" "/var/lib/crater-agent-workspace/cargo-home:/opt/rustwide/cargo-home:ro,Z" "-v" "/var/lib/crater-agent-workspace/rustup-home:/opt/rustwide/rustup-home:ro,Z" "-e" "SOURCE_DIR=/opt/rustwide/workdir" "-e" "CARGO_TARGET_DIR=/opt/rustwide/target" "-e" "CARGO_INCREMENTAL=0" "-e" "RUST_BACKTRACE=full" "-e" "RUSTFLAGS=--cap-lints=warn" "-e" "RUSTDOCFLAGS=--cap-lints=warn" "-e" "CARGO_HOME=/opt/rustwide/cargo-home" "-e" "RUSTUP_HOME=/opt/rustwide/rustup-home" "-w" "/opt/rustwide/workdir" "-m" "1610612736" "--user" "0:0" "--network" "none" "ghcr.io/rust-lang/crates-build-env/linux@sha256:2788e3201cd34a07e3172128adcd8b3090168a8e3bcc40d7c032b9dda1df7d1c" "/opt/rustwide/cargo-home/bin/cargo" "+1.75.0" "test" "--frozen" "--no-run" "--message-format=json", kill_on_drop: false }`
[INFO] [stdout] f13df5605f25807e31362209d2384e5cabd9b85b115f85801b5e9783b5ceebb4
[INFO] running `Command { std: "docker" "start" "-a" "f13df5605f25807e31362209d2384e5cabd9b85b115f85801b5e9783b5ceebb4", kill_on_drop: false }`
[INFO] [stderr]    Compiling tggen v0.0.29 (/opt/rustwide/workdir)
[INFO] [stdout] error[E0412]: cannot find type `Spec` in this scope
[INFO] [stdout]     --> src/types.rs:1568:19
[INFO] [stdout]      |
[INFO] [stdout] 1568 |         let spec: Spec = serde_json::from_str(&json).unwrap();
[INFO] [stdout]      |                   ^^^^ not found in this scope
[INFO] [stdout]      |
[INFO] [stdout] help: consider importing this struct through its public re-export
[INFO] [stdout]      |
[INFO] [stdout] 1565 +     use crate::Spec;
[INFO] [stdout]      |
[INFO] [stdout] 
[INFO] [stdout] 
[INFO] [stdout] error[E0433]: failed to resolve: use of undeclared type `Arc`
[INFO] [stdout]     --> src/types.rs:1569:20
[INFO] [stdout]      |
[INFO] [stdout] 1569 |         let spec = Arc::new(spec);
[INFO] [stdout]      |                    ^^^ use of undeclared type `Arc`
[INFO] [stdout]      |
[INFO] [stdout] help: consider importing one of these items
[INFO] [stdout]      |
[INFO] [stdout] 1565 +     use crate::Arc;
[INFO] [stdout]      |
[INFO] [stdout] 1565 +     use std::sync::Arc;
[INFO] [stdout]      |
[INFO] [stdout] 
[INFO] [stdout] 
[INFO] [stdout] error[E0433]: failed to resolve: use of undeclared type `GenerateTypes`
[INFO] [stdout]     --> src/types.rs:1571:21
[INFO] [stdout]      |
[INFO] [stdout] 1571 |         let types = GenerateTypes::new(Arc::clone(&spec), Arc::new(RwLock::new(HashMap::new())));
[INFO] [stdout]      |                     ^^^^^^^^^^^^^ use of undeclared type `GenerateTypes`
[INFO] [stdout]      |
[INFO] [stdout] help: consider importing this struct
[INFO] [stdout]      |
[INFO] [stdout] 1565 +     use crate::types::GenerateTypes;
[INFO] [stdout]      |
[INFO] [stdout] 
[INFO] [stdout] 
[INFO] [stdout] error[E0433]: failed to resolve: use of undeclared type `Arc`
[INFO] [stdout]     --> src/types.rs:1571:40
[INFO] [stdout]      |
[INFO] [stdout] 1571 |         let types = GenerateTypes::new(Arc::clone(&spec), Arc::new(RwLock::new(HashMap::new())));
[INFO] [stdout]      |                                        ^^^ use of undeclared type `Arc`
[INFO] [stdout]      |
[INFO] [stdout] help: consider importing one of these items
[INFO] [stdout]      |
[INFO] [stdout] 1565 +     use crate::Arc;
[INFO] [stdout]      |
[INFO] [stdout] 1565 +     use std::sync::Arc;
[INFO] [stdout]      |
[INFO] [stdout] 
[INFO] [stdout] 
[INFO] [stdout] error[E0433]: failed to resolve: use of undeclared type `Arc`
[INFO] [stdout]     --> src/types.rs:1571:59
[INFO] [stdout]      |
[INFO] [stdout] 1571 |         let types = GenerateTypes::new(Arc::clone(&spec), Arc::new(RwLock::new(HashMap::new())));
[INFO] [stdout]      |                                                           ^^^ use of undeclared type `Arc`
[INFO] [stdout]      |
[INFO] [stdout] help: consider importing one of these items
[INFO] [stdout]      |
[INFO] [stdout] 1565 +     use crate::Arc;
[INFO] [stdout]      |
[INFO] [stdout] 1565 +     use std::sync::Arc;
[INFO] [stdout]      |
[INFO] [stdout] 
[INFO] [stdout] 
[INFO] [stdout] error[E0433]: failed to resolve: use of undeclared type `RwLock`
[INFO] [stdout]     --> src/types.rs:1571:68
[INFO] [stdout]      |
[INFO] [stdout] 1571 |         let types = GenerateTypes::new(Arc::clone(&spec), Arc::new(RwLock::new(HashMap::new())));
[INFO] [stdout]      |                                                                    ^^^^^^ use of undeclared type `RwLock`
[INFO] [stdout]      |
[INFO] [stdout] help: consider importing one of these items
[INFO] [stdout]      |
[INFO] [stdout] 1565 +     use crate::RwLock;
[INFO] [stdout]      |
[INFO] [stdout] 1565 +     use std::sync::RwLock;
[INFO] [stdout]      |
[INFO] [stdout] 
[INFO] [stdout] 
[INFO] [stdout] error[E0433]: failed to resolve: use of undeclared type `HashMap`
[INFO] [stdout]     --> src/types.rs:1571:80
[INFO] [stdout]      |
[INFO] [stdout] 1571 |         let types = GenerateTypes::new(Arc::clone(&spec), Arc::new(RwLock::new(HashMap::new())));
[INFO] [stdout]      |                                                                                ^^^^^^^ use of undeclared type `HashMap`
[INFO] [stdout]      |
[INFO] [stdout] help: consider importing one of these items
[INFO] [stdout]      |
[INFO] [stdout] 1565 +     use crate::HashMap;
[INFO] [stdout]      |
[INFO] [stdout] 1565 +     use std::collections::HashMap;
[INFO] [stdout]      |
[INFO] [stdout] 
[INFO] [stdout] 
[INFO] [stdout] error: aborting due to 7 previous errors
[INFO] [stdout] 
[INFO] [stdout] 
[INFO] [stdout] Some errors have detailed explanations: E0412, E0433.
[INFO] [stdout] 
[INFO] [stdout] For more information about an error, try `rustc --explain E0412`.
[INFO] [stdout] 
[INFO] [stderr] error: could not compile `tggen` (lib test) due to 8 previous errors
[INFO] running `Command { std: "docker" "inspect" "f13df5605f25807e31362209d2384e5cabd9b85b115f85801b5e9783b5ceebb4", kill_on_drop: false }`
[INFO] running `Command { std: "docker" "rm" "-f" "f13df5605f25807e31362209d2384e5cabd9b85b115f85801b5e9783b5ceebb4", kill_on_drop: false }`
[INFO] [stdout] f13df5605f25807e31362209d2384e5cabd9b85b115f85801b5e9783b5ceebb4
[INFO] testing tggen-0.0.29 against beta-2023-12-22 for beta-1.76-1
[INFO] extracting crate tggen 0.0.29 into /workspace/builds/worker-3-tc2/source
[INFO] validating manifest of crates.io crate tggen 0.0.29 on toolchain beta-2023-12-22
[INFO] running `Command { std: CARGO_HOME="/workspace/cargo-home" RUSTUP_HOME="/workspace/rustup-home" "/workspace/cargo-home/bin/cargo" "+beta-2023-12-22" "metadata" "--manifest-path" "Cargo.toml" "--no-deps", kill_on_drop: false }`
[INFO] started tweaking crates.io crate tggen 0.0.29
[INFO] finished tweaking crates.io crate tggen 0.0.29
[INFO] tweaked toml for crates.io crate tggen 0.0.29 written to /workspace/builds/worker-3-tc2/source/Cargo.toml
[INFO] running `Command { std: CARGO_HOME="/workspace/cargo-home" RUSTUP_HOME="/workspace/rustup-home" "/workspace/cargo-home/bin/cargo" "+beta-2023-12-22" "generate-lockfile" "--manifest-path" "Cargo.toml", kill_on_drop: false }`
[INFO] [stderr]     Updating crates.io index
[INFO] running `Command { std: CARGO_HOME="/workspace/cargo-home" RUSTUP_HOME="/workspace/rustup-home" "/workspace/cargo-home/bin/cargo" "+beta-2023-12-22" "fetch" "--manifest-path" "Cargo.toml", kill_on_drop: false }`
[INFO] running `Command { std: "docker" "create" "-v" "/var/lib/crater-agent-workspace/builds/worker-3-tc2/target:/opt/rustwide/target:rw,Z" "-v" "/var/lib/crater-agent-workspace/builds/worker-3-tc2/source:/opt/rustwide/workdir:ro,Z" "-v" "/var/lib/crater-agent-workspace/cargo-home:/opt/rustwide/cargo-home:ro,Z" "-v" "/var/lib/crater-agent-workspace/rustup-home:/opt/rustwide/rustup-home:ro,Z" "-e" "SOURCE_DIR=/opt/rustwide/workdir" "-e" "CARGO_TARGET_DIR=/opt/rustwide/target" "-e" "CARGO_HOME=/opt/rustwide/cargo-home" "-e" "RUSTUP_HOME=/opt/rustwide/rustup-home" "-w" "/opt/rustwide/workdir" "-m" "1610612736" "--user" "0:0" "--network" "none" "ghcr.io/rust-lang/crates-build-env/linux@sha256:2788e3201cd34a07e3172128adcd8b3090168a8e3bcc40d7c032b9dda1df7d1c" "/opt/rustwide/cargo-home/bin/cargo" "+beta-2023-12-22" "metadata" "--no-deps" "--format-version=1", kill_on_drop: false }`
[INFO] [stdout] 8bd6711d27925cfb9eef27a4ad2d893824030ad84e8a95136eb4720100720060
[INFO] running `Command { std: "docker" "start" "-a" "8bd6711d27925cfb9eef27a4ad2d893824030ad84e8a95136eb4720100720060", kill_on_drop: false }`
[INFO] running `Command { std: "docker" "inspect" "8bd6711d27925cfb9eef27a4ad2d893824030ad84e8a95136eb4720100720060", kill_on_drop: false }`
[INFO] running `Command { std: "docker" "rm" "-f" "8bd6711d27925cfb9eef27a4ad2d893824030ad84e8a95136eb4720100720060", kill_on_drop: false }`
[INFO] [stdout] 8bd6711d27925cfb9eef27a4ad2d893824030ad84e8a95136eb4720100720060
[INFO] running `Command { std: "docker" "create" "-v" "/var/lib/crater-agent-workspace/builds/worker-3-tc2/target:/opt/rustwide/target:rw,Z" "-v" "/var/lib/crater-agent-workspace/builds/worker-3-tc2/source:/opt/rustwide/workdir:ro,Z" "-v" "/var/lib/crater-agent-workspace/cargo-home:/opt/rustwide/cargo-home:ro,Z" "-v" "/var/lib/crater-agent-workspace/rustup-home:/opt/rustwide/rustup-home:ro,Z" "-e" "SOURCE_DIR=/opt/rustwide/workdir" "-e" "CARGO_TARGET_DIR=/opt/rustwide/target" "-e" "CARGO_INCREMENTAL=0" "-e" "RUST_BACKTRACE=full" "-e" "RUSTFLAGS=--cap-lints=warn" "-e" "RUSTDOCFLAGS=--cap-lints=warn" "-e" "CARGO_HOME=/opt/rustwide/cargo-home" "-e" "RUSTUP_HOME=/opt/rustwide/rustup-home" "-w" "/opt/rustwide/workdir" "-m" "1610612736" "--user" "0:0" "--network" "none" "ghcr.io/rust-lang/crates-build-env/linux@sha256:2788e3201cd34a07e3172128adcd8b3090168a8e3bcc40d7c032b9dda1df7d1c" "/opt/rustwide/cargo-home/bin/cargo" "+beta-2023-12-22" "build" "--frozen" "--message-format=json", kill_on_drop: false }`
[INFO] [stdout] 8a12cbd276292b4ca636ddf64c2d96c7bc4166bfc930381c407a7a3ff6abd0a4
[INFO] running `Command { std: "docker" "start" "-a" "8a12cbd276292b4ca636ddf64c2d96c7bc4166bfc930381c407a7a3ff6abd0a4", kill_on_drop: false }`
[INFO] [stderr]    Compiling unicode-ident v1.0.12
[INFO] [stderr]    Compiling proc-macro2 v1.0.75
[INFO] [stderr]    Compiling serde v1.0.194
[INFO] [stderr]    Compiling memchr v2.7.1
[INFO] [stderr]    Compiling regex-syntax v0.8.2
[INFO] [stderr]    Compiling serde_json v1.0.111
[INFO] [stderr]    Compiling anyhow v1.0.79
[INFO] [stderr]    Compiling itoa v1.0.10
[INFO] [stderr]    Compiling ryu v1.0.16
[INFO] [stderr]    Compiling either v1.9.0
[INFO] [stderr]    Compiling unicode-segmentation v1.10.1
[INFO] [stderr]    Compiling once_cell v1.19.0
[INFO] [stderr]    Compiling itertools v0.10.5
[INFO] [stderr]    Compiling convert_case v0.6.0
[INFO] [stderr]    Compiling aho-corasick v1.1.2
[INFO] [stderr]    Compiling quote v1.0.35
[INFO] [stderr]    Compiling syn v2.0.48
[INFO] [stderr]    Compiling regex-automata v0.4.3
[INFO] [stderr]    Compiling serde_derive v1.0.194
[INFO] [stderr]    Compiling regex v1.10.2
[INFO] [stderr]    Compiling tggen v0.0.29 (/opt/rustwide/workdir)
[INFO] [stderr]     Finished dev [unoptimized + debuginfo] target(s) in 13.85s
[INFO] running `Command { std: "docker" "inspect" "8a12cbd276292b4ca636ddf64c2d96c7bc4166bfc930381c407a7a3ff6abd0a4", kill_on_drop: false }`
[INFO] running `Command { std: "docker" "rm" "-f" "8a12cbd276292b4ca636ddf64c2d96c7bc4166bfc930381c407a7a3ff6abd0a4", kill_on_drop: false }`
[INFO] [stdout] 8a12cbd276292b4ca636ddf64c2d96c7bc4166bfc930381c407a7a3ff6abd0a4
[INFO] running `Command { std: "docker" "create" "-v" "/var/lib/crater-agent-workspace/builds/worker-3-tc2/target:/opt/rustwide/target:rw,Z" "-v" "/var/lib/crater-agent-workspace/builds/worker-3-tc2/source:/opt/rustwide/workdir:ro,Z" "-v" "/var/lib/crater-agent-workspace/cargo-home:/opt/rustwide/cargo-home:ro,Z" "-v" "/var/lib/crater-agent-workspace/rustup-home:/opt/rustwide/rustup-home:ro,Z" "-e" "SOURCE_DIR=/opt/rustwide/workdir" "-e" "CARGO_TARGET_DIR=/opt/rustwide/target" "-e" "CARGO_INCREMENTAL=0" "-e" "RUST_BACKTRACE=full" "-e" "RUSTFLAGS=--cap-lints=warn" "-e" "RUSTDOCFLAGS=--cap-lints=warn" "-e" "CARGO_HOME=/opt/rustwide/cargo-home" "-e" "RUSTUP_HOME=/opt/rustwide/rustup-home" "-w" "/opt/rustwide/workdir" "-m" "1610612736" "--user" "0:0" "--network" "none" "ghcr.io/rust-lang/crates-build-env/linux@sha256:2788e3201cd34a07e3172128adcd8b3090168a8e3bcc40d7c032b9dda1df7d1c" "/opt/rustwide/cargo-home/bin/cargo" "+beta-2023-12-22" "test" "--frozen" "--no-run" "--message-format=json", kill_on_drop: false }`
[INFO] [stdout] 43cea46f0e07c2098fea92622b75118df35815e52670bafe29014290a123ad19
[INFO] running `Command { std: "docker" "start" "-a" "43cea46f0e07c2098fea92622b75118df35815e52670bafe29014290a123ad19", kill_on_drop: false }`
[INFO] [stderr]    Compiling tggen v0.0.29 (/opt/rustwide/workdir)
[INFO] [stdout] error[E0412]: cannot find type `Spec` in this scope
[INFO] [stdout]     --> src/types.rs:1568:19
[INFO] [stdout]      |
[INFO] [stdout] 1568 |         let spec: Spec = serde_json::from_str(&json).unwrap();
[INFO] [stdout]      |                   ^^^^ not found in this scope
[INFO] [stdout]      |
[INFO] [stdout] help: consider importing this struct through its public re-export
[INFO] [stdout]      |
[INFO] [stdout] 1565 +     use crate::Spec;
[INFO] [stdout]      |
[INFO] [stdout] 
[INFO] [stdout] 
[INFO] [stdout] error[E0433]: failed to resolve: use of undeclared type `Arc`
[INFO] [stdout]     --> src/types.rs:1569:20
[INFO] [stdout]      |
[INFO] [stdout] 1569 |         let spec = Arc::new(spec);
[INFO] [stdout]      |                    ^^^ use of undeclared type `Arc`
[INFO] [stdout]      |
[INFO] [stdout] help: consider importing one of these items
[INFO] [stdout]      |
[INFO] [stdout] 1565 +     use crate::Arc;
[INFO] [stdout]      |
[INFO] [stdout] 1565 +     use std::sync::Arc;
[INFO] [stdout]      |
[INFO] [stdout] 
[INFO] [stdout] 
[INFO] [stdout] error[E0433]: failed to resolve: use of undeclared type `GenerateTypes`
[INFO] [stdout]     --> src/types.rs:1571:21
[INFO] [stdout]      |
[INFO] [stdout] 1571 |         let types = GenerateTypes::new(Arc::clone(&spec), Arc::new(RwLock::new(HashMap::new())));
[INFO] [stdout]      |                     ^^^^^^^^^^^^^ use of undeclared type `GenerateTypes`
[INFO] [stdout]      |
[INFO] [stdout] help: consider importing this struct
[INFO] [stdout]      |
[INFO] [stdout] 1565 +     use crate::types::GenerateTypes;
[INFO] [stdout]      |
[INFO] [stdout] 
[INFO] [stdout] 
[INFO] [stdout] error[E0433]: failed to resolve: use of undeclared type `Arc`
[INFO] [stdout]     --> src/types.rs:1571:40
[INFO] [stdout]      |
[INFO] [stdout] 1571 |         let types = GenerateTypes::new(Arc::clone(&spec), Arc::new(RwLock::new(HashMap::new())));
[INFO] [stdout]      |                                        ^^^ use of undeclared type `Arc`
[INFO] [stdout]      |
[INFO] [stdout] help: consider importing one of these items
[INFO] [stdout]      |
[INFO] [stdout] 1565 +     use crate::Arc;
[INFO] [stdout]      |
[INFO] [stdout] 1565 +     use std::sync::Arc;
[INFO] [stdout]      |
[INFO] [stdout] 
[INFO] [stdout] 
[INFO] [stdout] error[E0433]: failed to resolve: use of undeclared type `Arc`
[INFO] [stdout]     --> src/types.rs:1571:59
[INFO] [stdout]      |
[INFO] [stdout] 1571 |         let types = GenerateTypes::new(Arc::clone(&spec), Arc::new(RwLock::new(HashMap::new())));
[INFO] [stdout]      |                                                           ^^^ use of undeclared type `Arc`
[INFO] [stdout]      |
[INFO] [stdout] help: consider importing one of these items
[INFO] [stdout]      |
[INFO] [stdout] 1565 +     use crate::Arc;
[INFO] [stdout]      |
[INFO] [stdout] 1565 +     use std::sync::Arc;
[INFO] [stdout]      |
[INFO] [stdout] 
[INFO] [stdout] 
[INFO] [stdout] error[E0433]: failed to resolve: use of undeclared type `RwLock`
[INFO] [stdout]     --> src/types.rs:1571:68
[INFO] [stdout]      |
[INFO] [stdout] 1571 |         let types = GenerateTypes::new(Arc::clone(&spec), Arc::new(RwLock::new(HashMap::new())));
[INFO] [stdout]      |                                                                    ^^^^^^ use of undeclared type `RwLock`
[INFO] [stdout]      |
[INFO] [stdout] help: consider importing one of these items
[INFO] [stdout]      |
[INFO] [stdout] 1565 +     use crate::RwLock;
[INFO] [stdout]      |
[INFO] [stdout] 1565 +     use std::sync::RwLock;
[INFO] [stdout]      |
[INFO] [stdout] 
[INFO] [stdout] 
[INFO] [stdout] error[E0433]: failed to resolve: use of undeclared type `HashMap`
[INFO] [stdout]     --> src/types.rs:1571:80
[INFO] [stdout]      |
[INFO] [stdout] 1571 |         let types = GenerateTypes::new(Arc::clone(&spec), Arc::new(RwLock::new(HashMap::new())));
[INFO] [stdout]      |                                                                                ^^^^^^^ use of undeclared type `HashMap`
[INFO] [stdout]      |
[INFO] [stdout] help: consider importing one of these items
[INFO] [stdout]      |
[INFO] [stdout] 1565 +     use crate::HashMap;
[INFO] [stdout]      |
[INFO] [stdout] 1565 +     use std::collections::HashMap;
[INFO] [stdout]      |
[INFO] [stdout] 
[INFO] [stdout] 
[INFO] [stdout] error: aborting due to 7 previous errors
[INFO] [stdout] 
[INFO] [stdout] 
[INFO] [stdout] Some errors have detailed explanations: E0412, E0433.
[INFO] [stdout] 
[INFO] [stdout] For more information about an error, try `rustc --explain E0412`.
[INFO] [stdout] 
[INFO] [stderr] error: could not compile `tggen` (lib test) due to 8 previous errors
[INFO] running `Command { std: "docker" "inspect" "43cea46f0e07c2098fea92622b75118df35815e52670bafe29014290a123ad19", kill_on_drop: false }`
[INFO] running `Command { std: "docker" "rm" "-f" "43cea46f0e07c2098fea92622b75118df35815e52670bafe29014290a123ad19", kill_on_drop: false }`
[INFO] [stdout] 43cea46f0e07c2098fea92622b75118df35815e52670bafe29014290a123ad19
