[INFO] fetching crate tgbot 0.18.0...
[INFO] testing tgbot-0.18.0 against 1.75.0 for beta-1.76-1
[INFO] extracting crate tgbot 0.18.0 into /workspace/builds/worker-4-tc1/source
[INFO] validating manifest of crates.io crate tgbot 0.18.0 on toolchain 1.75.0
[INFO] running `Command { std: CARGO_HOME="/workspace/cargo-home" RUSTUP_HOME="/workspace/rustup-home" "/workspace/cargo-home/bin/cargo" "+1.75.0" "metadata" "--manifest-path" "Cargo.toml" "--no-deps", kill_on_drop: false }`
[INFO] started tweaking crates.io crate tgbot 0.18.0
[INFO] finished tweaking crates.io crate tgbot 0.18.0
[INFO] tweaked toml for crates.io crate tgbot 0.18.0 written to /workspace/builds/worker-4-tc1/source/Cargo.toml
[INFO] crate crates.io crate tgbot 0.18.0 already has a lockfile, it will not be regenerated
[INFO] running `Command { std: CARGO_HOME="/workspace/cargo-home" RUSTUP_HOME="/workspace/rustup-home" "/workspace/cargo-home/bin/cargo" "+1.75.0" "fetch" "--manifest-path" "Cargo.toml", kill_on_drop: false }`
[INFO] [stderr]  Downloading crates ...
[INFO] [stderr]   Downloaded shellwords v1.1.0
[INFO] [stderr]   Downloaded serde_json v1.0.73
[INFO] [stderr]   Downloaded mockito v0.30.0
[INFO] running `Command { std: "docker" "create" "-v" "/var/lib/crater-agent-workspace/builds/worker-4-tc1/target:/opt/rustwide/target:rw,Z" "-v" "/var/lib/crater-agent-workspace/builds/worker-4-tc1/source:/opt/rustwide/workdir:ro,Z" "-v" "/var/lib/crater-agent-workspace/cargo-home:/opt/rustwide/cargo-home:ro,Z" "-v" "/var/lib/crater-agent-workspace/rustup-home:/opt/rustwide/rustup-home:ro,Z" "-e" "SOURCE_DIR=/opt/rustwide/workdir" "-e" "CARGO_TARGET_DIR=/opt/rustwide/target" "-e" "CARGO_HOME=/opt/rustwide/cargo-home" "-e" "RUSTUP_HOME=/opt/rustwide/rustup-home" "-w" "/opt/rustwide/workdir" "-m" "1610612736" "--user" "0:0" "--network" "none" "ghcr.io/rust-lang/crates-build-env/linux@sha256:2788e3201cd34a07e3172128adcd8b3090168a8e3bcc40d7c032b9dda1df7d1c" "/opt/rustwide/cargo-home/bin/cargo" "+1.75.0" "metadata" "--no-deps" "--format-version=1", kill_on_drop: false }`
[INFO] [stdout] b1db5106eaba815af725903d10cf75b0d88fd8fe13a5ab6e389f87ba473e2d71
[INFO] running `Command { std: "docker" "start" "-a" "b1db5106eaba815af725903d10cf75b0d88fd8fe13a5ab6e389f87ba473e2d71", kill_on_drop: false }`
[INFO] running `Command { std: "docker" "inspect" "b1db5106eaba815af725903d10cf75b0d88fd8fe13a5ab6e389f87ba473e2d71", kill_on_drop: false }`
[INFO] running `Command { std: "docker" "rm" "-f" "b1db5106eaba815af725903d10cf75b0d88fd8fe13a5ab6e389f87ba473e2d71", kill_on_drop: false }`
[INFO] [stdout] b1db5106eaba815af725903d10cf75b0d88fd8fe13a5ab6e389f87ba473e2d71
[INFO] running `Command { std: "docker" "create" "-v" "/var/lib/crater-agent-workspace/builds/worker-4-tc1/target:/opt/rustwide/target:rw,Z" "-v" "/var/lib/crater-agent-workspace/builds/worker-4-tc1/source:/opt/rustwide/workdir:ro,Z" "-v" "/var/lib/crater-agent-workspace/cargo-home:/opt/rustwide/cargo-home:ro,Z" "-v" "/var/lib/crater-agent-workspace/rustup-home:/opt/rustwide/rustup-home:ro,Z" "-e" "SOURCE_DIR=/opt/rustwide/workdir" "-e" "CARGO_TARGET_DIR=/opt/rustwide/target" "-e" "CARGO_INCREMENTAL=0" "-e" "RUST_BACKTRACE=full" "-e" "RUSTFLAGS=--cap-lints=warn" "-e" "RUSTDOCFLAGS=--cap-lints=warn" "-e" "CARGO_HOME=/opt/rustwide/cargo-home" "-e" "RUSTUP_HOME=/opt/rustwide/rustup-home" "-w" "/opt/rustwide/workdir" "-m" "1610612736" "--user" "0:0" "--network" "none" "ghcr.io/rust-lang/crates-build-env/linux@sha256:2788e3201cd34a07e3172128adcd8b3090168a8e3bcc40d7c032b9dda1df7d1c" "/opt/rustwide/cargo-home/bin/cargo" "+1.75.0" "build" "--frozen" "--message-format=json", kill_on_drop: false }`
[INFO] [stdout] 3d34ebffbabf4da24fa5e93f11ed8dcc7a71dcce6f628f1bbd72d6c543f5d56d
[INFO] running `Command { std: "docker" "start" "-a" "3d34ebffbabf4da24fa5e93f11ed8dcc7a71dcce6f628f1bbd72d6c543f5d56d", kill_on_drop: false }`
[INFO] [stderr]    Compiling proc-macro2 v1.0.36
[INFO] [stderr]    Compiling unicode-xid v0.2.2
[INFO] [stderr]    Compiling syn v1.0.84
[INFO] [stderr]    Compiling libc v0.2.112
[INFO] [stderr]    Compiling memchr v2.4.1
[INFO] [stderr]    Compiling futures-core v0.3.19
[INFO] [stderr]    Compiling pin-project-lite v0.2.8
[INFO] [stderr]    Compiling cc v1.0.72
[INFO] [stderr]    Compiling bytes v1.1.0
[INFO] [stderr]    Compiling once_cell v1.9.0
[INFO] [stderr]    Compiling futures-task v0.3.19
[INFO] [stderr]    Compiling itoa v1.0.1
[INFO] [stderr]    Compiling serde_derive v1.0.132
[INFO] [stderr]    Compiling futures-util v0.3.19
[INFO] [stderr]    Compiling unicase v2.6.0
[INFO] [stderr]    Compiling indexmap v1.7.0
[INFO] [stderr]    Compiling slab v0.4.5
[INFO] [stderr]    Compiling serde v1.0.132
[INFO] [stderr]    Compiling tracing-core v0.1.21
[INFO] [stderr]    Compiling httparse v1.5.1
[INFO] [stderr]    Compiling futures-sink v0.3.19
[INFO] [stderr]    Compiling matches v0.1.9
[INFO] [stderr]    Compiling hashbrown v0.11.2
[INFO] [stderr]    Compiling futures-channel v0.3.19
[INFO] [stderr]    Compiling tinyvec v1.5.1
[INFO] [stderr]    Compiling percent-encoding v2.1.0
[INFO] [stderr]    Compiling http v0.2.6
[INFO] [stderr]    Compiling itoa v0.4.8
[INFO] [stderr]    Compiling want v0.3.0
[INFO] [stderr]    Compiling tracing v0.1.29
[INFO] [stderr]    Compiling form_urlencoded v1.0.1
[INFO] [stderr]    Compiling tower-service v0.3.1
[INFO] [stderr]    Compiling mime_guess v2.0.3
[INFO] [stderr]    Compiling encoding_rs v0.8.30
[INFO] [stderr]    Compiling serde_json v1.0.73
[INFO] [stderr]    Compiling ryu v1.0.9
[INFO] [stderr]    Compiling quote v1.0.14
[INFO] [stderr]    Compiling unicode-bidi v0.3.7
[INFO] [stderr]    Compiling aho-corasick v0.7.18
[INFO] [stderr]    Compiling base64 v0.13.0
[INFO] [stderr]    Compiling regex-syntax v0.6.25
[INFO] [stderr]    Compiling mime v0.3.16
[INFO] [stderr]    Compiling mio v0.7.14
[INFO] [stderr]    Compiling socket2 v0.4.2
[INFO] [stderr]    Compiling either v1.6.1
[INFO] [stderr]    Compiling rustls-pemfile v0.2.1
[INFO] [stderr]    Compiling convert_case v0.4.0
[INFO] [stderr]    Compiling unicode-normalization v0.1.19
[INFO] [stderr]    Compiling ipnet v2.3.1
[INFO] [stderr]    Compiling ring v0.16.20
[INFO] [stderr]    Compiling tokio v1.16.1
[INFO] [stderr]    Compiling idna v0.2.3
[INFO] [stderr]    Compiling http-body v0.4.4
[INFO] [stderr]    Compiling url v2.2.2
[INFO] [stderr]    Compiling regex v1.5.4
[INFO] [stderr]    Compiling shellwords v1.1.0
[INFO] [stderr]    Compiling tokio-util v0.6.9
[INFO] [stderr]    Compiling webpki v0.22.0
[INFO] [stderr]    Compiling sct v0.7.0
[INFO] [stderr]    Compiling futures-macro v0.3.19
[INFO] [stderr]    Compiling thiserror-impl v1.0.30
[INFO] [stderr]    Compiling async-stream-impl v0.3.2
[INFO] [stderr]    Compiling derive_more v0.99.17
[INFO] [stderr]    Compiling rustls v0.20.2
[INFO] [stderr]    Compiling webpki-roots v0.22.2
[INFO] [stderr]    Compiling async-stream v0.3.2
[INFO] [stderr]    Compiling thiserror v1.0.30
[INFO] [stderr]    Compiling tokio-rustls v0.23.2
[INFO] [stderr]    Compiling h2 v0.3.9
[INFO] [stderr]    Compiling tokio-socks v0.5.1
[INFO] [stderr]    Compiling hyper v0.14.16
[INFO] [stderr]    Compiling serde_urlencoded v0.7.0
[INFO] [stderr]    Compiling vec1 v1.8.0
[INFO] [stderr]    Compiling hyper-rustls v0.23.0
[INFO] [stderr]    Compiling reqwest v0.11.8
[INFO] [stderr]    Compiling tgbot v0.18.0 (/opt/rustwide/workdir)
[INFO] [stderr]     Finished dev [unoptimized + debuginfo] target(s) in 20.38s
[INFO] running `Command { std: "docker" "inspect" "3d34ebffbabf4da24fa5e93f11ed8dcc7a71dcce6f628f1bbd72d6c543f5d56d", kill_on_drop: false }`
[INFO] running `Command { std: "docker" "rm" "-f" "3d34ebffbabf4da24fa5e93f11ed8dcc7a71dcce6f628f1bbd72d6c543f5d56d", kill_on_drop: false }`
[INFO] [stdout] 3d34ebffbabf4da24fa5e93f11ed8dcc7a71dcce6f628f1bbd72d6c543f5d56d
[INFO] running `Command { std: "docker" "create" "-v" "/var/lib/crater-agent-workspace/builds/worker-4-tc1/target:/opt/rustwide/target:rw,Z" "-v" "/var/lib/crater-agent-workspace/builds/worker-4-tc1/source:/opt/rustwide/workdir:ro,Z" "-v" "/var/lib/crater-agent-workspace/cargo-home:/opt/rustwide/cargo-home:ro,Z" "-v" "/var/lib/crater-agent-workspace/rustup-home:/opt/rustwide/rustup-home:ro,Z" "-e" "SOURCE_DIR=/opt/rustwide/workdir" "-e" "CARGO_TARGET_DIR=/opt/rustwide/target" "-e" "CARGO_INCREMENTAL=0" "-e" "RUST_BACKTRACE=full" "-e" "RUSTFLAGS=--cap-lints=warn" "-e" "RUSTDOCFLAGS=--cap-lints=warn" "-e" "CARGO_HOME=/opt/rustwide/cargo-home" "-e" "RUSTUP_HOME=/opt/rustwide/rustup-home" "-w" "/opt/rustwide/workdir" "-m" "1610612736" "--user" "0:0" "--network" "none" "ghcr.io/rust-lang/crates-build-env/linux@sha256:2788e3201cd34a07e3172128adcd8b3090168a8e3bcc40d7c032b9dda1df7d1c" "/opt/rustwide/cargo-home/bin/cargo" "+1.75.0" "test" "--frozen" "--no-run" "--message-format=json", kill_on_drop: false }`
[INFO] [stdout] 6f26c9525044ee6cd11d59dbf1ba38a000f9331694a54434b9c94572d1ed9b31
[INFO] running `Command { std: "docker" "start" "-a" "6f26c9525044ee6cd11d59dbf1ba38a000f9331694a54434b9c94572d1ed9b31", kill_on_drop: false }`
[INFO] [stderr]    Compiling log v0.4.14
[INFO] [stderr]    Compiling num_cpus v1.13.1
[INFO] [stderr]    Compiling tokio-macros v1.7.0
[INFO] [stderr]    Compiling getrandom v0.2.3
[INFO] [stderr]    Compiling atty v0.2.14
[INFO] [stderr]    Compiling ppv-lite86 v0.2.16
[INFO] [stderr]    Compiling assert-json-diff v2.0.1
[INFO] [stderr]    Compiling difference v2.0.0
[INFO] [stderr]    Compiling remove_dir_all v0.5.3
[INFO] [stderr]    Compiling termcolor v1.1.2
[INFO] [stderr]    Compiling fastrand v1.7.0
[INFO] [stderr]    Compiling humantime v2.1.0
[INFO] [stderr]    Compiling toml v0.5.8
[INFO] [stderr]    Compiling dotenv v0.15.0
[INFO] [stderr]    Compiling colored v2.0.0
[INFO] [stderr]    Compiling rand_core v0.6.3
[INFO] [stderr]    Compiling tempfile v3.3.0
[INFO] [stderr]    Compiling mio v0.7.14
[INFO] [stderr]    Compiling rustls v0.20.2
[INFO] [stderr]    Compiling want v0.3.0
[INFO] [stderr]    Compiling env_logger v0.9.0
[INFO] [stderr]    Compiling rand_chacha v0.3.1
[INFO] [stderr]    Compiling rand v0.8.4
[INFO] [stderr]    Compiling tokio v1.16.1
[INFO] [stderr]    Compiling mockito v0.30.0
[INFO] [stderr]    Compiling tokio-util v0.6.9
[INFO] [stderr]    Compiling tokio-rustls v0.23.2
[INFO] [stderr]    Compiling tokio-socks v0.5.1
[INFO] [stderr]    Compiling h2 v0.3.9
[INFO] [stderr]    Compiling hyper v0.14.16
[INFO] [stderr]    Compiling hyper-rustls v0.23.0
[INFO] [stderr]    Compiling reqwest v0.11.8
[INFO] [stderr]    Compiling tgbot v0.18.0 (/opt/rustwide/workdir)
[INFO] [stderr] error: could not compile `tgbot` (lib test)
[INFO] [stderr] 
[INFO] [stderr] Caused by:
[INFO] [stderr]   process didn't exit successfully: `/opt/rustwide/rustup-home/toolchains/1.75.0-x86_64-unknown-linux-gnu/bin/rustc --crate-name tgbot --edition=2021 src/lib.rs --error-format=json --json=diagnostic-rendered-ansi,artifacts,future-incompat --emit=dep-info,link -C embed-bitcode=no -C debuginfo=2 --test -C metadata=de0e27059443bf69 -C extra-filename=-de0e27059443bf69 --out-dir /opt/rustwide/target/debug/deps -L dependency=/opt/rustwide/target/debug/deps --extern async_stream=/opt/rustwide/target/debug/deps/libasync_stream-250eacbfaa8ef566.rlib --extern bytes=/opt/rustwide/target/debug/deps/libbytes-55e4baa7bb335bc7.rlib --extern derive_more=/opt/rustwide/target/debug/deps/libderive_more-289aa164e9003d86.so --extern dotenv=/opt/rustwide/target/debug/deps/libdotenv-74253baa84974fa1.rlib --extern env_logger=/opt/rustwide/target/debug/deps/libenv_logger-9d322713b084f427.rlib --extern futures_util=/opt/rustwide/target/debug/deps/libfutures_util-f72e64c4d27e08ed.rlib --extern http=/opt/rustwide/target/debug/deps/libhttp-f8579927572df7fb.rlib --extern hyper=/opt/rustwide/target/debug/deps/libhyper-53a7e10b330b4c77.rlib --extern log=/opt/rustwide/target/debug/deps/liblog-5a74203e6e19203f.rlib --extern mime=/opt/rustwide/target/debug/deps/libmime-450b243d21db2a61.rlib --extern mime_guess=/opt/rustwide/target/debug/deps/libmime_guess-72be41908bedc965.rlib --extern mockito=/opt/rustwide/target/debug/deps/libmockito-be05c9ab90bae508.rlib --extern regex=/opt/rustwide/target/debug/deps/libregex-930036e353b5683d.rlib --extern reqwest=/opt/rustwide/target/debug/deps/libreqwest-2741401e99e8dc31.rlib --extern serde=/opt/rustwide/target/debug/deps/libserde-952bc6f4c2789308.rlib --extern serde_json=/opt/rustwide/target/debug/deps/libserde_json-68342372bccf4ef5.rlib --extern shellwords=/opt/rustwide/target/debug/deps/libshellwords-0ba778bc8e7dceb4.rlib --extern tempfile=/opt/rustwide/target/debug/deps/libtempfile-fcad63933f7e0257.rlib --extern tokio=/opt/rustwide/target/debug/deps/libtokio-59cefe059cb2117a.rlib --extern tokio_util=/opt/rustwide/target/debug/deps/libtokio_util-121d17ff71500bbf.rlib --extern toml=/opt/rustwide/target/debug/deps/libtoml-6846636a32e90fe6.rlib --extern vec1=/opt/rustwide/target/debug/deps/libvec1-450f2ef868d0b6ea.rlib --cap-lints=warn -L native=/opt/rustwide/target/debug/build/ring-d4334ed4080b85f1/out` (signal: 9, SIGKILL: kill)
[INFO] [stderr] warning: build failed, waiting for other jobs to finish...
[INFO] [stderr] error: could not compile `tgbot` (example "notify")
[INFO] [stderr] 
[INFO] [stderr] Caused by:
[INFO] [stderr]   process didn't exit successfully: `/opt/rustwide/rustup-home/toolchains/1.75.0-x86_64-unknown-linux-gnu/bin/rustc --crate-name notify --edition=2021 examples/notify.rs --error-format=json --json=diagnostic-rendered-ansi,artifacts,future-incompat --crate-type bin --emit=dep-info,link -C embed-bitcode=no -C debuginfo=2 -C metadata=8669d361e1fce98f -C extra-filename=-8669d361e1fce98f --out-dir /opt/rustwide/target/debug/examples -L dependency=/opt/rustwide/target/debug/deps --extern async_stream=/opt/rustwide/target/debug/deps/libasync_stream-250eacbfaa8ef566.rlib --extern bytes=/opt/rustwide/target/debug/deps/libbytes-55e4baa7bb335bc7.rlib --extern derive_more=/opt/rustwide/target/debug/deps/libderive_more-289aa164e9003d86.so --extern dotenv=/opt/rustwide/target/debug/deps/libdotenv-74253baa84974fa1.rlib --extern env_logger=/opt/rustwide/target/debug/deps/libenv_logger-9d322713b084f427.rlib --extern futures_util=/opt/rustwide/target/debug/deps/libfutures_util-f72e64c4d27e08ed.rlib --extern http=/opt/rustwide/target/debug/deps/libhttp-f8579927572df7fb.rlib --extern hyper=/opt/rustwide/target/debug/deps/libhyper-53a7e10b330b4c77.rlib --extern log=/opt/rustwide/target/debug/deps/liblog-5a74203e6e19203f.rlib --extern mime=/opt/rustwide/target/debug/deps/libmime-450b243d21db2a61.rlib --extern mime_guess=/opt/rustwide/target/debug/deps/libmime_guess-72be41908bedc965.rlib --extern mockito=/opt/rustwide/target/debug/deps/libmockito-be05c9ab90bae508.rlib --extern regex=/opt/rustwide/target/debug/deps/libregex-930036e353b5683d.rlib --extern reqwest=/opt/rustwide/target/debug/deps/libreqwest-2741401e99e8dc31.rlib --extern serde=/opt/rustwide/target/debug/deps/libserde-952bc6f4c2789308.rlib --extern serde_json=/opt/rustwide/target/debug/deps/libserde_json-68342372bccf4ef5.rlib --extern shellwords=/opt/rustwide/target/debug/deps/libshellwords-0ba778bc8e7dceb4.rlib --extern tempfile=/opt/rustwide/target/debug/deps/libtempfile-fcad63933f7e0257.rlib --extern tgbot=/opt/rustwide/target/debug/deps/libtgbot-936ac37ffb07dc4a.rlib --extern tokio=/opt/rustwide/target/debug/deps/libtokio-59cefe059cb2117a.rlib --extern tokio_util=/opt/rustwide/target/debug/deps/libtokio_util-121d17ff71500bbf.rlib --extern toml=/opt/rustwide/target/debug/deps/libtoml-6846636a32e90fe6.rlib --extern vec1=/opt/rustwide/target/debug/deps/libvec1-450f2ef868d0b6ea.rlib --cap-lints=warn -L native=/opt/rustwide/target/debug/build/ring-d4334ed4080b85f1/out` (signal: 9, SIGKILL: kill)
[INFO] [stderr] error: could not compile `tgbot` (example "send_file")
[INFO] [stderr] 
[INFO] [stderr] Caused by:
[INFO] [stderr]   process didn't exit successfully: `/opt/rustwide/rustup-home/toolchains/1.75.0-x86_64-unknown-linux-gnu/bin/rustc --crate-name send_file --edition=2021 examples/send_file.rs --error-format=json --json=diagnostic-rendered-ansi,artifacts,future-incompat --crate-type bin --emit=dep-info,link -C embed-bitcode=no -C debuginfo=2 -C metadata=62637a467e3bb5b8 -C extra-filename=-62637a467e3bb5b8 --out-dir /opt/rustwide/target/debug/examples -L dependency=/opt/rustwide/target/debug/deps --extern async_stream=/opt/rustwide/target/debug/deps/libasync_stream-250eacbfaa8ef566.rlib --extern bytes=/opt/rustwide/target/debug/deps/libbytes-55e4baa7bb335bc7.rlib --extern derive_more=/opt/rustwide/target/debug/deps/libderive_more-289aa164e9003d86.so --extern dotenv=/opt/rustwide/target/debug/deps/libdotenv-74253baa84974fa1.rlib --extern env_logger=/opt/rustwide/target/debug/deps/libenv_logger-9d322713b084f427.rlib --extern futures_util=/opt/rustwide/target/debug/deps/libfutures_util-f72e64c4d27e08ed.rlib --extern http=/opt/rustwide/target/debug/deps/libhttp-f8579927572df7fb.rlib --extern hyper=/opt/rustwide/target/debug/deps/libhyper-53a7e10b330b4c77.rlib --extern log=/opt/rustwide/target/debug/deps/liblog-5a74203e6e19203f.rlib --extern mime=/opt/rustwide/target/debug/deps/libmime-450b243d21db2a61.rlib --extern mime_guess=/opt/rustwide/target/debug/deps/libmime_guess-72be41908bedc965.rlib --extern mockito=/opt/rustwide/target/debug/deps/libmockito-be05c9ab90bae508.rlib --extern regex=/opt/rustwide/target/debug/deps/libregex-930036e353b5683d.rlib --extern reqwest=/opt/rustwide/target/debug/deps/libreqwest-2741401e99e8dc31.rlib --extern serde=/opt/rustwide/target/debug/deps/libserde-952bc6f4c2789308.rlib --extern serde_json=/opt/rustwide/target/debug/deps/libserde_json-68342372bccf4ef5.rlib --extern shellwords=/opt/rustwide/target/debug/deps/libshellwords-0ba778bc8e7dceb4.rlib --extern tempfile=/opt/rustwide/target/debug/deps/libtempfile-fcad63933f7e0257.rlib --extern tgbot=/opt/rustwide/target/debug/deps/libtgbot-936ac37ffb07dc4a.rlib --extern tokio=/opt/rustwide/target/debug/deps/libtokio-59cefe059cb2117a.rlib --extern tokio_util=/opt/rustwide/target/debug/deps/libtokio_util-121d17ff71500bbf.rlib --extern toml=/opt/rustwide/target/debug/deps/libtoml-6846636a32e90fe6.rlib --extern vec1=/opt/rustwide/target/debug/deps/libvec1-450f2ef868d0b6ea.rlib --cap-lints=warn -L native=/opt/rustwide/target/debug/build/ring-d4334ed4080b85f1/out` (signal: 9, SIGKILL: kill)
[INFO] [stderr] error: could not compile `tgbot` (example "inline_keyboard")
[INFO] [stderr] 
[INFO] [stderr] Caused by:
[INFO] [stderr]   process didn't exit successfully: `/opt/rustwide/rustup-home/toolchains/1.75.0-x86_64-unknown-linux-gnu/bin/rustc --crate-name inline_keyboard --edition=2021 examples/inline_keyboard.rs --error-format=json --json=diagnostic-rendered-ansi,artifacts,future-incompat --crate-type bin --emit=dep-info,link -C embed-bitcode=no -C debuginfo=2 -C metadata=278e9f03e48f9924 -C extra-filename=-278e9f03e48f9924 --out-dir /opt/rustwide/target/debug/examples -L dependency=/opt/rustwide/target/debug/deps --extern async_stream=/opt/rustwide/target/debug/deps/libasync_stream-250eacbfaa8ef566.rlib --extern bytes=/opt/rustwide/target/debug/deps/libbytes-55e4baa7bb335bc7.rlib --extern derive_more=/opt/rustwide/target/debug/deps/libderive_more-289aa164e9003d86.so --extern dotenv=/opt/rustwide/target/debug/deps/libdotenv-74253baa84974fa1.rlib --extern env_logger=/opt/rustwide/target/debug/deps/libenv_logger-9d322713b084f427.rlib --extern futures_util=/opt/rustwide/target/debug/deps/libfutures_util-f72e64c4d27e08ed.rlib --extern http=/opt/rustwide/target/debug/deps/libhttp-f8579927572df7fb.rlib --extern hyper=/opt/rustwide/target/debug/deps/libhyper-53a7e10b330b4c77.rlib --extern log=/opt/rustwide/target/debug/deps/liblog-5a74203e6e19203f.rlib --extern mime=/opt/rustwide/target/debug/deps/libmime-450b243d21db2a61.rlib --extern mime_guess=/opt/rustwide/target/debug/deps/libmime_guess-72be41908bedc965.rlib --extern mockito=/opt/rustwide/target/debug/deps/libmockito-be05c9ab90bae508.rlib --extern regex=/opt/rustwide/target/debug/deps/libregex-930036e353b5683d.rlib --extern reqwest=/opt/rustwide/target/debug/deps/libreqwest-2741401e99e8dc31.rlib --extern serde=/opt/rustwide/target/debug/deps/libserde-952bc6f4c2789308.rlib --extern serde_json=/opt/rustwide/target/debug/deps/libserde_json-68342372bccf4ef5.rlib --extern shellwords=/opt/rustwide/target/debug/deps/libshellwords-0ba778bc8e7dceb4.rlib --extern tempfile=/opt/rustwide/target/debug/deps/libtempfile-fcad63933f7e0257.rlib --extern tgbot=/opt/rustwide/target/debug/deps/libtgbot-936ac37ffb07dc4a.rlib --extern tokio=/opt/rustwide/target/debug/deps/libtokio-59cefe059cb2117a.rlib --extern tokio_util=/opt/rustwide/target/debug/deps/libtokio_util-121d17ff71500bbf.rlib --extern toml=/opt/rustwide/target/debug/deps/libtoml-6846636a32e90fe6.rlib --extern vec1=/opt/rustwide/target/debug/deps/libvec1-450f2ef868d0b6ea.rlib --cap-lints=warn -L native=/opt/rustwide/target/debug/build/ring-d4334ed4080b85f1/out` (signal: 9, SIGKILL: kill)
[INFO] [stderr] error: could not compile `tgbot` (test "webhook")
[INFO] [stderr] 
[INFO] [stderr] Caused by:
[INFO] [stderr]   process didn't exit successfully: `/opt/rustwide/rustup-home/toolchains/1.75.0-x86_64-unknown-linux-gnu/bin/rustc --crate-name webhook --edition=2021 tests/webhook.rs --error-format=json --json=diagnostic-rendered-ansi,artifacts,future-incompat --emit=dep-info,link -C embed-bitcode=no -C debuginfo=2 --test -C metadata=300ad0eaa4d4f9c5 -C extra-filename=-300ad0eaa4d4f9c5 --out-dir /opt/rustwide/target/debug/deps -L dependency=/opt/rustwide/target/debug/deps --extern async_stream=/opt/rustwide/target/debug/deps/libasync_stream-250eacbfaa8ef566.rlib --extern bytes=/opt/rustwide/target/debug/deps/libbytes-55e4baa7bb335bc7.rlib --extern derive_more=/opt/rustwide/target/debug/deps/libderive_more-289aa164e9003d86.so --extern dotenv=/opt/rustwide/target/debug/deps/libdotenv-74253baa84974fa1.rlib --extern env_logger=/opt/rustwide/target/debug/deps/libenv_logger-9d322713b084f427.rlib --extern futures_util=/opt/rustwide/target/debug/deps/libfutures_util-f72e64c4d27e08ed.rlib --extern http=/opt/rustwide/target/debug/deps/libhttp-f8579927572df7fb.rlib --extern hyper=/opt/rustwide/target/debug/deps/libhyper-53a7e10b330b4c77.rlib --extern log=/opt/rustwide/target/debug/deps/liblog-5a74203e6e19203f.rlib --extern mime=/opt/rustwide/target/debug/deps/libmime-450b243d21db2a61.rlib --extern mime_guess=/opt/rustwide/target/debug/deps/libmime_guess-72be41908bedc965.rlib --extern mockito=/opt/rustwide/target/debug/deps/libmockito-be05c9ab90bae508.rlib --extern regex=/opt/rustwide/target/debug/deps/libregex-930036e353b5683d.rlib --extern reqwest=/opt/rustwide/target/debug/deps/libreqwest-2741401e99e8dc31.rlib --extern serde=/opt/rustwide/target/debug/deps/libserde-952bc6f4c2789308.rlib --extern serde_json=/opt/rustwide/target/debug/deps/libserde_json-68342372bccf4ef5.rlib --extern shellwords=/opt/rustwide/target/debug/deps/libshellwords-0ba778bc8e7dceb4.rlib --extern tempfile=/opt/rustwide/target/debug/deps/libtempfile-fcad63933f7e0257.rlib --extern tgbot=/opt/rustwide/target/debug/deps/libtgbot-936ac37ffb07dc4a.rlib --extern tokio=/opt/rustwide/target/debug/deps/libtokio-59cefe059cb2117a.rlib --extern tokio_util=/opt/rustwide/target/debug/deps/libtokio_util-121d17ff71500bbf.rlib --extern toml=/opt/rustwide/target/debug/deps/libtoml-6846636a32e90fe6.rlib --extern vec1=/opt/rustwide/target/debug/deps/libvec1-450f2ef868d0b6ea.rlib --cap-lints=warn -L native=/opt/rustwide/target/debug/build/ring-d4334ed4080b85f1/out` (signal: 9, SIGKILL: kill)
[INFO] [stdout] error: linking with `cc` failed: exit status: 1
[INFO] [stdout]   |
[INFO] [stdout]   = note: LC_ALL="C" PATH="/opt/rustwide/rustup-home/toolchains/1.75.0-x86_64-unknown-linux-gnu/lib/rustlib/x86_64-unknown-linux-gnu/bin:/opt/rustwide/cargo-home/bin:/usr/local/sbin:/usr/local/bin:/usr/sbin:/usr/bin:/sbin:/bin" VSLANG="1033" "cc" "-m64" "/tmp/rustcFT8fmM/symbols.o" "/opt/rustwide/target/debug/deps/download_file-def81b891ae8c73e.download_file.9d276fc914a6d318-cgu.0.rcgu.o" "/opt/rustwide/target/debug/deps/download_file-def81b891ae8c73e.download_file.9d276fc914a6d318-cgu.1.rcgu.o" "/opt/rustwide/target/debug/deps/download_file-def81b891ae8c73e.231z2fl33h5slqys.rcgu.o" "-Wl,--as-needed" "-L" "/opt/rustwide/target/debug/deps" "-L" "/opt/rustwide/target/debug/build/ring-d4334ed4080b85f1/out" "-L" "/opt/rustwide/rustup-home/toolchains/1.75.0-x86_64-unknown-linux-gnu/lib/rustlib/x86_64-unknown-linux-gnu/lib" "-Wl,-Bstatic" "/opt/rustwide/target/debug/deps/libenv_logger-9d322713b084f427.rlib" "/opt/rustwide/target/debug/deps/libtermcolor-0b747f5cb07b617d.rlib" "/opt/rustwide/target/debug/deps/libhumantime-e2a10e0b2bfa2002.rlib" "/opt/rustwide/rustup-home/toolchains/1.75.0-x86_64-unknown-linux-gnu/lib/rustlib/x86_64-unknown-linux-gnu/lib/libtest-3df1bed8075ce1de.rlib" "/opt/rustwide/rustup-home/toolchains/1.75.0-x86_64-unknown-linux-gnu/lib/rustlib/x86_64-unknown-linux-gnu/lib/libgetopts-2076fd86b325cb5d.rlib" "/opt/rustwide/rustup-home/toolchains/1.75.0-x86_64-unknown-linux-gnu/lib/rustlib/x86_64-unknown-linux-gnu/lib/libunicode_width-caa7152ee70c190f.rlib" "/opt/rustwide/rustup-home/toolchains/1.75.0-x86_64-unknown-linux-gnu/lib/rustlib/x86_64-unknown-linux-gnu/lib/librustc_std_workspace_std-04e6425e07f02a3c.rlib" "/opt/rustwide/target/debug/deps/libtgbot-936ac37ffb07dc4a.rlib" "/opt/rustwide/target/debug/deps/libvec1-450f2ef868d0b6ea.rlib" "/opt/rustwide/target/debug/deps/libshellwords-0ba778bc8e7dceb4.rlib" "/opt/rustwide/target/debug/deps/libasync_stream-250eacbfaa8ef566.rlib" "/opt/rustwide/target/debug/deps/libreqwest-2741401e99e8dc31.rlib" "/opt/rustwide/target/debug/deps/librustls_pemfile-fec5ec6ec1e5892c.rlib" "/opt/rustwide/target/debug/deps/libhyper_rustls-fa4c04e1605f0604.rlib" "/opt/rustwide/target/debug/deps/libwebpki_roots-15495fc827c33362.rlib" "/opt/rustwide/target/debug/deps/libipnet-6f7e696fa040902e.rlib" "/opt/rustwide/target/debug/deps/libtokio_socks-1e1be68254205ac9.rlib" "/opt/rustwide/target/debug/deps/libthiserror-f481db9d12a913a6.rlib" "/opt/rustwide/target/debug/deps/libeither-c3bed87a0ae6dcb8.rlib" "/opt/rustwide/target/debug/deps/libtokio_rustls-2f824e9225e3d3f9.rlib" "/opt/rustwide/target/debug/deps/libencoding_rs-a830fab037b07ca6.rlib" "/opt/rustwide/target/debug/deps/libbase64-8ea64d3566a9d67e.rlib" "/opt/rustwide/target/debug/deps/libmime_guess-72be41908bedc965.rlib" "/opt/rustwide/target/debug/deps/libunicase-b17828595a2c57e7.rlib" "/opt/rustwide/target/debug/deps/libmime-450b243d21db2a61.rlib" "/opt/rustwide/target/debug/deps/librustls-5e93c22bc2b04267.rlib" "/opt/rustwide/target/debug/deps/libsct-47ace0d0209415b7.rlib" "/opt/rustwide/target/debug/deps/libwebpki-64ccf6c5a4545927.rlib" "/opt/rustwide/target/debug/deps/libring-c2ad198dc614254a.rlib" "/opt/rustwide/target/debug/deps/libspin-c4098cd951aef6c9.rlib" "/opt/rustwide/target/debug/deps/libuntrusted-5ec0aa78ed8cda5c.rlib" "/opt/rustwide/target/debug/deps/libonce_cell-8ff5b7213d070e1b.rlib" "/opt/rustwide/target/debug/deps/libhyper-53a7e10b330b4c77.rlib" "/opt/rustwide/target/debug/deps/libwant-92f89184417cd6dd.rlib" "/opt/rustwide/target/debug/deps/libtry_lock-6573df21d991c823.rlib" "/opt/rustwide/target/debug/deps/libsocket2-f63fdd2e03192b42.rlib" "/opt/rustwide/target/debug/deps/libh2-41852f7ab480e4d1.rlib" "/opt/rustwide/target/debug/deps/libindexmap-733665de8c613715.rlib" "/opt/rustwide/target/debug/deps/libhashbrown-60eca540826c5d5d.rlib" "/opt/rustwide/target/debug/deps/libtower_service-9991ae2cafd1f41b.rlib" "/opt/rustwide/target/debug/deps/libtracing-04b8497844842f73.rlib" "/opt/rustwide/target/debug/deps/libtracing_core-e3dfcfb003507087.rlib" "/opt/rustwide/target/debug/deps/libfutures_channel-4ed47f42643b5f15.rlib" "/opt/rustwide/target/debug/deps/libhttpdate-07ccb2bff48c32b9.rlib" "/opt/rustwide/target/debug/deps/libtokio_util-121d17ff71500bbf.rlib" "/opt/rustwide/target/debug/deps/libfutures_sink-67b238052a7db8f5.rlib" "/opt/rustwide/target/debug/deps/libtokio-59cefe059cb2117a.rlib" "/opt/rustwide/target/debug/deps/libnum_cpus-01dcea6c1bb722da.rlib" "/opt/rustwide/target/debug/deps/libmio-bae4044aa43db578.rlib" "/opt/rustwide/target/debug/deps/libhttp_body-39bacd65430131ac.rlib" "/opt/rustwide/target/debug/deps/liburl-b3c55e1331b77670.rlib" "/opt/rustwide/target/debug/deps/libidna-7f2f8d2a0fa45e7d.rlib" "/opt/rustwide/target/debug/deps/libunicode_normalization-fa540275a0f8725d.rlib" "/opt/rustwide/target/debug/deps/libtinyvec-fc2adea61ab58f5e.rlib" "/opt/rustwide/target/debug/deps/libtinyvec_macros-bfeb7a087f0273ce.rlib" "/opt/rustwide/target/debug/deps/libunicode_bidi-d3ecfe40977b4a59.rlib" "/opt/rustwide/target/debug/deps/libhttp-f8579927572df7fb.rlib" "/opt/rustwide/target/debug/deps/libfnv-18bf5144d055e772.rlib" "/opt/rustwide/target/debug/deps/libbytes-55e4baa7bb335bc7.rlib" "/opt/rustwide/target/debug/deps/libmockito-be05c9ab90bae508.rlib" "/opt/rustwide/target/debug/deps/libserde_urlencoded-c73919529d1f2316.rlib" "/opt/rustwide/target/debug/deps/libitoa-88dc5e7d606068cc.rlib" "/opt/rustwide/target/debug/deps/libform_urlencoded-74b1dcad9e8d80e6.rlib" "/opt/rustwide/target/debug/deps/libpercent_encoding-526c9d71c02fb5bb.rlib" "/opt/rustwide/target/debug/deps/libmatches-e0861c3f10bd1789.rlib" "/opt/rustwide/target/debug/deps/libhttparse-c45cf483b346e59b.rlib" "/opt/rustwide/target/debug/deps/libassert_json_diff-e6a24f21282abf4f.rlib" "/opt/rustwide/target/debug/deps/libserde_json-68342372bccf4ef5.rlib" "/opt/rustwide/target/debug/deps/libryu-f7e2acf8545a3e65.rlib" "/opt/rustwide/target/debug/deps/libitoa-c68eaa30402a4ff5.rlib" "/opt/rustwide/target/debug/deps/libserde-952bc6f4c2789308.rlib" "/opt/rustwide/target/debug/deps/libregex-930036e353b5683d.rlib" "/opt/rustwide/target/debug/deps/libaho_corasick-4efc27b8b413d73f.rlib" "/opt/rustwide/target/debug/deps/libmemchr-651b9a52835bc194.rlib" "/opt/rustwide/target/debug/deps/libregex_syntax-df051bb3664d7987.rlib" "/opt/rustwide/target/debug/deps/librand-a1c25d29e4a19241.rlib" "/opt/rustwide/target/debug/deps/librand_chacha-e66cee419a39875d.rlib" "/opt/rustwide/target/debug/deps/libppv_lite86-a99ab8a0983e0261.rlib" "/opt/rustwide/target/debug/deps/librand_core-52e81addc6488356.rlib" "/opt/rustwide/target/debug/deps/libgetrandom-c3a73d0ac5748d3d.rlib" "/opt/rustwide/target/debug/deps/libdifference-d6d136d0781dc2bb.rlib" "/opt/rustwide/target/debug/deps/libcolored-218d471a47e434ab.rlib" "/opt/rustwide/target/debug/deps/libatty-beabce85bbdcbc24.rlib" "/opt/rustwide/target/debug/deps/liblibc-5172dfc20f1121bb.rlib" "/opt/rustwide/target/debug/deps/liblog-5a74203e6e19203f.rlib" "/opt/rustwide/target/debug/deps/libcfg_if-61dc7a6799e72b18.rlib" "/opt/rustwide/target/debug/deps/liblazy_static-591486ebcb9a7ead.rlib" "/opt/rustwide/target/debug/deps/libfutures_util-f72e64c4d27e08ed.rlib" "/opt/rustwide/target/debug/deps/libslab-3fdda774eccf4f9f.rlib" "/opt/rustwide/target/debug/deps/libpin_project_lite-bd863d416e545bf5.rlib" "/opt/rustwide/target/debug/deps/libfutures_task-db25e1fffc1f013c.rlib" "/opt/rustwide/target/debug/deps/libpin_utils-741f7d9d160e4a16.rlib" "/opt/rustwide/target/debug/deps/libfutures_core-4fc46505a0516835.rlib" "/opt/rustwide/target/debug/deps/libdotenv-74253baa84974fa1.rlib" "/opt/rustwide/rustup-home/toolchains/1.75.0-x86_64-unknown-linux-gnu/lib/rustlib/x86_64-unknown-linux-gnu/lib/libstd-90f6ddbf82de36ec.rlib" "/opt/rustwide/rustup-home/toolchains/1.75.0-x86_64-unknown-linux-gnu/lib/rustlib/x86_64-unknown-linux-gnu/lib/libpanic_unwind-480c41e9d4e1f677.rlib" "/opt/rustwide/rustup-home/toolchains/1.75.0-x86_64-unknown-linux-gnu/lib/rustlib/x86_64-unknown-linux-gnu/lib/libobject-db744c0ca03eed1d.rlib" "/opt/rustwide/rustup-home/toolchains/1.75.0-x86_64-unknown-linux-gnu/lib/rustlib/x86_64-unknown-linux-gnu/lib/libmemchr-8ba652dc7d4b285a.rlib" "/opt/rustwide/rustup-home/toolchains/1.75.0-x86_64-unknown-linux-gnu/lib/rustlib/x86_64-unknown-linux-gnu/lib/libaddr2line-d5f4520a9ebc0d58.rlib" "/opt/rustwide/rustup-home/toolchains/1.75.0-x86_64-unknown-linux-gnu/lib/rustlib/x86_64-unknown-linux-gnu/lib/libgimli-4ad84de58f0cb463.rlib" "/opt/rustwide/rustup-home/toolchains/1.75.0-x86_64-unknown-linux-gnu/lib/rustlib/x86_64-unknown-linux-gnu/lib/librustc_demangle-0d10aae2e0f38735.rlib" "/opt/rustwide/rustup-home/toolchains/1.75.0-x86_64-unknown-linux-gnu/lib/rustlib/x86_64-unknown-linux-gnu/lib/libstd_detect-0c17cff739e6745b.rlib" "/opt/rustwide/rustup-home/toolchains/1.75.0-x86_64-unknown-linux-gnu/lib/rustlib/x86_64-unknown-linux-gnu/lib/libhashbrown-b29e17139dde1aa8.rlib" "/opt/rustwide/rustup-home/toolchains/1.75.0-x86_64-unknown-linux-gnu/lib/rustlib/x86_64-unknown-linux-gnu/lib/librustc_std_workspace_alloc-1f975299829cc7bd.rlib" "/opt/rustwide/rustup-home/toolchains/1.75.0-x86_64-unknown-linux-gnu/lib/rustlib/x86_64-unknown-linux-gnu/lib/libminiz_oxide-86bae3bc3079f89b.rlib" "/opt/rustwide/rustup-home/toolchains/1.75.0-x86_64-unknown-linux-gnu/lib/rustlib/x86_64-unknown-linux-gnu/lib/libadler-321b82c30dffdf5f.rlib" "/opt/rustwide/rustup-home/toolchains/1.75.0-x86_64-unknown-linux-gnu/lib/rustlib/x86_64-unknown-linux-gnu/lib/libunwind-3dd8a6810a0bdfef.rlib" "/opt/rustwide/rustup-home/toolchains/1.75.0-x86_64-unknown-linux-gnu/lib/rustlib/x86_64-unknown-linux-gnu/lib/libcfg_if-eb39a61c0c879984.rlib" "/opt/rustwide/rustup-home/toolchains/1.75.0-x86_64-unknown-linux-gnu/lib/rustlib/x86_64-unknown-linux-gnu/lib/liblibc-aa769569f91c3548.rlib" "/opt/rustwide/rustup-home/toolchains/1.75.0-x86_64-unknown-linux-gnu/lib/rustlib/x86_64-unknown-linux-gnu/lib/liballoc-510a192a50a983ed.rlib" "/opt/rustwide/rustup-home/toolchains/1.75.0-x86_64-unknown-linux-gnu/lib/rustlib/x86_64-unknown-linux-gnu/lib/librustc_std_workspace_core-0577018320f99037.rlib" "/opt/rustwide/rustup-home/toolchains/1.75.0-x86_64-unknown-linux-gnu/lib/rustlib/x86_64-unknown-linux-gnu/lib/libcore-193cf992125ccd4c.rlib" "/opt/rustwide/rustup-home/toolchains/1.75.0-x86_64-unknown-linux-gnu/lib/rustlib/x86_64-unknown-linux-gnu/lib/libcompiler_builtins-8e138eaf26ebb4a8.rlib" "-Wl,-Bdynamic" "-lgcc_s" "-lutil" "-lrt" "-lpthread" "-lm" "-ldl" "-lc" "-Wl,--eh-frame-hdr" "-Wl,-z,noexecstack" "-L" "/opt/rustwide/rustup-home/toolchains/1.75.0-x86_64-unknown-linux-gnu/lib/rustlib/x86_64-unknown-linux-gnu/lib" "-o" "/opt/rustwide/target/debug/deps/download_file-def81b891ae8c73e" "-Wl,--gc-sections" "-pie" "-Wl,-z,relro,-z,now" "-nodefaultlibs"
[INFO] [stdout]   = note: collect2: fatal error: ld terminated with signal 9 [Killed]
[INFO] [stdout]           compilation terminated.
[INFO] [stdout]           
[INFO] [stdout] 
[INFO] [stdout] 
[INFO] [stdout] error: aborting due to previous error
[INFO] [stdout] 
[INFO] [stdout] 
[INFO] [stderr] error: could not compile `tgbot` (test "download_file") due to 2 previous errors
[INFO] [stderr] error: could not compile `tgbot` (example "get_file")
[INFO] [stderr] 
[INFO] [stderr] Caused by:
[INFO] [stderr]   process didn't exit successfully: `/opt/rustwide/rustup-home/toolchains/1.75.0-x86_64-unknown-linux-gnu/bin/rustc --crate-name get_file --edition=2021 examples/get_file.rs --error-format=json --json=diagnostic-rendered-ansi,artifacts,future-incompat --crate-type bin --emit=dep-info,link -C embed-bitcode=no -C debuginfo=2 -C metadata=776789ba42f05c7c -C extra-filename=-776789ba42f05c7c --out-dir /opt/rustwide/target/debug/examples -L dependency=/opt/rustwide/target/debug/deps --extern async_stream=/opt/rustwide/target/debug/deps/libasync_stream-250eacbfaa8ef566.rlib --extern bytes=/opt/rustwide/target/debug/deps/libbytes-55e4baa7bb335bc7.rlib --extern derive_more=/opt/rustwide/target/debug/deps/libderive_more-289aa164e9003d86.so --extern dotenv=/opt/rustwide/target/debug/deps/libdotenv-74253baa84974fa1.rlib --extern env_logger=/opt/rustwide/target/debug/deps/libenv_logger-9d322713b084f427.rlib --extern futures_util=/opt/rustwide/target/debug/deps/libfutures_util-f72e64c4d27e08ed.rlib --extern http=/opt/rustwide/target/debug/deps/libhttp-f8579927572df7fb.rlib --extern hyper=/opt/rustwide/target/debug/deps/libhyper-53a7e10b330b4c77.rlib --extern log=/opt/rustwide/target/debug/deps/liblog-5a74203e6e19203f.rlib --extern mime=/opt/rustwide/target/debug/deps/libmime-450b243d21db2a61.rlib --extern mime_guess=/opt/rustwide/target/debug/deps/libmime_guess-72be41908bedc965.rlib --extern mockito=/opt/rustwide/target/debug/deps/libmockito-be05c9ab90bae508.rlib --extern regex=/opt/rustwide/target/debug/deps/libregex-930036e353b5683d.rlib --extern reqwest=/opt/rustwide/target/debug/deps/libreqwest-2741401e99e8dc31.rlib --extern serde=/opt/rustwide/target/debug/deps/libserde-952bc6f4c2789308.rlib --extern serde_json=/opt/rustwide/target/debug/deps/libserde_json-68342372bccf4ef5.rlib --extern shellwords=/opt/rustwide/target/debug/deps/libshellwords-0ba778bc8e7dceb4.rlib --extern tempfile=/opt/rustwide/target/debug/deps/libtempfile-fcad63933f7e0257.rlib --extern tgbot=/opt/rustwide/target/debug/deps/libtgbot-936ac37ffb07dc4a.rlib --extern tokio=/opt/rustwide/target/debug/deps/libtokio-59cefe059cb2117a.rlib --extern tokio_util=/opt/rustwide/target/debug/deps/libtokio_util-121d17ff71500bbf.rlib --extern toml=/opt/rustwide/target/debug/deps/libtoml-6846636a32e90fe6.rlib --extern vec1=/opt/rustwide/target/debug/deps/libvec1-450f2ef868d0b6ea.rlib --cap-lints=warn -L native=/opt/rustwide/target/debug/build/ring-d4334ed4080b85f1/out` (signal: 9, SIGKILL: kill)
[INFO] [stdout] error: linking with `cc` failed: exit status: 1
[INFO] [stdout]   |
[INFO] [stdout]   = note: LC_ALL="C" PATH="/opt/rustwide/rustup-home/toolchains/1.75.0-x86_64-unknown-linux-gnu/lib/rustlib/x86_64-unknown-linux-gnu/bin:/opt/rustwide/cargo-home/bin:/usr/local/sbin:/usr/local/bin:/usr/sbin:/usr/bin:/sbin:/bin" VSLANG="1033" "cc" "-m64" "/tmp/rustceSPLfz/symbols.o" "/opt/rustwide/target/debug/examples/longpoll-35b52d4fbf0b2b77.longpoll.4d57c224bf26e3b6-cgu.00.rcgu.o" "/opt/rustwide/target/debug/examples/longpoll-35b52d4fbf0b2b77.longpoll.4d57c224bf26e3b6-cgu.01.rcgu.o" "/opt/rustwide/target/debug/examples/longpoll-35b52d4fbf0b2b77.longpoll.4d57c224bf26e3b6-cgu.02.rcgu.o" "/opt/rustwide/target/debug/examples/longpoll-35b52d4fbf0b2b77.longpoll.4d57c224bf26e3b6-cgu.03.rcgu.o" "/opt/rustwide/target/debug/examples/longpoll-35b52d4fbf0b2b77.longpoll.4d57c224bf26e3b6-cgu.04.rcgu.o" "/opt/rustwide/target/debug/examples/longpoll-35b52d4fbf0b2b77.longpoll.4d57c224bf26e3b6-cgu.05.rcgu.o" "/opt/rustwide/target/debug/examples/longpoll-35b52d4fbf0b2b77.longpoll.4d57c224bf26e3b6-cgu.06.rcgu.o" "/opt/rustwide/target/debug/examples/longpoll-35b52d4fbf0b2b77.longpoll.4d57c224bf26e3b6-cgu.07.rcgu.o" "/opt/rustwide/target/debug/examples/longpoll-35b52d4fbf0b2b77.longpoll.4d57c224bf26e3b6-cgu.08.rcgu.o" "/opt/rustwide/target/debug/examples/longpoll-35b52d4fbf0b2b77.longpoll.4d57c224bf26e3b6-cgu.09.rcgu.o" "/opt/rustwide/target/debug/examples/longpoll-35b52d4fbf0b2b77.longpoll.4d57c224bf26e3b6-cgu.10.rcgu.o" "/opt/rustwide/target/debug/examples/longpoll-35b52d4fbf0b2b77.longpoll.4d57c224bf26e3b6-cgu.11.rcgu.o" "/opt/rustwide/target/debug/examples/longpoll-35b52d4fbf0b2b77.longpoll.4d57c224bf26e3b6-cgu.12.rcgu.o" "/opt/rustwide/target/debug/examples/longpoll-35b52d4fbf0b2b77.longpoll.4d57c224bf26e3b6-cgu.13.rcgu.o" "/opt/rustwide/target/debug/examples/longpoll-35b52d4fbf0b2b77.longpoll.4d57c224bf26e3b6-cgu.14.rcgu.o" "/opt/rustwide/target/debug/examples/longpoll-35b52d4fbf0b2b77.longpoll.4d57c224bf26e3b6-cgu.15.rcgu.o" "/opt/rustwide/target/debug/examples/longpoll-35b52d4fbf0b2b77.1dg6g4dyb7fmul7x.rcgu.o" "-Wl,--as-needed" "-L" "/opt/rustwide/target/debug/deps" "-L" "/opt/rustwide/target/debug/build/ring-d4334ed4080b85f1/out" "-L" "/opt/rustwide/rustup-home/toolchains/1.75.0-x86_64-unknown-linux-gnu/lib/rustlib/x86_64-unknown-linux-gnu/lib" "-Wl,-Bstatic" "/opt/rustwide/target/debug/deps/libenv_logger-9d322713b084f427.rlib" "/opt/rustwide/target/debug/deps/libatty-beabce85bbdcbc24.rlib" "/opt/rustwide/target/debug/deps/libtermcolor-0b747f5cb07b617d.rlib" "/opt/rustwide/target/debug/deps/libhumantime-e2a10e0b2bfa2002.rlib" "/opt/rustwide/target/debug/deps/libtgbot-936ac37ffb07dc4a.rlib" "/opt/rustwide/target/debug/deps/libvec1-450f2ef868d0b6ea.rlib" "/opt/rustwide/target/debug/deps/libshellwords-0ba778bc8e7dceb4.rlib" "/opt/rustwide/target/debug/deps/libregex-930036e353b5683d.rlib" "/opt/rustwide/target/debug/deps/libaho_corasick-4efc27b8b413d73f.rlib" "/opt/rustwide/target/debug/deps/libregex_syntax-df051bb3664d7987.rlib" "/opt/rustwide/target/debug/deps/libasync_stream-250eacbfaa8ef566.rlib" "/opt/rustwide/target/debug/deps/libreqwest-2741401e99e8dc31.rlib" "/opt/rustwide/target/debug/deps/librustls_pemfile-fec5ec6ec1e5892c.rlib" "/opt/rustwide/target/debug/deps/libhyper_rustls-fa4c04e1605f0604.rlib" "/opt/rustwide/target/debug/deps/libserde_urlencoded-c73919529d1f2316.rlib" "/opt/rustwide/target/debug/deps/libwebpki_roots-15495fc827c33362.rlib" "/opt/rustwide/target/debug/deps/libipnet-6f7e696fa040902e.rlib" "/opt/rustwide/target/debug/deps/libtokio_socks-1e1be68254205ac9.rlib" "/opt/rustwide/target/debug/deps/libthiserror-f481db9d12a913a6.rlib" "/opt/rustwide/target/debug/deps/libeither-c3bed87a0ae6dcb8.rlib" "/opt/rustwide/target/debug/deps/libtokio_rustls-2f824e9225e3d3f9.rlib" "/opt/rustwide/target/debug/deps/libencoding_rs-a830fab037b07ca6.rlib" "/opt/rustwide/target/debug/deps/libserde_json-68342372bccf4ef5.rlib" "/opt/rustwide/target/debug/deps/libryu-f7e2acf8545a3e65.rlib" "/opt/rustwide/target/debug/deps/libserde-952bc6f4c2789308.rlib" "/opt/rustwide/target/debug/deps/libbase64-8ea64d3566a9d67e.rlib" "/opt/rustwide/target/debug/deps/libmime_guess-72be41908bedc965.rlib" "/opt/rustwide/target/debug/deps/libunicase-b17828595a2c57e7.rlib" "/opt/rustwide/target/debug/deps/libmime-450b243d21db2a61.rlib" "/opt/rustwide/target/debug/deps/librustls-5e93c22bc2b04267.rlib" "/opt/rustwide/target/debug/deps/libsct-47ace0d0209415b7.rlib" "/opt/rustwide/target/debug/deps/libwebpki-64ccf6c5a4545927.rlib" "/opt/rustwide/target/debug/deps/libring-c2ad198dc614254a.rlib" "/opt/rustwide/target/debug/deps/libspin-c4098cd951aef6c9.rlib" "/opt/rustwide/target/debug/deps/libuntrusted-5ec0aa78ed8cda5c.rlib" "/opt/rustwide/target/debug/deps/libonce_cell-8ff5b7213d070e1b.rlib" "/opt/rustwide/target/debug/deps/libhyper-53a7e10b330b4c77.rlib" "/opt/rustwide/target/debug/deps/libwant-92f89184417cd6dd.rlib" "/opt/rustwide/target/debug/deps/libtry_lock-6573df21d991c823.rlib" "/opt/rustwide/target/debug/deps/libitoa-88dc5e7d606068cc.rlib" "/opt/rustwide/target/debug/deps/libsocket2-f63fdd2e03192b42.rlib" "/opt/rustwide/target/debug/deps/libhttparse-c45cf483b346e59b.rlib" "/opt/rustwide/target/debug/deps/libh2-41852f7ab480e4d1.rlib" "/opt/rustwide/target/debug/deps/libindexmap-733665de8c613715.rlib" "/opt/rustwide/target/debug/deps/libhashbrown-60eca540826c5d5d.rlib" "/opt/rustwide/target/debug/deps/libtower_service-9991ae2cafd1f41b.rlib" "/opt/rustwide/target/debug/deps/libtracing-04b8497844842f73.rlib" "/opt/rustwide/target/debug/deps/libtracing_core-e3dfcfb003507087.rlib" "/opt/rustwide/target/debug/deps/libfutures_channel-4ed47f42643b5f15.rlib" "/opt/rustwide/target/debug/deps/libhttpdate-07ccb2bff48c32b9.rlib" "/opt/rustwide/target/debug/deps/libtokio_util-121d17ff71500bbf.rlib" "/opt/rustwide/target/debug/deps/libfutures_sink-67b238052a7db8f5.rlib" "/opt/rustwide/target/debug/deps/libtokio-59cefe059cb2117a.rlib" "/opt/rustwide/target/debug/deps/libnum_cpus-01dcea6c1bb722da.rlib" "/opt/rustwide/target/debug/deps/libmemchr-651b9a52835bc194.rlib" "/opt/rustwide/target/debug/deps/libmio-bae4044aa43db578.rlib" "/opt/rustwide/target/debug/deps/liblibc-5172dfc20f1121bb.rlib" "/opt/rustwide/target/debug/deps/libhttp_body-39bacd65430131ac.rlib" "/opt/rustwide/target/debug/deps/liblazy_static-591486ebcb9a7ead.rlib" "/opt/rustwide/target/debug/deps/liburl-b3c55e1331b77670.rlib" "/opt/rustwide/target/debug/deps/libidna-7f2f8d2a0fa45e7d.rlib" "/opt/rustwide/target/debug/deps/libunicode_normalization-fa540275a0f8725d.rlib" "/opt/rustwide/target/debug/deps/libtinyvec-fc2adea61ab58f5e.rlib" "/opt/rustwide/target/debug/deps/libtinyvec_macros-bfeb7a087f0273ce.rlib" "/opt/rustwide/target/debug/deps/libunicode_bidi-d3ecfe40977b4a59.rlib" "/opt/rustwide/target/debug/deps/libform_urlencoded-74b1dcad9e8d80e6.rlib" "/opt/rustwide/target/debug/deps/libpercent_encoding-526c9d71c02fb5bb.rlib" "/opt/rustwide/target/debug/deps/libmatches-e0861c3f10bd1789.rlib" "/opt/rustwide/target/debug/deps/libhttp-f8579927572df7fb.rlib" "/opt/rustwide/target/debug/deps/libitoa-c68eaa30402a4ff5.rlib" "/opt/rustwide/target/debug/deps/libfnv-18bf5144d055e772.rlib" "/opt/rustwide/target/debug/deps/liblog-5a74203e6e19203f.rlib" "/opt/rustwide/target/debug/deps/libcfg_if-61dc7a6799e72b18.rlib" "/opt/rustwide/target/debug/deps/libbytes-55e4baa7bb335bc7.rlib" "/opt/rustwide/target/debug/deps/libfutures_util-f72e64c4d27e08ed.rlib" "/opt/rustwide/target/debug/deps/libslab-3fdda774eccf4f9f.rlib" "/opt/rustwide/target/debug/deps/libpin_project_lite-bd863d416e545bf5.rlib" "/opt/rustwide/target/debug/deps/libfutures_task-db25e1fffc1f013c.rlib" "/opt/rustwide/target/debug/deps/libpin_utils-741f7d9d160e4a16.rlib" "/opt/rustwide/target/debug/deps/libfutures_core-4fc46505a0516835.rlib" "/opt/rustwide/target/debug/deps/libdotenv-74253baa84974fa1.rlib" "/opt/rustwide/rustup-home/toolchains/1.75.0-x86_64-unknown-linux-gnu/lib/rustlib/x86_64-unknown-linux-gnu/lib/libstd-90f6ddbf82de36ec.rlib" "/opt/rustwide/rustup-home/toolchains/1.75.0-x86_64-unknown-linux-gnu/lib/rustlib/x86_64-unknown-linux-gnu/lib/libpanic_unwind-480c41e9d4e1f677.rlib" "/opt/rustwide/rustup-home/toolchains/1.75.0-x86_64-unknown-linux-gnu/lib/rustlib/x86_64-unknown-linux-gnu/lib/libobject-db744c0ca03eed1d.rlib" "/opt/rustwide/rustup-home/toolchains/1.75.0-x86_64-unknown-linux-gnu/lib/rustlib/x86_64-unknown-linux-gnu/lib/libmemchr-8ba652dc7d4b285a.rlib" "/opt/rustwide/rustup-home/toolchains/1.75.0-x86_64-unknown-linux-gnu/lib/rustlib/x86_64-unknown-linux-gnu/lib/libaddr2line-d5f4520a9ebc0d58.rlib" "/opt/rustwide/rustup-home/toolchains/1.75.0-x86_64-unknown-linux-gnu/lib/rustlib/x86_64-unknown-linux-gnu/lib/libgimli-4ad84de58f0cb463.rlib" "/opt/rustwide/rustup-home/toolchains/1.75.0-x86_64-unknown-linux-gnu/lib/rustlib/x86_64-unknown-linux-gnu/lib/librustc_demangle-0d10aae2e0f38735.rlib" "/opt/rustwide/rustup-home/toolchains/1.75.0-x86_64-unknown-linux-gnu/lib/rustlib/x86_64-unknown-linux-gnu/lib/libstd_detect-0c17cff739e6745b.rlib" "/opt/rustwide/rustup-home/toolchains/1.75.0-x86_64-unknown-linux-gnu/lib/rustlib/x86_64-unknown-linux-gnu/lib/libhashbrown-b29e17139dde1aa8.rlib" "/opt/rustwide/rustup-home/toolchains/1.75.0-x86_64-unknown-linux-gnu/lib/rustlib/x86_64-unknown-linux-gnu/lib/librustc_std_workspace_alloc-1f975299829cc7bd.rlib" "/opt/rustwide/rustup-home/toolchains/1.75.0-x86_64-unknown-linux-gnu/lib/rustlib/x86_64-unknown-linux-gnu/lib/libminiz_oxide-86bae3bc3079f89b.rlib" "/opt/rustwide/rustup-home/toolchains/1.75.0-x86_64-unknown-linux-gnu/lib/rustlib/x86_64-unknown-linux-gnu/lib/libadler-321b82c30dffdf5f.rlib" "/opt/rustwide/rustup-home/toolchains/1.75.0-x86_64-unknown-linux-gnu/lib/rustlib/x86_64-unknown-linux-gnu/lib/libunwind-3dd8a6810a0bdfef.rlib" "/opt/rustwide/rustup-home/toolchains/1.75.0-x86_64-unknown-linux-gnu/lib/rustlib/x86_64-unknown-linux-gnu/lib/libcfg_if-eb39a61c0c879984.rlib" "/opt/rustwide/rustup-home/toolchains/1.75.0-x86_64-unknown-linux-gnu/lib/rustlib/x86_64-unknown-linux-gnu/lib/liblibc-aa769569f91c3548.rlib" "/opt/rustwide/rustup-home/toolchains/1.75.0-x86_64-unknown-linux-gnu/lib/rustlib/x86_64-unknown-linux-gnu/lib/liballoc-510a192a50a983ed.rlib" "/opt/rustwide/rustup-home/toolchains/1.75.0-x86_64-unknown-linux-gnu/lib/rustlib/x86_64-unknown-linux-gnu/lib/librustc_std_workspace_core-0577018320f99037.rlib" "/opt/rustwide/rustup-home/toolchains/1.75.0-x86_64-unknown-linux-gnu/lib/rustlib/x86_64-unknown-linux-gnu/lib/libcore-193cf992125ccd4c.rlib" "/opt/rustwide/rustup-home/toolchains/1.75.0-x86_64-unknown-linux-gnu/lib/rustlib/x86_64-unknown-linux-gnu/lib/libcompiler_builtins-8e138eaf26ebb4a8.rlib" "-Wl,-Bdynamic" "-lgcc_s" "-lutil" "-lrt" "-lpthread" "-lm" "-ldl" "-lc" "-Wl,--eh-frame-hdr" "-Wl,-z,noexecstack" "-L" "/opt/rustwide/rustup-home/toolchains/1.75.0-x86_64-unknown-linux-gnu/lib/rustlib/x86_64-unknown-linux-gnu/lib" "-o" "/opt/rustwide/target/debug/examples/longpoll-35b52d4fbf0b2b77" "-Wl,--gc-sections" "-pie" "-Wl,-z,relro,-z,now" "-nodefaultlibs"
[INFO] [stdout]   = note: collect2: fatal error: ld terminated with signal 9 [Killed]
[INFO] [stdout]           compilation terminated.
[INFO] [stdout]           
[INFO] [stdout] 
[INFO] [stdout] 
[INFO] [stdout] error: aborting due to previous error
[INFO] [stdout] 
[INFO] [stdout] 
[INFO] [stderr] error: could not compile `tgbot` (example "longpoll") due to 2 previous errors
[INFO] running `Command { std: "docker" "inspect" "6f26c9525044ee6cd11d59dbf1ba38a000f9331694a54434b9c94572d1ed9b31", kill_on_drop: false }`
[INFO] running `Command { std: "docker" "rm" "-f" "6f26c9525044ee6cd11d59dbf1ba38a000f9331694a54434b9c94572d1ed9b31", kill_on_drop: false }`
[INFO] [stdout] 6f26c9525044ee6cd11d59dbf1ba38a000f9331694a54434b9c94572d1ed9b31
[INFO] testing tgbot-0.18.0 against beta-2023-12-22 for beta-1.76-1
[INFO] extracting crate tgbot 0.18.0 into /workspace/builds/worker-4-tc2/source
[INFO] validating manifest of crates.io crate tgbot 0.18.0 on toolchain beta-2023-12-22
[INFO] running `Command { std: CARGO_HOME="/workspace/cargo-home" RUSTUP_HOME="/workspace/rustup-home" "/workspace/cargo-home/bin/cargo" "+beta-2023-12-22" "metadata" "--manifest-path" "Cargo.toml" "--no-deps", kill_on_drop: false }`
[INFO] started tweaking crates.io crate tgbot 0.18.0
[INFO] finished tweaking crates.io crate tgbot 0.18.0
[INFO] tweaked toml for crates.io crate tgbot 0.18.0 written to /workspace/builds/worker-4-tc2/source/Cargo.toml
[INFO] crate crates.io crate tgbot 0.18.0 already has a lockfile, it will not be regenerated
[INFO] running `Command { std: CARGO_HOME="/workspace/cargo-home" RUSTUP_HOME="/workspace/rustup-home" "/workspace/cargo-home/bin/cargo" "+beta-2023-12-22" "fetch" "--manifest-path" "Cargo.toml", kill_on_drop: false }`
[INFO] running `Command { std: "docker" "create" "-v" "/var/lib/crater-agent-workspace/builds/worker-4-tc2/target:/opt/rustwide/target:rw,Z" "-v" "/var/lib/crater-agent-workspace/builds/worker-4-tc2/source:/opt/rustwide/workdir:ro,Z" "-v" "/var/lib/crater-agent-workspace/cargo-home:/opt/rustwide/cargo-home:ro,Z" "-v" "/var/lib/crater-agent-workspace/rustup-home:/opt/rustwide/rustup-home:ro,Z" "-e" "SOURCE_DIR=/opt/rustwide/workdir" "-e" "CARGO_TARGET_DIR=/opt/rustwide/target" "-e" "CARGO_HOME=/opt/rustwide/cargo-home" "-e" "RUSTUP_HOME=/opt/rustwide/rustup-home" "-w" "/opt/rustwide/workdir" "-m" "1610612736" "--user" "0:0" "--network" "none" "ghcr.io/rust-lang/crates-build-env/linux@sha256:2788e3201cd34a07e3172128adcd8b3090168a8e3bcc40d7c032b9dda1df7d1c" "/opt/rustwide/cargo-home/bin/cargo" "+beta-2023-12-22" "metadata" "--no-deps" "--format-version=1", kill_on_drop: false }`
[INFO] [stdout] f96dba9d982f01569196a151827a98a161d840a22f3405464cb33b61db44ff4c
[INFO] running `Command { std: "docker" "start" "-a" "f96dba9d982f01569196a151827a98a161d840a22f3405464cb33b61db44ff4c", kill_on_drop: false }`
[INFO] running `Command { std: "docker" "inspect" "f96dba9d982f01569196a151827a98a161d840a22f3405464cb33b61db44ff4c", kill_on_drop: false }`
[INFO] running `Command { std: "docker" "rm" "-f" "f96dba9d982f01569196a151827a98a161d840a22f3405464cb33b61db44ff4c", kill_on_drop: false }`
[INFO] [stdout] f96dba9d982f01569196a151827a98a161d840a22f3405464cb33b61db44ff4c
[INFO] running `Command { std: "docker" "create" "-v" "/var/lib/crater-agent-workspace/builds/worker-4-tc2/target:/opt/rustwide/target:rw,Z" "-v" "/var/lib/crater-agent-workspace/builds/worker-4-tc2/source:/opt/rustwide/workdir:ro,Z" "-v" "/var/lib/crater-agent-workspace/cargo-home:/opt/rustwide/cargo-home:ro,Z" "-v" "/var/lib/crater-agent-workspace/rustup-home:/opt/rustwide/rustup-home:ro,Z" "-e" "SOURCE_DIR=/opt/rustwide/workdir" "-e" "CARGO_TARGET_DIR=/opt/rustwide/target" "-e" "CARGO_INCREMENTAL=0" "-e" "RUST_BACKTRACE=full" "-e" "RUSTFLAGS=--cap-lints=warn" "-e" "RUSTDOCFLAGS=--cap-lints=warn" "-e" "CARGO_HOME=/opt/rustwide/cargo-home" "-e" "RUSTUP_HOME=/opt/rustwide/rustup-home" "-w" "/opt/rustwide/workdir" "-m" "1610612736" "--user" "0:0" "--network" "none" "ghcr.io/rust-lang/crates-build-env/linux@sha256:2788e3201cd34a07e3172128adcd8b3090168a8e3bcc40d7c032b9dda1df7d1c" "/opt/rustwide/cargo-home/bin/cargo" "+beta-2023-12-22" "build" "--frozen" "--message-format=json", kill_on_drop: false }`
[INFO] [stdout] 55571714d55f9bc8c66c30f236f3b954c951be96495c705290e8ecf82dc52766
[INFO] running `Command { std: "docker" "start" "-a" "55571714d55f9bc8c66c30f236f3b954c951be96495c705290e8ecf82dc52766", kill_on_drop: false }`
[INFO] [stderr]    Compiling proc-macro2 v1.0.36
[INFO] [stderr]    Compiling unicode-xid v0.2.2
[INFO] [stderr]    Compiling syn v1.0.84
[INFO] [stderr]    Compiling libc v0.2.112
[INFO] [stderr]    Compiling memchr v2.4.1
[INFO] [stderr]    Compiling pin-project-lite v0.2.8
[INFO] [stderr]    Compiling futures-core v0.3.19
[INFO] [stderr]    Compiling cc v1.0.72
[INFO] [stderr]    Compiling bytes v1.1.0
[INFO] [stderr]    Compiling once_cell v1.9.0
[INFO] [stderr]    Compiling futures-task v0.3.19
[INFO] [stderr]    Compiling futures-util v0.3.19
[INFO] [stderr]    Compiling itoa v1.0.1
[INFO] [stderr]    Compiling serde_derive v1.0.132
[INFO] [stderr]    Compiling unicase v2.6.0
[INFO] [stderr]    Compiling indexmap v1.7.0
[INFO] [stderr]    Compiling slab v0.4.5
[INFO] [stderr]    Compiling serde v1.0.132
[INFO] [stderr]    Compiling tracing-core v0.1.21
[INFO] [stderr]    Compiling hashbrown v0.11.2
[INFO] [stderr]    Compiling futures-channel v0.3.19
[INFO] [stderr]    Compiling httparse v1.5.1
[INFO] [stderr]    Compiling futures-sink v0.3.19
[INFO] [stderr]    Compiling http v0.2.6
[INFO] [stderr]    Compiling matches v0.1.9
[INFO] [stderr]    Compiling tinyvec v1.5.1
[INFO] [stderr]    Compiling percent-encoding v2.1.0
[INFO] [stderr]    Compiling itoa v0.4.8
[INFO] [stderr]    Compiling want v0.3.0
[INFO] [stderr]    Compiling tracing v0.1.29
[INFO] [stderr]    Compiling form_urlencoded v1.0.1
[INFO] [stderr]    Compiling tower-service v0.3.1
[INFO] [stderr]    Compiling ryu v1.0.9
[INFO] [stderr]    Compiling unicode-bidi v0.3.7
[INFO] [stderr]    Compiling serde_json v1.0.73
[INFO] [stderr]    Compiling encoding_rs v0.8.30
[INFO] [stderr]    Compiling mime_guess v2.0.3
[INFO] [stderr]    Compiling either v1.6.1
[INFO] [stderr]    Compiling quote v1.0.14
[INFO] [stderr]    Compiling mime v0.3.16
[INFO] [stderr]    Compiling aho-corasick v0.7.18
[INFO] [stderr]    Compiling regex-syntax v0.6.25
[INFO] [stderr]    Compiling base64 v0.13.0
[INFO] [stderr]    Compiling convert_case v0.4.0
[INFO] [stderr]    Compiling ipnet v2.3.1
[INFO] [stderr]    Compiling rustls-pemfile v0.2.1
[INFO] [stderr]    Compiling mio v0.7.14
[INFO] [stderr]    Compiling socket2 v0.4.2
[INFO] [stderr]    Compiling unicode-normalization v0.1.19
[INFO] [stderr]    Compiling ring v0.16.20
[INFO] [stderr]    Compiling tokio v1.16.1
[INFO] [stderr]    Compiling http-body v0.4.4
[INFO] [stderr]    Compiling idna v0.2.3
[INFO] [stderr]    Compiling url v2.2.2
[INFO] [stderr]    Compiling regex v1.5.4
[INFO] [stderr]    Compiling shellwords v1.1.0
[INFO] [stderr]    Compiling tokio-util v0.6.9
[INFO] [stderr]    Compiling futures-macro v0.3.19
[INFO] [stderr]    Compiling thiserror-impl v1.0.30
[INFO] [stderr]    Compiling async-stream-impl v0.3.2
[INFO] [stderr]    Compiling derive_more v0.99.17
[INFO] [stderr]    Compiling webpki v0.22.0
[INFO] [stderr]    Compiling sct v0.7.0
[INFO] [stderr]    Compiling rustls v0.20.2
[INFO] [stderr]    Compiling webpki-roots v0.22.2
[INFO] [stderr]    Compiling async-stream v0.3.2
[INFO] [stderr]    Compiling thiserror v1.0.30
[INFO] [stderr]    Compiling tokio-rustls v0.23.2
[INFO] [stderr]    Compiling h2 v0.3.9
[INFO] [stderr]    Compiling tokio-socks v0.5.1
[INFO] [stderr]    Compiling hyper v0.14.16
[INFO] [stderr]    Compiling serde_urlencoded v0.7.0
[INFO] [stderr]    Compiling vec1 v1.8.0
[INFO] [stderr]    Compiling hyper-rustls v0.23.0
[INFO] [stderr]    Compiling reqwest v0.11.8
[INFO] [stderr]    Compiling tgbot v0.18.0 (/opt/rustwide/workdir)
[INFO] [stdout] warning: unused implementer of `futures_util::Future` that must be used
[INFO] [stdout]   --> src/handler.rs:48:13
[INFO] [stdout]    |
[INFO] [stdout] 48 |             handler.handle(update);
[INFO] [stdout]    |             ^^^^^^^^^^^^^^^^^^^^^^
[INFO] [stdout]    |
[INFO] [stdout]    = note: futures do nothing unless you `.await` or poll them
[INFO] [stdout]    = note: `#[warn(unused_must_use)]` on by default
[INFO] [stdout] 
[INFO] [stdout] 
[INFO] [stdout] warning: 1 warning emitted
[INFO] [stdout] 
[INFO] [stdout] 
[INFO] [stderr]     Finished dev [unoptimized + debuginfo] target(s) in 17.54s
[INFO] running `Command { std: "docker" "inspect" "55571714d55f9bc8c66c30f236f3b954c951be96495c705290e8ecf82dc52766", kill_on_drop: false }`
[INFO] running `Command { std: "docker" "rm" "-f" "55571714d55f9bc8c66c30f236f3b954c951be96495c705290e8ecf82dc52766", kill_on_drop: false }`
[INFO] [stdout] 55571714d55f9bc8c66c30f236f3b954c951be96495c705290e8ecf82dc52766
[INFO] running `Command { std: "docker" "create" "-v" "/var/lib/crater-agent-workspace/builds/worker-4-tc2/target:/opt/rustwide/target:rw,Z" "-v" "/var/lib/crater-agent-workspace/builds/worker-4-tc2/source:/opt/rustwide/workdir:ro,Z" "-v" "/var/lib/crater-agent-workspace/cargo-home:/opt/rustwide/cargo-home:ro,Z" "-v" "/var/lib/crater-agent-workspace/rustup-home:/opt/rustwide/rustup-home:ro,Z" "-e" "SOURCE_DIR=/opt/rustwide/workdir" "-e" "CARGO_TARGET_DIR=/opt/rustwide/target" "-e" "CARGO_INCREMENTAL=0" "-e" "RUST_BACKTRACE=full" "-e" "RUSTFLAGS=--cap-lints=warn" "-e" "RUSTDOCFLAGS=--cap-lints=warn" "-e" "CARGO_HOME=/opt/rustwide/cargo-home" "-e" "RUSTUP_HOME=/opt/rustwide/rustup-home" "-w" "/opt/rustwide/workdir" "-m" "1610612736" "--user" "0:0" "--network" "none" "ghcr.io/rust-lang/crates-build-env/linux@sha256:2788e3201cd34a07e3172128adcd8b3090168a8e3bcc40d7c032b9dda1df7d1c" "/opt/rustwide/cargo-home/bin/cargo" "+beta-2023-12-22" "test" "--frozen" "--no-run" "--message-format=json", kill_on_drop: false }`
[INFO] [stdout] 013a3e93ac951989e0811f0a28ef0ef52e69f576c5377c6402f323e48eb460e4
[INFO] running `Command { std: "docker" "start" "-a" "013a3e93ac951989e0811f0a28ef0ef52e69f576c5377c6402f323e48eb460e4", kill_on_drop: false }`
[INFO] [stderr]    Compiling log v0.4.14
[INFO] [stderr]    Compiling num_cpus v1.13.1
[INFO] [stderr]    Compiling tokio-macros v1.7.0
[INFO] [stderr]    Compiling getrandom v0.2.3
[INFO] [stderr]    Compiling atty v0.2.14
[INFO] [stderr]    Compiling ppv-lite86 v0.2.16
[INFO] [stderr]    Compiling assert-json-diff v2.0.1
[INFO] [stderr]    Compiling humantime v2.1.0
[INFO] [stderr]    Compiling remove_dir_all v0.5.3
[INFO] [stderr]    Compiling difference v2.0.0
[INFO] [stderr]    Compiling fastrand v1.7.0
[INFO] [stderr]    Compiling termcolor v1.1.2
[INFO] [stderr]    Compiling toml v0.5.8
[INFO] [stderr]    Compiling dotenv v0.15.0
[INFO] [stderr]    Compiling colored v2.0.0
[INFO] [stderr]    Compiling rand_core v0.6.3
[INFO] [stderr]    Compiling tempfile v3.3.0
[INFO] [stderr]    Compiling rand_chacha v0.3.1
[INFO] [stderr]    Compiling mio v0.7.14
[INFO] [stderr]    Compiling want v0.3.0
[INFO] [stderr]    Compiling rustls v0.20.2
[INFO] [stderr]    Compiling env_logger v0.9.0
[INFO] [stderr]    Compiling rand v0.8.4
[INFO] [stderr]    Compiling tokio v1.16.1
[INFO] [stderr]    Compiling mockito v0.30.0
[INFO] [stderr]    Compiling tokio-util v0.6.9
[INFO] [stderr]    Compiling tokio-rustls v0.23.2
[INFO] [stderr]    Compiling tokio-socks v0.5.1
[INFO] [stderr]    Compiling h2 v0.3.9
[INFO] [stderr]    Compiling hyper v0.14.16
[INFO] [stderr]    Compiling hyper-rustls v0.23.0
[INFO] [stderr]    Compiling reqwest v0.11.8
[INFO] [stderr]    Compiling tgbot v0.18.0 (/opt/rustwide/workdir)
[INFO] [stdout] warning: unused implementer of `futures_util::Future` that must be used
[INFO] [stdout]   --> src/handler.rs:48:13
[INFO] [stdout]    |
[INFO] [stdout] 48 |             handler.handle(update);
[INFO] [stdout]    |             ^^^^^^^^^^^^^^^^^^^^^^
[INFO] [stdout]    |
[INFO] [stdout]    = note: futures do nothing unless you `.await` or poll them
[INFO] [stdout]    = note: `#[warn(unused_must_use)]` on by default
[INFO] [stdout] 
[INFO] [stdout] 
[INFO] [stdout] warning: 1 warning emitted
[INFO] [stdout] 
[INFO] [stdout] 
[INFO] [stderr] error: could not compile `tgbot` (lib test)
[INFO] [stderr] 
[INFO] [stderr] Caused by:
[INFO] [stderr]   process didn't exit successfully: `/opt/rustwide/rustup-home/toolchains/beta-2023-12-22-x86_64-unknown-linux-gnu/bin/rustc --crate-name tgbot --edition=2021 src/lib.rs --error-format=json --json=diagnostic-rendered-ansi,artifacts,future-incompat --emit=dep-info,link -C embed-bitcode=no -C debuginfo=2 --test -C metadata=2e56392c2e0ca5f5 -C extra-filename=-2e56392c2e0ca5f5 --out-dir /opt/rustwide/target/debug/deps -L dependency=/opt/rustwide/target/debug/deps --extern async_stream=/opt/rustwide/target/debug/deps/libasync_stream-2d47569600fd1677.rlib --extern bytes=/opt/rustwide/target/debug/deps/libbytes-cc9c49d7958180b3.rlib --extern derive_more=/opt/rustwide/target/debug/deps/libderive_more-d0b453e312dafb78.so --extern dotenv=/opt/rustwide/target/debug/deps/libdotenv-eb1f88852bc411ee.rlib --extern env_logger=/opt/rustwide/target/debug/deps/libenv_logger-aeab55bcbd618a78.rlib --extern futures_util=/opt/rustwide/target/debug/deps/libfutures_util-d0d3a601b00f0276.rlib --extern http=/opt/rustwide/target/debug/deps/libhttp-eccc0fdf7c825ef0.rlib --extern hyper=/opt/rustwide/target/debug/deps/libhyper-e179668de36eff8d.rlib --extern log=/opt/rustwide/target/debug/deps/liblog-b35d0d4fb72dcbf4.rlib --extern mime=/opt/rustwide/target/debug/deps/libmime-d5b83fc07afe1071.rlib --extern mime_guess=/opt/rustwide/target/debug/deps/libmime_guess-3b055bc4fa88a860.rlib --extern mockito=/opt/rustwide/target/debug/deps/libmockito-bb987ce7870b3cf8.rlib --extern regex=/opt/rustwide/target/debug/deps/libregex-cbf51bee11e8baa7.rlib --extern reqwest=/opt/rustwide/target/debug/deps/libreqwest-0cb78a887860a7d3.rlib --extern serde=/opt/rustwide/target/debug/deps/libserde-8442e724ccdf4783.rlib --extern serde_json=/opt/rustwide/target/debug/deps/libserde_json-70dd2001fc468cfb.rlib --extern shellwords=/opt/rustwide/target/debug/deps/libshellwords-24db0505bc3ba43a.rlib --extern tempfile=/opt/rustwide/target/debug/deps/libtempfile-afe19c24341ab575.rlib --extern tokio=/opt/rustwide/target/debug/deps/libtokio-ce239015e2b93274.rlib --extern tokio_util=/opt/rustwide/target/debug/deps/libtokio_util-346da1c63e52a7e5.rlib --extern toml=/opt/rustwide/target/debug/deps/libtoml-f5a1d89723c65c38.rlib --extern vec1=/opt/rustwide/target/debug/deps/libvec1-1dd91bb72beacc0a.rlib --cap-lints=warn -L native=/opt/rustwide/target/debug/build/ring-70f2e3f8aa8c38b4/out` (signal: 9, SIGKILL: kill)
[INFO] [stderr] warning: build failed, waiting for other jobs to finish...
[INFO] [stderr] error: could not compile `tgbot` (example "notify")
[INFO] [stderr] 
[INFO] [stderr] Caused by:
[INFO] [stderr]   process didn't exit successfully: `/opt/rustwide/rustup-home/toolchains/beta-2023-12-22-x86_64-unknown-linux-gnu/bin/rustc --crate-name notify --edition=2021 examples/notify.rs --error-format=json --json=diagnostic-rendered-ansi,artifacts,future-incompat --crate-type bin --emit=dep-info,link -C embed-bitcode=no -C debuginfo=2 -C metadata=bfa01fa976f93712 -C extra-filename=-bfa01fa976f93712 --out-dir /opt/rustwide/target/debug/examples -L dependency=/opt/rustwide/target/debug/deps --extern async_stream=/opt/rustwide/target/debug/deps/libasync_stream-2d47569600fd1677.rlib --extern bytes=/opt/rustwide/target/debug/deps/libbytes-cc9c49d7958180b3.rlib --extern derive_more=/opt/rustwide/target/debug/deps/libderive_more-d0b453e312dafb78.so --extern dotenv=/opt/rustwide/target/debug/deps/libdotenv-eb1f88852bc411ee.rlib --extern env_logger=/opt/rustwide/target/debug/deps/libenv_logger-aeab55bcbd618a78.rlib --extern futures_util=/opt/rustwide/target/debug/deps/libfutures_util-d0d3a601b00f0276.rlib --extern http=/opt/rustwide/target/debug/deps/libhttp-eccc0fdf7c825ef0.rlib --extern hyper=/opt/rustwide/target/debug/deps/libhyper-e179668de36eff8d.rlib --extern log=/opt/rustwide/target/debug/deps/liblog-b35d0d4fb72dcbf4.rlib --extern mime=/opt/rustwide/target/debug/deps/libmime-d5b83fc07afe1071.rlib --extern mime_guess=/opt/rustwide/target/debug/deps/libmime_guess-3b055bc4fa88a860.rlib --extern mockito=/opt/rustwide/target/debug/deps/libmockito-bb987ce7870b3cf8.rlib --extern regex=/opt/rustwide/target/debug/deps/libregex-cbf51bee11e8baa7.rlib --extern reqwest=/opt/rustwide/target/debug/deps/libreqwest-0cb78a887860a7d3.rlib --extern serde=/opt/rustwide/target/debug/deps/libserde-8442e724ccdf4783.rlib --extern serde_json=/opt/rustwide/target/debug/deps/libserde_json-70dd2001fc468cfb.rlib --extern shellwords=/opt/rustwide/target/debug/deps/libshellwords-24db0505bc3ba43a.rlib --extern tempfile=/opt/rustwide/target/debug/deps/libtempfile-afe19c24341ab575.rlib --extern tgbot=/opt/rustwide/target/debug/deps/libtgbot-d3304bfd1307705b.rlib --extern tokio=/opt/rustwide/target/debug/deps/libtokio-ce239015e2b93274.rlib --extern tokio_util=/opt/rustwide/target/debug/deps/libtokio_util-346da1c63e52a7e5.rlib --extern toml=/opt/rustwide/target/debug/deps/libtoml-f5a1d89723c65c38.rlib --extern vec1=/opt/rustwide/target/debug/deps/libvec1-1dd91bb72beacc0a.rlib --cap-lints=warn -L native=/opt/rustwide/target/debug/build/ring-70f2e3f8aa8c38b4/out` (signal: 9, SIGKILL: kill)
[INFO] [stderr] error: could not compile `tgbot` (example "longpoll")
[INFO] [stderr] 
[INFO] [stderr] Caused by:
[INFO] [stderr]   process didn't exit successfully: `/opt/rustwide/rustup-home/toolchains/beta-2023-12-22-x86_64-unknown-linux-gnu/bin/rustc --crate-name longpoll --edition=2021 examples/longpoll.rs --error-format=json --json=diagnostic-rendered-ansi,artifacts,future-incompat --crate-type bin --emit=dep-info,link -C embed-bitcode=no -C debuginfo=2 -C metadata=975082bd82b54d67 -C extra-filename=-975082bd82b54d67 --out-dir /opt/rustwide/target/debug/examples -L dependency=/opt/rustwide/target/debug/deps --extern async_stream=/opt/rustwide/target/debug/deps/libasync_stream-2d47569600fd1677.rlib --extern bytes=/opt/rustwide/target/debug/deps/libbytes-cc9c49d7958180b3.rlib --extern derive_more=/opt/rustwide/target/debug/deps/libderive_more-d0b453e312dafb78.so --extern dotenv=/opt/rustwide/target/debug/deps/libdotenv-eb1f88852bc411ee.rlib --extern env_logger=/opt/rustwide/target/debug/deps/libenv_logger-aeab55bcbd618a78.rlib --extern futures_util=/opt/rustwide/target/debug/deps/libfutures_util-d0d3a601b00f0276.rlib --extern http=/opt/rustwide/target/debug/deps/libhttp-eccc0fdf7c825ef0.rlib --extern hyper=/opt/rustwide/target/debug/deps/libhyper-e179668de36eff8d.rlib --extern log=/opt/rustwide/target/debug/deps/liblog-b35d0d4fb72dcbf4.rlib --extern mime=/opt/rustwide/target/debug/deps/libmime-d5b83fc07afe1071.rlib --extern mime_guess=/opt/rustwide/target/debug/deps/libmime_guess-3b055bc4fa88a860.rlib --extern mockito=/opt/rustwide/target/debug/deps/libmockito-bb987ce7870b3cf8.rlib --extern regex=/opt/rustwide/target/debug/deps/libregex-cbf51bee11e8baa7.rlib --extern reqwest=/opt/rustwide/target/debug/deps/libreqwest-0cb78a887860a7d3.rlib --extern serde=/opt/rustwide/target/debug/deps/libserde-8442e724ccdf4783.rlib --extern serde_json=/opt/rustwide/target/debug/deps/libserde_json-70dd2001fc468cfb.rlib --extern shellwords=/opt/rustwide/target/debug/deps/libshellwords-24db0505bc3ba43a.rlib --extern tempfile=/opt/rustwide/target/debug/deps/libtempfile-afe19c24341ab575.rlib --extern tgbot=/opt/rustwide/target/debug/deps/libtgbot-d3304bfd1307705b.rlib --extern tokio=/opt/rustwide/target/debug/deps/libtokio-ce239015e2b93274.rlib --extern tokio_util=/opt/rustwide/target/debug/deps/libtokio_util-346da1c63e52a7e5.rlib --extern toml=/opt/rustwide/target/debug/deps/libtoml-f5a1d89723c65c38.rlib --extern vec1=/opt/rustwide/target/debug/deps/libvec1-1dd91bb72beacc0a.rlib --cap-lints=warn -L native=/opt/rustwide/target/debug/build/ring-70f2e3f8aa8c38b4/out` (signal: 9, SIGKILL: kill)
[INFO] [stderr] error: could not compile `tgbot` (example "media_group")
[INFO] [stderr] 
[INFO] [stderr] Caused by:
[INFO] [stderr]   process didn't exit successfully: `/opt/rustwide/rustup-home/toolchains/beta-2023-12-22-x86_64-unknown-linux-gnu/bin/rustc --crate-name media_group --edition=2021 examples/media_group.rs --error-format=json --json=diagnostic-rendered-ansi,artifacts,future-incompat --crate-type bin --emit=dep-info,link -C embed-bitcode=no -C debuginfo=2 -C metadata=4afe7eadcf974c14 -C extra-filename=-4afe7eadcf974c14 --out-dir /opt/rustwide/target/debug/examples -L dependency=/opt/rustwide/target/debug/deps --extern async_stream=/opt/rustwide/target/debug/deps/libasync_stream-2d47569600fd1677.rlib --extern bytes=/opt/rustwide/target/debug/deps/libbytes-cc9c49d7958180b3.rlib --extern derive_more=/opt/rustwide/target/debug/deps/libderive_more-d0b453e312dafb78.so --extern dotenv=/opt/rustwide/target/debug/deps/libdotenv-eb1f88852bc411ee.rlib --extern env_logger=/opt/rustwide/target/debug/deps/libenv_logger-aeab55bcbd618a78.rlib --extern futures_util=/opt/rustwide/target/debug/deps/libfutures_util-d0d3a601b00f0276.rlib --extern http=/opt/rustwide/target/debug/deps/libhttp-eccc0fdf7c825ef0.rlib --extern hyper=/opt/rustwide/target/debug/deps/libhyper-e179668de36eff8d.rlib --extern log=/opt/rustwide/target/debug/deps/liblog-b35d0d4fb72dcbf4.rlib --extern mime=/opt/rustwide/target/debug/deps/libmime-d5b83fc07afe1071.rlib --extern mime_guess=/opt/rustwide/target/debug/deps/libmime_guess-3b055bc4fa88a860.rlib --extern mockito=/opt/rustwide/target/debug/deps/libmockito-bb987ce7870b3cf8.rlib --extern regex=/opt/rustwide/target/debug/deps/libregex-cbf51bee11e8baa7.rlib --extern reqwest=/opt/rustwide/target/debug/deps/libreqwest-0cb78a887860a7d3.rlib --extern serde=/opt/rustwide/target/debug/deps/libserde-8442e724ccdf4783.rlib --extern serde_json=/opt/rustwide/target/debug/deps/libserde_json-70dd2001fc468cfb.rlib --extern shellwords=/opt/rustwide/target/debug/deps/libshellwords-24db0505bc3ba43a.rlib --extern tempfile=/opt/rustwide/target/debug/deps/libtempfile-afe19c24341ab575.rlib --extern tgbot=/opt/rustwide/target/debug/deps/libtgbot-d3304bfd1307705b.rlib --extern tokio=/opt/rustwide/target/debug/deps/libtokio-ce239015e2b93274.rlib --extern tokio_util=/opt/rustwide/target/debug/deps/libtokio_util-346da1c63e52a7e5.rlib --extern toml=/opt/rustwide/target/debug/deps/libtoml-f5a1d89723c65c38.rlib --extern vec1=/opt/rustwide/target/debug/deps/libvec1-1dd91bb72beacc0a.rlib --cap-lints=warn -L native=/opt/rustwide/target/debug/build/ring-70f2e3f8aa8c38b4/out` (signal: 9, SIGKILL: kill)
[INFO] [stderr] error: could not compile `tgbot` (example "inline_keyboard")
[INFO] [stderr] 
[INFO] [stderr] Caused by:
[INFO] [stderr]   process didn't exit successfully: `/opt/rustwide/rustup-home/toolchains/beta-2023-12-22-x86_64-unknown-linux-gnu/bin/rustc --crate-name inline_keyboard --edition=2021 examples/inline_keyboard.rs --error-format=json --json=diagnostic-rendered-ansi,artifacts,future-incompat --crate-type bin --emit=dep-info,link -C embed-bitcode=no -C debuginfo=2 -C metadata=5800b3071f29f4bf -C extra-filename=-5800b3071f29f4bf --out-dir /opt/rustwide/target/debug/examples -L dependency=/opt/rustwide/target/debug/deps --extern async_stream=/opt/rustwide/target/debug/deps/libasync_stream-2d47569600fd1677.rlib --extern bytes=/opt/rustwide/target/debug/deps/libbytes-cc9c49d7958180b3.rlib --extern derive_more=/opt/rustwide/target/debug/deps/libderive_more-d0b453e312dafb78.so --extern dotenv=/opt/rustwide/target/debug/deps/libdotenv-eb1f88852bc411ee.rlib --extern env_logger=/opt/rustwide/target/debug/deps/libenv_logger-aeab55bcbd618a78.rlib --extern futures_util=/opt/rustwide/target/debug/deps/libfutures_util-d0d3a601b00f0276.rlib --extern http=/opt/rustwide/target/debug/deps/libhttp-eccc0fdf7c825ef0.rlib --extern hyper=/opt/rustwide/target/debug/deps/libhyper-e179668de36eff8d.rlib --extern log=/opt/rustwide/target/debug/deps/liblog-b35d0d4fb72dcbf4.rlib --extern mime=/opt/rustwide/target/debug/deps/libmime-d5b83fc07afe1071.rlib --extern mime_guess=/opt/rustwide/target/debug/deps/libmime_guess-3b055bc4fa88a860.rlib --extern mockito=/opt/rustwide/target/debug/deps/libmockito-bb987ce7870b3cf8.rlib --extern regex=/opt/rustwide/target/debug/deps/libregex-cbf51bee11e8baa7.rlib --extern reqwest=/opt/rustwide/target/debug/deps/libreqwest-0cb78a887860a7d3.rlib --extern serde=/opt/rustwide/target/debug/deps/libserde-8442e724ccdf4783.rlib --extern serde_json=/opt/rustwide/target/debug/deps/libserde_json-70dd2001fc468cfb.rlib --extern shellwords=/opt/rustwide/target/debug/deps/libshellwords-24db0505bc3ba43a.rlib --extern tempfile=/opt/rustwide/target/debug/deps/libtempfile-afe19c24341ab575.rlib --extern tgbot=/opt/rustwide/target/debug/deps/libtgbot-d3304bfd1307705b.rlib --extern tokio=/opt/rustwide/target/debug/deps/libtokio-ce239015e2b93274.rlib --extern tokio_util=/opt/rustwide/target/debug/deps/libtokio_util-346da1c63e52a7e5.rlib --extern toml=/opt/rustwide/target/debug/deps/libtoml-f5a1d89723c65c38.rlib --extern vec1=/opt/rustwide/target/debug/deps/libvec1-1dd91bb72beacc0a.rlib --cap-lints=warn -L native=/opt/rustwide/target/debug/build/ring-70f2e3f8aa8c38b4/out` (signal: 9, SIGKILL: kill)
[INFO] [stderr] error: could not compile `tgbot` (test "webhook")
[INFO] [stderr] 
[INFO] [stderr] Caused by:
[INFO] [stderr]   process didn't exit successfully: `/opt/rustwide/rustup-home/toolchains/beta-2023-12-22-x86_64-unknown-linux-gnu/bin/rustc --crate-name webhook --edition=2021 tests/webhook.rs --error-format=json --json=diagnostic-rendered-ansi,artifacts,future-incompat --emit=dep-info,link -C embed-bitcode=no -C debuginfo=2 --test -C metadata=539998333b708ed2 -C extra-filename=-539998333b708ed2 --out-dir /opt/rustwide/target/debug/deps -L dependency=/opt/rustwide/target/debug/deps --extern async_stream=/opt/rustwide/target/debug/deps/libasync_stream-2d47569600fd1677.rlib --extern bytes=/opt/rustwide/target/debug/deps/libbytes-cc9c49d7958180b3.rlib --extern derive_more=/opt/rustwide/target/debug/deps/libderive_more-d0b453e312dafb78.so --extern dotenv=/opt/rustwide/target/debug/deps/libdotenv-eb1f88852bc411ee.rlib --extern env_logger=/opt/rustwide/target/debug/deps/libenv_logger-aeab55bcbd618a78.rlib --extern futures_util=/opt/rustwide/target/debug/deps/libfutures_util-d0d3a601b00f0276.rlib --extern http=/opt/rustwide/target/debug/deps/libhttp-eccc0fdf7c825ef0.rlib --extern hyper=/opt/rustwide/target/debug/deps/libhyper-e179668de36eff8d.rlib --extern log=/opt/rustwide/target/debug/deps/liblog-b35d0d4fb72dcbf4.rlib --extern mime=/opt/rustwide/target/debug/deps/libmime-d5b83fc07afe1071.rlib --extern mime_guess=/opt/rustwide/target/debug/deps/libmime_guess-3b055bc4fa88a860.rlib --extern mockito=/opt/rustwide/target/debug/deps/libmockito-bb987ce7870b3cf8.rlib --extern regex=/opt/rustwide/target/debug/deps/libregex-cbf51bee11e8baa7.rlib --extern reqwest=/opt/rustwide/target/debug/deps/libreqwest-0cb78a887860a7d3.rlib --extern serde=/opt/rustwide/target/debug/deps/libserde-8442e724ccdf4783.rlib --extern serde_json=/opt/rustwide/target/debug/deps/libserde_json-70dd2001fc468cfb.rlib --extern shellwords=/opt/rustwide/target/debug/deps/libshellwords-24db0505bc3ba43a.rlib --extern tempfile=/opt/rustwide/target/debug/deps/libtempfile-afe19c24341ab575.rlib --extern tgbot=/opt/rustwide/target/debug/deps/libtgbot-d3304bfd1307705b.rlib --extern tokio=/opt/rustwide/target/debug/deps/libtokio-ce239015e2b93274.rlib --extern tokio_util=/opt/rustwide/target/debug/deps/libtokio_util-346da1c63e52a7e5.rlib --extern toml=/opt/rustwide/target/debug/deps/libtoml-f5a1d89723c65c38.rlib --extern vec1=/opt/rustwide/target/debug/deps/libvec1-1dd91bb72beacc0a.rlib --cap-lints=warn -L native=/opt/rustwide/target/debug/build/ring-70f2e3f8aa8c38b4/out` (signal: 9, SIGKILL: kill)
[INFO] [stdout] error: linking with `cc` failed: exit status: 1
[INFO] [stdout]   |
[INFO] [stdout]   = note: LC_ALL="C" PATH="/opt/rustwide/rustup-home/toolchains/beta-2023-12-22-x86_64-unknown-linux-gnu/lib/rustlib/x86_64-unknown-linux-gnu/bin:/opt/rustwide/cargo-home/bin:/usr/local/sbin:/usr/local/bin:/usr/sbin:/usr/bin:/sbin:/bin" VSLANG="1033" "cc" "-m64" "/tmp/rustc2PUVSE/symbols.o" "/opt/rustwide/target/debug/examples/webhook-c0546d01a516d271.webhook.4fa084d89c6a1cdb-cgu.00.rcgu.o" "/opt/rustwide/target/debug/examples/webhook-c0546d01a516d271.webhook.4fa084d89c6a1cdb-cgu.01.rcgu.o" "/opt/rustwide/target/debug/examples/webhook-c0546d01a516d271.webhook.4fa084d89c6a1cdb-cgu.02.rcgu.o" "/opt/rustwide/target/debug/examples/webhook-c0546d01a516d271.webhook.4fa084d89c6a1cdb-cgu.03.rcgu.o" "/opt/rustwide/target/debug/examples/webhook-c0546d01a516d271.webhook.4fa084d89c6a1cdb-cgu.04.rcgu.o" "/opt/rustwide/target/debug/examples/webhook-c0546d01a516d271.webhook.4fa084d89c6a1cdb-cgu.05.rcgu.o" "/opt/rustwide/target/debug/examples/webhook-c0546d01a516d271.webhook.4fa084d89c6a1cdb-cgu.06.rcgu.o" "/opt/rustwide/target/debug/examples/webhook-c0546d01a516d271.webhook.4fa084d89c6a1cdb-cgu.07.rcgu.o" "/opt/rustwide/target/debug/examples/webhook-c0546d01a516d271.webhook.4fa084d89c6a1cdb-cgu.08.rcgu.o" "/opt/rustwide/target/debug/examples/webhook-c0546d01a516d271.webhook.4fa084d89c6a1cdb-cgu.09.rcgu.o" "/opt/rustwide/target/debug/examples/webhook-c0546d01a516d271.webhook.4fa084d89c6a1cdb-cgu.10.rcgu.o" "/opt/rustwide/target/debug/examples/webhook-c0546d01a516d271.webhook.4fa084d89c6a1cdb-cgu.11.rcgu.o" "/opt/rustwide/target/debug/examples/webhook-c0546d01a516d271.webhook.4fa084d89c6a1cdb-cgu.12.rcgu.o" "/opt/rustwide/target/debug/examples/webhook-c0546d01a516d271.webhook.4fa084d89c6a1cdb-cgu.13.rcgu.o" "/opt/rustwide/target/debug/examples/webhook-c0546d01a516d271.webhook.4fa084d89c6a1cdb-cgu.14.rcgu.o" "/opt/rustwide/target/debug/examples/webhook-c0546d01a516d271.webhook.4fa084d89c6a1cdb-cgu.15.rcgu.o" "/opt/rustwide/target/debug/examples/webhook-c0546d01a516d271.4ksfufpf5udnlyw3.rcgu.o" "-Wl,--as-needed" "-L" "/opt/rustwide/target/debug/deps" "-L" "/opt/rustwide/target/debug/build/ring-70f2e3f8aa8c38b4/out" "-L" "/opt/rustwide/rustup-home/toolchains/beta-2023-12-22-x86_64-unknown-linux-gnu/lib/rustlib/x86_64-unknown-linux-gnu/lib" "-Wl,-Bstatic" "/opt/rustwide/target/debug/deps/libenv_logger-aeab55bcbd618a78.rlib" "/opt/rustwide/target/debug/deps/libatty-59df3caf97844a16.rlib" "/opt/rustwide/target/debug/deps/libtermcolor-7385e12c997bfceb.rlib" "/opt/rustwide/target/debug/deps/libhumantime-ce381c4933d03978.rlib" "/opt/rustwide/target/debug/deps/libtgbot-d3304bfd1307705b.rlib" "/opt/rustwide/target/debug/deps/libvec1-1dd91bb72beacc0a.rlib" "/opt/rustwide/target/debug/deps/libshellwords-24db0505bc3ba43a.rlib" "/opt/rustwide/target/debug/deps/libregex-cbf51bee11e8baa7.rlib" "/opt/rustwide/target/debug/deps/libaho_corasick-568b0d6cd2919161.rlib" "/opt/rustwide/target/debug/deps/libregex_syntax-4577c841cfe0367b.rlib" "/opt/rustwide/target/debug/deps/libasync_stream-2d47569600fd1677.rlib" "/opt/rustwide/target/debug/deps/libreqwest-0cb78a887860a7d3.rlib" "/opt/rustwide/target/debug/deps/librustls_pemfile-bd8954e0509303db.rlib" "/opt/rustwide/target/debug/deps/libhyper_rustls-018b7e97a0e4880a.rlib" "/opt/rustwide/target/debug/deps/libserde_urlencoded-ecdc8d263f542ae2.rlib" "/opt/rustwide/target/debug/deps/libwebpki_roots-f0e49ae6bfcc6b1c.rlib" "/opt/rustwide/target/debug/deps/libipnet-dff482cb7b80ee87.rlib" "/opt/rustwide/target/debug/deps/libtokio_socks-7c819c5e72dda8d9.rlib" "/opt/rustwide/target/debug/deps/libthiserror-9be2931b0db867ed.rlib" "/opt/rustwide/target/debug/deps/libeither-4bae4be6882f5042.rlib" "/opt/rustwide/target/debug/deps/libtokio_rustls-20e442f8df565597.rlib" "/opt/rustwide/target/debug/deps/libencoding_rs-a7b3573c9d4b0c30.rlib" "/opt/rustwide/target/debug/deps/libserde_json-70dd2001fc468cfb.rlib" "/opt/rustwide/target/debug/deps/libryu-86d8d345a49902c5.rlib" "/opt/rustwide/target/debug/deps/libserde-8442e724ccdf4783.rlib" "/opt/rustwide/target/debug/deps/libbase64-450a6d9dcba13b9b.rlib" "/opt/rustwide/target/debug/deps/libmime_guess-3b055bc4fa88a860.rlib" "/opt/rustwide/target/debug/deps/libunicase-8b66e21d9debb85f.rlib" "/opt/rustwide/target/debug/deps/libmime-d5b83fc07afe1071.rlib" "/opt/rustwide/target/debug/deps/librustls-e07410dbee1aec83.rlib" "/opt/rustwide/target/debug/deps/libsct-06a157e5f13eee62.rlib" "/opt/rustwide/target/debug/deps/libwebpki-19feeea2c247a7c4.rlib" "/opt/rustwide/target/debug/deps/libring-2193f8894b5eee34.rlib" "/opt/rustwide/target/debug/deps/libspin-e858d3468b8e3abd.rlib" "/opt/rustwide/target/debug/deps/libuntrusted-6cf40e3a64622ff0.rlib" "/opt/rustwide/target/debug/deps/libonce_cell-5803da721febdd7b.rlib" "/opt/rustwide/target/debug/deps/libhyper-e179668de36eff8d.rlib" "/opt/rustwide/target/debug/deps/libwant-140a7194ab737536.rlib" "/opt/rustwide/target/debug/deps/libtry_lock-da79cbb67b0e5d22.rlib" "/opt/rustwide/target/debug/deps/libitoa-a2832f2392deebad.rlib" "/opt/rustwide/target/debug/deps/libsocket2-c1b4ee682c2fbaf0.rlib" "/opt/rustwide/target/debug/deps/libhttparse-34e081384930e2cc.rlib" "/opt/rustwide/target/debug/deps/libh2-7d8e01d94b352551.rlib" "/opt/rustwide/target/debug/deps/libindexmap-d56697f0621dd746.rlib" "/opt/rustwide/target/debug/deps/libhashbrown-d5b24f3d513fb86b.rlib" "/opt/rustwide/target/debug/deps/libtower_service-a49ed9f68e393719.rlib" "/opt/rustwide/target/debug/deps/libtracing-db87f6d64a4b2d29.rlib" "/opt/rustwide/target/debug/deps/libtracing_core-667a4df523144730.rlib" "/opt/rustwide/target/debug/deps/libfutures_channel-cd672dcd984ada45.rlib" "/opt/rustwide/target/debug/deps/libhttpdate-af0e4761081a49c7.rlib" "/opt/rustwide/target/debug/deps/libtokio_util-346da1c63e52a7e5.rlib" "/opt/rustwide/target/debug/deps/libfutures_sink-6404bf805dc2a5e4.rlib" "/opt/rustwide/target/debug/deps/libtokio-ce239015e2b93274.rlib" "/opt/rustwide/target/debug/deps/libnum_cpus-9cf643fa34ea17b6.rlib" "/opt/rustwide/target/debug/deps/libmemchr-6f62f415054b7720.rlib" "/opt/rustwide/target/debug/deps/libmio-f67e4aa5796cf433.rlib" "/opt/rustwide/target/debug/deps/liblibc-16ff95125dfe7db2.rlib" "/opt/rustwide/target/debug/deps/libhttp_body-b169d00ee4a4f073.rlib" "/opt/rustwide/target/debug/deps/liblazy_static-efa3519517df6cf0.rlib" "/opt/rustwide/target/debug/deps/liburl-4dc03df9a34099c6.rlib" "/opt/rustwide/target/debug/deps/libidna-608df6c35ccfad8a.rlib" "/opt/rustwide/target/debug/deps/libunicode_normalization-40526e3f649c16ed.rlib" "/opt/rustwide/target/debug/deps/libtinyvec-63fcc069d8fc338e.rlib" "/opt/rustwide/target/debug/deps/libtinyvec_macros-2b90caf71be257df.rlib" "/opt/rustwide/target/debug/deps/libunicode_bidi-9e22f06d2a04cff1.rlib" "/opt/rustwide/target/debug/deps/libform_urlencoded-ae8f37993c92f9fc.rlib" "/opt/rustwide/target/debug/deps/libpercent_encoding-3da2a87a41f86eb7.rlib" "/opt/rustwide/target/debug/deps/libmatches-7dacc739f2471d9d.rlib" "/opt/rustwide/target/debug/deps/libhttp-eccc0fdf7c825ef0.rlib" "/opt/rustwide/target/debug/deps/libitoa-f543afc8cf678e4f.rlib" "/opt/rustwide/target/debug/deps/libfnv-953831fe314029b4.rlib" "/opt/rustwide/target/debug/deps/liblog-b35d0d4fb72dcbf4.rlib" "/opt/rustwide/target/debug/deps/libcfg_if-e7002d307f97bc56.rlib" "/opt/rustwide/target/debug/deps/libbytes-cc9c49d7958180b3.rlib" "/opt/rustwide/target/debug/deps/libfutures_util-d0d3a601b00f0276.rlib" "/opt/rustwide/target/debug/deps/libslab-e5442f48fd9b849e.rlib" "/opt/rustwide/target/debug/deps/libpin_project_lite-ca6a0babd9f90b02.rlib" "/opt/rustwide/target/debug/deps/libfutures_task-5326d7a5a6efbf40.rlib" "/opt/rustwide/target/debug/deps/libpin_utils-9c5dcf17efb91bff.rlib" "/opt/rustwide/target/debug/deps/libfutures_core-483111890736e965.rlib" "/opt/rustwide/target/debug/deps/libdotenv-eb1f88852bc411ee.rlib" "/opt/rustwide/rustup-home/toolchains/beta-2023-12-22-x86_64-unknown-linux-gnu/lib/rustlib/x86_64-unknown-linux-gnu/lib/libstd-0672489a78b613de.rlib" "/opt/rustwide/rustup-home/toolchains/beta-2023-12-22-x86_64-unknown-linux-gnu/lib/rustlib/x86_64-unknown-linux-gnu/lib/libpanic_unwind-7eb3ffc34a49f675.rlib" "/opt/rustwide/rustup-home/toolchains/beta-2023-12-22-x86_64-unknown-linux-gnu/lib/rustlib/x86_64-unknown-linux-gnu/lib/libobject-6478a9daa4bee8e2.rlib" "/opt/rustwide/rustup-home/toolchains/beta-2023-12-22-x86_64-unknown-linux-gnu/lib/rustlib/x86_64-unknown-linux-gnu/lib/libmemchr-0c75d871a5c3923d.rlib" "/opt/rustwide/rustup-home/toolchains/beta-2023-12-22-x86_64-unknown-linux-gnu/lib/rustlib/x86_64-unknown-linux-gnu/lib/libaddr2line-d163ef63ad37bb71.rlib" "/opt/rustwide/rustup-home/toolchains/beta-2023-12-22-x86_64-unknown-linux-gnu/lib/rustlib/x86_64-unknown-linux-gnu/lib/libgimli-8a3fd810a85b9f4c.rlib" "/opt/rustwide/rustup-home/toolchains/beta-2023-12-22-x86_64-unknown-linux-gnu/lib/rustlib/x86_64-unknown-linux-gnu/lib/librustc_demangle-462a2cde8c5dfc10.rlib" "/opt/rustwide/rustup-home/toolchains/beta-2023-12-22-x86_64-unknown-linux-gnu/lib/rustlib/x86_64-unknown-linux-gnu/lib/libstd_detect-cb06ac9f54713f71.rlib" "/opt/rustwide/rustup-home/toolchains/beta-2023-12-22-x86_64-unknown-linux-gnu/lib/rustlib/x86_64-unknown-linux-gnu/lib/libhashbrown-f20bfd1f8e59b393.rlib" "/opt/rustwide/rustup-home/toolchains/beta-2023-12-22-x86_64-unknown-linux-gnu/lib/rustlib/x86_64-unknown-linux-gnu/lib/librustc_std_workspace_alloc-1ef460949b49da4b.rlib" "/opt/rustwide/rustup-home/toolchains/beta-2023-12-22-x86_64-unknown-linux-gnu/lib/rustlib/x86_64-unknown-linux-gnu/lib/libminiz_oxide-2cb0c0ffe4f87514.rlib" "/opt/rustwide/rustup-home/toolchains/beta-2023-12-22-x86_64-unknown-linux-gnu/lib/rustlib/x86_64-unknown-linux-gnu/lib/libadler-58d841eb322a11a2.rlib" "/opt/rustwide/rustup-home/toolchains/beta-2023-12-22-x86_64-unknown-linux-gnu/lib/rustlib/x86_64-unknown-linux-gnu/lib/libunwind-aa2ae0b0a9d11533.rlib" "/opt/rustwide/rustup-home/toolchains/beta-2023-12-22-x86_64-unknown-linux-gnu/lib/rustlib/x86_64-unknown-linux-gnu/lib/libcfg_if-23874e15830ed336.rlib" "/opt/rustwide/rustup-home/toolchains/beta-2023-12-22-x86_64-unknown-linux-gnu/lib/rustlib/x86_64-unknown-linux-gnu/lib/liblibc-e47cddc003bce885.rlib" "/opt/rustwide/rustup-home/toolchains/beta-2023-12-22-x86_64-unknown-linux-gnu/lib/rustlib/x86_64-unknown-linux-gnu/lib/liballoc-c22b13b48a8f128e.rlib" "/opt/rustwide/rustup-home/toolchains/beta-2023-12-22-x86_64-unknown-linux-gnu/lib/rustlib/x86_64-unknown-linux-gnu/lib/librustc_std_workspace_core-e46bc3da6d7c462f.rlib" "/opt/rustwide/rustup-home/toolchains/beta-2023-12-22-x86_64-unknown-linux-gnu/lib/rustlib/x86_64-unknown-linux-gnu/lib/libcore-8d1ac131d3cb2645.rlib" "/opt/rustwide/rustup-home/toolchains/beta-2023-12-22-x86_64-unknown-linux-gnu/lib/rustlib/x86_64-unknown-linux-gnu/lib/libcompiler_builtins-a1b43df8c6899c1f.rlib" "-Wl,-Bdynamic" "-lgcc_s" "-lutil" "-lrt" "-lpthread" "-lm" "-ldl" "-lc" "-Wl,--eh-frame-hdr" "-Wl,-z,noexecstack" "-L" "/opt/rustwide/rustup-home/toolchains/beta-2023-12-22-x86_64-unknown-linux-gnu/lib/rustlib/x86_64-unknown-linux-gnu/lib" "-o" "/opt/rustwide/target/debug/examples/webhook-c0546d01a516d271" "-Wl,--gc-sections" "-pie" "-Wl,-z,relro,-z,now" "-nodefaultlibs"
[INFO] [stdout]   = note: collect2: fatal error: ld terminated with signal 9 [Killed]
[INFO] [stdout]           compilation terminated.
[INFO] [stdout]           
[INFO] [stdout] 
[INFO] [stdout] 
[INFO] [stdout] error: aborting due to 1 previous error
[INFO] [stdout] 
[INFO] [stdout] 
[INFO] [stderr] error: could not compile `tgbot` (example "webhook") due to 2 previous errors
[INFO] running `Command { std: "docker" "inspect" "013a3e93ac951989e0811f0a28ef0ef52e69f576c5377c6402f323e48eb460e4", kill_on_drop: false }`
[INFO] running `Command { std: "docker" "rm" "-f" "013a3e93ac951989e0811f0a28ef0ef52e69f576c5377c6402f323e48eb460e4", kill_on_drop: false }`
[INFO] [stdout] 013a3e93ac951989e0811f0a28ef0ef52e69f576c5377c6402f323e48eb460e4
