[INFO] fetching crate tflite 0.9.7...
[INFO] testing tflite-0.9.7 against 1.75.0 for beta-1.76-1
[INFO] extracting crate tflite 0.9.7 into /workspace/builds/worker-5-tc1/source
[INFO] validating manifest of crates.io crate tflite 0.9.7 on toolchain 1.75.0
[INFO] running `Command { std: CARGO_HOME="/workspace/cargo-home" RUSTUP_HOME="/workspace/rustup-home" "/workspace/cargo-home/bin/cargo" "+1.75.0" "metadata" "--manifest-path" "Cargo.toml" "--no-deps", kill_on_drop: false }`
[INFO] started tweaking crates.io crate tflite 0.9.7
[INFO] finished tweaking crates.io crate tflite 0.9.7
[INFO] tweaked toml for crates.io crate tflite 0.9.7 written to /workspace/builds/worker-5-tc1/source/Cargo.toml
[INFO] crate crates.io crate tflite 0.9.7 already has a lockfile, it will not be regenerated
[INFO] running `Command { std: CARGO_HOME="/workspace/cargo-home" RUSTUP_HOME="/workspace/rustup-home" "/workspace/cargo-home/bin/cargo" "+1.75.0" "fetch" "--manifest-path" "Cargo.toml", kill_on_drop: false }`
[INFO] [stderr]     Updating crates.io index
[INFO] [stderr]  Downloading crates ...
[INFO] [stderr]   Downloaded cpp v0.5.7
[INFO] [stderr]   Downloaded prettyplease v0.2.6
[INFO] [stderr]   Downloaded cpp_common v0.5.7
[INFO] [stderr]   Downloaded cpp_build v0.5.7
[INFO] [stderr]   Downloaded cpp_macros v0.5.7
[INFO] [stderr]   Downloaded bart_derive v0.1.6
[INFO] [stderr]   Downloaded bart v0.1.6
[INFO] running `Command { std: "docker" "create" "-v" "/var/lib/crater-agent-workspace/builds/worker-5-tc1/target:/opt/rustwide/target:rw,Z" "-v" "/var/lib/crater-agent-workspace/builds/worker-5-tc1/source:/opt/rustwide/workdir:ro,Z" "-v" "/var/lib/crater-agent-workspace/cargo-home:/opt/rustwide/cargo-home:ro,Z" "-v" "/var/lib/crater-agent-workspace/rustup-home:/opt/rustwide/rustup-home:ro,Z" "-e" "SOURCE_DIR=/opt/rustwide/workdir" "-e" "CARGO_TARGET_DIR=/opt/rustwide/target" "-e" "CARGO_HOME=/opt/rustwide/cargo-home" "-e" "RUSTUP_HOME=/opt/rustwide/rustup-home" "-w" "/opt/rustwide/workdir" "-m" "1610612736" "--user" "0:0" "--network" "none" "ghcr.io/rust-lang/crates-build-env/linux@sha256:2788e3201cd34a07e3172128adcd8b3090168a8e3bcc40d7c032b9dda1df7d1c" "/opt/rustwide/cargo-home/bin/cargo" "+1.75.0" "metadata" "--no-deps" "--format-version=1", kill_on_drop: false }`
[INFO] [stdout] d1b7851fbf71d55a1849afc30f60c5597cef727a7d9e497f55b14536a5097b6c
[INFO] running `Command { std: "docker" "start" "-a" "d1b7851fbf71d55a1849afc30f60c5597cef727a7d9e497f55b14536a5097b6c", kill_on_drop: false }`
[INFO] running `Command { std: "docker" "inspect" "d1b7851fbf71d55a1849afc30f60c5597cef727a7d9e497f55b14536a5097b6c", kill_on_drop: false }`
[INFO] running `Command { std: "docker" "rm" "-f" "d1b7851fbf71d55a1849afc30f60c5597cef727a7d9e497f55b14536a5097b6c", kill_on_drop: false }`
[INFO] [stdout] d1b7851fbf71d55a1849afc30f60c5597cef727a7d9e497f55b14536a5097b6c
[INFO] running `Command { std: "docker" "create" "-v" "/var/lib/crater-agent-workspace/builds/worker-5-tc1/target:/opt/rustwide/target:rw,Z" "-v" "/var/lib/crater-agent-workspace/builds/worker-5-tc1/source:/opt/rustwide/workdir:ro,Z" "-v" "/var/lib/crater-agent-workspace/cargo-home:/opt/rustwide/cargo-home:ro,Z" "-v" "/var/lib/crater-agent-workspace/rustup-home:/opt/rustwide/rustup-home:ro,Z" "-e" "SOURCE_DIR=/opt/rustwide/workdir" "-e" "CARGO_TARGET_DIR=/opt/rustwide/target" "-e" "CARGO_INCREMENTAL=0" "-e" "RUST_BACKTRACE=full" "-e" "RUSTFLAGS=--cap-lints=warn" "-e" "RUSTDOCFLAGS=--cap-lints=warn" "-e" "CARGO_HOME=/opt/rustwide/cargo-home" "-e" "RUSTUP_HOME=/opt/rustwide/rustup-home" "-w" "/opt/rustwide/workdir" "-m" "1610612736" "--user" "0:0" "--network" "none" "ghcr.io/rust-lang/crates-build-env/linux@sha256:2788e3201cd34a07e3172128adcd8b3090168a8e3bcc40d7c032b9dda1df7d1c" "/opt/rustwide/cargo-home/bin/cargo" "+1.75.0" "build" "--frozen" "--message-format=json", kill_on_drop: false }`
[INFO] [stdout] 28f270a73ca6bac404710e32310c1756f7a49dee09a6cf87c5170a52ce05801b
[INFO] running `Command { std: "docker" "start" "-a" "28f270a73ca6bac404710e32310c1756f7a49dee09a6cf87c5170a52ce05801b", kill_on_drop: false }`
[INFO] [stderr]    Compiling proc-macro2 v1.0.60
[INFO] [stderr]    Compiling quote v1.0.28
[INFO] [stderr]    Compiling unicode-ident v1.0.9
[INFO] [stderr]    Compiling memchr v2.5.0
[INFO] [stderr]    Compiling syn v1.0.93
[INFO] [stderr]    Compiling unicode-xid v0.2.3
[INFO] [stderr]    Compiling lazy_static v1.4.0
[INFO] [stderr]    Compiling glob v0.3.0
[INFO] [stderr]    Compiling libc v0.2.139
[INFO] [stderr]    Compiling prettyplease v0.2.6
[INFO] [stderr]    Compiling cfg-if v1.0.0
[INFO] [stderr]    Compiling minimal-lexical v0.2.1
[INFO] [stderr]    Compiling log v0.4.17
[INFO] [stderr]    Compiling regex-syntax v0.6.25
[INFO] [stderr]    Compiling either v1.6.1
[INFO] [stderr]    Compiling bindgen v0.65.1
[INFO] [stderr]    Compiling libloading v0.7.3
[INFO] [stderr]    Compiling lazycell v1.3.0
[INFO] [stderr]    Compiling shlex v1.1.0
[INFO] [stderr]    Compiling bitflags v1.3.2
[INFO] [stderr]    Compiling rustc-hash v1.1.0
[INFO] [stderr]    Compiling cc v1.0.73
[INFO] [stderr]    Compiling peeking_take_while v0.1.2
[INFO] [stderr]    Compiling fs_extra v1.3.0
[INFO] [stderr]    Compiling byteorder v1.4.3
[INFO] [stderr]    Compiling thiserror v1.0.38
[INFO] [stderr]    Compiling maybe-owned v0.3.4
[INFO] [stderr]    Compiling clang-sys v1.3.1
[INFO] [stderr]    Compiling aho-corasick v0.7.18
[INFO] [stderr]    Compiling nom v7.1.3
[INFO] [stderr]    Compiling syn v2.0.18
[INFO] [stderr]    Compiling which v4.4.0
[INFO] [stderr]    Compiling regex v1.5.5
[INFO] [stderr]    Compiling cexpr v0.6.0
[INFO] [stderr]    Compiling cpp_common v0.5.7
[INFO] [stderr]    Compiling cpp_build v0.5.7
[INFO] [stderr]    Compiling cpp_macros v0.5.7
[INFO] [stderr]    Compiling thiserror-impl v1.0.38
[INFO] [stderr]    Compiling cpp v0.5.7
[INFO] [stderr]    Compiling tflite v0.9.7 (/opt/rustwide/workdir)
[INFO] [stderr] error: failed to run custom build command for `tflite v0.9.7 (/opt/rustwide/workdir)`
[INFO] [stderr] note: To improve backtraces for build dependencies, set the CARGO_PROFILE_DEV_BUILD_OVERRIDE_DEBUG=true environment variable to enable debug information generation.
[INFO] [stderr] 
[INFO] [stderr] Caused by:
[INFO] [stderr]   process didn't exit successfully: `/opt/rustwide/target/debug/build/tflite-7b8c8af113271fee/build-script-build` (exit status: 101)
[INFO] [stderr]   --- stdout
[INFO] [stderr]   TARGET = Some("x86_64-unknown-linux-gnu")
[INFO] [stderr]   HOST = Some("x86_64-unknown-linux-gnu")
[INFO] [stderr]   CXX_x86_64-unknown-linux-gnu = None
[INFO] [stderr]   CXX_x86_64_unknown_linux_gnu = None
[INFO] [stderr]   HOST_CXX = None
[INFO] [stderr]   CXX = None
[INFO] [stderr]   CXXFLAGS_x86_64-unknown-linux-gnu = None
[INFO] [stderr]   CXXFLAGS_x86_64_unknown_linux_gnu = None
[INFO] [stderr]   HOST_CXXFLAGS = None
[INFO] [stderr]   CXXFLAGS = None
[INFO] [stderr]   CRATE_CC_NO_DEFAULTS = None
[INFO] [stderr]   CARGO_CFG_TARGET_FEATURE = Some("fxsr,sse,sse2")
[INFO] [stderr]   running: "c++" "-O0" "-ffunction-sections" "-fdata-sections" "-fPIC" "-g" "-fno-omit-frame-pointer" "-m64" "-I" "/opt/rustwide/workdir" "-I" "/opt/rustwide/workdir/submodules/tensorflow" "-I" "/opt/rustwide/workdir/submodules/downloads/flatbuffers/include" "-Wall" "-Wextra" "-fPIC" "-std=c++14" "-Wno-sign-compare" "-DGEMMLOWP_ALLOW_SLOW_SCALAR_FALLBACK" "-DFLATBUFFERS_POLYMORPHIC_NATIVETABLE" "-o" "/opt/rustwide/target/debug/build/tflite-67045aec2685ab02/out/rust_cpp/cpp_closures.o" "-c" "/opt/rustwide/target/debug/build/tflite-67045aec2685ab02/out/rust_cpp/cpp_closures.cpp"
[INFO] [stderr]   exit status: 0
[INFO] [stderr]   AR_x86_64-unknown-linux-gnu = None
[INFO] [stderr]   AR_x86_64_unknown_linux_gnu = None
[INFO] [stderr]   HOST_AR = None
[INFO] [stderr]   AR = None
[INFO] [stderr]   running: ZERO_AR_DATE="1" "ar" "cq" "/opt/rustwide/target/debug/build/tflite-67045aec2685ab02/out/librust_cpp_generated.a" "/opt/rustwide/target/debug/build/tflite-67045aec2685ab02/out/rust_cpp/cpp_closures.o"
[INFO] [stderr]   exit status: 0
[INFO] [stderr]   running: "ar" "s" "/opt/rustwide/target/debug/build/tflite-67045aec2685ab02/out/librust_cpp_generated.a"
[INFO] [stderr]   exit status: 0
[INFO] [stderr]   cargo:rustc-link-lib=static=rust_cpp_generated
[INFO] [stderr]   cargo:rustc-link-search=native=/opt/rustwide/target/debug/build/tflite-67045aec2685ab02/out
[INFO] [stderr]   CXXSTDLIB_x86_64-unknown-linux-gnu = None
[INFO] [stderr]   CXXSTDLIB_x86_64_unknown_linux_gnu = None
[INFO] [stderr]   HOST_CXXSTDLIB = None
[INFO] [stderr]   CXXSTDLIB = None
[INFO] [stderr]   cargo:rustc-link-lib=stdc++
[INFO] [stderr]   Moving tflite source
[INFO] [stderr]   Moving source took 302.111551ms
[INFO] [stderr]   Building tflite
[INFO] [stderr]   cargo:rerun-if-env-changed=TFLITE_RS_MAKE_TARGET
[INFO] [stderr]   cargo:rerun-if-env-changed=TFLITE_RS_MAKE_TARGET_ARCH
[INFO] [stderr]   cargo:rerun-if-env-changed=TFLITE_RS_MAKE_TARGET_TOOLCHAIN_PREFIX
[INFO] [stderr]   cargo:rerun-if-env-changed=TFLITE_RS_MAKE_EXTRA_CFLAGS
[INFO] [stderr]   cargo:rerun-if-env-changed=TFLITE_RS_MAKE_EXTRA_CXXFLAGS
[INFO] [stderr]   g++ -O3 -DNDEBUG -fPIC --std=c++11 -fPIC -DGEMMLOWP_ALLOW_SLOW_SCALAR_FALLBACK -pthread -I. -I/opt/rustwide/target/debug/build/tflite-67045aec2685ab02/out/tensorflow/tensorflow/lite/tools/make/../../../../../ -I/opt/rustwide/target/debug/build/tflite-67045aec2685ab02/out/tensorflow/tensorflow/lite/tools/make/../../../../../../ -I/opt/rustwide/target/debug/build/tflite-67045aec2685ab02/out/tensorflow/tensorflow/lite/tools/make/downloads/ -I/opt/rustwide/target/debug/build/tflite-67045aec2685ab02/out/tensorflow/tensorflow/lite/tools/make/downloads/eigen -I/opt/rustwide/target/debug/build/tflite-67045aec2685ab02/out/tensorflow/tensorflow/lite/tools/make/downloads/absl -I/opt/rustwide/target/debug/build/tflite-67045aec2685ab02/out/tensorflow/tensorflow/lite/tools/make/downloads/gemmlowp -I/opt/rustwide/target/debug/build/tflite-67045aec2685ab02/out/tensorflow/tensorflow/lite/tools/make/downloads/neon_2_sse -I/opt/rustwide/target/debug/build/tflite-67045aec2685ab02/out/tensorflow/tensorflow/lite/tools/make/downloads/farmhash/src -I/opt/rustwide/target/debug/build/tflite-67045aec2685ab02/out/tensorflow/tensorflow/lite/tools/make/downloads/flatbuffers/include -I -I/usr/local/include -c tensorflow/lite/allocation.cc -o /opt/rustwide/target/debug/build/tflite-67045aec2685ab02/out/tensorflow/tensorflow/lite/tools/make/gen/linux_x86_64/obj/tensorflow/lite/allocation.o
[INFO] [stderr]   g++ -O3 -DNDEBUG -fPIC --std=c++11 -fPIC -DGEMMLOWP_ALLOW_SLOW_SCALAR_FALLBACK -pthread -I. -I/opt/rustwide/target/debug/build/tflite-67045aec2685ab02/out/tensorflow/tensorflow/lite/tools/make/../../../../../ -I/opt/rustwide/target/debug/build/tflite-67045aec2685ab02/out/tensorflow/tensorflow/lite/tools/make/../../../../../../ -I/opt/rustwide/target/debug/build/tflite-67045aec2685ab02/out/tensorflow/tensorflow/lite/tools/make/downloads/ -I/opt/rustwide/target/debug/build/tflite-67045aec2685ab02/out/tensorflow/tensorflow/lite/tools/make/downloads/eigen -I/opt/rustwide/target/debug/build/tflite-67045aec2685ab02/out/tensorflow/tensorflow/lite/tools/make/downloads/absl -I/opt/rustwide/target/debug/build/tflite-67045aec2685ab02/out/tensorflow/tensorflow/lite/tools/make/downloads/gemmlowp -I/opt/rustwide/target/debug/build/tflite-67045aec2685ab02/out/tensorflow/tensorflow/lite/tools/make/downloads/neon_2_sse -I/opt/rustwide/target/debug/build/tflite-67045aec2685ab02/out/tensorflow/tensorflow/lite/tools/make/downloads/farmhash/src -I/opt/rustwide/target/debug/build/tflite-67045aec2685ab02/out/tensorflow/tensorflow/lite/tools/make/downloads/flatbuffers/include -I -I/usr/local/include -c tensorflow/lite/arena_planner.cc -o /opt/rustwide/target/debug/build/tflite-67045aec2685ab02/out/tensorflow/tensorflow/lite/tools/make/gen/linux_x86_64/obj/tensorflow/lite/arena_planner.o
[INFO] [stderr]   gcc -O3 -DNDEBUG -fPIC -fPIC -DGEMMLOWP_ALLOW_SLOW_SCALAR_FALLBACK -pthread     -I. -I/opt/rustwide/target/debug/build/tflite-67045aec2685ab02/out/tensorflow/tensorflow/lite/tools/make/../../../../../ -I/opt/rustwide/target/debug/build/tflite-67045aec2685ab02/out/tensorflow/tensorflow/lite/tools/make/../../../../../../ -I/opt/rustwide/target/debug/build/tflite-67045aec2685ab02/out/tensorflow/tensorflow/lite/tools/make/downloads/ -I/opt/rustwide/target/debug/build/tflite-67045aec2685ab02/out/tensorflow/tensorflow/lite/tools/make/downloads/eigen -I/opt/rustwide/target/debug/build/tflite-67045aec2685ab02/out/tensorflow/tensorflow/lite/tools/make/downloads/absl -I/opt/rustwide/target/debug/build/tflite-67045aec2685ab02/out/tensorflow/tensorflow/lite/tools/make/downloads/gemmlowp -I/opt/rustwide/target/debug/build/tflite-67045aec2685ab02/out/tensorflow/tensorflow/lite/tools/make/downloads/neon_2_sse -I/opt/rustwide/target/debug/build/tflite-67045aec2685ab02/out/tensorflow/tensorflow/lite/tools/make/downloads/farmhash/src -I/opt/rustwide/target/debug/build/tflite-67045aec2685ab02/out/tensorflow/tensorflow/lite/tools/make/downloads/flatbuffers/include -I -I/usr/local/include -c tensorflow/lite/c/c_api_internal.c -o /opt/rustwide/target/debug/build/tflite-67045aec2685ab02/out/tensorflow/tensorflow/lite/tools/make/gen/linux_x86_64/obj/tensorflow/lite/c/c_api_internal.o
[INFO] [stderr]   g++ -O3 -DNDEBUG -fPIC --std=c++11 -fPIC -DGEMMLOWP_ALLOW_SLOW_SCALAR_FALLBACK -pthread -I. -I/opt/rustwide/target/debug/build/tflite-67045aec2685ab02/out/tensorflow/tensorflow/lite/tools/make/../../../../../ -I/opt/rustwide/target/debug/build/tflite-67045aec2685ab02/out/tensorflow/tensorflow/lite/tools/make/../../../../../../ -I/opt/rustwide/target/debug/build/tflite-67045aec2685ab02/out/tensorflow/tensorflow/lite/tools/make/downloads/ -I/opt/rustwide/target/debug/build/tflite-67045aec2685ab02/out/tensorflow/tensorflow/lite/tools/make/downloads/eigen -I/opt/rustwide/target/debug/build/tflite-67045aec2685ab02/out/tensorflow/tensorflow/lite/tools/make/downloads/absl -I/opt/rustwide/target/debug/build/tflite-67045aec2685ab02/out/tensorflow/tensorflow/lite/tools/make/downloads/gemmlowp -I/opt/rustwide/target/debug/build/tflite-67045aec2685ab02/out/tensorflow/tensorflow/lite/tools/make/downloads/neon_2_sse -I/opt/rustwide/target/debug/build/tflite-67045aec2685ab02/out/tensorflow/tensorflow/lite/tools/make/downloads/farmhash/src -I/opt/rustwide/target/debug/build/tflite-67045aec2685ab02/out/tensorflow/tensorflow/lite/tools/make/downloads/flatbuffers/include -I -I/usr/local/include -c tensorflow/lite/core/api/error_reporter.cc -o /opt/rustwide/target/debug/build/tflite-67045aec2685ab02/out/tensorflow/tensorflow/lite/tools/make/gen/linux_x86_64/obj/tensorflow/lite/core/api/error_reporter.o
[INFO] [stderr]   g++ -O3 -DNDEBUG -fPIC --std=c++11 -fPIC -DGEMMLOWP_ALLOW_SLOW_SCALAR_FALLBACK -pthread -I. -I/opt/rustwide/target/debug/build/tflite-67045aec2685ab02/out/tensorflow/tensorflow/lite/tools/make/../../../../../ -I/opt/rustwide/target/debug/build/tflite-67045aec2685ab02/out/tensorflow/tensorflow/lite/tools/make/../../../../../../ -I/opt/rustwide/target/debug/build/tflite-67045aec2685ab02/out/tensorflow/tensorflow/lite/tools/make/downloads/ -I/opt/rustwide/target/debug/build/tflite-67045aec2685ab02/out/tensorflow/tensorflow/lite/tools/make/downloads/eigen -I/opt/rustwide/target/debug/build/tflite-67045aec2685ab02/out/tensorflow/tensorflow/lite/tools/make/downloads/absl -I/opt/rustwide/target/debug/build/tflite-67045aec2685ab02/out/tensorflow/tensorflow/lite/tools/make/downloads/gemmlowp -I/opt/rustwide/target/debug/build/tflite-67045aec2685ab02/out/tensorflow/tensorflow/lite/tools/make/downloads/neon_2_sse -I/opt/rustwide/target/debug/build/tflite-67045aec2685ab02/out/tensorflow/tensorflow/lite/tools/make/downloads/farmhash/src -I/opt/rustwide/target/debug/build/tflite-67045aec2685ab02/out/tensorflow/tensorflow/lite/tools/make/downloads/flatbuffers/include -I -I/usr/local/include -c tensorflow/lite/core/api/flatbuffer_conversions.cc -o /opt/rustwide/target/debug/build/tflite-67045aec2685ab02/out/tensorflow/tensorflow/lite/tools/make/gen/linux_x86_64/obj/tensorflow/lite/core/api/flatbuffer_conversions.o
[INFO] [stderr]   g++ -O3 -DNDEBUG -fPIC --std=c++11 -fPIC -DGEMMLOWP_ALLOW_SLOW_SCALAR_FALLBACK -pthread -I. -I/opt/rustwide/target/debug/build/tflite-67045aec2685ab02/out/tensorflow/tensorflow/lite/tools/make/../../../../../ -I/opt/rustwide/target/debug/build/tflite-67045aec2685ab02/out/tensorflow/tensorflow/lite/tools/make/../../../../../../ -I/opt/rustwide/target/debug/build/tflite-67045aec2685ab02/out/tensorflow/tensorflow/lite/tools/make/downloads/ -I/opt/rustwide/target/debug/build/tflite-67045aec2685ab02/out/tensorflow/tensorflow/lite/tools/make/downloads/eigen -I/opt/rustwide/target/debug/build/tflite-67045aec2685ab02/out/tensorflow/tensorflow/lite/tools/make/downloads/absl -I/opt/rustwide/target/debug/build/tflite-67045aec2685ab02/out/tensorflow/tensorflow/lite/tools/make/downloads/gemmlowp -I/opt/rustwide/target/debug/build/tflite-67045aec2685ab02/out/tensorflow/tensorflow/lite/tools/make/downloads/neon_2_sse -I/opt/rustwide/target/debug/build/tflite-67045aec2685ab02/out/tensorflow/tensorflow/lite/tools/make/downloads/farmhash/src -I/opt/rustwide/target/debug/build/tflite-67045aec2685ab02/out/tensorflow/tensorflow/lite/tools/make/downloads/flatbuffers/include -I -I/usr/local/include -c tensorflow/lite/core/api/op_resolver.cc -o /opt/rustwide/target/debug/build/tflite-67045aec2685ab02/out/tensorflow/tensorflow/lite/tools/make/gen/linux_x86_64/obj/tensorflow/lite/core/api/op_resolver.o
[INFO] [stderr]   g++ -O3 -DNDEBUG -fPIC --std=c++11 -fPIC -DGEMMLOWP_ALLOW_SLOW_SCALAR_FALLBACK -pthread -I. -I/opt/rustwide/target/debug/build/tflite-67045aec2685ab02/out/tensorflow/tensorflow/lite/tools/make/../../../../../ -I/opt/rustwide/target/debug/build/tflite-67045aec2685ab02/out/tensorflow/tensorflow/lite/tools/make/../../../../../../ -I/opt/rustwide/target/debug/build/tflite-67045aec2685ab02/out/tensorflow/tensorflow/lite/tools/make/downloads/ -I/opt/rustwide/target/debug/build/tflite-67045aec2685ab02/out/tensorflow/tensorflow/lite/tools/make/downloads/eigen -I/opt/rustwide/target/debug/build/tflite-67045aec2685ab02/out/tensorflow/tensorflow/lite/tools/make/downloads/absl -I/opt/rustwide/target/debug/build/tflite-67045aec2685ab02/out/tensorflow/tensorflow/lite/tools/make/downloads/gemmlowp -I/opt/rustwide/target/debug/build/tflite-67045aec2685ab02/out/tensorflow/tensorflow/lite/tools/make/downloads/neon_2_sse -I/opt/rustwide/target/debug/build/tflite-67045aec2685ab02/out/tensorflow/tensorflow/lite/tools/make/downloads/farmhash/src -I/opt/rustwide/target/debug/build/tflite-67045aec2685ab02/out/tensorflow/tensorflow/lite/tools/make/downloads/flatbuffers/include -I -I/usr/local/include -c tensorflow/lite/core/subgraph.cc -o /opt/rustwide/target/debug/build/tflite-67045aec2685ab02/out/tensorflow/tensorflow/lite/tools/make/gen/linux_x86_64/obj/tensorflow/lite/core/subgraph.o
[INFO] [stderr]   g++ -O3 -DNDEBUG -fPIC --std=c++11 -fPIC -DGEMMLOWP_ALLOW_SLOW_SCALAR_FALLBACK -pthread -I. -I/opt/rustwide/target/debug/build/tflite-67045aec2685ab02/out/tensorflow/tensorflow/lite/tools/make/../../../../../ -I/opt/rustwide/target/debug/build/tflite-67045aec2685ab02/out/tensorflow/tensorflow/lite/tools/make/../../../../../../ -I/opt/rustwide/target/debug/build/tflite-67045aec2685ab02/out/tensorflow/tensorflow/lite/tools/make/downloads/ -I/opt/rustwide/target/debug/build/tflite-67045aec2685ab02/out/tensorflow/tensorflow/lite/tools/make/downloads/eigen -I/opt/rustwide/target/debug/build/tflite-67045aec2685ab02/out/tensorflow/tensorflow/lite/tools/make/downloads/absl -I/opt/rustwide/target/debug/build/tflite-67045aec2685ab02/out/tensorflow/tensorflow/lite/tools/make/downloads/gemmlowp -I/opt/rustwide/target/debug/build/tflite-67045aec2685ab02/out/tensorflow/tensorflow/lite/tools/make/downloads/neon_2_sse -I/opt/rustwide/target/debug/build/tflite-67045aec2685ab02/out/tensorflow/tensorflow/lite/tools/make/downloads/farmhash/src -I/opt/rustwide/target/debug/build/tflite-67045aec2685ab02/out/tensorflow/tensorflow/lite/tools/make/downloads/flatbuffers/include -I -I/usr/local/include -c tensorflow/lite/experimental/resource_variable/resource_variable.cc -o /opt/rustwide/target/debug/build/tflite-67045aec2685ab02/out/tensorflow/tensorflow/lite/tools/make/gen/linux_x86_64/obj/tensorflow/lite/experimental/resource_variable/*.o
[INFO] [stderr]   g++ -O3 -DNDEBUG -fPIC --std=c++11 -fPIC -DGEMMLOWP_ALLOW_SLOW_SCALAR_FALLBACK -pthread -I. -I/opt/rustwide/target/debug/build/tflite-67045aec2685ab02/out/tensorflow/tensorflow/lite/tools/make/../../../../../ -I/opt/rustwide/target/debug/build/tflite-67045aec2685ab02/out/tensorflow/tensorflow/lite/tools/make/../../../../../../ -I/opt/rustwide/target/debug/build/tflite-67045aec2685ab02/out/tensorflow/tensorflow/lite/tools/make/downloads/ -I/opt/rustwide/target/debug/build/tflite-67045aec2685ab02/out/tensorflow/tensorflow/lite/tools/make/downloads/eigen -I/opt/rustwide/target/debug/build/tflite-67045aec2685ab02/out/tensorflow/tensorflow/lite/tools/make/downloads/absl -I/opt/rustwide/target/debug/build/tflite-67045aec2685ab02/out/tensorflow/tensorflow/lite/tools/make/downloads/gemmlowp -I/opt/rustwide/target/debug/build/tflite-67045aec2685ab02/out/tensorflow/tensorflow/lite/tools/make/downloads/neon_2_sse -I/opt/rustwide/target/debug/build/tflite-67045aec2685ab02/out/tensorflow/tensorflow/lite/tools/make/downloads/farmhash/src -I/opt/rustwide/target/debug/build/tflite-67045aec2685ab02/out/tensorflow/tensorflow/lite/tools/make/downloads/flatbuffers/include -I -I/usr/local/include -c tensorflow/lite/experimental/ruy/allocator.cc -o /opt/rustwide/target/debug/build/tflite-67045aec2685ab02/out/tensorflow/tensorflow/lite/tools/make/gen/linux_x86_64/obj/tensorflow/lite/experimental/ruy/allocator.o
[INFO] [stderr]   g++ -O3 -DNDEBUG -fPIC --std=c++11 -fPIC -DGEMMLOWP_ALLOW_SLOW_SCALAR_FALLBACK -pthread -I. -I/opt/rustwide/target/debug/build/tflite-67045aec2685ab02/out/tensorflow/tensorflow/lite/tools/make/../../../../../ -I/opt/rustwide/target/debug/build/tflite-67045aec2685ab02/out/tensorflow/tensorflow/lite/tools/make/../../../../../../ -I/opt/rustwide/target/debug/build/tflite-67045aec2685ab02/out/tensorflow/tensorflow/lite/tools/make/downloads/ -I/opt/rustwide/target/debug/build/tflite-67045aec2685ab02/out/tensorflow/tensorflow/lite/tools/make/downloads/eigen -I/opt/rustwide/target/debug/build/tflite-67045aec2685ab02/out/tensorflow/tensorflow/lite/tools/make/downloads/absl -I/opt/rustwide/target/debug/build/tflite-67045aec2685ab02/out/tensorflow/tensorflow/lite/tools/make/downloads/gemmlowp -I/opt/rustwide/target/debug/build/tflite-67045aec2685ab02/out/tensorflow/tensorflow/lite/tools/make/downloads/neon_2_sse -I/opt/rustwide/target/debug/build/tflite-67045aec2685ab02/out/tensorflow/tensorflow/lite/tools/make/downloads/farmhash/src -I/opt/rustwide/target/debug/build/tflite-67045aec2685ab02/out/tensorflow/tensorflow/lite/tools/make/downloads/flatbuffers/include -I -I/usr/local/include -c tensorflow/lite/experimental/ruy/block_map.cc -o /opt/rustwide/target/debug/build/tflite-67045aec2685ab02/out/tensorflow/tensorflow/lite/tools/make/gen/linux_x86_64/obj/tensorflow/lite/experimental/ruy/block_map.o
[INFO] [stderr]   g++ -O3 -DNDEBUG -fPIC --std=c++11 -fPIC -DGEMMLOWP_ALLOW_SLOW_SCALAR_FALLBACK -pthread -I. -I/opt/rustwide/target/debug/build/tflite-67045aec2685ab02/out/tensorflow/tensorflow/lite/tools/make/../../../../../ -I/opt/rustwide/target/debug/build/tflite-67045aec2685ab02/out/tensorflow/tensorflow/lite/tools/make/../../../../../../ -I/opt/rustwide/target/debug/build/tflite-67045aec2685ab02/out/tensorflow/tensorflow/lite/tools/make/downloads/ -I/opt/rustwide/target/debug/build/tflite-67045aec2685ab02/out/tensorflow/tensorflow/lite/tools/make/downloads/eigen -I/opt/rustwide/target/debug/build/tflite-67045aec2685ab02/out/tensorflow/tensorflow/lite/tools/make/downloads/absl -I/opt/rustwide/target/debug/build/tflite-67045aec2685ab02/out/tensorflow/tensorflow/lite/tools/make/downloads/gemmlowp -I/opt/rustwide/target/debug/build/tflite-67045aec2685ab02/out/tensorflow/tensorflow/lite/tools/make/downloads/neon_2_sse -I/opt/rustwide/target/debug/build/tflite-67045aec2685ab02/out/tensorflow/tensorflow/lite/tools/make/downloads/farmhash/src -I/opt/rustwide/target/debug/build/tflite-67045aec2685ab02/out/tensorflow/tensorflow/lite/tools/make/downloads/flatbuffers/include -I -I/usr/local/include -c tensorflow/lite/experimental/ruy/blocking_counter.cc -o /opt/rustwide/target/debug/build/tflite-67045aec2685ab02/out/tensorflow/tensorflow/lite/tools/make/gen/linux_x86_64/obj/tensorflow/lite/experimental/ruy/blocking_counter.o
[INFO] [stderr]   g++ -O3 -DNDEBUG -fPIC --std=c++11 -fPIC -DGEMMLOWP_ALLOW_SLOW_SCALAR_FALLBACK -pthread -I. -I/opt/rustwide/target/debug/build/tflite-67045aec2685ab02/out/tensorflow/tensorflow/lite/tools/make/../../../../../ -I/opt/rustwide/target/debug/build/tflite-67045aec2685ab02/out/tensorflow/tensorflow/lite/tools/make/../../../../../../ -I/opt/rustwide/target/debug/build/tflite-67045aec2685ab02/out/tensorflow/tensorflow/lite/tools/make/downloads/ -I/opt/rustwide/target/debug/build/tflite-67045aec2685ab02/out/tensorflow/tensorflow/lite/tools/make/downloads/eigen -I/opt/rustwide/target/debug/build/tflite-67045aec2685ab02/out/tensorflow/tensorflow/lite/tools/make/downloads/absl -I/opt/rustwide/target/debug/build/tflite-67045aec2685ab02/out/tensorflow/tensorflow/lite/tools/make/downloads/gemmlowp -I/opt/rustwide/target/debug/build/tflite-67045aec2685ab02/out/tensorflow/tensorflow/lite/tools/make/downloads/neon_2_sse -I/opt/rustwide/target/debug/build/tflite-67045aec2685ab02/out/tensorflow/tensorflow/lite/tools/make/downloads/farmhash/src -I/opt/rustwide/target/debug/build/tflite-67045aec2685ab02/out/tensorflow/tensorflow/lite/tools/make/downloads/flatbuffers/include -I -I/usr/local/include -c tensorflow/lite/experimental/ruy/context.cc -o /opt/rustwide/target/debug/build/tflite-67045aec2685ab02/out/tensorflow/tensorflow/lite/tools/make/gen/linux_x86_64/obj/tensorflow/lite/experimental/ruy/context.o
[INFO] [stderr]   g++ -O3 -DNDEBUG -fPIC --std=c++11 -fPIC -DGEMMLOWP_ALLOW_SLOW_SCALAR_FALLBACK -pthread -I. -I/opt/rustwide/target/debug/build/tflite-67045aec2685ab02/out/tensorflow/tensorflow/lite/tools/make/../../../../../ -I/opt/rustwide/target/debug/build/tflite-67045aec2685ab02/out/tensorflow/tensorflow/lite/tools/make/../../../../../../ -I/opt/rustwide/target/debug/build/tflite-67045aec2685ab02/out/tensorflow/tensorflow/lite/tools/make/downloads/ -I/opt/rustwide/target/debug/build/tflite-67045aec2685ab02/out/tensorflow/tensorflow/lite/tools/make/downloads/eigen -I/opt/rustwide/target/debug/build/tflite-67045aec2685ab02/out/tensorflow/tensorflow/lite/tools/make/downloads/absl -I/opt/rustwide/target/debug/build/tflite-67045aec2685ab02/out/tensorflow/tensorflow/lite/tools/make/downloads/gemmlowp -I/opt/rustwide/target/debug/build/tflite-67045aec2685ab02/out/tensorflow/tensorflow/lite/tools/make/downloads/neon_2_sse -I/opt/rustwide/target/debug/build/tflite-67045aec2685ab02/out/tensorflow/tensorflow/lite/tools/make/downloads/farmhash/src -I/opt/rustwide/target/debug/build/tflite-67045aec2685ab02/out/tensorflow/tensorflow/lite/tools/make/downloads/flatbuffers/include -I -I/usr/local/include -c tensorflow/lite/experimental/ruy/detect_dotprod.cc -o /opt/rustwide/target/debug/build/tflite-67045aec2685ab02/out/tensorflow/tensorflow/lite/tools/make/gen/linux_x86_64/obj/tensorflow/lite/experimental/ruy/detect_dotprod.o
[INFO] [stderr]   g++ -O3 -DNDEBUG -fPIC --std=c++11 -fPIC -DGEMMLOWP_ALLOW_SLOW_SCALAR_FALLBACK -pthread -I. -I/opt/rustwide/target/debug/build/tflite-67045aec2685ab02/out/tensorflow/tensorflow/lite/tools/make/../../../../../ -I/opt/rustwide/target/debug/build/tflite-67045aec2685ab02/out/tensorflow/tensorflow/lite/tools/make/../../../../../../ -I/opt/rustwide/target/debug/build/tflite-67045aec2685ab02/out/tensorflow/tensorflow/lite/tools/make/downloads/ -I/opt/rustwide/target/debug/build/tflite-67045aec2685ab02/out/tensorflow/tensorflow/lite/tools/make/downloads/eigen -I/opt/rustwide/target/debug/build/tflite-67045aec2685ab02/out/tensorflow/tensorflow/lite/tools/make/downloads/absl -I/opt/rustwide/target/debug/build/tflite-67045aec2685ab02/out/tensorflow/tensorflow/lite/tools/make/downloads/gemmlowp -I/opt/rustwide/target/debug/build/tflite-67045aec2685ab02/out/tensorflow/tensorflow/lite/tools/make/downloads/neon_2_sse -I/opt/rustwide/target/debug/build/tflite-67045aec2685ab02/out/tensorflow/tensorflow/lite/tools/make/downloads/farmhash/src -I/opt/rustwide/target/debug/build/tflite-67045aec2685ab02/out/tensorflow/tensorflow/lite/tools/make/downloads/flatbuffers/include -I -I/usr/local/include -c tensorflow/lite/experimental/ruy/kernel_arm32.cc -o /opt/rustwide/target/debug/build/tflite-67045aec2685ab02/out/tensorflow/tensorflow/lite/tools/make/gen/linux_x86_64/obj/tensorflow/lite/experimental/ruy/kernel_arm32.o
[INFO] [stderr]   g++ -O3 -DNDEBUG -fPIC --std=c++11 -fPIC -DGEMMLOWP_ALLOW_SLOW_SCALAR_FALLBACK -pthread -I. -I/opt/rustwide/target/debug/build/tflite-67045aec2685ab02/out/tensorflow/tensorflow/lite/tools/make/../../../../../ -I/opt/rustwide/target/debug/build/tflite-67045aec2685ab02/out/tensorflow/tensorflow/lite/tools/make/../../../../../../ -I/opt/rustwide/target/debug/build/tflite-67045aec2685ab02/out/tensorflow/tensorflow/lite/tools/make/downloads/ -I/opt/rustwide/target/debug/build/tflite-67045aec2685ab02/out/tensorflow/tensorflow/lite/tools/make/downloads/eigen -I/opt/rustwide/target/debug/build/tflite-67045aec2685ab02/out/tensorflow/tensorflow/lite/tools/make/downloads/absl -I/opt/rustwide/target/debug/build/tflite-67045aec2685ab02/out/tensorflow/tensorflow/lite/tools/make/downloads/gemmlowp -I/opt/rustwide/target/debug/build/tflite-67045aec2685ab02/out/tensorflow/tensorflow/lite/tools/make/downloads/neon_2_sse -I/opt/rustwide/target/debug/build/tflite-67045aec2685ab02/out/tensorflow/tensorflow/lite/tools/make/downloads/farmhash/src -I/opt/rustwide/target/debug/build/tflite-67045aec2685ab02/out/tensorflow/tensorflow/lite/tools/make/downloads/flatbuffers/include -I -I/usr/local/include -c tensorflow/lite/experimental/ruy/kernel_arm64.cc -o /opt/rustwide/target/debug/build/tflite-67045aec2685ab02/out/tensorflow/tensorflow/lite/tools/make/gen/linux_x86_64/obj/tensorflow/lite/experimental/ruy/kernel_arm64.o
[INFO] [stderr]   g++ -O3 -DNDEBUG -fPIC --std=c++11 -fPIC -DGEMMLOWP_ALLOW_SLOW_SCALAR_FALLBACK -pthread -I. -I/opt/rustwide/target/debug/build/tflite-67045aec2685ab02/out/tensorflow/tensorflow/lite/tools/make/../../../../../ -I/opt/rustwide/target/debug/build/tflite-67045aec2685ab02/out/tensorflow/tensorflow/lite/tools/make/../../../../../../ -I/opt/rustwide/target/debug/build/tflite-67045aec2685ab02/out/tensorflow/tensorflow/lite/tools/make/downloads/ -I/opt/rustwide/target/debug/build/tflite-67045aec2685ab02/out/tensorflow/tensorflow/lite/tools/make/downloads/eigen -I/opt/rustwide/target/debug/build/tflite-67045aec2685ab02/out/tensorflow/tensorflow/lite/tools/make/downloads/absl -I/opt/rustwide/target/debug/build/tflite-67045aec2685ab02/out/tensorflow/tensorflow/lite/tools/make/downloads/gemmlowp -I/opt/rustwide/target/debug/build/tflite-67045aec2685ab02/out/tensorflow/tensorflow/lite/tools/make/downloads/neon_2_sse -I/opt/rustwide/target/debug/build/tflite-67045aec2685ab02/out/tensorflow/tensorflow/lite/tools/make/downloads/farmhash/src -I/opt/rustwide/target/debug/build/tflite-67045aec2685ab02/out/tensorflow/tensorflow/lite/tools/make/downloads/flatbuffers/include -I -I/usr/local/include -c tensorflow/lite/experimental/ruy/pack_arm.cc -o /opt/rustwide/target/debug/build/tflite-67045aec2685ab02/out/tensorflow/tensorflow/lite/tools/make/gen/linux_x86_64/obj/tensorflow/lite/experimental/ruy/pack_arm.o
[INFO] [stderr]   g++ -O3 -DNDEBUG -fPIC --std=c++11 -fPIC -DGEMMLOWP_ALLOW_SLOW_SCALAR_FALLBACK -pthread -I. -I/opt/rustwide/target/debug/build/tflite-67045aec2685ab02/out/tensorflow/tensorflow/lite/tools/make/../../../../../ -I/opt/rustwide/target/debug/build/tflite-67045aec2685ab02/out/tensorflow/tensorflow/lite/tools/make/../../../../../../ -I/opt/rustwide/target/debug/build/tflite-67045aec2685ab02/out/tensorflow/tensorflow/lite/tools/make/downloads/ -I/opt/rustwide/target/debug/build/tflite-67045aec2685ab02/out/tensorflow/tensorflow/lite/tools/make/downloads/eigen -I/opt/rustwide/target/debug/build/tflite-67045aec2685ab02/out/tensorflow/tensorflow/lite/tools/make/downloads/absl -I/opt/rustwide/target/debug/build/tflite-67045aec2685ab02/out/tensorflow/tensorflow/lite/tools/make/downloads/gemmlowp -I/opt/rustwide/target/debug/build/tflite-67045aec2685ab02/out/tensorflow/tensorflow/lite/tools/make/downloads/neon_2_sse -I/opt/rustwide/target/debug/build/tflite-67045aec2685ab02/out/tensorflow/tensorflow/lite/tools/make/downloads/farmhash/src -I/opt/rustwide/target/debug/build/tflite-67045aec2685ab02/out/tensorflow/tensorflow/lite/tools/make/downloads/flatbuffers/include -I -I/usr/local/include -c tensorflow/lite/experimental/ruy/pmu.cc -o /opt/rustwide/target/debug/build/tflite-67045aec2685ab02/out/tensorflow/tensorflow/lite/tools/make/gen/linux_x86_64/obj/tensorflow/lite/experimental/ruy/pmu.o
[INFO] [stderr]   g++ -O3 -DNDEBUG -fPIC --std=c++11 -fPIC -DGEMMLOWP_ALLOW_SLOW_SCALAR_FALLBACK -pthread -I. -I/opt/rustwide/target/debug/build/tflite-67045aec2685ab02/out/tensorflow/tensorflow/lite/tools/make/../../../../../ -I/opt/rustwide/target/debug/build/tflite-67045aec2685ab02/out/tensorflow/tensorflow/lite/tools/make/../../../../../../ -I/opt/rustwide/target/debug/build/tflite-67045aec2685ab02/out/tensorflow/tensorflow/lite/tools/make/downloads/ -I/opt/rustwide/target/debug/build/tflite-67045aec2685ab02/out/tensorflow/tensorflow/lite/tools/make/downloads/eigen -I/opt/rustwide/target/debug/build/tflite-67045aec2685ab02/out/tensorflow/tensorflow/lite/tools/make/downloads/absl -I/opt/rustwide/target/debug/build/tflite-67045aec2685ab02/out/tensorflow/tensorflow/lite/tools/make/downloads/gemmlowp -I/opt/rustwide/target/debug/build/tflite-67045aec2685ab02/out/tensorflow/tensorflow/lite/tools/make/downloads/neon_2_sse -I/opt/rustwide/target/debug/build/tflite-67045aec2685ab02/out/tensorflow/tensorflow/lite/tools/make/downloads/farmhash/src -I/opt/rustwide/target/debug/build/tflite-67045aec2685ab02/out/tensorflow/tensorflow/lite/tools/make/downloads/flatbuffers/include -I -I/usr/local/include -c tensorflow/lite/experimental/ruy/thread_pool.cc -o /opt/rustwide/target/debug/build/tflite-67045aec2685ab02/out/tensorflow/tensorflow/lite/tools/make/gen/linux_x86_64/obj/tensorflow/lite/experimental/ruy/thread_pool.o
[INFO] [stderr]   g++ -O3 -DNDEBUG -fPIC --std=c++11 -fPIC -DGEMMLOWP_ALLOW_SLOW_SCALAR_FALLBACK -pthread -I. -I/opt/rustwide/target/debug/build/tflite-67045aec2685ab02/out/tensorflow/tensorflow/lite/tools/make/../../../../../ -I/opt/rustwide/target/debug/build/tflite-67045aec2685ab02/out/tensorflow/tensorflow/lite/tools/make/../../../../../../ -I/opt/rustwide/target/debug/build/tflite-67045aec2685ab02/out/tensorflow/tensorflow/lite/tools/make/downloads/ -I/opt/rustwide/target/debug/build/tflite-67045aec2685ab02/out/tensorflow/tensorflow/lite/tools/make/downloads/eigen -I/opt/rustwide/target/debug/build/tflite-67045aec2685ab02/out/tensorflow/tensorflow/lite/tools/make/downloads/absl -I/opt/rustwide/target/debug/build/tflite-67045aec2685ab02/out/tensorflow/tensorflow/lite/tools/make/downloads/gemmlowp -I/opt/rustwide/target/debug/build/tflite-67045aec2685ab02/out/tensorflow/tensorflow/lite/tools/make/downloads/neon_2_sse -I/opt/rustwide/target/debug/build/tflite-67045aec2685ab02/out/tensorflow/tensorflow/lite/tools/make/downloads/farmhash/src -I/opt/rustwide/target/debug/build/tflite-67045aec2685ab02/out/tensorflow/tensorflow/lite/tools/make/downloads/flatbuffers/include -I -I/usr/local/include -c tensorflow/lite/experimental/ruy/trace.cc -o /opt/rustwide/target/debug/build/tflite-67045aec2685ab02/out/tensorflow/tensorflow/lite/tools/make/gen/linux_x86_64/obj/tensorflow/lite/experimental/ruy/trace.o
[INFO] [stderr]   g++ -O3 -DNDEBUG -fPIC --std=c++11 -fPIC -DGEMMLOWP_ALLOW_SLOW_SCALAR_FALLBACK -pthread -I. -I/opt/rustwide/target/debug/build/tflite-67045aec2685ab02/out/tensorflow/tensorflow/lite/tools/make/../../../../../ -I/opt/rustwide/target/debug/build/tflite-67045aec2685ab02/out/tensorflow/tensorflow/lite/tools/make/../../../../../../ -I/opt/rustwide/target/debug/build/tflite-67045aec2685ab02/out/tensorflow/tensorflow/lite/tools/make/downloads/ -I/opt/rustwide/target/debug/build/tflite-67045aec2685ab02/out/tensorflow/tensorflow/lite/tools/make/downloads/eigen -I/opt/rustwide/target/debug/build/tflite-67045aec2685ab02/out/tensorflow/tensorflow/lite/tools/make/downloads/absl -I/opt/rustwide/target/debug/build/tflite-67045aec2685ab02/out/tensorflow/tensorflow/lite/tools/make/downloads/gemmlowp -I/opt/rustwide/target/debug/build/tflite-67045aec2685ab02/out/tensorflow/tensorflow/lite/tools/make/downloads/neon_2_sse -I/opt/rustwide/target/debug/build/tflite-67045aec2685ab02/out/tensorflow/tensorflow/lite/tools/make/downloads/farmhash/src -I/opt/rustwide/target/debug/build/tflite-67045aec2685ab02/out/tensorflow/tensorflow/lite/tools/make/downloads/flatbuffers/include -I -I/usr/local/include -c tensorflow/lite/experimental/ruy/trmul.cc -o /opt/rustwide/target/debug/build/tflite-67045aec2685ab02/out/tensorflow/tensorflow/lite/tools/make/gen/linux_x86_64/obj/tensorflow/lite/experimental/ruy/trmul.o
[INFO] [stderr]   g++ -O3 -DNDEBUG -fPIC --std=c++11 -fPIC -DGEMMLOWP_ALLOW_SLOW_SCALAR_FALLBACK -pthread -I. -I/opt/rustwide/target/debug/build/tflite-67045aec2685ab02/out/tensorflow/tensorflow/lite/tools/make/../../../../../ -I/opt/rustwide/target/debug/build/tflite-67045aec2685ab02/out/tensorflow/tensorflow/lite/tools/make/../../../../../../ -I/opt/rustwide/target/debug/build/tflite-67045aec2685ab02/out/tensorflow/tensorflow/lite/tools/make/downloads/ -I/opt/rustwide/target/debug/build/tflite-67045aec2685ab02/out/tensorflow/tensorflow/lite/tools/make/downloads/eigen -I/opt/rustwide/target/debug/build/tflite-67045aec2685ab02/out/tensorflow/tensorflow/lite/tools/make/downloads/absl -I/opt/rustwide/target/debug/build/tflite-67045aec2685ab02/out/tensorflow/tensorflow/lite/tools/make/downloads/gemmlowp -I/opt/rustwide/target/debug/build/tflite-67045aec2685ab02/out/tensorflow/tensorflow/lite/tools/make/downloads/neon_2_sse -I/opt/rustwide/target/debug/build/tflite-67045aec2685ab02/out/tensorflow/tensorflow/lite/tools/make/downloads/farmhash/src -I/opt/rustwide/target/debug/build/tflite-67045aec2685ab02/out/tensorflow/tensorflow/lite/tools/make/downloads/flatbuffers/include -I -I/usr/local/include -c tensorflow/lite/experimental/ruy/tune.cc -o /opt/rustwide/target/debug/build/tflite-67045aec2685ab02/out/tensorflow/tensorflow/lite/tools/make/gen/linux_x86_64/obj/tensorflow/lite/experimental/ruy/tune.o
[INFO] [stderr]   g++ -O3 -DNDEBUG -fPIC --std=c++11 -fPIC -DGEMMLOWP_ALLOW_SLOW_SCALAR_FALLBACK -pthread -I. -I/opt/rustwide/target/debug/build/tflite-67045aec2685ab02/out/tensorflow/tensorflow/lite/tools/make/../../../../../ -I/opt/rustwide/target/debug/build/tflite-67045aec2685ab02/out/tensorflow/tensorflow/lite/tools/make/../../../../../../ -I/opt/rustwide/target/debug/build/tflite-67045aec2685ab02/out/tensorflow/tensorflow/lite/tools/make/downloads/ -I/opt/rustwide/target/debug/build/tflite-67045aec2685ab02/out/tensorflow/tensorflow/lite/tools/make/downloads/eigen -I/opt/rustwide/target/debug/build/tflite-67045aec2685ab02/out/tensorflow/tensorflow/lite/tools/make/downloads/absl -I/opt/rustwide/target/debug/build/tflite-67045aec2685ab02/out/tensorflow/tensorflow/lite/tools/make/downloads/gemmlowp -I/opt/rustwide/target/debug/build/tflite-67045aec2685ab02/out/tensorflow/tensorflow/lite/tools/make/downloads/neon_2_sse -I/opt/rustwide/target/debug/build/tflite-67045aec2685ab02/out/tensorflow/tensorflow/lite/tools/make/downloads/farmhash/src -I/opt/rustwide/target/debug/build/tflite-67045aec2685ab02/out/tensorflow/tensorflow/lite/tools/make/downloads/flatbuffers/include -I -I/usr/local/include -c tensorflow/lite/experimental/ruy/wait.cc -o /opt/rustwide/target/debug/build/tflite-67045aec2685ab02/out/tensorflow/tensorflow/lite/tools/make/gen/linux_x86_64/obj/tensorflow/lite/experimental/ruy/wait.o
[INFO] [stderr]   g++ -O3 -DNDEBUG -fPIC --std=c++11 -fPIC -DGEMMLOWP_ALLOW_SLOW_SCALAR_FALLBACK -pthread -I. -I/opt/rustwide/target/debug/build/tflite-67045aec2685ab02/out/tensorflow/tensorflow/lite/tools/make/../../../../../ -I/opt/rustwide/target/debug/build/tflite-67045aec2685ab02/out/tensorflow/tensorflow/lite/tools/make/../../../../../../ -I/opt/rustwide/target/debug/build/tflite-67045aec2685ab02/out/tensorflow/tensorflow/lite/tools/make/downloads/ -I/opt/rustwide/target/debug/build/tflite-67045aec2685ab02/out/tensorflow/tensorflow/lite/tools/make/downloads/eigen -I/opt/rustwide/target/debug/build/tflite-67045aec2685ab02/out/tensorflow/tensorflow/lite/tools/make/downloads/absl -I/opt/rustwide/target/debug/build/tflite-67045aec2685ab02/out/tensorflow/tensorflow/lite/tools/make/downloads/gemmlowp -I/opt/rustwide/target/debug/build/tflite-67045aec2685ab02/out/tensorflow/tensorflow/lite/tools/make/downloads/neon_2_sse -I/opt/rustwide/target/debug/build/tflite-67045aec2685ab02/out/tensorflow/tensorflow/lite/tools/make/downloads/farmhash/src -I/opt/rustwide/target/debug/build/tflite-67045aec2685ab02/out/tensorflow/tensorflow/lite/tools/make/downloads/flatbuffers/include -I -I/usr/local/include -c tensorflow/lite/external_cpu_backend_context.cc -o /opt/rustwide/target/debug/build/tflite-67045aec2685ab02/out/tensorflow/tensorflow/lite/tools/make/gen/linux_x86_64/obj/tensorflow/lite/external_cpu_backend_context.o
[INFO] [stderr]   g++ -O3 -DNDEBUG -fPIC --std=c++11 -fPIC -DGEMMLOWP_ALLOW_SLOW_SCALAR_FALLBACK -pthread -I. -I/opt/rustwide/target/debug/build/tflite-67045aec2685ab02/out/tensorflow/tensorflow/lite/tools/make/../../../../../ -I/opt/rustwide/target/debug/build/tflite-67045aec2685ab02/out/tensorflow/tensorflow/lite/tools/make/../../../../../../ -I/opt/rustwide/target/debug/build/tflite-67045aec2685ab02/out/tensorflow/tensorflow/lite/tools/make/downloads/ -I/opt/rustwide/target/debug/build/tflite-67045aec2685ab02/out/tensorflow/tensorflow/lite/tools/make/downloads/eigen -I/opt/rustwide/target/debug/build/tflite-67045aec2685ab02/out/tensorflow/tensorflow/lite/tools/make/downloads/absl -I/opt/rustwide/target/debug/build/tflite-67045aec2685ab02/out/tensorflow/tensorflow/lite/tools/make/downloads/gemmlowp -I/opt/rustwide/target/debug/build/tflite-67045aec2685ab02/out/tensorflow/tensorflow/lite/tools/make/downloads/neon_2_sse -I/opt/rustwide/target/debug/build/tflite-67045aec2685ab02/out/tensorflow/tensorflow/lite/tools/make/downloads/farmhash/src -I/opt/rustwide/target/debug/build/tflite-67045aec2685ab02/out/tensorflow/tensorflow/lite/tools/make/downloads/flatbuffers/include -I -I/usr/local/include -c tensorflow/lite/graph_info.cc -o /opt/rustwide/target/debug/build/tflite-67045aec2685ab02/out/tensorflow/tensorflow/lite/tools/make/gen/linux_x86_64/obj/tensorflow/lite/graph_info.o
[INFO] [stderr]   g++ -O3 -DNDEBUG -fPIC --std=c++11 -fPIC -DGEMMLOWP_ALLOW_SLOW_SCALAR_FALLBACK -pthread -I. -I/opt/rustwide/target/debug/build/tflite-67045aec2685ab02/out/tensorflow/tensorflow/lite/tools/make/../../../../../ -I/opt/rustwide/target/debug/build/tflite-67045aec2685ab02/out/tensorflow/tensorflow/lite/tools/make/../../../../../../ -I/opt/rustwide/target/debug/build/tflite-67045aec2685ab02/out/tensorflow/tensorflow/lite/tools/make/downloads/ -I/opt/rustwide/target/debug/build/tflite-67045aec2685ab02/out/tensorflow/tensorflow/lite/tools/make/downloads/eigen -I/opt/rustwide/target/debug/build/tflite-67045aec2685ab02/out/tensorflow/tensorflow/lite/tools/make/downloads/absl -I/opt/rustwide/target/debug/build/tflite-67045aec2685ab02/out/tensorflow/tensorflow/lite/tools/make/downloads/gemmlowp -I/opt/rustwide/target/debug/build/tflite-67045aec2685ab02/out/tensorflow/tensorflow/lite/tools/make/downloads/neon_2_sse -I/opt/rustwide/target/debug/build/tflite-67045aec2685ab02/out/tensorflow/tensorflow/lite/tools/make/downloads/farmhash/src -I/opt/rustwide/target/debug/build/tflite-67045aec2685ab02/out/tensorflow/tensorflow/lite/tools/make/downloads/flatbuffers/include -I -I/usr/local/include -c tensorflow/lite/interpreter.cc -o /opt/rustwide/target/debug/build/tflite-67045aec2685ab02/out/tensorflow/tensorflow/lite/tools/make/gen/linux_x86_64/obj/tensorflow/lite/interpreter.o
[INFO] [stderr]   g++ -O3 -DNDEBUG -fPIC --std=c++11 -fPIC -DGEMMLOWP_ALLOW_SLOW_SCALAR_FALLBACK -pthread -I. -I/opt/rustwide/target/debug/build/tflite-67045aec2685ab02/out/tensorflow/tensorflow/lite/tools/make/../../../../../ -I/opt/rustwide/target/debug/build/tflite-67045aec2685ab02/out/tensorflow/tensorflow/lite/tools/make/../../../../../../ -I/opt/rustwide/target/debug/build/tflite-67045aec2685ab02/out/tensorflow/tensorflow/lite/tools/make/downloads/ -I/opt/rustwide/target/debug/build/tflite-67045aec2685ab02/out/tensorflow/tensorflow/lite/tools/make/downloads/eigen -I/opt/rustwide/target/debug/build/tflite-67045aec2685ab02/out/tensorflow/tensorflow/lite/tools/make/downloads/absl -I/opt/rustwide/target/debug/build/tflite-67045aec2685ab02/out/tensorflow/tensorflow/lite/tools/make/downloads/gemmlowp -I/opt/rustwide/target/debug/build/tflite-67045aec2685ab02/out/tensorflow/tensorflow/lite/tools/make/downloads/neon_2_sse -I/opt/rustwide/target/debug/build/tflite-67045aec2685ab02/out/tensorflow/tensorflow/lite/tools/make/downloads/farmhash/src -I/opt/rustwide/target/debug/build/tflite-67045aec2685ab02/out/tensorflow/tensorflow/lite/tools/make/downloads/flatbuffers/include -I -I/usr/local/include -c tensorflow/lite/kernels/activations.cc -o /opt/rustwide/target/debug/build/tflite-67045aec2685ab02/out/tensorflow/tensorflow/lite/tools/make/gen/linux_x86_64/obj/tensorflow/lite/kernels/activations.o
[INFO] [stderr]   g++ -O3 -DNDEBUG -fPIC --std=c++11 -fPIC -DGEMMLOWP_ALLOW_SLOW_SCALAR_FALLBACK -pthread -I. -I/opt/rustwide/target/debug/build/tflite-67045aec2685ab02/out/tensorflow/tensorflow/lite/tools/make/../../../../../ -I/opt/rustwide/target/debug/build/tflite-67045aec2685ab02/out/tensorflow/tensorflow/lite/tools/make/../../../../../../ -I/opt/rustwide/target/debug/build/tflite-67045aec2685ab02/out/tensorflow/tensorflow/lite/tools/make/downloads/ -I/opt/rustwide/target/debug/build/tflite-67045aec2685ab02/out/tensorflow/tensorflow/lite/tools/make/downloads/eigen -I/opt/rustwide/target/debug/build/tflite-67045aec2685ab02/out/tensorflow/tensorflow/lite/tools/make/downloads/absl -I/opt/rustwide/target/debug/build/tflite-67045aec2685ab02/out/tensorflow/tensorflow/lite/tools/make/downloads/gemmlowp -I/opt/rustwide/target/debug/build/tflite-67045aec2685ab02/out/tensorflow/tensorflow/lite/tools/make/downloads/neon_2_sse -I/opt/rustwide/target/debug/build/tflite-67045aec2685ab02/out/tensorflow/tensorflow/lite/tools/make/downloads/farmhash/src -I/opt/rustwide/target/debug/build/tflite-67045aec2685ab02/out/tensorflow/tensorflow/lite/tools/make/downloads/flatbuffers/include -I -I/usr/local/include -c tensorflow/lite/kernels/add.cc -o /opt/rustwide/target/debug/build/tflite-67045aec2685ab02/out/tensorflow/tensorflow/lite/tools/make/gen/linux_x86_64/obj/tensorflow/lite/kernels/add.o
[INFO] [stderr]   g++ -O3 -DNDEBUG -fPIC --std=c++11 -fPIC -DGEMMLOWP_ALLOW_SLOW_SCALAR_FALLBACK -pthread -I. -I/opt/rustwide/target/debug/build/tflite-67045aec2685ab02/out/tensorflow/tensorflow/lite/tools/make/../../../../../ -I/opt/rustwide/target/debug/build/tflite-67045aec2685ab02/out/tensorflow/tensorflow/lite/tools/make/../../../../../../ -I/opt/rustwide/target/debug/build/tflite-67045aec2685ab02/out/tensorflow/tensorflow/lite/tools/make/downloads/ -I/opt/rustwide/target/debug/build/tflite-67045aec2685ab02/out/tensorflow/tensorflow/lite/tools/make/downloads/eigen -I/opt/rustwide/target/debug/build/tflite-67045aec2685ab02/out/tensorflow/tensorflow/lite/tools/make/downloads/absl -I/opt/rustwide/target/debug/build/tflite-67045aec2685ab02/out/tensorflow/tensorflow/lite/tools/make/downloads/gemmlowp -I/opt/rustwide/target/debug/build/tflite-67045aec2685ab02/out/tensorflow/tensorflow/lite/tools/make/downloads/neon_2_sse -I/opt/rustwide/target/debug/build/tflite-67045aec2685ab02/out/tensorflow/tensorflow/lite/tools/make/downloads/farmhash/src -I/opt/rustwide/target/debug/build/tflite-67045aec2685ab02/out/tensorflow/tensorflow/lite/tools/make/downloads/flatbuffers/include -I -I/usr/local/include -c tensorflow/lite/kernels/add_n.cc -o /opt/rustwide/target/debug/build/tflite-67045aec2685ab02/out/tensorflow/tensorflow/lite/tools/make/gen/linux_x86_64/obj/tensorflow/lite/kernels/add_n.o
[INFO] [stderr]   g++ -O3 -DNDEBUG -fPIC --std=c++11 -fPIC -DGEMMLOWP_ALLOW_SLOW_SCALAR_FALLBACK -pthread -I. -I/opt/rustwide/target/debug/build/tflite-67045aec2685ab02/out/tensorflow/tensorflow/lite/tools/make/../../../../../ -I/opt/rustwide/target/debug/build/tflite-67045aec2685ab02/out/tensorflow/tensorflow/lite/tools/make/../../../../../../ -I/opt/rustwide/target/debug/build/tflite-67045aec2685ab02/out/tensorflow/tensorflow/lite/tools/make/downloads/ -I/opt/rustwide/target/debug/build/tflite-67045aec2685ab02/out/tensorflow/tensorflow/lite/tools/make/downloads/eigen -I/opt/rustwide/target/debug/build/tflite-67045aec2685ab02/out/tensorflow/tensorflow/lite/tools/make/downloads/absl -I/opt/rustwide/target/debug/build/tflite-67045aec2685ab02/out/tensorflow/tensorflow/lite/tools/make/downloads/gemmlowp -I/opt/rustwide/target/debug/build/tflite-67045aec2685ab02/out/tensorflow/tensorflow/lite/tools/make/downloads/neon_2_sse -I/opt/rustwide/target/debug/build/tflite-67045aec2685ab02/out/tensorflow/tensorflow/lite/tools/make/downloads/farmhash/src -I/opt/rustwide/target/debug/build/tflite-67045aec2685ab02/out/tensorflow/tensorflow/lite/tools/make/downloads/flatbuffers/include -I -I/usr/local/include -c tensorflow/lite/kernels/arg_min_max.cc -o /opt/rustwide/target/debug/build/tflite-67045aec2685ab02/out/tensorflow/tensorflow/lite/tools/make/gen/linux_x86_64/obj/tensorflow/lite/kernels/arg_min_max.o
[INFO] [stderr]   g++ -O3 -DNDEBUG -fPIC --std=c++11 -fPIC -DGEMMLOWP_ALLOW_SLOW_SCALAR_FALLBACK -pthread -I. -I/opt/rustwide/target/debug/build/tflite-67045aec2685ab02/out/tensorflow/tensorflow/lite/tools/make/../../../../../ -I/opt/rustwide/target/debug/build/tflite-67045aec2685ab02/out/tensorflow/tensorflow/lite/tools/make/../../../../../../ -I/opt/rustwide/target/debug/build/tflite-67045aec2685ab02/out/tensorflow/tensorflow/lite/tools/make/downloads/ -I/opt/rustwide/target/debug/build/tflite-67045aec2685ab02/out/tensorflow/tensorflow/lite/tools/make/downloads/eigen -I/opt/rustwide/target/debug/build/tflite-67045aec2685ab02/out/tensorflow/tensorflow/lite/tools/make/downloads/absl -I/opt/rustwide/target/debug/build/tflite-67045aec2685ab02/out/tensorflow/tensorflow/lite/tools/make/downloads/gemmlowp -I/opt/rustwide/target/debug/build/tflite-67045aec2685ab02/out/tensorflow/tensorflow/lite/tools/make/downloads/neon_2_sse -I/opt/rustwide/target/debug/build/tflite-67045aec2685ab02/out/tensorflow/tensorflow/lite/tools/make/downloads/farmhash/src -I/opt/rustwide/target/debug/build/tflite-67045aec2685ab02/out/tensorflow/tensorflow/lite/tools/make/downloads/flatbuffers/include -I -I/usr/local/include -c tensorflow/lite/kernels/assign_variable.cc -o /opt/rustwide/target/debug/build/tflite-67045aec2685ab02/out/tensorflow/tensorflow/lite/tools/make/gen/linux_x86_64/obj/tensorflow/lite/kernels/assign_variable.o
[INFO] [stderr]   g++ -O3 -DNDEBUG -fPIC --std=c++11 -fPIC -DGEMMLOWP_ALLOW_SLOW_SCALAR_FALLBACK -pthread -I. -I/opt/rustwide/target/debug/build/tflite-67045aec2685ab02/out/tensorflow/tensorflow/lite/tools/make/../../../../../ -I/opt/rustwide/target/debug/build/tflite-67045aec2685ab02/out/tensorflow/tensorflow/lite/tools/make/../../../../../../ -I/opt/rustwide/target/debug/build/tflite-67045aec2685ab02/out/tensorflow/tensorflow/lite/tools/make/downloads/ -I/opt/rustwide/target/debug/build/tflite-67045aec2685ab02/out/tensorflow/tensorflow/lite/tools/make/downloads/eigen -I/opt/rustwide/target/debug/build/tflite-67045aec2685ab02/out/tensorflow/tensorflow/lite/tools/make/downloads/absl -I/opt/rustwide/target/debug/build/tflite-67045aec2685ab02/out/tensorflow/tensorflow/lite/tools/make/downloads/gemmlowp -I/opt/rustwide/target/debug/build/tflite-67045aec2685ab02/out/tensorflow/tensorflow/lite/tools/make/downloads/neon_2_sse -I/opt/rustwide/target/debug/build/tflite-67045aec2685ab02/out/tensorflow/tensorflow/lite/tools/make/downloads/farmhash/src -I/opt/rustwide/target/debug/build/tflite-67045aec2685ab02/out/tensorflow/tensorflow/lite/tools/make/downloads/flatbuffers/include -I -I/usr/local/include -c tensorflow/lite/kernels/audio_spectrogram.cc -o /opt/rustwide/target/debug/build/tflite-67045aec2685ab02/out/tensorflow/tensorflow/lite/tools/make/gen/linux_x86_64/obj/tensorflow/lite/kernels/audio_spectrogram.o
[INFO] [stderr]   g++ -O3 -DNDEBUG -fPIC --std=c++11 -fPIC -DGEMMLOWP_ALLOW_SLOW_SCALAR_FALLBACK -pthread -I. -I/opt/rustwide/target/debug/build/tflite-67045aec2685ab02/out/tensorflow/tensorflow/lite/tools/make/../../../../../ -I/opt/rustwide/target/debug/build/tflite-67045aec2685ab02/out/tensorflow/tensorflow/lite/tools/make/../../../../../../ -I/opt/rustwide/target/debug/build/tflite-67045aec2685ab02/out/tensorflow/tensorflow/lite/tools/make/downloads/ -I/opt/rustwide/target/debug/build/tflite-67045aec2685ab02/out/tensorflow/tensorflow/lite/tools/make/downloads/eigen -I/opt/rustwide/target/debug/build/tflite-67045aec2685ab02/out/tensorflow/tensorflow/lite/tools/make/downloads/absl -I/opt/rustwide/target/debug/build/tflite-67045aec2685ab02/out/tensorflow/tensorflow/lite/tools/make/downloads/gemmlowp -I/opt/rustwide/target/debug/build/tflite-67045aec2685ab02/out/tensorflow/tensorflow/lite/tools/make/downloads/neon_2_sse -I/opt/rustwide/target/debug/build/tflite-67045aec2685ab02/out/tensorflow/tensorflow/lite/tools/make/downloads/farmhash/src -I/opt/rustwide/target/debug/build/tflite-67045aec2685ab02/out/tensorflow/tensorflow/lite/tools/make/downloads/flatbuffers/include -I -I/usr/local/include -c tensorflow/lite/kernels/basic_rnn.cc -o /opt/rustwide/target/debug/build/tflite-67045aec2685ab02/out/tensorflow/tensorflow/lite/tools/make/gen/linux_x86_64/obj/tensorflow/lite/kernels/basic_rnn.o
[INFO] [stderr]   g++ -O3 -DNDEBUG -fPIC --std=c++11 -fPIC -DGEMMLOWP_ALLOW_SLOW_SCALAR_FALLBACK -pthread -I. -I/opt/rustwide/target/debug/build/tflite-67045aec2685ab02/out/tensorflow/tensorflow/lite/tools/make/../../../../../ -I/opt/rustwide/target/debug/build/tflite-67045aec2685ab02/out/tensorflow/tensorflow/lite/tools/make/../../../../../../ -I/opt/rustwide/target/debug/build/tflite-67045aec2685ab02/out/tensorflow/tensorflow/lite/tools/make/downloads/ -I/opt/rustwide/target/debug/build/tflite-67045aec2685ab02/out/tensorflow/tensorflow/lite/tools/make/downloads/eigen -I/opt/rustwide/target/debug/build/tflite-67045aec2685ab02/out/tensorflow/tensorflow/lite/tools/make/downloads/absl -I/opt/rustwide/target/debug/build/tflite-67045aec2685ab02/out/tensorflow/tensorflow/lite/tools/make/downloads/gemmlowp -I/opt/rustwide/target/debug/build/tflite-67045aec2685ab02/out/tensorflow/tensorflow/lite/tools/make/downloads/neon_2_sse -I/opt/rustwide/target/debug/build/tflite-67045aec2685ab02/out/tensorflow/tensorflow/lite/tools/make/downloads/farmhash/src -I/opt/rustwide/target/debug/build/tflite-67045aec2685ab02/out/tensorflow/tensorflow/lite/tools/make/downloads/flatbuffers/include -I -I/usr/local/include -c tensorflow/lite/kernels/batch_to_space_nd.cc -o /opt/rustwide/target/debug/build/tflite-67045aec2685ab02/out/tensorflow/tensorflow/lite/tools/make/gen/linux_x86_64/obj/tensorflow/lite/kernels/batch_to_space_nd.o
[INFO] [stderr]   g++ -O3 -DNDEBUG -fPIC --std=c++11 -fPIC -DGEMMLOWP_ALLOW_SLOW_SCALAR_FALLBACK -pthread -I. -I/opt/rustwide/target/debug/build/tflite-67045aec2685ab02/out/tensorflow/tensorflow/lite/tools/make/../../../../../ -I/opt/rustwide/target/debug/build/tflite-67045aec2685ab02/out/tensorflow/tensorflow/lite/tools/make/../../../../../../ -I/opt/rustwide/target/debug/build/tflite-67045aec2685ab02/out/tensorflow/tensorflow/lite/tools/make/downloads/ -I/opt/rustwide/target/debug/build/tflite-67045aec2685ab02/out/tensorflow/tensorflow/lite/tools/make/downloads/eigen -I/opt/rustwide/target/debug/build/tflite-67045aec2685ab02/out/tensorflow/tensorflow/lite/tools/make/downloads/absl -I/opt/rustwide/target/debug/build/tflite-67045aec2685ab02/out/tensorflow/tensorflow/lite/tools/make/downloads/gemmlowp -I/opt/rustwide/target/debug/build/tflite-67045aec2685ab02/out/tensorflow/tensorflow/lite/tools/make/downloads/neon_2_sse -I/opt/rustwide/target/debug/build/tflite-67045aec2685ab02/out/tensorflow/tensorflow/lite/tools/make/downloads/farmhash/src -I/opt/rustwide/target/debug/build/tflite-67045aec2685ab02/out/tensorflow/tensorflow/lite/tools/make/downloads/flatbuffers/include -I -I/usr/local/include -c tensorflow/lite/kernels/bidirectional_sequence_lstm.cc -o /opt/rustwide/target/debug/build/tflite-67045aec2685ab02/out/tensorflow/tensorflow/lite/tools/make/gen/linux_x86_64/obj/tensorflow/lite/kernels/bidirectional_sequence_lstm.o
[INFO] [stderr]   g++ -O3 -DNDEBUG -fPIC --std=c++11 -fPIC -DGEMMLOWP_ALLOW_SLOW_SCALAR_FALLBACK -pthread -I. -I/opt/rustwide/target/debug/build/tflite-67045aec2685ab02/out/tensorflow/tensorflow/lite/tools/make/../../../../../ -I/opt/rustwide/target/debug/build/tflite-67045aec2685ab02/out/tensorflow/tensorflow/lite/tools/make/../../../../../../ -I/opt/rustwide/target/debug/build/tflite-67045aec2685ab02/out/tensorflow/tensorflow/lite/tools/make/downloads/ -I/opt/rustwide/target/debug/build/tflite-67045aec2685ab02/out/tensorflow/tensorflow/lite/tools/make/downloads/eigen -I/opt/rustwide/target/debug/build/tflite-67045aec2685ab02/out/tensorflow/tensorflow/lite/tools/make/downloads/absl -I/opt/rustwide/target/debug/build/tflite-67045aec2685ab02/out/tensorflow/tensorflow/lite/tools/make/downloads/gemmlowp -I/opt/rustwide/target/debug/build/tflite-67045aec2685ab02/out/tensorflow/tensorflow/lite/tools/make/downloads/neon_2_sse -I/opt/rustwide/target/debug/build/tflite-67045aec2685ab02/out/tensorflow/tensorflow/lite/tools/make/downloads/farmhash/src -I/opt/rustwide/target/debug/build/tflite-67045aec2685ab02/out/tensorflow/tensorflow/lite/tools/make/downloads/flatbuffers/include -I -I/usr/local/include -c tensorflow/lite/kernels/bidirectional_sequence_rnn.cc -o /opt/rustwide/target/debug/build/tflite-67045aec2685ab02/out/tensorflow/tensorflow/lite/tools/make/gen/linux_x86_64/obj/tensorflow/lite/kernels/bidirectional_sequence_rnn.o
[INFO] [stderr]   g++ -O3 -DNDEBUG -fPIC --std=c++11 -fPIC -DGEMMLOWP_ALLOW_SLOW_SCALAR_FALLBACK -pthread -I. -I/opt/rustwide/target/debug/build/tflite-67045aec2685ab02/out/tensorflow/tensorflow/lite/tools/make/../../../../../ -I/opt/rustwide/target/debug/build/tflite-67045aec2685ab02/out/tensorflow/tensorflow/lite/tools/make/../../../../../../ -I/opt/rustwide/target/debug/build/tflite-67045aec2685ab02/out/tensorflow/tensorflow/lite/tools/make/downloads/ -I/opt/rustwide/target/debug/build/tflite-67045aec2685ab02/out/tensorflow/tensorflow/lite/tools/make/downloads/eigen -I/opt/rustwide/target/debug/build/tflite-67045aec2685ab02/out/tensorflow/tensorflow/lite/tools/make/downloads/absl -I/opt/rustwide/target/debug/build/tflite-67045aec2685ab02/out/tensorflow/tensorflow/lite/tools/make/downloads/gemmlowp -I/opt/rustwide/target/debug/build/tflite-67045aec2685ab02/out/tensorflow/tensorflow/lite/tools/make/downloads/neon_2_sse -I/opt/rustwide/target/debug/build/tflite-67045aec2685ab02/out/tensorflow/tensorflow/lite/tools/make/downloads/farmhash/src -I/opt/rustwide/target/debug/build/tflite-67045aec2685ab02/out/tensorflow/tensorflow/lite/tools/make/downloads/flatbuffers/include -I -I/usr/local/include -c tensorflow/lite/kernels/cast.cc -o /opt/rustwide/target/debug/build/tflite-67045aec2685ab02/out/tensorflow/tensorflow/lite/tools/make/gen/linux_x86_64/obj/tensorflow/lite/kernels/cast.o
[INFO] [stderr]   g++ -O3 -DNDEBUG -fPIC --std=c++11 -fPIC -DGEMMLOWP_ALLOW_SLOW_SCALAR_FALLBACK -pthread -I. -I/opt/rustwide/target/debug/build/tflite-67045aec2685ab02/out/tensorflow/tensorflow/lite/tools/make/../../../../../ -I/opt/rustwide/target/debug/build/tflite-67045aec2685ab02/out/tensorflow/tensorflow/lite/tools/make/../../../../../../ -I/opt/rustwide/target/debug/build/tflite-67045aec2685ab02/out/tensorflow/tensorflow/lite/tools/make/downloads/ -I/opt/rustwide/target/debug/build/tflite-67045aec2685ab02/out/tensorflow/tensorflow/lite/tools/make/downloads/eigen -I/opt/rustwide/target/debug/build/tflite-67045aec2685ab02/out/tensorflow/tensorflow/lite/tools/make/downloads/absl -I/opt/rustwide/target/debug/build/tflite-67045aec2685ab02/out/tensorflow/tensorflow/lite/tools/make/downloads/gemmlowp -I/opt/rustwide/target/debug/build/tflite-67045aec2685ab02/out/tensorflow/tensorflow/lite/tools/make/downloads/neon_2_sse -I/opt/rustwide/target/debug/build/tflite-67045aec2685ab02/out/tensorflow/tensorflow/lite/tools/make/downloads/farmhash/src -I/opt/rustwide/target/debug/build/tflite-67045aec2685ab02/out/tensorflow/tensorflow/lite/tools/make/downloads/flatbuffers/include -I -I/usr/local/include -c tensorflow/lite/kernels/ceil.cc -o /opt/rustwide/target/debug/build/tflite-67045aec2685ab02/out/tensorflow/tensorflow/lite/tools/make/gen/linux_x86_64/obj/tensorflow/lite/kernels/ceil.o
[INFO] [stderr]   g++ -O3 -DNDEBUG -fPIC --std=c++11 -fPIC -DGEMMLOWP_ALLOW_SLOW_SCALAR_FALLBACK -pthread -I. -I/opt/rustwide/target/debug/build/tflite-67045aec2685ab02/out/tensorflow/tensorflow/lite/tools/make/../../../../../ -I/opt/rustwide/target/debug/build/tflite-67045aec2685ab02/out/tensorflow/tensorflow/lite/tools/make/../../../../../../ -I/opt/rustwide/target/debug/build/tflite-67045aec2685ab02/out/tensorflow/tensorflow/lite/tools/make/downloads/ -I/opt/rustwide/target/debug/build/tflite-67045aec2685ab02/out/tensorflow/tensorflow/lite/tools/make/downloads/eigen -I/opt/rustwide/target/debug/build/tflite-67045aec2685ab02/out/tensorflow/tensorflow/lite/tools/make/downloads/absl -I/opt/rustwide/target/debug/build/tflite-67045aec2685ab02/out/tensorflow/tensorflow/lite/tools/make/downloads/gemmlowp -I/opt/rustwide/target/debug/build/tflite-67045aec2685ab02/out/tensorflow/tensorflow/lite/tools/make/downloads/neon_2_sse -I/opt/rustwide/target/debug/build/tflite-67045aec2685ab02/out/tensorflow/tensorflow/lite/tools/make/downloads/farmhash/src -I/opt/rustwide/target/debug/build/tflite-67045aec2685ab02/out/tensorflow/tensorflow/lite/tools/make/downloads/flatbuffers/include -I -I/usr/local/include -c tensorflow/lite/kernels/comparisons.cc -o /opt/rustwide/target/debug/build/tflite-67045aec2685ab02/out/tensorflow/tensorflow/lite/tools/make/gen/linux_x86_64/obj/tensorflow/lite/kernels/comparisons.o
[INFO] [stderr]   g++ -O3 -DNDEBUG -fPIC --std=c++11 -fPIC -DGEMMLOWP_ALLOW_SLOW_SCALAR_FALLBACK -pthread -I. -I/opt/rustwide/target/debug/build/tflite-67045aec2685ab02/out/tensorflow/tensorflow/lite/tools/make/../../../../../ -I/opt/rustwide/target/debug/build/tflite-67045aec2685ab02/out/tensorflow/tensorflow/lite/tools/make/../../../../../../ -I/opt/rustwide/target/debug/build/tflite-67045aec2685ab02/out/tensorflow/tensorflow/lite/tools/make/downloads/ -I/opt/rustwide/target/debug/build/tflite-67045aec2685ab02/out/tensorflow/tensorflow/lite/tools/make/downloads/eigen -I/opt/rustwide/target/debug/build/tflite-67045aec2685ab02/out/tensorflow/tensorflow/lite/tools/make/downloads/absl -I/opt/rustwide/target/debug/build/tflite-67045aec2685ab02/out/tensorflow/tensorflow/lite/tools/make/downloads/gemmlowp -I/opt/rustwide/target/debug/build/tflite-67045aec2685ab02/out/tensorflow/tensorflow/lite/tools/make/downloads/neon_2_sse -I/opt/rustwide/target/debug/build/tflite-67045aec2685ab02/out/tensorflow/tensorflow/lite/tools/make/downloads/farmhash/src -I/opt/rustwide/target/debug/build/tflite-67045aec2685ab02/out/tensorflow/tensorflow/lite/tools/make/downloads/flatbuffers/include -I -I/usr/local/include -c tensorflow/lite/kernels/concatenation.cc -o /opt/rustwide/target/debug/build/tflite-67045aec2685ab02/out/tensorflow/tensorflow/lite/tools/make/gen/linux_x86_64/obj/tensorflow/lite/kernels/concatenation.o
[INFO] [stderr] 
[INFO] [stderr]   --- stderr
[INFO] [stderr]   error: 'rustfmt' is not installed for the toolchain '1.75.0-x86_64-unknown-linux-gnu'
[INFO] [stderr]   To install, run `rustup component add rustfmt --toolchain 1.75.0-x86_64-unknown-linux-gnu`
[INFO] [stderr]   Failed to run rustfmt: Internal rustfmt error (non-fatal, continuing)
[INFO] [stderr]   error: 'rustfmt' is not installed for the toolchain '1.75.0-x86_64-unknown-linux-gnu'
[INFO] [stderr]   To install, run `rustup component add rustfmt --toolchain 1.75.0-x86_64-unknown-linux-gnu`
[INFO] [stderr]   Failed to run rustfmt: Internal rustfmt error (non-fatal, continuing)
[INFO] [stderr]   make command = cd "/opt/rustwide/target/debug/build/tflite-67045aec2685ab02/out/tensorflow" && "make" "-j" "16" "BUILD_WITH_NNAPI=false" "-f" "tensorflow/lite/tools/make/Makefile" "TARGET=linux" "TARGET_ARCH=x86_64" "micro" in dir  "/opt/rustwide/target/debug/build/tflite-67045aec2685ab02/out/tensorflow"
[INFO] [stderr]   g++: fatal error: Killed signal terminated program cc1plus
[INFO] [stderr]   compilation terminated.
[INFO] [stderr]   make: *** [tensorflow/lite/tools/make/Makefile:246: /opt/rustwide/target/debug/build/tflite-67045aec2685ab02/out/tensorflow/tensorflow/lite/tools/make/gen/linux_x86_64/obj/tensorflow/lite/core/api/flatbuffer_conversions.o] Error 1
[INFO] [stderr]   make: *** Waiting for unfinished jobs....
[INFO] [stderr]   g++: fatal error: Killed signal terminated program cc1plus
[INFO] [stderr]   compilation terminated.
[INFO] [stderr]   make: *** [tensorflow/lite/tools/make/Makefile:246: /opt/rustwide/target/debug/build/tflite-67045aec2685ab02/out/tensorflow/tensorflow/lite/tools/make/gen/linux_x86_64/obj/tensorflow/lite/core/subgraph.o] Error 1
[INFO] [stderr]   g++: fatal error: Killed signal terminated program cc1plus
[INFO] [stderr]   compilation terminated.
[INFO] [stderr]   make: *** [tensorflow/lite/tools/make/Makefile:245: /opt/rustwide/target/debug/build/tflite-67045aec2685ab02/out/tensorflow/tensorflow/lite/tools/make/gen/linux_x86_64/obj/tensorflow/lite/interpreter.o] Error 1
[INFO] [stderr]   g++: fatal error: Killed signal terminated program cc1plus
[INFO] [stderr]   compilation terminated.
[INFO] [stderr]   make: *** [tensorflow/lite/tools/make/Makefile:245: /opt/rustwide/target/debug/build/tflite-67045aec2685ab02/out/tensorflow/tensorflow/lite/tools/make/gen/linux_x86_64/obj/tensorflow/lite/kernels/audio_spectrogram.o] Error 1
[INFO] [stderr]   g++: fatal error: Killed signal terminated program cc1plus
[INFO] [stderr]   compilation terminated.
[INFO] [stderr]   make: *** [tensorflow/lite/tools/make/Makefile:245: /opt/rustwide/target/debug/build/tflite-67045aec2685ab02/out/tensorflow/tensorflow/lite/tools/make/gen/linux_x86_64/obj/tensorflow/lite/kernels/add.o] Error 1
[INFO] [stderr]   g++: fatal error: Killed signal terminated program cc1plus
[INFO] [stderr]   compilation terminated.
[INFO] [stderr]   make: *** [tensorflow/lite/tools/make/Makefile:245: /opt/rustwide/target/debug/build/tflite-67045aec2685ab02/out/tensorflow/tensorflow/lite/tools/make/gen/linux_x86_64/obj/tensorflow/lite/kernels/arg_min_max.o] Error 1
[INFO] [stderr]   g++: fatal error: Killed signal terminated program cc1plus
[INFO] [stderr]   compilation terminated.
[INFO] [stderr]   make: *** [tensorflow/lite/tools/make/Makefile:245: /opt/rustwide/target/debug/build/tflite-67045aec2685ab02/out/tensorflow/tensorflow/lite/tools/make/gen/linux_x86_64/obj/tensorflow/lite/kernels/activations.o] Error 1
[INFO] [stderr]   g++: fatal error: Killed signal terminated program cc1plus
[INFO] [stderr]   compilation terminated.
[INFO] [stderr]   make: *** [tensorflow/lite/tools/make/Makefile:245: /opt/rustwide/target/debug/build/tflite-67045aec2685ab02/out/tensorflow/tensorflow/lite/tools/make/gen/linux_x86_64/obj/tensorflow/lite/kernels/batch_to_space_nd.o] Error 1
[INFO] [stderr]   thread 'main' panicked at build.rs:167:17:
[INFO] [stderr]   Failed to build tensorflow
[INFO] [stderr]   stack backtrace:
[INFO] [stderr]      0:     0x5622692452bc - std::backtrace_rs::backtrace::libunwind::trace::ha637c64ce894333a
[INFO] [stderr]                                  at /rustc/82e1608dfa6e0b5569232559e3d385fea5a93112/library/std/src/../../backtrace/src/backtrace/libunwind.rs:104:5
[INFO] [stderr]      1:     0x5622692452bc - std::backtrace_rs::backtrace::trace_unsynchronized::h47f62dea28e0c88d
[INFO] [stderr]                                  at /rustc/82e1608dfa6e0b5569232559e3d385fea5a93112/library/std/src/../../backtrace/src/backtrace/mod.rs:66:5
[INFO] [stderr]      2:     0x5622692452bc - std::sys_common::backtrace::_print_fmt::h9eef0abe20ede486
[INFO] [stderr]                                  at /rustc/82e1608dfa6e0b5569232559e3d385fea5a93112/library/std/src/sys_common/backtrace.rs:67:5
[INFO] [stderr]      3:     0x5622692452bc - <std::sys_common::backtrace::_print::DisplayBacktrace as core::fmt::Display>::fmt::hed7f999df88cc644
[INFO] [stderr]                                  at /rustc/82e1608dfa6e0b5569232559e3d385fea5a93112/library/std/src/sys_common/backtrace.rs:44:22
[INFO] [stderr]      4:     0x562269272040 - core::fmt::rt::Argument::fmt::h1539a9308b8d058d
[INFO] [stderr]                                  at /rustc/82e1608dfa6e0b5569232559e3d385fea5a93112/library/core/src/fmt/rt.rs:142:9
[INFO] [stderr]      5:     0x562269272040 - core::fmt::write::h3a39390d8560d9c9
[INFO] [stderr]                                  at /rustc/82e1608dfa6e0b5569232559e3d385fea5a93112/library/core/src/fmt/mod.rs:1120:17
[INFO] [stderr]      6:     0x5622692421ef - std::io::Write::write_fmt::h5fc9997dfe05f882
[INFO] [stderr]                                  at /rustc/82e1608dfa6e0b5569232559e3d385fea5a93112/library/std/src/io/mod.rs:1762:15
[INFO] [stderr]      7:     0x5622692450a4 - std::sys_common::backtrace::_print::h894006fb5c6f3d45
[INFO] [stderr]                                  at /rustc/82e1608dfa6e0b5569232559e3d385fea5a93112/library/std/src/sys_common/backtrace.rs:47:5
[INFO] [stderr]      8:     0x5622692450a4 - std::sys_common::backtrace::print::h23a2d212c6fff936
[INFO] [stderr]                                  at /rustc/82e1608dfa6e0b5569232559e3d385fea5a93112/library/std/src/sys_common/backtrace.rs:34:9
[INFO] [stderr]      9:     0x562269246ed7 - std::panicking::default_hook::{{closure}}::h8a1d2ee00185001a
[INFO] [stderr]     10:     0x562269246c3f - std::panicking::default_hook::h6038f2eba384e475
[INFO] [stderr]                                  at /rustc/82e1608dfa6e0b5569232559e3d385fea5a93112/library/std/src/panicking.rs:292:9
[INFO] [stderr]     11:     0x562269247358 - std::panicking::rust_panic_with_hook::h2b5517d590cab22e
[INFO] [stderr]                                  at /rustc/82e1608dfa6e0b5569232559e3d385fea5a93112/library/std/src/panicking.rs:779:13
[INFO] [stderr]     12:     0x562269247209 - std::panicking::begin_panic_handler::{{closure}}::h233112c06e0ef43e
[INFO] [stderr]                                  at /rustc/82e1608dfa6e0b5569232559e3d385fea5a93112/library/std/src/panicking.rs:649:13
[INFO] [stderr]     13:     0x562269245786 - std::sys_common::backtrace::__rust_end_short_backtrace::h6e893f24d7ebbff8
[INFO] [stderr]                                  at /rustc/82e1608dfa6e0b5569232559e3d385fea5a93112/library/std/src/sys_common/backtrace.rs:170:18
[INFO] [stderr]     14:     0x562269246fa2 - rust_begin_unwind
[INFO] [stderr]                                  at /rustc/82e1608dfa6e0b5569232559e3d385fea5a93112/library/std/src/panicking.rs:645:5
[INFO] [stderr]     15:     0x562268b4c9a5 - core::panicking::panic_fmt::hbf0e066aabfa482c
[INFO] [stderr]                                  at /rustc/82e1608dfa6e0b5569232559e3d385fea5a93112/library/core/src/panicking.rs:72:14
[INFO] [stderr]     16:     0x562268b5681e - build_script_build::prepare_tensorflow_library::h0e1280b471abd7c9
[INFO] [stderr]     17:     0x562268b59289 - build_script_build::main::hc94757c7d2cb9424
[INFO] [stderr]     18:     0x562268b59e43 - core::ops::function::FnOnce::call_once::hc027bf0670f67f29
[INFO] [stderr]     19:     0x562268b4d346 - std::sys_common::backtrace::__rust_begin_short_backtrace::h810c602afd7e2a41
[INFO] [stderr]     20:     0x562268b59c89 - std::rt::lang_start::{{closure}}::h4ec5873a27cca009
[INFO] [stderr]     21:     0x56226923da27 - core::ops::function::impls::<impl core::ops::function::FnOnce<A> for &F>::call_once::hd95060ecd5e1ca24
[INFO] [stderr]                                  at /rustc/82e1608dfa6e0b5569232559e3d385fea5a93112/library/core/src/ops/function.rs:284:13
[INFO] [stderr]     22:     0x56226923da27 - std::panicking::try::do_call::h6e8cf51db32a6e4b
[INFO] [stderr]                                  at /rustc/82e1608dfa6e0b5569232559e3d385fea5a93112/library/std/src/panicking.rs:552:40
[INFO] [stderr]     23:     0x56226923da27 - std::panicking::try::h3a52eefe24fe3c29
[INFO] [stderr]                                  at /rustc/82e1608dfa6e0b5569232559e3d385fea5a93112/library/std/src/panicking.rs:516:19
[INFO] [stderr]     24:     0x56226923da27 - std::panic::catch_unwind::h24c28c23c02c3841
[INFO] [stderr]                                  at /rustc/82e1608dfa6e0b5569232559e3d385fea5a93112/library/std/src/panic.rs:142:14
[INFO] [stderr]     25:     0x56226923da27 - std::rt::lang_start_internal::{{closure}}::h705d3c9cbc06ef47
[INFO] [stderr]                                  at /rustc/82e1608dfa6e0b5569232559e3d385fea5a93112/library/std/src/rt.rs:148:48
[INFO] [stderr]     26:     0x56226923da27 - std::panicking::try::do_call::ha21f52ba13158470
[INFO] [stderr]                                  at /rustc/82e1608dfa6e0b5569232559e3d385fea5a93112/library/std/src/panicking.rs:552:40
[INFO] [stderr]     27:     0x56226923da27 - std::panicking::try::h5581346bf6aeb1f8
[INFO] [stderr]                                  at /rustc/82e1608dfa6e0b5569232559e3d385fea5a93112/library/std/src/panicking.rs:516:19
[INFO] [stderr]     28:     0x56226923da27 - std::panic::catch_unwind::h7919645a6b72e25b
[INFO] [stderr]                                  at /rustc/82e1608dfa6e0b5569232559e3d385fea5a93112/library/std/src/panic.rs:142:14
[INFO] [stderr]     29:     0x56226923da27 - std::rt::lang_start_internal::h12de51168669836e
[INFO] [stderr]                                  at /rustc/82e1608dfa6e0b5569232559e3d385fea5a93112/library/std/src/rt.rs:148:20
[INFO] [stderr]     30:     0x562268b59c67 - std::rt::lang_start::h833493e14808a00c
[INFO] [stderr]     31:     0x562268b592c5 - main
[INFO] [stderr]     32:     0x7f5433d19d90 - <unknown>
[INFO] [stderr]     33:     0x7f5433d19e40 - __libc_start_main
[INFO] [stderr]     34:     0x562268b4d275 - _start
[INFO] [stderr]     35:                0x0 - <unknown>
[INFO] running `Command { std: "docker" "inspect" "28f270a73ca6bac404710e32310c1756f7a49dee09a6cf87c5170a52ce05801b", kill_on_drop: false }`
[INFO] running `Command { std: "docker" "rm" "-f" "28f270a73ca6bac404710e32310c1756f7a49dee09a6cf87c5170a52ce05801b", kill_on_drop: false }`
[INFO] [stdout] 28f270a73ca6bac404710e32310c1756f7a49dee09a6cf87c5170a52ce05801b
[INFO] testing tflite-0.9.7 against beta-2023-12-22 for beta-1.76-1
[INFO] extracting crate tflite 0.9.7 into /workspace/builds/worker-5-tc2/source
[INFO] validating manifest of crates.io crate tflite 0.9.7 on toolchain beta-2023-12-22
[INFO] running `Command { std: CARGO_HOME="/workspace/cargo-home" RUSTUP_HOME="/workspace/rustup-home" "/workspace/cargo-home/bin/cargo" "+beta-2023-12-22" "metadata" "--manifest-path" "Cargo.toml" "--no-deps", kill_on_drop: false }`
[INFO] started tweaking crates.io crate tflite 0.9.7
[INFO] finished tweaking crates.io crate tflite 0.9.7
[INFO] tweaked toml for crates.io crate tflite 0.9.7 written to /workspace/builds/worker-5-tc2/source/Cargo.toml
[INFO] crate crates.io crate tflite 0.9.7 already has a lockfile, it will not be regenerated
[INFO] running `Command { std: CARGO_HOME="/workspace/cargo-home" RUSTUP_HOME="/workspace/rustup-home" "/workspace/cargo-home/bin/cargo" "+beta-2023-12-22" "fetch" "--manifest-path" "Cargo.toml", kill_on_drop: false }`
[INFO] running `Command { std: "docker" "create" "-v" "/var/lib/crater-agent-workspace/builds/worker-5-tc2/target:/opt/rustwide/target:rw,Z" "-v" "/var/lib/crater-agent-workspace/builds/worker-5-tc2/source:/opt/rustwide/workdir:ro,Z" "-v" "/var/lib/crater-agent-workspace/cargo-home:/opt/rustwide/cargo-home:ro,Z" "-v" "/var/lib/crater-agent-workspace/rustup-home:/opt/rustwide/rustup-home:ro,Z" "-e" "SOURCE_DIR=/opt/rustwide/workdir" "-e" "CARGO_TARGET_DIR=/opt/rustwide/target" "-e" "CARGO_HOME=/opt/rustwide/cargo-home" "-e" "RUSTUP_HOME=/opt/rustwide/rustup-home" "-w" "/opt/rustwide/workdir" "-m" "1610612736" "--user" "0:0" "--network" "none" "ghcr.io/rust-lang/crates-build-env/linux@sha256:2788e3201cd34a07e3172128adcd8b3090168a8e3bcc40d7c032b9dda1df7d1c" "/opt/rustwide/cargo-home/bin/cargo" "+beta-2023-12-22" "metadata" "--no-deps" "--format-version=1", kill_on_drop: false }`
[INFO] [stdout] a48cbcadfa86e8a6419aa5b2a4873279533fb58d82d1674542efb30627b7bed3
[INFO] running `Command { std: "docker" "start" "-a" "a48cbcadfa86e8a6419aa5b2a4873279533fb58d82d1674542efb30627b7bed3", kill_on_drop: false }`
[INFO] running `Command { std: "docker" "inspect" "a48cbcadfa86e8a6419aa5b2a4873279533fb58d82d1674542efb30627b7bed3", kill_on_drop: false }`
[INFO] running `Command { std: "docker" "rm" "-f" "a48cbcadfa86e8a6419aa5b2a4873279533fb58d82d1674542efb30627b7bed3", kill_on_drop: false }`
[INFO] [stdout] a48cbcadfa86e8a6419aa5b2a4873279533fb58d82d1674542efb30627b7bed3
[INFO] running `Command { std: "docker" "create" "-v" "/var/lib/crater-agent-workspace/builds/worker-5-tc2/target:/opt/rustwide/target:rw,Z" "-v" "/var/lib/crater-agent-workspace/builds/worker-5-tc2/source:/opt/rustwide/workdir:ro,Z" "-v" "/var/lib/crater-agent-workspace/cargo-home:/opt/rustwide/cargo-home:ro,Z" "-v" "/var/lib/crater-agent-workspace/rustup-home:/opt/rustwide/rustup-home:ro,Z" "-e" "SOURCE_DIR=/opt/rustwide/workdir" "-e" "CARGO_TARGET_DIR=/opt/rustwide/target" "-e" "CARGO_INCREMENTAL=0" "-e" "RUST_BACKTRACE=full" "-e" "RUSTFLAGS=--cap-lints=warn" "-e" "RUSTDOCFLAGS=--cap-lints=warn" "-e" "CARGO_HOME=/opt/rustwide/cargo-home" "-e" "RUSTUP_HOME=/opt/rustwide/rustup-home" "-w" "/opt/rustwide/workdir" "-m" "1610612736" "--user" "0:0" "--network" "none" "ghcr.io/rust-lang/crates-build-env/linux@sha256:2788e3201cd34a07e3172128adcd8b3090168a8e3bcc40d7c032b9dda1df7d1c" "/opt/rustwide/cargo-home/bin/cargo" "+beta-2023-12-22" "build" "--frozen" "--message-format=json", kill_on_drop: false }`
[INFO] [stdout] cd17cd3b14cac9d4d49712e2ad50d18e4cfee13664f1203ac859a75ab1dcf7bd
[INFO] running `Command { std: "docker" "start" "-a" "cd17cd3b14cac9d4d49712e2ad50d18e4cfee13664f1203ac859a75ab1dcf7bd", kill_on_drop: false }`
[INFO] [stderr]    Compiling proc-macro2 v1.0.60
[INFO] [stderr]    Compiling quote v1.0.28
[INFO] [stderr]    Compiling unicode-ident v1.0.9
[INFO] [stderr]    Compiling memchr v2.5.0
[INFO] [stderr]    Compiling syn v1.0.93
[INFO] [stderr]    Compiling unicode-xid v0.2.3
[INFO] [stderr]    Compiling lazy_static v1.4.0
[INFO] [stderr]    Compiling libc v0.2.139
[INFO] [stderr]    Compiling glob v0.3.0
[INFO] [stderr]    Compiling prettyplease v0.2.6
[INFO] [stderr]    Compiling cfg-if v1.0.0
[INFO] [stderr]    Compiling minimal-lexical v0.2.1
[INFO] [stderr]    Compiling log v0.4.17
[INFO] [stderr]    Compiling regex-syntax v0.6.25
[INFO] [stderr]    Compiling either v1.6.1
[INFO] [stderr]    Compiling bindgen v0.65.1
[INFO] [stderr]    Compiling libloading v0.7.3
[INFO] [stderr]    Compiling peeking_take_while v0.1.2
[INFO] [stderr]    Compiling lazycell v1.3.0
[INFO] [stderr]    Compiling cc v1.0.73
[INFO] [stderr]    Compiling shlex v1.1.0
[INFO] [stderr]    Compiling bitflags v1.3.2
[INFO] [stderr]    Compiling rustc-hash v1.1.0
[INFO] [stderr]    Compiling fs_extra v1.3.0
[INFO] [stderr]    Compiling byteorder v1.4.3
[INFO] [stderr]    Compiling thiserror v1.0.38
[INFO] [stderr]    Compiling maybe-owned v0.3.4
[INFO] [stderr]    Compiling clang-sys v1.3.1
[INFO] [stderr]    Compiling aho-corasick v0.7.18
[INFO] [stderr]    Compiling nom v7.1.3
[INFO] [stderr]    Compiling which v4.4.0
[INFO] [stderr]    Compiling syn v2.0.18
[INFO] [stderr]    Compiling regex v1.5.5
[INFO] [stderr]    Compiling cexpr v0.6.0
[INFO] [stderr]    Compiling cpp_common v0.5.7
[INFO] [stderr]    Compiling cpp_build v0.5.7
[INFO] [stderr]    Compiling cpp_macros v0.5.7
[INFO] [stderr]    Compiling thiserror-impl v1.0.38
[INFO] [stderr]    Compiling cpp v0.5.7
[INFO] [stderr]    Compiling tflite v0.9.7 (/opt/rustwide/workdir)
[INFO] [stderr] error: failed to run custom build command for `tflite v0.9.7 (/opt/rustwide/workdir)`
[INFO] [stderr] note: To improve backtraces for build dependencies, set the CARGO_PROFILE_DEV_BUILD_OVERRIDE_DEBUG=true environment variable to enable debug information generation.
[INFO] [stderr] 
[INFO] [stderr] Caused by:
[INFO] [stderr]   process didn't exit successfully: `/opt/rustwide/target/debug/build/tflite-618881e8f57d11ac/build-script-build` (exit status: 101)
[INFO] [stderr]   --- stdout
[INFO] [stderr]   TARGET = Some("x86_64-unknown-linux-gnu")
[INFO] [stderr]   HOST = Some("x86_64-unknown-linux-gnu")
[INFO] [stderr]   CXX_x86_64-unknown-linux-gnu = None
[INFO] [stderr]   CXX_x86_64_unknown_linux_gnu = None
[INFO] [stderr]   HOST_CXX = None
[INFO] [stderr]   CXX = None
[INFO] [stderr]   CXXFLAGS_x86_64-unknown-linux-gnu = None
[INFO] [stderr]   CXXFLAGS_x86_64_unknown_linux_gnu = None
[INFO] [stderr]   HOST_CXXFLAGS = None
[INFO] [stderr]   CXXFLAGS = None
[INFO] [stderr]   CRATE_CC_NO_DEFAULTS = None
[INFO] [stderr]   CARGO_CFG_TARGET_FEATURE = Some("fxsr,sse,sse2")
[INFO] [stderr]   running: "c++" "-O0" "-ffunction-sections" "-fdata-sections" "-fPIC" "-g" "-fno-omit-frame-pointer" "-m64" "-I" "/opt/rustwide/workdir" "-I" "/opt/rustwide/workdir/submodules/tensorflow" "-I" "/opt/rustwide/workdir/submodules/downloads/flatbuffers/include" "-Wall" "-Wextra" "-fPIC" "-std=c++14" "-Wno-sign-compare" "-DGEMMLOWP_ALLOW_SLOW_SCALAR_FALLBACK" "-DFLATBUFFERS_POLYMORPHIC_NATIVETABLE" "-o" "/opt/rustwide/target/debug/build/tflite-c6413ede13e80b46/out/rust_cpp/cpp_closures.o" "-c" "/opt/rustwide/target/debug/build/tflite-c6413ede13e80b46/out/rust_cpp/cpp_closures.cpp"
[INFO] [stderr]   exit status: 0
[INFO] [stderr]   AR_x86_64-unknown-linux-gnu = None
[INFO] [stderr]   AR_x86_64_unknown_linux_gnu = None
[INFO] [stderr]   HOST_AR = None
[INFO] [stderr]   AR = None
[INFO] [stderr]   running: ZERO_AR_DATE="1" "ar" "cq" "/opt/rustwide/target/debug/build/tflite-c6413ede13e80b46/out/librust_cpp_generated.a" "/opt/rustwide/target/debug/build/tflite-c6413ede13e80b46/out/rust_cpp/cpp_closures.o"
[INFO] [stderr]   exit status: 0
[INFO] [stderr]   running: "ar" "s" "/opt/rustwide/target/debug/build/tflite-c6413ede13e80b46/out/librust_cpp_generated.a"
[INFO] [stderr]   exit status: 0
[INFO] [stderr]   cargo:rustc-link-lib=static=rust_cpp_generated
[INFO] [stderr]   cargo:rustc-link-search=native=/opt/rustwide/target/debug/build/tflite-c6413ede13e80b46/out
[INFO] [stderr]   CXXSTDLIB_x86_64-unknown-linux-gnu = None
[INFO] [stderr]   CXXSTDLIB_x86_64_unknown_linux_gnu = None
[INFO] [stderr]   HOST_CXXSTDLIB = None
[INFO] [stderr]   CXXSTDLIB = None
[INFO] [stderr]   cargo:rustc-link-lib=stdc++
[INFO] [stderr]   Moving tflite source
[INFO] [stderr]   Moving source took 298.379351ms
[INFO] [stderr]   Building tflite
[INFO] [stderr]   cargo:rerun-if-env-changed=TFLITE_RS_MAKE_TARGET
[INFO] [stderr]   cargo:rerun-if-env-changed=TFLITE_RS_MAKE_TARGET_ARCH
[INFO] [stderr]   cargo:rerun-if-env-changed=TFLITE_RS_MAKE_TARGET_TOOLCHAIN_PREFIX
[INFO] [stderr]   cargo:rerun-if-env-changed=TFLITE_RS_MAKE_EXTRA_CFLAGS
[INFO] [stderr]   cargo:rerun-if-env-changed=TFLITE_RS_MAKE_EXTRA_CXXFLAGS
[INFO] [stderr]   g++ -O3 -DNDEBUG -fPIC --std=c++11 -fPIC -DGEMMLOWP_ALLOW_SLOW_SCALAR_FALLBACK -pthread -I. -I/opt/rustwide/target/debug/build/tflite-c6413ede13e80b46/out/tensorflow/tensorflow/lite/tools/make/../../../../../ -I/opt/rustwide/target/debug/build/tflite-c6413ede13e80b46/out/tensorflow/tensorflow/lite/tools/make/../../../../../../ -I/opt/rustwide/target/debug/build/tflite-c6413ede13e80b46/out/tensorflow/tensorflow/lite/tools/make/downloads/ -I/opt/rustwide/target/debug/build/tflite-c6413ede13e80b46/out/tensorflow/tensorflow/lite/tools/make/downloads/eigen -I/opt/rustwide/target/debug/build/tflite-c6413ede13e80b46/out/tensorflow/tensorflow/lite/tools/make/downloads/absl -I/opt/rustwide/target/debug/build/tflite-c6413ede13e80b46/out/tensorflow/tensorflow/lite/tools/make/downloads/gemmlowp -I/opt/rustwide/target/debug/build/tflite-c6413ede13e80b46/out/tensorflow/tensorflow/lite/tools/make/downloads/neon_2_sse -I/opt/rustwide/target/debug/build/tflite-c6413ede13e80b46/out/tensorflow/tensorflow/lite/tools/make/downloads/farmhash/src -I/opt/rustwide/target/debug/build/tflite-c6413ede13e80b46/out/tensorflow/tensorflow/lite/tools/make/downloads/flatbuffers/include -I -I/usr/local/include -c tensorflow/lite/allocation.cc -o /opt/rustwide/target/debug/build/tflite-c6413ede13e80b46/out/tensorflow/tensorflow/lite/tools/make/gen/linux_x86_64/obj/tensorflow/lite/allocation.o
[INFO] [stderr]   g++ -O3 -DNDEBUG -fPIC --std=c++11 -fPIC -DGEMMLOWP_ALLOW_SLOW_SCALAR_FALLBACK -pthread -I. -I/opt/rustwide/target/debug/build/tflite-c6413ede13e80b46/out/tensorflow/tensorflow/lite/tools/make/../../../../../ -I/opt/rustwide/target/debug/build/tflite-c6413ede13e80b46/out/tensorflow/tensorflow/lite/tools/make/../../../../../../ -I/opt/rustwide/target/debug/build/tflite-c6413ede13e80b46/out/tensorflow/tensorflow/lite/tools/make/downloads/ -I/opt/rustwide/target/debug/build/tflite-c6413ede13e80b46/out/tensorflow/tensorflow/lite/tools/make/downloads/eigen -I/opt/rustwide/target/debug/build/tflite-c6413ede13e80b46/out/tensorflow/tensorflow/lite/tools/make/downloads/absl -I/opt/rustwide/target/debug/build/tflite-c6413ede13e80b46/out/tensorflow/tensorflow/lite/tools/make/downloads/gemmlowp -I/opt/rustwide/target/debug/build/tflite-c6413ede13e80b46/out/tensorflow/tensorflow/lite/tools/make/downloads/neon_2_sse -I/opt/rustwide/target/debug/build/tflite-c6413ede13e80b46/out/tensorflow/tensorflow/lite/tools/make/downloads/farmhash/src -I/opt/rustwide/target/debug/build/tflite-c6413ede13e80b46/out/tensorflow/tensorflow/lite/tools/make/downloads/flatbuffers/include -I -I/usr/local/include -c tensorflow/lite/arena_planner.cc -o /opt/rustwide/target/debug/build/tflite-c6413ede13e80b46/out/tensorflow/tensorflow/lite/tools/make/gen/linux_x86_64/obj/tensorflow/lite/arena_planner.o
[INFO] [stderr]   gcc -O3 -DNDEBUG -fPIC -fPIC -DGEMMLOWP_ALLOW_SLOW_SCALAR_FALLBACK -pthread     -I. -I/opt/rustwide/target/debug/build/tflite-c6413ede13e80b46/out/tensorflow/tensorflow/lite/tools/make/../../../../../ -I/opt/rustwide/target/debug/build/tflite-c6413ede13e80b46/out/tensorflow/tensorflow/lite/tools/make/../../../../../../ -I/opt/rustwide/target/debug/build/tflite-c6413ede13e80b46/out/tensorflow/tensorflow/lite/tools/make/downloads/ -I/opt/rustwide/target/debug/build/tflite-c6413ede13e80b46/out/tensorflow/tensorflow/lite/tools/make/downloads/eigen -I/opt/rustwide/target/debug/build/tflite-c6413ede13e80b46/out/tensorflow/tensorflow/lite/tools/make/downloads/absl -I/opt/rustwide/target/debug/build/tflite-c6413ede13e80b46/out/tensorflow/tensorflow/lite/tools/make/downloads/gemmlowp -I/opt/rustwide/target/debug/build/tflite-c6413ede13e80b46/out/tensorflow/tensorflow/lite/tools/make/downloads/neon_2_sse -I/opt/rustwide/target/debug/build/tflite-c6413ede13e80b46/out/tensorflow/tensorflow/lite/tools/make/downloads/farmhash/src -I/opt/rustwide/target/debug/build/tflite-c6413ede13e80b46/out/tensorflow/tensorflow/lite/tools/make/downloads/flatbuffers/include -I -I/usr/local/include -c tensorflow/lite/c/c_api_internal.c -o /opt/rustwide/target/debug/build/tflite-c6413ede13e80b46/out/tensorflow/tensorflow/lite/tools/make/gen/linux_x86_64/obj/tensorflow/lite/c/c_api_internal.o
[INFO] [stderr]   g++ -O3 -DNDEBUG -fPIC --std=c++11 -fPIC -DGEMMLOWP_ALLOW_SLOW_SCALAR_FALLBACK -pthread -I. -I/opt/rustwide/target/debug/build/tflite-c6413ede13e80b46/out/tensorflow/tensorflow/lite/tools/make/../../../../../ -I/opt/rustwide/target/debug/build/tflite-c6413ede13e80b46/out/tensorflow/tensorflow/lite/tools/make/../../../../../../ -I/opt/rustwide/target/debug/build/tflite-c6413ede13e80b46/out/tensorflow/tensorflow/lite/tools/make/downloads/ -I/opt/rustwide/target/debug/build/tflite-c6413ede13e80b46/out/tensorflow/tensorflow/lite/tools/make/downloads/eigen -I/opt/rustwide/target/debug/build/tflite-c6413ede13e80b46/out/tensorflow/tensorflow/lite/tools/make/downloads/absl -I/opt/rustwide/target/debug/build/tflite-c6413ede13e80b46/out/tensorflow/tensorflow/lite/tools/make/downloads/gemmlowp -I/opt/rustwide/target/debug/build/tflite-c6413ede13e80b46/out/tensorflow/tensorflow/lite/tools/make/downloads/neon_2_sse -I/opt/rustwide/target/debug/build/tflite-c6413ede13e80b46/out/tensorflow/tensorflow/lite/tools/make/downloads/farmhash/src -I/opt/rustwide/target/debug/build/tflite-c6413ede13e80b46/out/tensorflow/tensorflow/lite/tools/make/downloads/flatbuffers/include -I -I/usr/local/include -c tensorflow/lite/core/api/error_reporter.cc -o /opt/rustwide/target/debug/build/tflite-c6413ede13e80b46/out/tensorflow/tensorflow/lite/tools/make/gen/linux_x86_64/obj/tensorflow/lite/core/api/error_reporter.o
[INFO] [stderr]   g++ -O3 -DNDEBUG -fPIC --std=c++11 -fPIC -DGEMMLOWP_ALLOW_SLOW_SCALAR_FALLBACK -pthread -I. -I/opt/rustwide/target/debug/build/tflite-c6413ede13e80b46/out/tensorflow/tensorflow/lite/tools/make/../../../../../ -I/opt/rustwide/target/debug/build/tflite-c6413ede13e80b46/out/tensorflow/tensorflow/lite/tools/make/../../../../../../ -I/opt/rustwide/target/debug/build/tflite-c6413ede13e80b46/out/tensorflow/tensorflow/lite/tools/make/downloads/ -I/opt/rustwide/target/debug/build/tflite-c6413ede13e80b46/out/tensorflow/tensorflow/lite/tools/make/downloads/eigen -I/opt/rustwide/target/debug/build/tflite-c6413ede13e80b46/out/tensorflow/tensorflow/lite/tools/make/downloads/absl -I/opt/rustwide/target/debug/build/tflite-c6413ede13e80b46/out/tensorflow/tensorflow/lite/tools/make/downloads/gemmlowp -I/opt/rustwide/target/debug/build/tflite-c6413ede13e80b46/out/tensorflow/tensorflow/lite/tools/make/downloads/neon_2_sse -I/opt/rustwide/target/debug/build/tflite-c6413ede13e80b46/out/tensorflow/tensorflow/lite/tools/make/downloads/farmhash/src -I/opt/rustwide/target/debug/build/tflite-c6413ede13e80b46/out/tensorflow/tensorflow/lite/tools/make/downloads/flatbuffers/include -I -I/usr/local/include -c tensorflow/lite/core/api/flatbuffer_conversions.cc -o /opt/rustwide/target/debug/build/tflite-c6413ede13e80b46/out/tensorflow/tensorflow/lite/tools/make/gen/linux_x86_64/obj/tensorflow/lite/core/api/flatbuffer_conversions.o
[INFO] [stderr]   g++ -O3 -DNDEBUG -fPIC --std=c++11 -fPIC -DGEMMLOWP_ALLOW_SLOW_SCALAR_FALLBACK -pthread -I. -I/opt/rustwide/target/debug/build/tflite-c6413ede13e80b46/out/tensorflow/tensorflow/lite/tools/make/../../../../../ -I/opt/rustwide/target/debug/build/tflite-c6413ede13e80b46/out/tensorflow/tensorflow/lite/tools/make/../../../../../../ -I/opt/rustwide/target/debug/build/tflite-c6413ede13e80b46/out/tensorflow/tensorflow/lite/tools/make/downloads/ -I/opt/rustwide/target/debug/build/tflite-c6413ede13e80b46/out/tensorflow/tensorflow/lite/tools/make/downloads/eigen -I/opt/rustwide/target/debug/build/tflite-c6413ede13e80b46/out/tensorflow/tensorflow/lite/tools/make/downloads/absl -I/opt/rustwide/target/debug/build/tflite-c6413ede13e80b46/out/tensorflow/tensorflow/lite/tools/make/downloads/gemmlowp -I/opt/rustwide/target/debug/build/tflite-c6413ede13e80b46/out/tensorflow/tensorflow/lite/tools/make/downloads/neon_2_sse -I/opt/rustwide/target/debug/build/tflite-c6413ede13e80b46/out/tensorflow/tensorflow/lite/tools/make/downloads/farmhash/src -I/opt/rustwide/target/debug/build/tflite-c6413ede13e80b46/out/tensorflow/tensorflow/lite/tools/make/downloads/flatbuffers/include -I -I/usr/local/include -c tensorflow/lite/core/api/op_resolver.cc -o /opt/rustwide/target/debug/build/tflite-c6413ede13e80b46/out/tensorflow/tensorflow/lite/tools/make/gen/linux_x86_64/obj/tensorflow/lite/core/api/op_resolver.o
[INFO] [stderr]   g++ -O3 -DNDEBUG -fPIC --std=c++11 -fPIC -DGEMMLOWP_ALLOW_SLOW_SCALAR_FALLBACK -pthread -I. -I/opt/rustwide/target/debug/build/tflite-c6413ede13e80b46/out/tensorflow/tensorflow/lite/tools/make/../../../../../ -I/opt/rustwide/target/debug/build/tflite-c6413ede13e80b46/out/tensorflow/tensorflow/lite/tools/make/../../../../../../ -I/opt/rustwide/target/debug/build/tflite-c6413ede13e80b46/out/tensorflow/tensorflow/lite/tools/make/downloads/ -I/opt/rustwide/target/debug/build/tflite-c6413ede13e80b46/out/tensorflow/tensorflow/lite/tools/make/downloads/eigen -I/opt/rustwide/target/debug/build/tflite-c6413ede13e80b46/out/tensorflow/tensorflow/lite/tools/make/downloads/absl -I/opt/rustwide/target/debug/build/tflite-c6413ede13e80b46/out/tensorflow/tensorflow/lite/tools/make/downloads/gemmlowp -I/opt/rustwide/target/debug/build/tflite-c6413ede13e80b46/out/tensorflow/tensorflow/lite/tools/make/downloads/neon_2_sse -I/opt/rustwide/target/debug/build/tflite-c6413ede13e80b46/out/tensorflow/tensorflow/lite/tools/make/downloads/farmhash/src -I/opt/rustwide/target/debug/build/tflite-c6413ede13e80b46/out/tensorflow/tensorflow/lite/tools/make/downloads/flatbuffers/include -I -I/usr/local/include -c tensorflow/lite/core/subgraph.cc -o /opt/rustwide/target/debug/build/tflite-c6413ede13e80b46/out/tensorflow/tensorflow/lite/tools/make/gen/linux_x86_64/obj/tensorflow/lite/core/subgraph.o
[INFO] [stderr]   g++ -O3 -DNDEBUG -fPIC --std=c++11 -fPIC -DGEMMLOWP_ALLOW_SLOW_SCALAR_FALLBACK -pthread -I. -I/opt/rustwide/target/debug/build/tflite-c6413ede13e80b46/out/tensorflow/tensorflow/lite/tools/make/../../../../../ -I/opt/rustwide/target/debug/build/tflite-c6413ede13e80b46/out/tensorflow/tensorflow/lite/tools/make/../../../../../../ -I/opt/rustwide/target/debug/build/tflite-c6413ede13e80b46/out/tensorflow/tensorflow/lite/tools/make/downloads/ -I/opt/rustwide/target/debug/build/tflite-c6413ede13e80b46/out/tensorflow/tensorflow/lite/tools/make/downloads/eigen -I/opt/rustwide/target/debug/build/tflite-c6413ede13e80b46/out/tensorflow/tensorflow/lite/tools/make/downloads/absl -I/opt/rustwide/target/debug/build/tflite-c6413ede13e80b46/out/tensorflow/tensorflow/lite/tools/make/downloads/gemmlowp -I/opt/rustwide/target/debug/build/tflite-c6413ede13e80b46/out/tensorflow/tensorflow/lite/tools/make/downloads/neon_2_sse -I/opt/rustwide/target/debug/build/tflite-c6413ede13e80b46/out/tensorflow/tensorflow/lite/tools/make/downloads/farmhash/src -I/opt/rustwide/target/debug/build/tflite-c6413ede13e80b46/out/tensorflow/tensorflow/lite/tools/make/downloads/flatbuffers/include -I -I/usr/local/include -c tensorflow/lite/experimental/resource_variable/resource_variable.cc -o /opt/rustwide/target/debug/build/tflite-c6413ede13e80b46/out/tensorflow/tensorflow/lite/tools/make/gen/linux_x86_64/obj/tensorflow/lite/experimental/resource_variable/*.o
[INFO] [stderr]   g++ -O3 -DNDEBUG -fPIC --std=c++11 -fPIC -DGEMMLOWP_ALLOW_SLOW_SCALAR_FALLBACK -pthread -I. -I/opt/rustwide/target/debug/build/tflite-c6413ede13e80b46/out/tensorflow/tensorflow/lite/tools/make/../../../../../ -I/opt/rustwide/target/debug/build/tflite-c6413ede13e80b46/out/tensorflow/tensorflow/lite/tools/make/../../../../../../ -I/opt/rustwide/target/debug/build/tflite-c6413ede13e80b46/out/tensorflow/tensorflow/lite/tools/make/downloads/ -I/opt/rustwide/target/debug/build/tflite-c6413ede13e80b46/out/tensorflow/tensorflow/lite/tools/make/downloads/eigen -I/opt/rustwide/target/debug/build/tflite-c6413ede13e80b46/out/tensorflow/tensorflow/lite/tools/make/downloads/absl -I/opt/rustwide/target/debug/build/tflite-c6413ede13e80b46/out/tensorflow/tensorflow/lite/tools/make/downloads/gemmlowp -I/opt/rustwide/target/debug/build/tflite-c6413ede13e80b46/out/tensorflow/tensorflow/lite/tools/make/downloads/neon_2_sse -I/opt/rustwide/target/debug/build/tflite-c6413ede13e80b46/out/tensorflow/tensorflow/lite/tools/make/downloads/farmhash/src -I/opt/rustwide/target/debug/build/tflite-c6413ede13e80b46/out/tensorflow/tensorflow/lite/tools/make/downloads/flatbuffers/include -I -I/usr/local/include -c tensorflow/lite/experimental/ruy/allocator.cc -o /opt/rustwide/target/debug/build/tflite-c6413ede13e80b46/out/tensorflow/tensorflow/lite/tools/make/gen/linux_x86_64/obj/tensorflow/lite/experimental/ruy/allocator.o
[INFO] [stderr]   g++ -O3 -DNDEBUG -fPIC --std=c++11 -fPIC -DGEMMLOWP_ALLOW_SLOW_SCALAR_FALLBACK -pthread -I. -I/opt/rustwide/target/debug/build/tflite-c6413ede13e80b46/out/tensorflow/tensorflow/lite/tools/make/../../../../../ -I/opt/rustwide/target/debug/build/tflite-c6413ede13e80b46/out/tensorflow/tensorflow/lite/tools/make/../../../../../../ -I/opt/rustwide/target/debug/build/tflite-c6413ede13e80b46/out/tensorflow/tensorflow/lite/tools/make/downloads/ -I/opt/rustwide/target/debug/build/tflite-c6413ede13e80b46/out/tensorflow/tensorflow/lite/tools/make/downloads/eigen -I/opt/rustwide/target/debug/build/tflite-c6413ede13e80b46/out/tensorflow/tensorflow/lite/tools/make/downloads/absl -I/opt/rustwide/target/debug/build/tflite-c6413ede13e80b46/out/tensorflow/tensorflow/lite/tools/make/downloads/gemmlowp -I/opt/rustwide/target/debug/build/tflite-c6413ede13e80b46/out/tensorflow/tensorflow/lite/tools/make/downloads/neon_2_sse -I/opt/rustwide/target/debug/build/tflite-c6413ede13e80b46/out/tensorflow/tensorflow/lite/tools/make/downloads/farmhash/src -I/opt/rustwide/target/debug/build/tflite-c6413ede13e80b46/out/tensorflow/tensorflow/lite/tools/make/downloads/flatbuffers/include -I -I/usr/local/include -c tensorflow/lite/experimental/ruy/block_map.cc -o /opt/rustwide/target/debug/build/tflite-c6413ede13e80b46/out/tensorflow/tensorflow/lite/tools/make/gen/linux_x86_64/obj/tensorflow/lite/experimental/ruy/block_map.o
[INFO] [stderr]   g++ -O3 -DNDEBUG -fPIC --std=c++11 -fPIC -DGEMMLOWP_ALLOW_SLOW_SCALAR_FALLBACK -pthread -I. -I/opt/rustwide/target/debug/build/tflite-c6413ede13e80b46/out/tensorflow/tensorflow/lite/tools/make/../../../../../ -I/opt/rustwide/target/debug/build/tflite-c6413ede13e80b46/out/tensorflow/tensorflow/lite/tools/make/../../../../../../ -I/opt/rustwide/target/debug/build/tflite-c6413ede13e80b46/out/tensorflow/tensorflow/lite/tools/make/downloads/ -I/opt/rustwide/target/debug/build/tflite-c6413ede13e80b46/out/tensorflow/tensorflow/lite/tools/make/downloads/eigen -I/opt/rustwide/target/debug/build/tflite-c6413ede13e80b46/out/tensorflow/tensorflow/lite/tools/make/downloads/absl -I/opt/rustwide/target/debug/build/tflite-c6413ede13e80b46/out/tensorflow/tensorflow/lite/tools/make/downloads/gemmlowp -I/opt/rustwide/target/debug/build/tflite-c6413ede13e80b46/out/tensorflow/tensorflow/lite/tools/make/downloads/neon_2_sse -I/opt/rustwide/target/debug/build/tflite-c6413ede13e80b46/out/tensorflow/tensorflow/lite/tools/make/downloads/farmhash/src -I/opt/rustwide/target/debug/build/tflite-c6413ede13e80b46/out/tensorflow/tensorflow/lite/tools/make/downloads/flatbuffers/include -I -I/usr/local/include -c tensorflow/lite/experimental/ruy/blocking_counter.cc -o /opt/rustwide/target/debug/build/tflite-c6413ede13e80b46/out/tensorflow/tensorflow/lite/tools/make/gen/linux_x86_64/obj/tensorflow/lite/experimental/ruy/blocking_counter.o
[INFO] [stderr]   g++ -O3 -DNDEBUG -fPIC --std=c++11 -fPIC -DGEMMLOWP_ALLOW_SLOW_SCALAR_FALLBACK -pthread -I. -I/opt/rustwide/target/debug/build/tflite-c6413ede13e80b46/out/tensorflow/tensorflow/lite/tools/make/../../../../../ -I/opt/rustwide/target/debug/build/tflite-c6413ede13e80b46/out/tensorflow/tensorflow/lite/tools/make/../../../../../../ -I/opt/rustwide/target/debug/build/tflite-c6413ede13e80b46/out/tensorflow/tensorflow/lite/tools/make/downloads/ -I/opt/rustwide/target/debug/build/tflite-c6413ede13e80b46/out/tensorflow/tensorflow/lite/tools/make/downloads/eigen -I/opt/rustwide/target/debug/build/tflite-c6413ede13e80b46/out/tensorflow/tensorflow/lite/tools/make/downloads/absl -I/opt/rustwide/target/debug/build/tflite-c6413ede13e80b46/out/tensorflow/tensorflow/lite/tools/make/downloads/gemmlowp -I/opt/rustwide/target/debug/build/tflite-c6413ede13e80b46/out/tensorflow/tensorflow/lite/tools/make/downloads/neon_2_sse -I/opt/rustwide/target/debug/build/tflite-c6413ede13e80b46/out/tensorflow/tensorflow/lite/tools/make/downloads/farmhash/src -I/opt/rustwide/target/debug/build/tflite-c6413ede13e80b46/out/tensorflow/tensorflow/lite/tools/make/downloads/flatbuffers/include -I -I/usr/local/include -c tensorflow/lite/experimental/ruy/context.cc -o /opt/rustwide/target/debug/build/tflite-c6413ede13e80b46/out/tensorflow/tensorflow/lite/tools/make/gen/linux_x86_64/obj/tensorflow/lite/experimental/ruy/context.o
[INFO] [stderr]   g++ -O3 -DNDEBUG -fPIC --std=c++11 -fPIC -DGEMMLOWP_ALLOW_SLOW_SCALAR_FALLBACK -pthread -I. -I/opt/rustwide/target/debug/build/tflite-c6413ede13e80b46/out/tensorflow/tensorflow/lite/tools/make/../../../../../ -I/opt/rustwide/target/debug/build/tflite-c6413ede13e80b46/out/tensorflow/tensorflow/lite/tools/make/../../../../../../ -I/opt/rustwide/target/debug/build/tflite-c6413ede13e80b46/out/tensorflow/tensorflow/lite/tools/make/downloads/ -I/opt/rustwide/target/debug/build/tflite-c6413ede13e80b46/out/tensorflow/tensorflow/lite/tools/make/downloads/eigen -I/opt/rustwide/target/debug/build/tflite-c6413ede13e80b46/out/tensorflow/tensorflow/lite/tools/make/downloads/absl -I/opt/rustwide/target/debug/build/tflite-c6413ede13e80b46/out/tensorflow/tensorflow/lite/tools/make/downloads/gemmlowp -I/opt/rustwide/target/debug/build/tflite-c6413ede13e80b46/out/tensorflow/tensorflow/lite/tools/make/downloads/neon_2_sse -I/opt/rustwide/target/debug/build/tflite-c6413ede13e80b46/out/tensorflow/tensorflow/lite/tools/make/downloads/farmhash/src -I/opt/rustwide/target/debug/build/tflite-c6413ede13e80b46/out/tensorflow/tensorflow/lite/tools/make/downloads/flatbuffers/include -I -I/usr/local/include -c tensorflow/lite/experimental/ruy/detect_dotprod.cc -o /opt/rustwide/target/debug/build/tflite-c6413ede13e80b46/out/tensorflow/tensorflow/lite/tools/make/gen/linux_x86_64/obj/tensorflow/lite/experimental/ruy/detect_dotprod.o
[INFO] [stderr]   g++ -O3 -DNDEBUG -fPIC --std=c++11 -fPIC -DGEMMLOWP_ALLOW_SLOW_SCALAR_FALLBACK -pthread -I. -I/opt/rustwide/target/debug/build/tflite-c6413ede13e80b46/out/tensorflow/tensorflow/lite/tools/make/../../../../../ -I/opt/rustwide/target/debug/build/tflite-c6413ede13e80b46/out/tensorflow/tensorflow/lite/tools/make/../../../../../../ -I/opt/rustwide/target/debug/build/tflite-c6413ede13e80b46/out/tensorflow/tensorflow/lite/tools/make/downloads/ -I/opt/rustwide/target/debug/build/tflite-c6413ede13e80b46/out/tensorflow/tensorflow/lite/tools/make/downloads/eigen -I/opt/rustwide/target/debug/build/tflite-c6413ede13e80b46/out/tensorflow/tensorflow/lite/tools/make/downloads/absl -I/opt/rustwide/target/debug/build/tflite-c6413ede13e80b46/out/tensorflow/tensorflow/lite/tools/make/downloads/gemmlowp -I/opt/rustwide/target/debug/build/tflite-c6413ede13e80b46/out/tensorflow/tensorflow/lite/tools/make/downloads/neon_2_sse -I/opt/rustwide/target/debug/build/tflite-c6413ede13e80b46/out/tensorflow/tensorflow/lite/tools/make/downloads/farmhash/src -I/opt/rustwide/target/debug/build/tflite-c6413ede13e80b46/out/tensorflow/tensorflow/lite/tools/make/downloads/flatbuffers/include -I -I/usr/local/include -c tensorflow/lite/experimental/ruy/kernel_arm32.cc -o /opt/rustwide/target/debug/build/tflite-c6413ede13e80b46/out/tensorflow/tensorflow/lite/tools/make/gen/linux_x86_64/obj/tensorflow/lite/experimental/ruy/kernel_arm32.o
[INFO] [stderr]   g++ -O3 -DNDEBUG -fPIC --std=c++11 -fPIC -DGEMMLOWP_ALLOW_SLOW_SCALAR_FALLBACK -pthread -I. -I/opt/rustwide/target/debug/build/tflite-c6413ede13e80b46/out/tensorflow/tensorflow/lite/tools/make/../../../../../ -I/opt/rustwide/target/debug/build/tflite-c6413ede13e80b46/out/tensorflow/tensorflow/lite/tools/make/../../../../../../ -I/opt/rustwide/target/debug/build/tflite-c6413ede13e80b46/out/tensorflow/tensorflow/lite/tools/make/downloads/ -I/opt/rustwide/target/debug/build/tflite-c6413ede13e80b46/out/tensorflow/tensorflow/lite/tools/make/downloads/eigen -I/opt/rustwide/target/debug/build/tflite-c6413ede13e80b46/out/tensorflow/tensorflow/lite/tools/make/downloads/absl -I/opt/rustwide/target/debug/build/tflite-c6413ede13e80b46/out/tensorflow/tensorflow/lite/tools/make/downloads/gemmlowp -I/opt/rustwide/target/debug/build/tflite-c6413ede13e80b46/out/tensorflow/tensorflow/lite/tools/make/downloads/neon_2_sse -I/opt/rustwide/target/debug/build/tflite-c6413ede13e80b46/out/tensorflow/tensorflow/lite/tools/make/downloads/farmhash/src -I/opt/rustwide/target/debug/build/tflite-c6413ede13e80b46/out/tensorflow/tensorflow/lite/tools/make/downloads/flatbuffers/include -I -I/usr/local/include -c tensorflow/lite/experimental/ruy/kernel_arm64.cc -o /opt/rustwide/target/debug/build/tflite-c6413ede13e80b46/out/tensorflow/tensorflow/lite/tools/make/gen/linux_x86_64/obj/tensorflow/lite/experimental/ruy/kernel_arm64.o
[INFO] [stderr]   g++ -O3 -DNDEBUG -fPIC --std=c++11 -fPIC -DGEMMLOWP_ALLOW_SLOW_SCALAR_FALLBACK -pthread -I. -I/opt/rustwide/target/debug/build/tflite-c6413ede13e80b46/out/tensorflow/tensorflow/lite/tools/make/../../../../../ -I/opt/rustwide/target/debug/build/tflite-c6413ede13e80b46/out/tensorflow/tensorflow/lite/tools/make/../../../../../../ -I/opt/rustwide/target/debug/build/tflite-c6413ede13e80b46/out/tensorflow/tensorflow/lite/tools/make/downloads/ -I/opt/rustwide/target/debug/build/tflite-c6413ede13e80b46/out/tensorflow/tensorflow/lite/tools/make/downloads/eigen -I/opt/rustwide/target/debug/build/tflite-c6413ede13e80b46/out/tensorflow/tensorflow/lite/tools/make/downloads/absl -I/opt/rustwide/target/debug/build/tflite-c6413ede13e80b46/out/tensorflow/tensorflow/lite/tools/make/downloads/gemmlowp -I/opt/rustwide/target/debug/build/tflite-c6413ede13e80b46/out/tensorflow/tensorflow/lite/tools/make/downloads/neon_2_sse -I/opt/rustwide/target/debug/build/tflite-c6413ede13e80b46/out/tensorflow/tensorflow/lite/tools/make/downloads/farmhash/src -I/opt/rustwide/target/debug/build/tflite-c6413ede13e80b46/out/tensorflow/tensorflow/lite/tools/make/downloads/flatbuffers/include -I -I/usr/local/include -c tensorflow/lite/experimental/ruy/pack_arm.cc -o /opt/rustwide/target/debug/build/tflite-c6413ede13e80b46/out/tensorflow/tensorflow/lite/tools/make/gen/linux_x86_64/obj/tensorflow/lite/experimental/ruy/pack_arm.o
[INFO] [stderr]   g++ -O3 -DNDEBUG -fPIC --std=c++11 -fPIC -DGEMMLOWP_ALLOW_SLOW_SCALAR_FALLBACK -pthread -I. -I/opt/rustwide/target/debug/build/tflite-c6413ede13e80b46/out/tensorflow/tensorflow/lite/tools/make/../../../../../ -I/opt/rustwide/target/debug/build/tflite-c6413ede13e80b46/out/tensorflow/tensorflow/lite/tools/make/../../../../../../ -I/opt/rustwide/target/debug/build/tflite-c6413ede13e80b46/out/tensorflow/tensorflow/lite/tools/make/downloads/ -I/opt/rustwide/target/debug/build/tflite-c6413ede13e80b46/out/tensorflow/tensorflow/lite/tools/make/downloads/eigen -I/opt/rustwide/target/debug/build/tflite-c6413ede13e80b46/out/tensorflow/tensorflow/lite/tools/make/downloads/absl -I/opt/rustwide/target/debug/build/tflite-c6413ede13e80b46/out/tensorflow/tensorflow/lite/tools/make/downloads/gemmlowp -I/opt/rustwide/target/debug/build/tflite-c6413ede13e80b46/out/tensorflow/tensorflow/lite/tools/make/downloads/neon_2_sse -I/opt/rustwide/target/debug/build/tflite-c6413ede13e80b46/out/tensorflow/tensorflow/lite/tools/make/downloads/farmhash/src -I/opt/rustwide/target/debug/build/tflite-c6413ede13e80b46/out/tensorflow/tensorflow/lite/tools/make/downloads/flatbuffers/include -I -I/usr/local/include -c tensorflow/lite/experimental/ruy/pmu.cc -o /opt/rustwide/target/debug/build/tflite-c6413ede13e80b46/out/tensorflow/tensorflow/lite/tools/make/gen/linux_x86_64/obj/tensorflow/lite/experimental/ruy/pmu.o
[INFO] [stderr]   g++ -O3 -DNDEBUG -fPIC --std=c++11 -fPIC -DGEMMLOWP_ALLOW_SLOW_SCALAR_FALLBACK -pthread -I. -I/opt/rustwide/target/debug/build/tflite-c6413ede13e80b46/out/tensorflow/tensorflow/lite/tools/make/../../../../../ -I/opt/rustwide/target/debug/build/tflite-c6413ede13e80b46/out/tensorflow/tensorflow/lite/tools/make/../../../../../../ -I/opt/rustwide/target/debug/build/tflite-c6413ede13e80b46/out/tensorflow/tensorflow/lite/tools/make/downloads/ -I/opt/rustwide/target/debug/build/tflite-c6413ede13e80b46/out/tensorflow/tensorflow/lite/tools/make/downloads/eigen -I/opt/rustwide/target/debug/build/tflite-c6413ede13e80b46/out/tensorflow/tensorflow/lite/tools/make/downloads/absl -I/opt/rustwide/target/debug/build/tflite-c6413ede13e80b46/out/tensorflow/tensorflow/lite/tools/make/downloads/gemmlowp -I/opt/rustwide/target/debug/build/tflite-c6413ede13e80b46/out/tensorflow/tensorflow/lite/tools/make/downloads/neon_2_sse -I/opt/rustwide/target/debug/build/tflite-c6413ede13e80b46/out/tensorflow/tensorflow/lite/tools/make/downloads/farmhash/src -I/opt/rustwide/target/debug/build/tflite-c6413ede13e80b46/out/tensorflow/tensorflow/lite/tools/make/downloads/flatbuffers/include -I -I/usr/local/include -c tensorflow/lite/experimental/ruy/thread_pool.cc -o /opt/rustwide/target/debug/build/tflite-c6413ede13e80b46/out/tensorflow/tensorflow/lite/tools/make/gen/linux_x86_64/obj/tensorflow/lite/experimental/ruy/thread_pool.o
[INFO] [stderr]   g++ -O3 -DNDEBUG -fPIC --std=c++11 -fPIC -DGEMMLOWP_ALLOW_SLOW_SCALAR_FALLBACK -pthread -I. -I/opt/rustwide/target/debug/build/tflite-c6413ede13e80b46/out/tensorflow/tensorflow/lite/tools/make/../../../../../ -I/opt/rustwide/target/debug/build/tflite-c6413ede13e80b46/out/tensorflow/tensorflow/lite/tools/make/../../../../../../ -I/opt/rustwide/target/debug/build/tflite-c6413ede13e80b46/out/tensorflow/tensorflow/lite/tools/make/downloads/ -I/opt/rustwide/target/debug/build/tflite-c6413ede13e80b46/out/tensorflow/tensorflow/lite/tools/make/downloads/eigen -I/opt/rustwide/target/debug/build/tflite-c6413ede13e80b46/out/tensorflow/tensorflow/lite/tools/make/downloads/absl -I/opt/rustwide/target/debug/build/tflite-c6413ede13e80b46/out/tensorflow/tensorflow/lite/tools/make/downloads/gemmlowp -I/opt/rustwide/target/debug/build/tflite-c6413ede13e80b46/out/tensorflow/tensorflow/lite/tools/make/downloads/neon_2_sse -I/opt/rustwide/target/debug/build/tflite-c6413ede13e80b46/out/tensorflow/tensorflow/lite/tools/make/downloads/farmhash/src -I/opt/rustwide/target/debug/build/tflite-c6413ede13e80b46/out/tensorflow/tensorflow/lite/tools/make/downloads/flatbuffers/include -I -I/usr/local/include -c tensorflow/lite/experimental/ruy/trace.cc -o /opt/rustwide/target/debug/build/tflite-c6413ede13e80b46/out/tensorflow/tensorflow/lite/tools/make/gen/linux_x86_64/obj/tensorflow/lite/experimental/ruy/trace.o
[INFO] [stderr]   g++ -O3 -DNDEBUG -fPIC --std=c++11 -fPIC -DGEMMLOWP_ALLOW_SLOW_SCALAR_FALLBACK -pthread -I. -I/opt/rustwide/target/debug/build/tflite-c6413ede13e80b46/out/tensorflow/tensorflow/lite/tools/make/../../../../../ -I/opt/rustwide/target/debug/build/tflite-c6413ede13e80b46/out/tensorflow/tensorflow/lite/tools/make/../../../../../../ -I/opt/rustwide/target/debug/build/tflite-c6413ede13e80b46/out/tensorflow/tensorflow/lite/tools/make/downloads/ -I/opt/rustwide/target/debug/build/tflite-c6413ede13e80b46/out/tensorflow/tensorflow/lite/tools/make/downloads/eigen -I/opt/rustwide/target/debug/build/tflite-c6413ede13e80b46/out/tensorflow/tensorflow/lite/tools/make/downloads/absl -I/opt/rustwide/target/debug/build/tflite-c6413ede13e80b46/out/tensorflow/tensorflow/lite/tools/make/downloads/gemmlowp -I/opt/rustwide/target/debug/build/tflite-c6413ede13e80b46/out/tensorflow/tensorflow/lite/tools/make/downloads/neon_2_sse -I/opt/rustwide/target/debug/build/tflite-c6413ede13e80b46/out/tensorflow/tensorflow/lite/tools/make/downloads/farmhash/src -I/opt/rustwide/target/debug/build/tflite-c6413ede13e80b46/out/tensorflow/tensorflow/lite/tools/make/downloads/flatbuffers/include -I -I/usr/local/include -c tensorflow/lite/experimental/ruy/trmul.cc -o /opt/rustwide/target/debug/build/tflite-c6413ede13e80b46/out/tensorflow/tensorflow/lite/tools/make/gen/linux_x86_64/obj/tensorflow/lite/experimental/ruy/trmul.o
[INFO] [stderr]   g++ -O3 -DNDEBUG -fPIC --std=c++11 -fPIC -DGEMMLOWP_ALLOW_SLOW_SCALAR_FALLBACK -pthread -I. -I/opt/rustwide/target/debug/build/tflite-c6413ede13e80b46/out/tensorflow/tensorflow/lite/tools/make/../../../../../ -I/opt/rustwide/target/debug/build/tflite-c6413ede13e80b46/out/tensorflow/tensorflow/lite/tools/make/../../../../../../ -I/opt/rustwide/target/debug/build/tflite-c6413ede13e80b46/out/tensorflow/tensorflow/lite/tools/make/downloads/ -I/opt/rustwide/target/debug/build/tflite-c6413ede13e80b46/out/tensorflow/tensorflow/lite/tools/make/downloads/eigen -I/opt/rustwide/target/debug/build/tflite-c6413ede13e80b46/out/tensorflow/tensorflow/lite/tools/make/downloads/absl -I/opt/rustwide/target/debug/build/tflite-c6413ede13e80b46/out/tensorflow/tensorflow/lite/tools/make/downloads/gemmlowp -I/opt/rustwide/target/debug/build/tflite-c6413ede13e80b46/out/tensorflow/tensorflow/lite/tools/make/downloads/neon_2_sse -I/opt/rustwide/target/debug/build/tflite-c6413ede13e80b46/out/tensorflow/tensorflow/lite/tools/make/downloads/farmhash/src -I/opt/rustwide/target/debug/build/tflite-c6413ede13e80b46/out/tensorflow/tensorflow/lite/tools/make/downloads/flatbuffers/include -I -I/usr/local/include -c tensorflow/lite/experimental/ruy/tune.cc -o /opt/rustwide/target/debug/build/tflite-c6413ede13e80b46/out/tensorflow/tensorflow/lite/tools/make/gen/linux_x86_64/obj/tensorflow/lite/experimental/ruy/tune.o
[INFO] [stderr]   g++ -O3 -DNDEBUG -fPIC --std=c++11 -fPIC -DGEMMLOWP_ALLOW_SLOW_SCALAR_FALLBACK -pthread -I. -I/opt/rustwide/target/debug/build/tflite-c6413ede13e80b46/out/tensorflow/tensorflow/lite/tools/make/../../../../../ -I/opt/rustwide/target/debug/build/tflite-c6413ede13e80b46/out/tensorflow/tensorflow/lite/tools/make/../../../../../../ -I/opt/rustwide/target/debug/build/tflite-c6413ede13e80b46/out/tensorflow/tensorflow/lite/tools/make/downloads/ -I/opt/rustwide/target/debug/build/tflite-c6413ede13e80b46/out/tensorflow/tensorflow/lite/tools/make/downloads/eigen -I/opt/rustwide/target/debug/build/tflite-c6413ede13e80b46/out/tensorflow/tensorflow/lite/tools/make/downloads/absl -I/opt/rustwide/target/debug/build/tflite-c6413ede13e80b46/out/tensorflow/tensorflow/lite/tools/make/downloads/gemmlowp -I/opt/rustwide/target/debug/build/tflite-c6413ede13e80b46/out/tensorflow/tensorflow/lite/tools/make/downloads/neon_2_sse -I/opt/rustwide/target/debug/build/tflite-c6413ede13e80b46/out/tensorflow/tensorflow/lite/tools/make/downloads/farmhash/src -I/opt/rustwide/target/debug/build/tflite-c6413ede13e80b46/out/tensorflow/tensorflow/lite/tools/make/downloads/flatbuffers/include -I -I/usr/local/include -c tensorflow/lite/experimental/ruy/wait.cc -o /opt/rustwide/target/debug/build/tflite-c6413ede13e80b46/out/tensorflow/tensorflow/lite/tools/make/gen/linux_x86_64/obj/tensorflow/lite/experimental/ruy/wait.o
[INFO] [stderr]   g++ -O3 -DNDEBUG -fPIC --std=c++11 -fPIC -DGEMMLOWP_ALLOW_SLOW_SCALAR_FALLBACK -pthread -I. -I/opt/rustwide/target/debug/build/tflite-c6413ede13e80b46/out/tensorflow/tensorflow/lite/tools/make/../../../../../ -I/opt/rustwide/target/debug/build/tflite-c6413ede13e80b46/out/tensorflow/tensorflow/lite/tools/make/../../../../../../ -I/opt/rustwide/target/debug/build/tflite-c6413ede13e80b46/out/tensorflow/tensorflow/lite/tools/make/downloads/ -I/opt/rustwide/target/debug/build/tflite-c6413ede13e80b46/out/tensorflow/tensorflow/lite/tools/make/downloads/eigen -I/opt/rustwide/target/debug/build/tflite-c6413ede13e80b46/out/tensorflow/tensorflow/lite/tools/make/downloads/absl -I/opt/rustwide/target/debug/build/tflite-c6413ede13e80b46/out/tensorflow/tensorflow/lite/tools/make/downloads/gemmlowp -I/opt/rustwide/target/debug/build/tflite-c6413ede13e80b46/out/tensorflow/tensorflow/lite/tools/make/downloads/neon_2_sse -I/opt/rustwide/target/debug/build/tflite-c6413ede13e80b46/out/tensorflow/tensorflow/lite/tools/make/downloads/farmhash/src -I/opt/rustwide/target/debug/build/tflite-c6413ede13e80b46/out/tensorflow/tensorflow/lite/tools/make/downloads/flatbuffers/include -I -I/usr/local/include -c tensorflow/lite/graph_info.cc -o /opt/rustwide/target/debug/build/tflite-c6413ede13e80b46/out/tensorflow/tensorflow/lite/tools/make/gen/linux_x86_64/obj/tensorflow/lite/graph_info.o
[INFO] [stderr]   g++ -O3 -DNDEBUG -fPIC --std=c++11 -fPIC -DGEMMLOWP_ALLOW_SLOW_SCALAR_FALLBACK -pthread -I. -I/opt/rustwide/target/debug/build/tflite-c6413ede13e80b46/out/tensorflow/tensorflow/lite/tools/make/../../../../../ -I/opt/rustwide/target/debug/build/tflite-c6413ede13e80b46/out/tensorflow/tensorflow/lite/tools/make/../../../../../../ -I/opt/rustwide/target/debug/build/tflite-c6413ede13e80b46/out/tensorflow/tensorflow/lite/tools/make/downloads/ -I/opt/rustwide/target/debug/build/tflite-c6413ede13e80b46/out/tensorflow/tensorflow/lite/tools/make/downloads/eigen -I/opt/rustwide/target/debug/build/tflite-c6413ede13e80b46/out/tensorflow/tensorflow/lite/tools/make/downloads/absl -I/opt/rustwide/target/debug/build/tflite-c6413ede13e80b46/out/tensorflow/tensorflow/lite/tools/make/downloads/gemmlowp -I/opt/rustwide/target/debug/build/tflite-c6413ede13e80b46/out/tensorflow/tensorflow/lite/tools/make/downloads/neon_2_sse -I/opt/rustwide/target/debug/build/tflite-c6413ede13e80b46/out/tensorflow/tensorflow/lite/tools/make/downloads/farmhash/src -I/opt/rustwide/target/debug/build/tflite-c6413ede13e80b46/out/tensorflow/tensorflow/lite/tools/make/downloads/flatbuffers/include -I -I/usr/local/include -c tensorflow/lite/external_cpu_backend_context.cc -o /opt/rustwide/target/debug/build/tflite-c6413ede13e80b46/out/tensorflow/tensorflow/lite/tools/make/gen/linux_x86_64/obj/tensorflow/lite/external_cpu_backend_context.o
[INFO] [stderr]   g++ -O3 -DNDEBUG -fPIC --std=c++11 -fPIC -DGEMMLOWP_ALLOW_SLOW_SCALAR_FALLBACK -pthread -I. -I/opt/rustwide/target/debug/build/tflite-c6413ede13e80b46/out/tensorflow/tensorflow/lite/tools/make/../../../../../ -I/opt/rustwide/target/debug/build/tflite-c6413ede13e80b46/out/tensorflow/tensorflow/lite/tools/make/../../../../../../ -I/opt/rustwide/target/debug/build/tflite-c6413ede13e80b46/out/tensorflow/tensorflow/lite/tools/make/downloads/ -I/opt/rustwide/target/debug/build/tflite-c6413ede13e80b46/out/tensorflow/tensorflow/lite/tools/make/downloads/eigen -I/opt/rustwide/target/debug/build/tflite-c6413ede13e80b46/out/tensorflow/tensorflow/lite/tools/make/downloads/absl -I/opt/rustwide/target/debug/build/tflite-c6413ede13e80b46/out/tensorflow/tensorflow/lite/tools/make/downloads/gemmlowp -I/opt/rustwide/target/debug/build/tflite-c6413ede13e80b46/out/tensorflow/tensorflow/lite/tools/make/downloads/neon_2_sse -I/opt/rustwide/target/debug/build/tflite-c6413ede13e80b46/out/tensorflow/tensorflow/lite/tools/make/downloads/farmhash/src -I/opt/rustwide/target/debug/build/tflite-c6413ede13e80b46/out/tensorflow/tensorflow/lite/tools/make/downloads/flatbuffers/include -I -I/usr/local/include -c tensorflow/lite/interpreter.cc -o /opt/rustwide/target/debug/build/tflite-c6413ede13e80b46/out/tensorflow/tensorflow/lite/tools/make/gen/linux_x86_64/obj/tensorflow/lite/interpreter.o
[INFO] [stderr]   g++ -O3 -DNDEBUG -fPIC --std=c++11 -fPIC -DGEMMLOWP_ALLOW_SLOW_SCALAR_FALLBACK -pthread -I. -I/opt/rustwide/target/debug/build/tflite-c6413ede13e80b46/out/tensorflow/tensorflow/lite/tools/make/../../../../../ -I/opt/rustwide/target/debug/build/tflite-c6413ede13e80b46/out/tensorflow/tensorflow/lite/tools/make/../../../../../../ -I/opt/rustwide/target/debug/build/tflite-c6413ede13e80b46/out/tensorflow/tensorflow/lite/tools/make/downloads/ -I/opt/rustwide/target/debug/build/tflite-c6413ede13e80b46/out/tensorflow/tensorflow/lite/tools/make/downloads/eigen -I/opt/rustwide/target/debug/build/tflite-c6413ede13e80b46/out/tensorflow/tensorflow/lite/tools/make/downloads/absl -I/opt/rustwide/target/debug/build/tflite-c6413ede13e80b46/out/tensorflow/tensorflow/lite/tools/make/downloads/gemmlowp -I/opt/rustwide/target/debug/build/tflite-c6413ede13e80b46/out/tensorflow/tensorflow/lite/tools/make/downloads/neon_2_sse -I/opt/rustwide/target/debug/build/tflite-c6413ede13e80b46/out/tensorflow/tensorflow/lite/tools/make/downloads/farmhash/src -I/opt/rustwide/target/debug/build/tflite-c6413ede13e80b46/out/tensorflow/tensorflow/lite/tools/make/downloads/flatbuffers/include -I -I/usr/local/include -c tensorflow/lite/kernels/activations.cc -o /opt/rustwide/target/debug/build/tflite-c6413ede13e80b46/out/tensorflow/tensorflow/lite/tools/make/gen/linux_x86_64/obj/tensorflow/lite/kernels/activations.o
[INFO] [stderr]   g++ -O3 -DNDEBUG -fPIC --std=c++11 -fPIC -DGEMMLOWP_ALLOW_SLOW_SCALAR_FALLBACK -pthread -I. -I/opt/rustwide/target/debug/build/tflite-c6413ede13e80b46/out/tensorflow/tensorflow/lite/tools/make/../../../../../ -I/opt/rustwide/target/debug/build/tflite-c6413ede13e80b46/out/tensorflow/tensorflow/lite/tools/make/../../../../../../ -I/opt/rustwide/target/debug/build/tflite-c6413ede13e80b46/out/tensorflow/tensorflow/lite/tools/make/downloads/ -I/opt/rustwide/target/debug/build/tflite-c6413ede13e80b46/out/tensorflow/tensorflow/lite/tools/make/downloads/eigen -I/opt/rustwide/target/debug/build/tflite-c6413ede13e80b46/out/tensorflow/tensorflow/lite/tools/make/downloads/absl -I/opt/rustwide/target/debug/build/tflite-c6413ede13e80b46/out/tensorflow/tensorflow/lite/tools/make/downloads/gemmlowp -I/opt/rustwide/target/debug/build/tflite-c6413ede13e80b46/out/tensorflow/tensorflow/lite/tools/make/downloads/neon_2_sse -I/opt/rustwide/target/debug/build/tflite-c6413ede13e80b46/out/tensorflow/tensorflow/lite/tools/make/downloads/farmhash/src -I/opt/rustwide/target/debug/build/tflite-c6413ede13e80b46/out/tensorflow/tensorflow/lite/tools/make/downloads/flatbuffers/include -I -I/usr/local/include -c tensorflow/lite/kernels/add.cc -o /opt/rustwide/target/debug/build/tflite-c6413ede13e80b46/out/tensorflow/tensorflow/lite/tools/make/gen/linux_x86_64/obj/tensorflow/lite/kernels/add.o
[INFO] [stderr]   g++ -O3 -DNDEBUG -fPIC --std=c++11 -fPIC -DGEMMLOWP_ALLOW_SLOW_SCALAR_FALLBACK -pthread -I. -I/opt/rustwide/target/debug/build/tflite-c6413ede13e80b46/out/tensorflow/tensorflow/lite/tools/make/../../../../../ -I/opt/rustwide/target/debug/build/tflite-c6413ede13e80b46/out/tensorflow/tensorflow/lite/tools/make/../../../../../../ -I/opt/rustwide/target/debug/build/tflite-c6413ede13e80b46/out/tensorflow/tensorflow/lite/tools/make/downloads/ -I/opt/rustwide/target/debug/build/tflite-c6413ede13e80b46/out/tensorflow/tensorflow/lite/tools/make/downloads/eigen -I/opt/rustwide/target/debug/build/tflite-c6413ede13e80b46/out/tensorflow/tensorflow/lite/tools/make/downloads/absl -I/opt/rustwide/target/debug/build/tflite-c6413ede13e80b46/out/tensorflow/tensorflow/lite/tools/make/downloads/gemmlowp -I/opt/rustwide/target/debug/build/tflite-c6413ede13e80b46/out/tensorflow/tensorflow/lite/tools/make/downloads/neon_2_sse -I/opt/rustwide/target/debug/build/tflite-c6413ede13e80b46/out/tensorflow/tensorflow/lite/tools/make/downloads/farmhash/src -I/opt/rustwide/target/debug/build/tflite-c6413ede13e80b46/out/tensorflow/tensorflow/lite/tools/make/downloads/flatbuffers/include -I -I/usr/local/include -c tensorflow/lite/kernels/add_n.cc -o /opt/rustwide/target/debug/build/tflite-c6413ede13e80b46/out/tensorflow/tensorflow/lite/tools/make/gen/linux_x86_64/obj/tensorflow/lite/kernels/add_n.o
[INFO] [stderr]   g++ -O3 -DNDEBUG -fPIC --std=c++11 -fPIC -DGEMMLOWP_ALLOW_SLOW_SCALAR_FALLBACK -pthread -I. -I/opt/rustwide/target/debug/build/tflite-c6413ede13e80b46/out/tensorflow/tensorflow/lite/tools/make/../../../../../ -I/opt/rustwide/target/debug/build/tflite-c6413ede13e80b46/out/tensorflow/tensorflow/lite/tools/make/../../../../../../ -I/opt/rustwide/target/debug/build/tflite-c6413ede13e80b46/out/tensorflow/tensorflow/lite/tools/make/downloads/ -I/opt/rustwide/target/debug/build/tflite-c6413ede13e80b46/out/tensorflow/tensorflow/lite/tools/make/downloads/eigen -I/opt/rustwide/target/debug/build/tflite-c6413ede13e80b46/out/tensorflow/tensorflow/lite/tools/make/downloads/absl -I/opt/rustwide/target/debug/build/tflite-c6413ede13e80b46/out/tensorflow/tensorflow/lite/tools/make/downloads/gemmlowp -I/opt/rustwide/target/debug/build/tflite-c6413ede13e80b46/out/tensorflow/tensorflow/lite/tools/make/downloads/neon_2_sse -I/opt/rustwide/target/debug/build/tflite-c6413ede13e80b46/out/tensorflow/tensorflow/lite/tools/make/downloads/farmhash/src -I/opt/rustwide/target/debug/build/tflite-c6413ede13e80b46/out/tensorflow/tensorflow/lite/tools/make/downloads/flatbuffers/include -I -I/usr/local/include -c tensorflow/lite/kernels/arg_min_max.cc -o /opt/rustwide/target/debug/build/tflite-c6413ede13e80b46/out/tensorflow/tensorflow/lite/tools/make/gen/linux_x86_64/obj/tensorflow/lite/kernels/arg_min_max.o
[INFO] [stderr]   g++ -O3 -DNDEBUG -fPIC --std=c++11 -fPIC -DGEMMLOWP_ALLOW_SLOW_SCALAR_FALLBACK -pthread -I. -I/opt/rustwide/target/debug/build/tflite-c6413ede13e80b46/out/tensorflow/tensorflow/lite/tools/make/../../../../../ -I/opt/rustwide/target/debug/build/tflite-c6413ede13e80b46/out/tensorflow/tensorflow/lite/tools/make/../../../../../../ -I/opt/rustwide/target/debug/build/tflite-c6413ede13e80b46/out/tensorflow/tensorflow/lite/tools/make/downloads/ -I/opt/rustwide/target/debug/build/tflite-c6413ede13e80b46/out/tensorflow/tensorflow/lite/tools/make/downloads/eigen -I/opt/rustwide/target/debug/build/tflite-c6413ede13e80b46/out/tensorflow/tensorflow/lite/tools/make/downloads/absl -I/opt/rustwide/target/debug/build/tflite-c6413ede13e80b46/out/tensorflow/tensorflow/lite/tools/make/downloads/gemmlowp -I/opt/rustwide/target/debug/build/tflite-c6413ede13e80b46/out/tensorflow/tensorflow/lite/tools/make/downloads/neon_2_sse -I/opt/rustwide/target/debug/build/tflite-c6413ede13e80b46/out/tensorflow/tensorflow/lite/tools/make/downloads/farmhash/src -I/opt/rustwide/target/debug/build/tflite-c6413ede13e80b46/out/tensorflow/tensorflow/lite/tools/make/downloads/flatbuffers/include -I -I/usr/local/include -c tensorflow/lite/kernels/assign_variable.cc -o /opt/rustwide/target/debug/build/tflite-c6413ede13e80b46/out/tensorflow/tensorflow/lite/tools/make/gen/linux_x86_64/obj/tensorflow/lite/kernels/assign_variable.o
[INFO] [stderr]   g++ -O3 -DNDEBUG -fPIC --std=c++11 -fPIC -DGEMMLOWP_ALLOW_SLOW_SCALAR_FALLBACK -pthread -I. -I/opt/rustwide/target/debug/build/tflite-c6413ede13e80b46/out/tensorflow/tensorflow/lite/tools/make/../../../../../ -I/opt/rustwide/target/debug/build/tflite-c6413ede13e80b46/out/tensorflow/tensorflow/lite/tools/make/../../../../../../ -I/opt/rustwide/target/debug/build/tflite-c6413ede13e80b46/out/tensorflow/tensorflow/lite/tools/make/downloads/ -I/opt/rustwide/target/debug/build/tflite-c6413ede13e80b46/out/tensorflow/tensorflow/lite/tools/make/downloads/eigen -I/opt/rustwide/target/debug/build/tflite-c6413ede13e80b46/out/tensorflow/tensorflow/lite/tools/make/downloads/absl -I/opt/rustwide/target/debug/build/tflite-c6413ede13e80b46/out/tensorflow/tensorflow/lite/tools/make/downloads/gemmlowp -I/opt/rustwide/target/debug/build/tflite-c6413ede13e80b46/out/tensorflow/tensorflow/lite/tools/make/downloads/neon_2_sse -I/opt/rustwide/target/debug/build/tflite-c6413ede13e80b46/out/tensorflow/tensorflow/lite/tools/make/downloads/farmhash/src -I/opt/rustwide/target/debug/build/tflite-c6413ede13e80b46/out/tensorflow/tensorflow/lite/tools/make/downloads/flatbuffers/include -I -I/usr/local/include -c tensorflow/lite/kernels/audio_spectrogram.cc -o /opt/rustwide/target/debug/build/tflite-c6413ede13e80b46/out/tensorflow/tensorflow/lite/tools/make/gen/linux_x86_64/obj/tensorflow/lite/kernels/audio_spectrogram.o
[INFO] [stderr]   g++ -O3 -DNDEBUG -fPIC --std=c++11 -fPIC -DGEMMLOWP_ALLOW_SLOW_SCALAR_FALLBACK -pthread -I. -I/opt/rustwide/target/debug/build/tflite-c6413ede13e80b46/out/tensorflow/tensorflow/lite/tools/make/../../../../../ -I/opt/rustwide/target/debug/build/tflite-c6413ede13e80b46/out/tensorflow/tensorflow/lite/tools/make/../../../../../../ -I/opt/rustwide/target/debug/build/tflite-c6413ede13e80b46/out/tensorflow/tensorflow/lite/tools/make/downloads/ -I/opt/rustwide/target/debug/build/tflite-c6413ede13e80b46/out/tensorflow/tensorflow/lite/tools/make/downloads/eigen -I/opt/rustwide/target/debug/build/tflite-c6413ede13e80b46/out/tensorflow/tensorflow/lite/tools/make/downloads/absl -I/opt/rustwide/target/debug/build/tflite-c6413ede13e80b46/out/tensorflow/tensorflow/lite/tools/make/downloads/gemmlowp -I/opt/rustwide/target/debug/build/tflite-c6413ede13e80b46/out/tensorflow/tensorflow/lite/tools/make/downloads/neon_2_sse -I/opt/rustwide/target/debug/build/tflite-c6413ede13e80b46/out/tensorflow/tensorflow/lite/tools/make/downloads/farmhash/src -I/opt/rustwide/target/debug/build/tflite-c6413ede13e80b46/out/tensorflow/tensorflow/lite/tools/make/downloads/flatbuffers/include -I -I/usr/local/include -c tensorflow/lite/kernels/basic_rnn.cc -o /opt/rustwide/target/debug/build/tflite-c6413ede13e80b46/out/tensorflow/tensorflow/lite/tools/make/gen/linux_x86_64/obj/tensorflow/lite/kernels/basic_rnn.o
[INFO] [stderr]   g++ -O3 -DNDEBUG -fPIC --std=c++11 -fPIC -DGEMMLOWP_ALLOW_SLOW_SCALAR_FALLBACK -pthread -I. -I/opt/rustwide/target/debug/build/tflite-c6413ede13e80b46/out/tensorflow/tensorflow/lite/tools/make/../../../../../ -I/opt/rustwide/target/debug/build/tflite-c6413ede13e80b46/out/tensorflow/tensorflow/lite/tools/make/../../../../../../ -I/opt/rustwide/target/debug/build/tflite-c6413ede13e80b46/out/tensorflow/tensorflow/lite/tools/make/downloads/ -I/opt/rustwide/target/debug/build/tflite-c6413ede13e80b46/out/tensorflow/tensorflow/lite/tools/make/downloads/eigen -I/opt/rustwide/target/debug/build/tflite-c6413ede13e80b46/out/tensorflow/tensorflow/lite/tools/make/downloads/absl -I/opt/rustwide/target/debug/build/tflite-c6413ede13e80b46/out/tensorflow/tensorflow/lite/tools/make/downloads/gemmlowp -I/opt/rustwide/target/debug/build/tflite-c6413ede13e80b46/out/tensorflow/tensorflow/lite/tools/make/downloads/neon_2_sse -I/opt/rustwide/target/debug/build/tflite-c6413ede13e80b46/out/tensorflow/tensorflow/lite/tools/make/downloads/farmhash/src -I/opt/rustwide/target/debug/build/tflite-c6413ede13e80b46/out/tensorflow/tensorflow/lite/tools/make/downloads/flatbuffers/include -I -I/usr/local/include -c tensorflow/lite/kernels/batch_to_space_nd.cc -o /opt/rustwide/target/debug/build/tflite-c6413ede13e80b46/out/tensorflow/tensorflow/lite/tools/make/gen/linux_x86_64/obj/tensorflow/lite/kernels/batch_to_space_nd.o
[INFO] [stderr]   g++ -O3 -DNDEBUG -fPIC --std=c++11 -fPIC -DGEMMLOWP_ALLOW_SLOW_SCALAR_FALLBACK -pthread -I. -I/opt/rustwide/target/debug/build/tflite-c6413ede13e80b46/out/tensorflow/tensorflow/lite/tools/make/../../../../../ -I/opt/rustwide/target/debug/build/tflite-c6413ede13e80b46/out/tensorflow/tensorflow/lite/tools/make/../../../../../../ -I/opt/rustwide/target/debug/build/tflite-c6413ede13e80b46/out/tensorflow/tensorflow/lite/tools/make/downloads/ -I/opt/rustwide/target/debug/build/tflite-c6413ede13e80b46/out/tensorflow/tensorflow/lite/tools/make/downloads/eigen -I/opt/rustwide/target/debug/build/tflite-c6413ede13e80b46/out/tensorflow/tensorflow/lite/tools/make/downloads/absl -I/opt/rustwide/target/debug/build/tflite-c6413ede13e80b46/out/tensorflow/tensorflow/lite/tools/make/downloads/gemmlowp -I/opt/rustwide/target/debug/build/tflite-c6413ede13e80b46/out/tensorflow/tensorflow/lite/tools/make/downloads/neon_2_sse -I/opt/rustwide/target/debug/build/tflite-c6413ede13e80b46/out/tensorflow/tensorflow/lite/tools/make/downloads/farmhash/src -I/opt/rustwide/target/debug/build/tflite-c6413ede13e80b46/out/tensorflow/tensorflow/lite/tools/make/downloads/flatbuffers/include -I -I/usr/local/include -c tensorflow/lite/kernels/bidirectional_sequence_lstm.cc -o /opt/rustwide/target/debug/build/tflite-c6413ede13e80b46/out/tensorflow/tensorflow/lite/tools/make/gen/linux_x86_64/obj/tensorflow/lite/kernels/bidirectional_sequence_lstm.o
[INFO] [stderr]   g++ -O3 -DNDEBUG -fPIC --std=c++11 -fPIC -DGEMMLOWP_ALLOW_SLOW_SCALAR_FALLBACK -pthread -I. -I/opt/rustwide/target/debug/build/tflite-c6413ede13e80b46/out/tensorflow/tensorflow/lite/tools/make/../../../../../ -I/opt/rustwide/target/debug/build/tflite-c6413ede13e80b46/out/tensorflow/tensorflow/lite/tools/make/../../../../../../ -I/opt/rustwide/target/debug/build/tflite-c6413ede13e80b46/out/tensorflow/tensorflow/lite/tools/make/downloads/ -I/opt/rustwide/target/debug/build/tflite-c6413ede13e80b46/out/tensorflow/tensorflow/lite/tools/make/downloads/eigen -I/opt/rustwide/target/debug/build/tflite-c6413ede13e80b46/out/tensorflow/tensorflow/lite/tools/make/downloads/absl -I/opt/rustwide/target/debug/build/tflite-c6413ede13e80b46/out/tensorflow/tensorflow/lite/tools/make/downloads/gemmlowp -I/opt/rustwide/target/debug/build/tflite-c6413ede13e80b46/out/tensorflow/tensorflow/lite/tools/make/downloads/neon_2_sse -I/opt/rustwide/target/debug/build/tflite-c6413ede13e80b46/out/tensorflow/tensorflow/lite/tools/make/downloads/farmhash/src -I/opt/rustwide/target/debug/build/tflite-c6413ede13e80b46/out/tensorflow/tensorflow/lite/tools/make/downloads/flatbuffers/include -I -I/usr/local/include -c tensorflow/lite/kernels/bidirectional_sequence_rnn.cc -o /opt/rustwide/target/debug/build/tflite-c6413ede13e80b46/out/tensorflow/tensorflow/lite/tools/make/gen/linux_x86_64/obj/tensorflow/lite/kernels/bidirectional_sequence_rnn.o
[INFO] [stderr]   g++ -O3 -DNDEBUG -fPIC --std=c++11 -fPIC -DGEMMLOWP_ALLOW_SLOW_SCALAR_FALLBACK -pthread -I. -I/opt/rustwide/target/debug/build/tflite-c6413ede13e80b46/out/tensorflow/tensorflow/lite/tools/make/../../../../../ -I/opt/rustwide/target/debug/build/tflite-c6413ede13e80b46/out/tensorflow/tensorflow/lite/tools/make/../../../../../../ -I/opt/rustwide/target/debug/build/tflite-c6413ede13e80b46/out/tensorflow/tensorflow/lite/tools/make/downloads/ -I/opt/rustwide/target/debug/build/tflite-c6413ede13e80b46/out/tensorflow/tensorflow/lite/tools/make/downloads/eigen -I/opt/rustwide/target/debug/build/tflite-c6413ede13e80b46/out/tensorflow/tensorflow/lite/tools/make/downloads/absl -I/opt/rustwide/target/debug/build/tflite-c6413ede13e80b46/out/tensorflow/tensorflow/lite/tools/make/downloads/gemmlowp -I/opt/rustwide/target/debug/build/tflite-c6413ede13e80b46/out/tensorflow/tensorflow/lite/tools/make/downloads/neon_2_sse -I/opt/rustwide/target/debug/build/tflite-c6413ede13e80b46/out/tensorflow/tensorflow/lite/tools/make/downloads/farmhash/src -I/opt/rustwide/target/debug/build/tflite-c6413ede13e80b46/out/tensorflow/tensorflow/lite/tools/make/downloads/flatbuffers/include -I -I/usr/local/include -c tensorflow/lite/kernels/cast.cc -o /opt/rustwide/target/debug/build/tflite-c6413ede13e80b46/out/tensorflow/tensorflow/lite/tools/make/gen/linux_x86_64/obj/tensorflow/lite/kernels/cast.o
[INFO] [stderr]   g++ -O3 -DNDEBUG -fPIC --std=c++11 -fPIC -DGEMMLOWP_ALLOW_SLOW_SCALAR_FALLBACK -pthread -I. -I/opt/rustwide/target/debug/build/tflite-c6413ede13e80b46/out/tensorflow/tensorflow/lite/tools/make/../../../../../ -I/opt/rustwide/target/debug/build/tflite-c6413ede13e80b46/out/tensorflow/tensorflow/lite/tools/make/../../../../../../ -I/opt/rustwide/target/debug/build/tflite-c6413ede13e80b46/out/tensorflow/tensorflow/lite/tools/make/downloads/ -I/opt/rustwide/target/debug/build/tflite-c6413ede13e80b46/out/tensorflow/tensorflow/lite/tools/make/downloads/eigen -I/opt/rustwide/target/debug/build/tflite-c6413ede13e80b46/out/tensorflow/tensorflow/lite/tools/make/downloads/absl -I/opt/rustwide/target/debug/build/tflite-c6413ede13e80b46/out/tensorflow/tensorflow/lite/tools/make/downloads/gemmlowp -I/opt/rustwide/target/debug/build/tflite-c6413ede13e80b46/out/tensorflow/tensorflow/lite/tools/make/downloads/neon_2_sse -I/opt/rustwide/target/debug/build/tflite-c6413ede13e80b46/out/tensorflow/tensorflow/lite/tools/make/downloads/farmhash/src -I/opt/rustwide/target/debug/build/tflite-c6413ede13e80b46/out/tensorflow/tensorflow/lite/tools/make/downloads/flatbuffers/include -I -I/usr/local/include -c tensorflow/lite/kernels/ceil.cc -o /opt/rustwide/target/debug/build/tflite-c6413ede13e80b46/out/tensorflow/tensorflow/lite/tools/make/gen/linux_x86_64/obj/tensorflow/lite/kernels/ceil.o
[INFO] [stderr]   g++ -O3 -DNDEBUG -fPIC --std=c++11 -fPIC -DGEMMLOWP_ALLOW_SLOW_SCALAR_FALLBACK -pthread -I. -I/opt/rustwide/target/debug/build/tflite-c6413ede13e80b46/out/tensorflow/tensorflow/lite/tools/make/../../../../../ -I/opt/rustwide/target/debug/build/tflite-c6413ede13e80b46/out/tensorflow/tensorflow/lite/tools/make/../../../../../../ -I/opt/rustwide/target/debug/build/tflite-c6413ede13e80b46/out/tensorflow/tensorflow/lite/tools/make/downloads/ -I/opt/rustwide/target/debug/build/tflite-c6413ede13e80b46/out/tensorflow/tensorflow/lite/tools/make/downloads/eigen -I/opt/rustwide/target/debug/build/tflite-c6413ede13e80b46/out/tensorflow/tensorflow/lite/tools/make/downloads/absl -I/opt/rustwide/target/debug/build/tflite-c6413ede13e80b46/out/tensorflow/tensorflow/lite/tools/make/downloads/gemmlowp -I/opt/rustwide/target/debug/build/tflite-c6413ede13e80b46/out/tensorflow/tensorflow/lite/tools/make/downloads/neon_2_sse -I/opt/rustwide/target/debug/build/tflite-c6413ede13e80b46/out/tensorflow/tensorflow/lite/tools/make/downloads/farmhash/src -I/opt/rustwide/target/debug/build/tflite-c6413ede13e80b46/out/tensorflow/tensorflow/lite/tools/make/downloads/flatbuffers/include -I -I/usr/local/include -c tensorflow/lite/kernels/comparisons.cc -o /opt/rustwide/target/debug/build/tflite-c6413ede13e80b46/out/tensorflow/tensorflow/lite/tools/make/gen/linux_x86_64/obj/tensorflow/lite/kernels/comparisons.o
[INFO] [stderr]   g++ -O3 -DNDEBUG -fPIC --std=c++11 -fPIC -DGEMMLOWP_ALLOW_SLOW_SCALAR_FALLBACK -pthread -I. -I/opt/rustwide/target/debug/build/tflite-c6413ede13e80b46/out/tensorflow/tensorflow/lite/tools/make/../../../../../ -I/opt/rustwide/target/debug/build/tflite-c6413ede13e80b46/out/tensorflow/tensorflow/lite/tools/make/../../../../../../ -I/opt/rustwide/target/debug/build/tflite-c6413ede13e80b46/out/tensorflow/tensorflow/lite/tools/make/downloads/ -I/opt/rustwide/target/debug/build/tflite-c6413ede13e80b46/out/tensorflow/tensorflow/lite/tools/make/downloads/eigen -I/opt/rustwide/target/debug/build/tflite-c6413ede13e80b46/out/tensorflow/tensorflow/lite/tools/make/downloads/absl -I/opt/rustwide/target/debug/build/tflite-c6413ede13e80b46/out/tensorflow/tensorflow/lite/tools/make/downloads/gemmlowp -I/opt/rustwide/target/debug/build/tflite-c6413ede13e80b46/out/tensorflow/tensorflow/lite/tools/make/downloads/neon_2_sse -I/opt/rustwide/target/debug/build/tflite-c6413ede13e80b46/out/tensorflow/tensorflow/lite/tools/make/downloads/farmhash/src -I/opt/rustwide/target/debug/build/tflite-c6413ede13e80b46/out/tensorflow/tensorflow/lite/tools/make/downloads/flatbuffers/include -I -I/usr/local/include -c tensorflow/lite/kernels/concatenation.cc -o /opt/rustwide/target/debug/build/tflite-c6413ede13e80b46/out/tensorflow/tensorflow/lite/tools/make/gen/linux_x86_64/obj/tensorflow/lite/kernels/concatenation.o
[INFO] [stderr] 
[INFO] [stderr]   --- stderr
[INFO] [stderr]   error: 'rustfmt' is not installed for the toolchain 'beta-2023-12-22-x86_64-unknown-linux-gnu'
[INFO] [stderr]   To install, run `rustup component add rustfmt --toolchain beta-2023-12-22-x86_64-unknown-linux-gnu`
[INFO] [stderr]   Failed to run rustfmt: Internal rustfmt error (non-fatal, continuing)
[INFO] [stderr]   error: 'rustfmt' is not installed for the toolchain 'beta-2023-12-22-x86_64-unknown-linux-gnu'
[INFO] [stderr]   To install, run `rustup component add rustfmt --toolchain beta-2023-12-22-x86_64-unknown-linux-gnu`
[INFO] [stderr]   Failed to run rustfmt: Internal rustfmt error (non-fatal, continuing)
[INFO] [stderr]   make command = cd "/opt/rustwide/target/debug/build/tflite-c6413ede13e80b46/out/tensorflow" && "make" "-j" "16" "BUILD_WITH_NNAPI=false" "-f" "tensorflow/lite/tools/make/Makefile" "TARGET=linux" "TARGET_ARCH=x86_64" "micro" in dir  "/opt/rustwide/target/debug/build/tflite-c6413ede13e80b46/out/tensorflow"
[INFO] [stderr]   g++: fatal error: Killed signal terminated program cc1plus
[INFO] [stderr]   compilation terminated.
[INFO] [stderr]   make: *** [tensorflow/lite/tools/make/Makefile:246: /opt/rustwide/target/debug/build/tflite-c6413ede13e80b46/out/tensorflow/tensorflow/lite/tools/make/gen/linux_x86_64/obj/tensorflow/lite/core/api/flatbuffer_conversions.o] Error 1
[INFO] [stderr]   make: *** Waiting for unfinished jobs....
[INFO] [stderr]   g++: fatal error: Killed signal terminated program cc1plus
[INFO] [stderr]   compilation terminated.
[INFO] [stderr]   make: *** [tensorflow/lite/tools/make/Makefile:246: /opt/rustwide/target/debug/build/tflite-c6413ede13e80b46/out/tensorflow/tensorflow/lite/tools/make/gen/linux_x86_64/obj/tensorflow/lite/core/subgraph.o] Error 1
[INFO] [stderr]   g++: fatal error: Killed signal terminated program cc1plus
[INFO] [stderr]   compilation terminated.
[INFO] [stderr]   make: *** [tensorflow/lite/tools/make/Makefile:245: /opt/rustwide/target/debug/build/tflite-c6413ede13e80b46/out/tensorflow/tensorflow/lite/tools/make/gen/linux_x86_64/obj/tensorflow/lite/interpreter.o] Error 1
[INFO] [stderr]   g++: fatal error: Killed signal terminated program cc1plus
[INFO] [stderr]   compilation terminated.
[INFO] [stderr]   make: *** [tensorflow/lite/tools/make/Makefile:245: /opt/rustwide/target/debug/build/tflite-c6413ede13e80b46/out/tensorflow/tensorflow/lite/tools/make/gen/linux_x86_64/obj/tensorflow/lite/kernels/activations.o] Error 1
[INFO] [stderr]   g++: fatal error: Killed signal terminated program cc1plus
[INFO] [stderr]   compilation terminated.
[INFO] [stderr]   make: *** [tensorflow/lite/tools/make/Makefile:245: /opt/rustwide/target/debug/build/tflite-c6413ede13e80b46/out/tensorflow/tensorflow/lite/tools/make/gen/linux_x86_64/obj/tensorflow/lite/kernels/add.o] Error 1
[INFO] [stderr]   g++: fatal error: Killed signal terminated program cc1plus
[INFO] [stderr]   compilation terminated.
[INFO] [stderr]   make: *** [tensorflow/lite/tools/make/Makefile:245: /opt/rustwide/target/debug/build/tflite-c6413ede13e80b46/out/tensorflow/tensorflow/lite/tools/make/gen/linux_x86_64/obj/tensorflow/lite/kernels/arg_min_max.o] Error 1
[INFO] [stderr]   g++: fatal error: Killed signal terminated program cc1plus
[INFO] [stderr]   compilation terminated.
[INFO] [stderr]   make: *** [tensorflow/lite/tools/make/Makefile:245: /opt/rustwide/target/debug/build/tflite-c6413ede13e80b46/out/tensorflow/tensorflow/lite/tools/make/gen/linux_x86_64/obj/tensorflow/lite/kernels/audio_spectrogram.o] Error 1
[INFO] [stderr]   g++: fatal error: Killed signal terminated program cc1plus
[INFO] [stderr]   compilation terminated.
[INFO] [stderr]   make: *** [tensorflow/lite/tools/make/Makefile:245: /opt/rustwide/target/debug/build/tflite-c6413ede13e80b46/out/tensorflow/tensorflow/lite/tools/make/gen/linux_x86_64/obj/tensorflow/lite/kernels/batch_to_space_nd.o] Error 1
[INFO] [stderr]   thread 'main' panicked at build.rs:167:17:
[INFO] [stderr]   Failed to build tensorflow
[INFO] [stderr]   stack backtrace:
[INFO] [stderr]      0:     0x556f764b4696 - std::backtrace_rs::backtrace::libunwind::trace::h261606ad26a499c1
[INFO] [stderr]                                  at /rustc/0e09125c6c3c2fd70d7de961bcf0e51575235fad/library/std/src/../../backtrace/src/backtrace/libunwind.rs:104:5
[INFO] [stderr]      1:     0x556f764b4696 - std::backtrace_rs::backtrace::trace_unsynchronized::hd183f0625477fb28
[INFO] [stderr]                                  at /rustc/0e09125c6c3c2fd70d7de961bcf0e51575235fad/library/std/src/../../backtrace/src/backtrace/mod.rs:66:5
[INFO] [stderr]      2:     0x556f764b4696 - std::sys_common::backtrace::_print_fmt::hd7f8fef21b4eda67
[INFO] [stderr]                                  at /rustc/0e09125c6c3c2fd70d7de961bcf0e51575235fad/library/std/src/sys_common/backtrace.rs:68:5
[INFO] [stderr]      3:     0x556f764b4696 - <std::sys_common::backtrace::_print::DisplayBacktrace as core::fmt::Display>::fmt::h623d9b51f2f453f1
[INFO] [stderr]                                  at /rustc/0e09125c6c3c2fd70d7de961bcf0e51575235fad/library/std/src/sys_common/backtrace.rs:44:22
[INFO] [stderr]      4:     0x556f764e07b0 - core::fmt::rt::Argument::fmt::h9f417ac76a86f368
[INFO] [stderr]                                  at /rustc/0e09125c6c3c2fd70d7de961bcf0e51575235fad/library/core/src/fmt/rt.rs:142:9
[INFO] [stderr]      5:     0x556f764e07b0 - core::fmt::write::hc9b6faf4ac2aeff7
[INFO] [stderr]                                  at /rustc/0e09125c6c3c2fd70d7de961bcf0e51575235fad/library/core/src/fmt/mod.rs:1120:17
[INFO] [stderr]      6:     0x556f764b16af - std::io::Write::write_fmt::hfead1eee52c2e65e
[INFO] [stderr]                                  at /rustc/0e09125c6c3c2fd70d7de961bcf0e51575235fad/library/std/src/io/mod.rs:1810:15
[INFO] [stderr]      7:     0x556f764b4474 - std::sys_common::backtrace::_print::hd5d66399c7df88a2
[INFO] [stderr]                                  at /rustc/0e09125c6c3c2fd70d7de961bcf0e51575235fad/library/std/src/sys_common/backtrace.rs:47:5
[INFO] [stderr]      8:     0x556f764b4474 - std::sys_common::backtrace::print::he81ed2da642d37e5
[INFO] [stderr]                                  at /rustc/0e09125c6c3c2fd70d7de961bcf0e51575235fad/library/std/src/sys_common/backtrace.rs:34:9
[INFO] [stderr]      9:     0x556f764b63a7 - std::panicking::default_hook::{{closure}}::h85773f4fa117163d
[INFO] [stderr]     10:     0x556f764b6109 - std::panicking::default_hook::h6a1694a91d09b278
[INFO] [stderr]                                  at /rustc/0e09125c6c3c2fd70d7de961bcf0e51575235fad/library/std/src/panicking.rs:292:9
[INFO] [stderr]     11:     0x556f764b6838 - std::panicking::rust_panic_with_hook::h0a7ad96e90f7145b
[INFO] [stderr]                                  at /rustc/0e09125c6c3c2fd70d7de961bcf0e51575235fad/library/std/src/panicking.rs:779:13
[INFO] [stderr]     12:     0x556f764b66d9 - std::panicking::begin_panic_handler::{{closure}}::h7919090525c6485e
[INFO] [stderr]                                  at /rustc/0e09125c6c3c2fd70d7de961bcf0e51575235fad/library/std/src/panicking.rs:649:13
[INFO] [stderr]     13:     0x556f764b4b96 - std::sys_common::backtrace::__rust_end_short_backtrace::hf3289479464f7dfe
[INFO] [stderr]                                  at /rustc/0e09125c6c3c2fd70d7de961bcf0e51575235fad/library/std/src/sys_common/backtrace.rs:171:18
[INFO] [stderr]     14:     0x556f764b6470 - rust_begin_unwind
[INFO] [stderr]                                  at /rustc/0e09125c6c3c2fd70d7de961bcf0e51575235fad/library/std/src/panicking.rs:645:5
[INFO] [stderr]     15:     0x556f75d9f9d5 - core::panicking::panic_fmt::hcc9f77c5c132af55
[INFO] [stderr]                                  at /rustc/0e09125c6c3c2fd70d7de961bcf0e51575235fad/library/core/src/panicking.rs:72:14
[INFO] [stderr]     16:     0x556f75da9248 - build_script_build::prepare_tensorflow_library::h42ba57caa2a7b018
[INFO] [stderr]     17:     0x556f75dabc99 - build_script_build::main::hab343fed1a48fe92
[INFO] [stderr]     18:     0x556f75dac683 - core::ops::function::FnOnce::call_once::hb9013d1f63df3c5d
[INFO] [stderr]     19:     0x556f75da04e6 - std::sys_common::backtrace::__rust_begin_short_backtrace::h60a6b9364b0a3daa
[INFO] [stderr]     20:     0x556f75dac4c9 - std::rt::lang_start::{{closure}}::hff93aa47b5fe1ae1
[INFO] [stderr]     21:     0x556f764acc61 - core::ops::function::impls::<impl core::ops::function::FnOnce<A> for &F>::call_once::h4eb4c5e1620f29b0
[INFO] [stderr]                                  at /rustc/0e09125c6c3c2fd70d7de961bcf0e51575235fad/library/core/src/ops/function.rs:284:13
[INFO] [stderr]     22:     0x556f764acc61 - std::panicking::try::do_call::h73fd26535faffcdf
[INFO] [stderr]                                  at /rustc/0e09125c6c3c2fd70d7de961bcf0e51575235fad/library/std/src/panicking.rs:552:40
[INFO] [stderr]     23:     0x556f764acc61 - std::panicking::try::h77ff1d98f0fb9f39
[INFO] [stderr]                                  at /rustc/0e09125c6c3c2fd70d7de961bcf0e51575235fad/library/std/src/panicking.rs:516:19
[INFO] [stderr]     24:     0x556f764acc61 - std::panic::catch_unwind::hab3caf2448b95e37
[INFO] [stderr]                                  at /rustc/0e09125c6c3c2fd70d7de961bcf0e51575235fad/library/std/src/panic.rs:142:14
[INFO] [stderr]     25:     0x556f764acc61 - std::rt::lang_start_internal::{{closure}}::h8086711f9c783f78
[INFO] [stderr]                                  at /rustc/0e09125c6c3c2fd70d7de961bcf0e51575235fad/library/std/src/rt.rs:148:48
[INFO] [stderr]     26:     0x556f764acc61 - std::panicking::try::do_call::hf920d4dc291cd6ca
[INFO] [stderr]                                  at /rustc/0e09125c6c3c2fd70d7de961bcf0e51575235fad/library/std/src/panicking.rs:552:40
[INFO] [stderr]     27:     0x556f764acc61 - std::panicking::try::h2b806ccc0a85db74
[INFO] [stderr]                                  at /rustc/0e09125c6c3c2fd70d7de961bcf0e51575235fad/library/std/src/panicking.rs:516:19
[INFO] [stderr]     28:     0x556f764acc61 - std::panic::catch_unwind::h038489539c507df2
[INFO] [stderr]                                  at /rustc/0e09125c6c3c2fd70d7de961bcf0e51575235fad/library/std/src/panic.rs:142:14
[INFO] [stderr]     29:     0x556f764acc61 - std::rt::lang_start_internal::h28503b88912e8a5c
[INFO] [stderr]                                  at /rustc/0e09125c6c3c2fd70d7de961bcf0e51575235fad/library/std/src/rt.rs:148:20
[INFO] [stderr]     30:     0x556f75dac4a7 - std::rt::lang_start::h41b29f29de995493
[INFO] [stderr]     31:     0x556f75dabcd5 - main
[INFO] [stderr]     32:     0x7fb5ccda6d90 - <unknown>
[INFO] [stderr]     33:     0x7fb5ccda6e40 - __libc_start_main
[INFO] [stderr]     34:     0x556f75da02b5 - _start
[INFO] [stderr]     35:                0x0 - <unknown>
[INFO] running `Command { std: "docker" "inspect" "cd17cd3b14cac9d4d49712e2ad50d18e4cfee13664f1203ac859a75ab1dcf7bd", kill_on_drop: false }`
[INFO] running `Command { std: "docker" "rm" "-f" "cd17cd3b14cac9d4d49712e2ad50d18e4cfee13664f1203ac859a75ab1dcf7bd", kill_on_drop: false }`
[INFO] [stdout] cd17cd3b14cac9d4d49712e2ad50d18e4cfee13664f1203ac859a75ab1dcf7bd
