[INFO] fetching crate tfhe 0.4.1...
[INFO] testing tfhe-0.4.1 against 1.75.0 for beta-1.76-1
[INFO] extracting crate tfhe 0.4.1 into /workspace/builds/worker-6-tc1/source
[INFO] validating manifest of crates.io crate tfhe 0.4.1 on toolchain 1.75.0
[INFO] running `Command { std: CARGO_HOME="/workspace/cargo-home" RUSTUP_HOME="/workspace/rustup-home" "/workspace/cargo-home/bin/cargo" "+1.75.0" "metadata" "--manifest-path" "Cargo.toml" "--no-deps", kill_on_drop: false }`
[INFO] started tweaking crates.io crate tfhe 0.4.1
[INFO] removed 3 missing examples
[INFO] finished tweaking crates.io crate tfhe 0.4.1
[INFO] tweaked toml for crates.io crate tfhe 0.4.1 written to /workspace/builds/worker-6-tc1/source/Cargo.toml
[INFO] crate crates.io crate tfhe 0.4.1 already has a lockfile, it will not be regenerated
[INFO] running `Command { std: CARGO_HOME="/workspace/cargo-home" RUSTUP_HOME="/workspace/rustup-home" "/workspace/cargo-home/bin/cargo" "+1.75.0" "fetch" "--manifest-path" "Cargo.toml", kill_on_drop: false }`
[INFO] [stderr]     Updating crates.io index
[INFO] [stderr]  Downloading crates ...
[INFO] [stderr]   Downloaded reborrow v0.5.5
[INFO] [stderr]   Downloaded aligned-vec v0.5.0
[INFO] [stderr]   Downloaded dyn-stack v0.9.1
[INFO] [stderr]   Downloaded spmc v0.3.0
[INFO] [stderr]   Downloaded wasm-bindgen-rayon v1.0.3
[INFO] [stderr]   Downloaded test-case-macros v3.2.1
[INFO] [stderr]   Downloaded test-case v3.2.1
[INFO] [stderr]   Downloaded concrete-csprng v0.4.0
[INFO] [stderr]   Downloaded serde-wasm-bindgen v0.6.0
[INFO] [stderr]   Downloaded test-case-core v3.2.1
[INFO] [stderr]   Downloaded concrete-fft v0.3.0
[INFO] [stderr]   Downloaded pulp v0.13.2
[INFO] [stderr]   Downloaded rustix v0.38.20
[INFO] [stderr]   Downloaded pulp v0.11.11
[INFO] [stderr]   Downloaded cbindgen v0.26.0
[INFO] [stderr]   Downloaded cpufeatures v0.2.10
[INFO] running `Command { std: "docker" "create" "-v" "/var/lib/crater-agent-workspace/builds/worker-6-tc1/target:/opt/rustwide/target:rw,Z" "-v" "/var/lib/crater-agent-workspace/builds/worker-6-tc1/source:/opt/rustwide/workdir:ro,Z" "-v" "/var/lib/crater-agent-workspace/cargo-home:/opt/rustwide/cargo-home:ro,Z" "-v" "/var/lib/crater-agent-workspace/rustup-home:/opt/rustwide/rustup-home:ro,Z" "-e" "SOURCE_DIR=/opt/rustwide/workdir" "-e" "CARGO_TARGET_DIR=/opt/rustwide/target" "-e" "CARGO_HOME=/opt/rustwide/cargo-home" "-e" "RUSTUP_HOME=/opt/rustwide/rustup-home" "-w" "/opt/rustwide/workdir" "-m" "1610612736" "--user" "0:0" "--network" "none" "ghcr.io/rust-lang/crates-build-env/linux@sha256:2788e3201cd34a07e3172128adcd8b3090168a8e3bcc40d7c032b9dda1df7d1c" "/opt/rustwide/cargo-home/bin/cargo" "+1.75.0" "metadata" "--no-deps" "--format-version=1", kill_on_drop: false }`
[INFO] [stdout] 1a5b38bf7c9b5454738a2660de2ed043bdb83715f6d3ef6c30473178ddd99865
[INFO] running `Command { std: "docker" "start" "-a" "1a5b38bf7c9b5454738a2660de2ed043bdb83715f6d3ef6c30473178ddd99865", kill_on_drop: false }`
[INFO] running `Command { std: "docker" "inspect" "1a5b38bf7c9b5454738a2660de2ed043bdb83715f6d3ef6c30473178ddd99865", kill_on_drop: false }`
[INFO] running `Command { std: "docker" "rm" "-f" "1a5b38bf7c9b5454738a2660de2ed043bdb83715f6d3ef6c30473178ddd99865", kill_on_drop: false }`
[INFO] [stdout] 1a5b38bf7c9b5454738a2660de2ed043bdb83715f6d3ef6c30473178ddd99865
[INFO] running `Command { std: "docker" "create" "-v" "/var/lib/crater-agent-workspace/builds/worker-6-tc1/target:/opt/rustwide/target:rw,Z" "-v" "/var/lib/crater-agent-workspace/builds/worker-6-tc1/source:/opt/rustwide/workdir:ro,Z" "-v" "/var/lib/crater-agent-workspace/cargo-home:/opt/rustwide/cargo-home:ro,Z" "-v" "/var/lib/crater-agent-workspace/rustup-home:/opt/rustwide/rustup-home:ro,Z" "-e" "SOURCE_DIR=/opt/rustwide/workdir" "-e" "CARGO_TARGET_DIR=/opt/rustwide/target" "-e" "CARGO_INCREMENTAL=0" "-e" "RUST_BACKTRACE=full" "-e" "RUSTFLAGS=--cap-lints=warn" "-e" "RUSTDOCFLAGS=--cap-lints=warn" "-e" "CARGO_HOME=/opt/rustwide/cargo-home" "-e" "RUSTUP_HOME=/opt/rustwide/rustup-home" "-w" "/opt/rustwide/workdir" "-m" "1610612736" "--user" "0:0" "--network" "none" "ghcr.io/rust-lang/crates-build-env/linux@sha256:2788e3201cd34a07e3172128adcd8b3090168a8e3bcc40d7c032b9dda1df7d1c" "/opt/rustwide/cargo-home/bin/cargo" "+1.75.0" "build" "--frozen" "--message-format=json", kill_on_drop: false }`
[INFO] [stdout] 7af28c3a979c7d7a64cc4dac0b89abb51ff4952dfd336862d459913d4fa7f5e9
[INFO] running `Command { std: "docker" "start" "-a" "7af28c3a979c7d7a64cc4dac0b89abb51ff4952dfd336862d459913d4fa7f5e9", kill_on_drop: false }`
[INFO] [stderr]    Compiling autocfg v1.1.0
[INFO] [stderr]    Compiling proc-macro2 v1.0.69
[INFO] [stderr]    Compiling version_check v0.9.4
[INFO] [stderr]    Compiling typenum v1.17.0
[INFO] [stderr]    Compiling crossbeam-utils v0.8.16
[INFO] [stderr]    Compiling cfg-if v1.0.0
[INFO] [stderr]    Compiling serde v1.0.189
[INFO] [stderr]    Compiling bytemuck v1.14.0
[INFO] [stderr]    Compiling scopeguard v1.2.0
[INFO] [stderr]    Compiling rayon-core v1.12.0
[INFO] [stderr]    Compiling either v1.9.0
[INFO] [stderr]    Compiling generic-array v0.14.7
[INFO] [stderr]    Compiling concrete-csprng v0.4.0
[INFO] [stderr]    Compiling cpufeatures v0.2.10
[INFO] [stderr]    Compiling memoffset v0.9.0
[INFO] [stderr]    Compiling crossbeam-epoch v0.9.15
[INFO] [stderr]    Compiling num-traits v0.2.17
[INFO] [stderr]    Compiling reborrow v0.5.5
[INFO] [stderr]    Compiling dyn-stack v0.9.1
[INFO] [stderr]    Compiling pulp v0.11.11
[INFO] [stderr]    Compiling tfhe v0.4.1 (/opt/rustwide/workdir)
[INFO] [stderr]    Compiling quote v1.0.33
[INFO] [stderr]    Compiling itertools v0.11.0
[INFO] [stderr]    Compiling syn v2.0.38
[INFO] [stderr]    Compiling crossbeam-deque v0.8.3
[INFO] [stderr]    Compiling rayon v1.8.0
[INFO] [stderr]    Compiling inout v0.1.3
[INFO] [stderr]    Compiling crypto-common v0.1.6
[INFO] [stderr]    Compiling cipher v0.4.4
[INFO] [stderr]    Compiling aes v0.8.3
[INFO] [stderr]    Compiling serde_derive v1.0.189
[INFO] [stderr]    Compiling num-complex v0.4.4
[INFO] [stderr]    Compiling aligned-vec v0.5.0
[INFO] [stderr]    Compiling concrete-fft v0.3.0
[INFO] [stderr]    Compiling pulp v0.13.2
[INFO] [stdout] warning: unused import: `Fft128`
[INFO] [stdout]  --> src/core_crypto/fft_impl/fft128_u128/math/fft/mod.rs:2:59
[INFO] [stdout]   |
[INFO] [stdout] 2 | pub use crate::core_crypto::fft_impl::fft128::math::fft::{Fft128, Fft128View};
[INFO] [stdout]   |                                                           ^^^^^^
[INFO] [stdout]   |
[INFO] [stdout]   = note: `#[warn(unused_imports)]` on by default
[INFO] [stdout] 
[INFO] [stdout] 
[INFO] [stdout] warning: variable does not need to be mutable
[INFO] [stdout]   --> src/core_crypto/seeders.rs:72:9
[INFO] [stdout]    |
[INFO] [stdout] 72 |     let mut seeder: Option<Box<dyn Seeder>> = None;
[INFO] [stdout]    |         ----^^^^^^
[INFO] [stdout]    |         |
[INFO] [stdout]    |         help: remove this `mut`
[INFO] [stdout]    |
[INFO] [stdout]    = note: `#[warn(unused_mut)]` on by default
[INFO] [stdout] 
[INFO] [stdout] 
[INFO] [stdout] warning: 2 warnings emitted
[INFO] [stdout] 
[INFO] [stdout] 
[INFO] [stderr]     Finished dev [unoptimized + debuginfo] target(s) in 17.89s
[INFO] running `Command { std: "docker" "inspect" "7af28c3a979c7d7a64cc4dac0b89abb51ff4952dfd336862d459913d4fa7f5e9", kill_on_drop: false }`
[INFO] running `Command { std: "docker" "rm" "-f" "7af28c3a979c7d7a64cc4dac0b89abb51ff4952dfd336862d459913d4fa7f5e9", kill_on_drop: false }`
[INFO] [stdout] 7af28c3a979c7d7a64cc4dac0b89abb51ff4952dfd336862d459913d4fa7f5e9
[INFO] running `Command { std: "docker" "create" "-v" "/var/lib/crater-agent-workspace/builds/worker-6-tc1/target:/opt/rustwide/target:rw,Z" "-v" "/var/lib/crater-agent-workspace/builds/worker-6-tc1/source:/opt/rustwide/workdir:ro,Z" "-v" "/var/lib/crater-agent-workspace/cargo-home:/opt/rustwide/cargo-home:ro,Z" "-v" "/var/lib/crater-agent-workspace/rustup-home:/opt/rustwide/rustup-home:ro,Z" "-e" "SOURCE_DIR=/opt/rustwide/workdir" "-e" "CARGO_TARGET_DIR=/opt/rustwide/target" "-e" "CARGO_INCREMENTAL=0" "-e" "RUST_BACKTRACE=full" "-e" "RUSTFLAGS=--cap-lints=warn" "-e" "RUSTDOCFLAGS=--cap-lints=warn" "-e" "CARGO_HOME=/opt/rustwide/cargo-home" "-e" "RUSTUP_HOME=/opt/rustwide/rustup-home" "-w" "/opt/rustwide/workdir" "-m" "1610612736" "--user" "0:0" "--network" "none" "ghcr.io/rust-lang/crates-build-env/linux@sha256:2788e3201cd34a07e3172128adcd8b3090168a8e3bcc40d7c032b9dda1df7d1c" "/opt/rustwide/cargo-home/bin/cargo" "+1.75.0" "test" "--frozen" "--no-run" "--message-format=json", kill_on_drop: false }`
[INFO] [stdout] b12368c13cfd90872c51d8ef5d6db5dd3c42fdcc747fc48c749b0fdae92cdf7c
[INFO] running `Command { std: "docker" "start" "-a" "b12368c13cfd90872c51d8ef5d6db5dd3c42fdcc747fc48c749b0fdae92cdf7c", kill_on_drop: false }`
[INFO] [stderr]    Compiling serde v1.0.189
[INFO] [stderr]    Compiling libm v0.2.8
[INFO] [stderr]    Compiling num-traits v0.2.17
[INFO] [stderr]    Compiling libc v0.2.149
[INFO] [stderr]    Compiling syn v2.0.38
[INFO] [stderr]    Compiling proc-macro-error-attr v1.0.4
[INFO] [stderr]    Compiling memchr v2.6.4
[INFO] [stderr]    Compiling syn v1.0.109
[INFO] [stderr]    Compiling proc-macro-error v1.0.4
[INFO] [stderr]    Compiling utf8parse v0.2.1
[INFO] [stderr]    Compiling rustix v0.38.20
[INFO] [stderr]    Compiling anstyle-parse v0.2.2
[INFO] [stderr]    Compiling aho-corasick v1.1.2
[INFO] [stderr]    Compiling bitflags v2.4.1
[INFO] [stderr]    Compiling linux-raw-sys v0.4.10
[INFO] [stderr]    Compiling getrandom v0.2.10
[INFO] [stderr]    Compiling colorchoice v1.0.0
[INFO] [stderr]    Compiling anstyle v1.0.4
[INFO] [stderr]    Compiling regex-syntax v0.8.2
[INFO] [stderr]    Compiling serde_json v1.0.107
[INFO] [stderr]    Compiling anstyle-query v1.0.0
[INFO] [stderr]    Compiling anstream v0.5.0
[INFO] [stderr]    Compiling rand_core v0.6.4
[INFO] [stderr]    Compiling half v1.8.2
[INFO] [stderr]    Compiling ryu v1.0.15
[INFO] [stderr]    Compiling ciborium-io v0.2.1
[INFO] [stderr]    Compiling strsim v0.10.0
[INFO] [stderr]    Compiling ppv-lite86 v0.2.17
[INFO] [stderr]    Compiling itoa v1.0.9
[INFO] [stderr]    Compiling heck v0.4.1
[INFO] [stderr]    Compiling clap_lex v0.5.1
[INFO] [stderr]    Compiling plotters-backend v0.3.5
[INFO] [stderr]    Compiling rand_chacha v0.3.1
[INFO] [stderr]    Compiling clap_builder v4.4.4
[INFO] [stderr]    Compiling is-terminal v0.4.9
[INFO] [stderr]    Compiling plotters-svg v0.3.5
[INFO] [stderr]    Compiling ciborium-ll v0.2.1
[INFO] [stderr]    Compiling regex-automata v0.4.3
[INFO] [stderr]    Compiling itertools v0.10.5
[INFO] [stderr]    Compiling cast v0.3.0
[INFO] [stderr]    Compiling same-file v1.0.6
[INFO] [stderr]    Compiling doc-comment v0.3.3
[INFO] [stderr]    Compiling paste v1.0.14
[INFO] [stderr]    Compiling walkdir v2.4.0
[INFO] [stderr]    Compiling rand v0.8.5
[INFO] [stderr]    Compiling test-case-core v3.2.1
[INFO] [stderr]    Compiling criterion-plot v0.5.0
[INFO] [stderr]    Compiling plotters v0.3.5
[INFO] [stderr]    Compiling log v0.4.20
[INFO] [stderr]    Compiling bytes v1.5.0
[INFO] [stderr]    Compiling once_cell v1.18.0
[INFO] [stderr]    Compiling humantime v2.1.0
[INFO] [stderr]    Compiling oorandom v11.1.3
[INFO] [stderr]    Compiling regex v1.10.2
[INFO] [stderr]    Compiling anes v0.1.6
[INFO] [stderr]    Compiling termcolor v1.3.0
[INFO] [stderr]    Compiling combine v4.6.6
[INFO] [stderr]    Compiling env_logger v0.10.0
[INFO] [stderr]    Compiling rand_distr v0.4.3
[INFO] [stderr]    Compiling fs2 v0.4.3
[INFO] [stderr]    Compiling lazy_static v1.4.0
[INFO] [stderr]    Compiling serde_derive v1.0.189
[INFO] [stderr]    Compiling clap_derive v4.4.2
[INFO] [stderr]    Compiling test-case-macros v3.2.1
[INFO] [stderr]    Compiling test-case v3.2.1
[INFO] [stderr]    Compiling clap v4.4.4
[INFO] [stderr]    Compiling num-complex v0.4.4
[INFO] [stderr]    Compiling aligned-vec v0.5.0
[INFO] [stderr]    Compiling ciborium v0.2.1
[INFO] [stderr]    Compiling bincode v1.3.3
[INFO] [stderr]    Compiling concrete-fft v0.3.0
[INFO] [stderr]    Compiling pulp v0.13.2
[INFO] [stderr]    Compiling tinytemplate v1.2.1
[INFO] [stderr]    Compiling criterion v0.5.1
[INFO] [stderr]    Compiling tfhe v0.4.1 (/opt/rustwide/workdir)
[INFO] [stdout] warning: unused import: `Fft128`
[INFO] [stdout]  --> src/core_crypto/fft_impl/fft128_u128/math/fft/mod.rs:2:59
[INFO] [stdout]   |
[INFO] [stdout] 2 | pub use crate::core_crypto::fft_impl::fft128::math::fft::{Fft128, Fft128View};
[INFO] [stdout]   |                                                           ^^^^^^
[INFO] [stdout]   |
[INFO] [stdout]   = note: `#[warn(unused_imports)]` on by default
[INFO] [stdout] 
[INFO] [stdout] 
[INFO] [stdout] warning: variable does not need to be mutable
[INFO] [stdout]   --> src/core_crypto/seeders.rs:72:9
[INFO] [stdout]    |
[INFO] [stdout] 72 |     let mut seeder: Option<Box<dyn Seeder>> = None;
[INFO] [stdout]    |         ----^^^^^^
[INFO] [stdout]    |         |
[INFO] [stdout]    |         help: remove this `mut`
[INFO] [stdout]    |
[INFO] [stdout]    = note: `#[warn(unused_mut)]` on by default
[INFO] [stdout] 
[INFO] [stdout] 
[INFO] [stdout] warning: variable does not need to be mutable
[INFO] [stdout]   --> src/core_crypto/seeders.rs:72:9
[INFO] [stdout]    |
[INFO] [stdout] 72 |     let mut seeder: Option<Box<dyn Seeder>> = None;
[INFO] [stdout]    |         ----^^^^^^
[INFO] [stdout]    |         |
[INFO] [stdout]    |         help: remove this `mut`
[INFO] [stdout]    |
[INFO] [stdout]    = note: `#[warn(unused_mut)]` on by default
[INFO] [stdout] 
[INFO] [stdout] 
[INFO] [stdout] warning: 2 warnings emitted
[INFO] [stdout] 
[INFO] [stdout] 
[INFO] [stdout] error[E0433]: failed to resolve: could not find `boolean` in `tfhe`
[INFO] [stdout]  --> examples/sha256_bool/boolean_ops.rs:7:11
[INFO] [stdout]   |
[INFO] [stdout] 7 | use tfhe::boolean::prelude::{BinaryBooleanGates, Ciphertext, ServerKey};
[INFO] [stdout]   |           ^^^^^^^ could not find `boolean` in `tfhe`
[INFO] [stdout] 
[INFO] [stdout] 
[INFO] [stdout] error[E0433]: failed to resolve: could not find `boolean` in `tfhe`
[INFO] [stdout]  --> examples/sha256_bool/sha256_function.rs:8:11
[INFO] [stdout]   |
[INFO] [stdout] 8 | use tfhe::boolean::prelude::*;
[INFO] [stdout]   |           ^^^^^^^ could not find `boolean` in `tfhe`
[INFO] [stdout] 
[INFO] [stdout] 
[INFO] [stdout] error[E0433]: failed to resolve: could not find `boolean` in `tfhe`
[INFO] [stdout]  --> examples/sha256_bool/main.rs:9:11
[INFO] [stdout]   |
[INFO] [stdout] 9 | use tfhe::boolean::prelude::*;
[INFO] [stdout]   |           ^^^^^^^ could not find `boolean` in `tfhe`
[INFO] [stdout] 
[INFO] [stdout] 
[INFO] [stdout] error[E0433]: failed to resolve: could not find `integer` in `tfhe`
[INFO] [stdout]  --> examples/dark_market/main.rs:3:11
[INFO] [stdout]   |
[INFO] [stdout] 3 | use tfhe::integer::ciphertext::RadixCiphertext;
[INFO] [stdout]   |           ^^^^^^^ could not find `integer` in `tfhe`
[INFO] [stdout] 
[INFO] [stdout] 
[INFO] [stdout] error[E0433]: failed to resolve: could not find `integer` in `tfhe`
[INFO] [stdout]  --> examples/dark_market/main.rs:4:11
[INFO] [stdout]   |
[INFO] [stdout] 4 | use tfhe::integer::keycache::IntegerKeyCache;
[INFO] [stdout]   |           ^^^^^^^ could not find `integer` in `tfhe`
[INFO] [stdout] 
[INFO] [stdout] 
[INFO] [stdout] error[E0433]: failed to resolve: could not find `shortint` in `tfhe`
[INFO] [stdout]  --> examples/regex_engine/ciphertext.rs:2:11
[INFO] [stdout]   |
[INFO] [stdout] 2 | use tfhe::shortint::parameters::PARAM_MESSAGE_2_CARRY_2_KS_PBS;
[INFO] [stdout]   |           ^^^^^^^^ could not find `shortint` in `tfhe`
[INFO] [stdout] 
[INFO] [stdout] 
[INFO] [stdout] error[E0432]: unresolved import `tfhe::integer`
[INFO] [stdout]  --> examples/regex_engine/ciphertext.rs:1:11
[INFO] [stdout]   |
[INFO] [stdout] 1 | use tfhe::integer::{gen_keys_radix, RadixCiphertext, RadixClientKey, ServerKey};
[INFO] [stdout]   |           ^^^^^^^ could not find `integer` in `tfhe`
[INFO] [stdout] 
[INFO] [stdout] 
[INFO] [stdout] error[E0432]: unresolved import `tfhe::integer`
[INFO] [stdout]  --> examples/regex_engine/engine.rs:4:11
[INFO] [stdout]   |
[INFO] [stdout] 4 | use tfhe::integer::{RadixCiphertext, ServerKey};
[INFO] [stdout]   |           ^^^^^^^ could not find `integer` in `tfhe`
[INFO] [stdout] 
[INFO] [stdout] 
[INFO] [stdout] error[E0432]: unresolved import `tfhe::integer`
[INFO] [stdout]  --> examples/regex_engine/execution.rs:3:11
[INFO] [stdout]   |
[INFO] [stdout] 3 | use tfhe::integer::{RadixCiphertext, ServerKey};
[INFO] [stdout]   |           ^^^^^^^ could not find `integer` in `tfhe`
[INFO] [stdout] 
[INFO] [stdout] 
[INFO] [stdout] error[E0433]: failed to resolve: could not find `shortint` in `tfhe`
[INFO] [stdout]  --> examples/dark_market/main.rs:6:11
[INFO] [stdout]   |
[INFO] [stdout] 6 | use tfhe::shortint::parameters::PARAM_MESSAGE_2_CARRY_2_KS_PBS;
[INFO] [stdout]   |           ^^^^^^^^ could not find `shortint` in `tfhe`
[INFO] [stdout] 
[INFO] [stdout] 
[INFO] [stdout] error[E0433]: failed to resolve: could not find `integer` in `tfhe`
[INFO] [stdout]  --> examples/dark_market/fhe.rs:2:11
[INFO] [stdout]   |
[INFO] [stdout] 2 | use tfhe::integer::ciphertext::RadixCiphertext;
[INFO] [stdout]   |           ^^^^^^^ could not find `integer` in `tfhe`
[INFO] [stdout] 
[INFO] [stdout] 
[INFO] [stdout] error[E0432]: unresolved import `tfhe::integer`
[INFO] [stdout]  --> examples/dark_market/main.rs:5:11
[INFO] [stdout]   |
[INFO] [stdout] 5 | use tfhe::integer::ServerKey;
[INFO] [stdout]   |           ^^^^^^^ could not find `integer` in `tfhe`
[INFO] [stdout] 
[INFO] [stdout] 
[INFO] [stdout] error[E0433]: failed to resolve: could not find `integer` in `tfhe`
[INFO] [stdout]  --> examples/dark_market/improved_parallel_fhe.rs:5:11
[INFO] [stdout]   |
[INFO] [stdout] 5 | use tfhe::integer::ciphertext::RadixCiphertext;
[INFO] [stdout]   |           ^^^^^^^ could not find `integer` in `tfhe`
[INFO] [stdout] 
[INFO] [stdout] 
[INFO] [stdout] error[E0432]: unresolved import `tfhe::integer`
[INFO] [stdout]  --> examples/dark_market/fhe.rs:3:11
[INFO] [stdout]   |
[INFO] [stdout] 3 | use tfhe::integer::{ClientKey, ServerKey};
[INFO] [stdout]   |           ^^^^^^^ could not find `integer` in `tfhe`
[INFO] [stdout] 
[INFO] [stdout] 
[INFO] [stdout] error[E0433]: failed to resolve: could not find `integer` in `tfhe`
[INFO] [stdout]  --> examples/dark_market/parallel_fhe.rs:5:11
[INFO] [stdout]   |
[INFO] [stdout] 5 | use tfhe::integer::ciphertext::RadixCiphertext;
[INFO] [stdout]   |           ^^^^^^^ could not find `integer` in `tfhe`
[INFO] [stdout] 
[INFO] [stdout] 
[INFO] [stdout] error[E0432]: unresolved import `tfhe::integer`
[INFO] [stdout]  --> examples/dark_market/improved_parallel_fhe.rs:6:11
[INFO] [stdout]   |
[INFO] [stdout] 6 | use tfhe::integer::ServerKey;
[INFO] [stdout]   |           ^^^^^^^ could not find `integer` in `tfhe`
[INFO] [stdout] 
[INFO] [stdout] 
[INFO] [stdout] error[E0432]: unresolved import `tfhe::integer`
[INFO] [stdout]  --> examples/dark_market/parallel_fhe.rs:6:11
[INFO] [stdout]   |
[INFO] [stdout] 6 | use tfhe::integer::ServerKey;
[INFO] [stdout]   |           ^^^^^^^ could not find `integer` in `tfhe`
[INFO] [stdout] 
[INFO] [stdout] 
[INFO] [stdout] error: aborting due to 10 previous errors
[INFO] [stdout] 
[INFO] [stdout] 
[INFO] [stdout] Some errors have detailed explanations: E0432, E0433.
[INFO] [stdout] 
[INFO] [stdout] For more information about an error, try `rustc --explain E0432`.
[INFO] [stdout] 
[INFO] [stderr] error: could not compile `tfhe` (example "dark_market") due to 11 previous errors
[INFO] [stderr] warning: build failed, waiting for other jobs to finish...
[INFO] [stdout] error[E0412]: cannot find type `Ciphertext` in this scope
[INFO] [stdout]   --> examples/sha256_bool/sha256_function.rs:11:23
[INFO] [stdout]    |
[INFO] [stdout] 11 |     padded_input: Vec<Ciphertext>,
[INFO] [stdout]    |                       ^^^^^^^^^^ not found in this scope
[INFO] [stdout]    |
[INFO] [stdout] help: you might be missing a type parameter
[INFO] [stdout]    |
[INFO] [stdout] 10 | pub fn sha256_fhe<Ciphertext>(
[INFO] [stdout]    |                  ++++++++++++
[INFO] [stdout] 
[INFO] [stdout] 
[INFO] [stdout] error[E0412]: cannot find type `ServerKey` in this scope
[INFO] [stdout]   --> examples/sha256_bool/sha256_function.rs:13:10
[INFO] [stdout]    |
[INFO] [stdout] 13 |     sk: &ServerKey,
[INFO] [stdout]    |          ^^^^^^^^^ not found in this scope
[INFO] [stdout] 
[INFO] [stdout] 
[INFO] [stdout] error[E0412]: cannot find type `Ciphertext` in this scope
[INFO] [stdout]   --> examples/sha256_bool/sha256_function.rs:14:10
[INFO] [stdout]    |
[INFO] [stdout] 14 | ) -> Vec<Ciphertext> {
[INFO] [stdout]    |          ^^^^^^^^^^ not found in this scope
[INFO] [stdout]    |
[INFO] [stdout] help: you might be missing a type parameter
[INFO] [stdout]    |
[INFO] [stdout] 10 | pub fn sha256_fhe<Ciphertext>(
[INFO] [stdout]    |                  ++++++++++++
[INFO] [stdout] 
[INFO] [stdout] 
[INFO] [stdout] error[E0412]: cannot find type `Ciphertext` in this scope
[INFO] [stdout]   --> examples/sha256_bool/sha256_function.rs:22:21
[INFO] [stdout]    |
[INFO] [stdout] 22 |     let mut hash: [[Ciphertext; 32]; 8] = [
[INFO] [stdout]    |                     ^^^^^^^^^^ not found in this scope
[INFO] [stdout] 
[INFO] [stdout] 
[INFO] [stdout] error[E0412]: cannot find type `ServerKey` in this scope
[INFO] [stdout]    --> examples/sha256_bool/sha256_function.rs:142:22
[INFO] [stdout]     |
[INFO] [stdout] 142 | fn initialize_w(sk: &ServerKey) -> [[Ciphertext; 32]; 64] {
[INFO] [stdout]     |                      ^^^^^^^^^ not found in this scope
[INFO] [stdout] 
[INFO] [stdout] 
[INFO] [stdout] error[E0412]: cannot find type `Ciphertext` in this scope
[INFO] [stdout]    --> examples/sha256_bool/sha256_function.rs:142:38
[INFO] [stdout]     |
[INFO] [stdout] 142 | fn initialize_w(sk: &ServerKey) -> [[Ciphertext; 32]; 64] {
[INFO] [stdout]     |                                      ^^^^^^^^^^ not found in this scope
[INFO] [stdout] 
[INFO] [stdout] 
[INFO] [stdout] error[E0412]: cannot find type `ClientKey` in this scope
[INFO] [stdout]   --> examples/sha256_bool/main.rs:58:42
[INFO] [stdout]    |
[INFO] [stdout] 58 | fn encrypt_bools(bools: &Vec<bool>, ck: &ClientKey) -> Vec<Ciphertext> {
[INFO] [stdout]    |                                          ^^^^^^^^^ not found in this scope
[INFO] [stdout] 
[INFO] [stdout] 
[INFO] [stdout] error[E0412]: cannot find type `Ciphertext` in this scope
[INFO] [stdout]   --> examples/sha256_bool/main.rs:58:60
[INFO] [stdout]    |
[INFO] [stdout] 58 | fn encrypt_bools(bools: &Vec<bool>, ck: &ClientKey) -> Vec<Ciphertext> {
[INFO] [stdout]    |                                                            ^^^^^^^^^^ not found in this scope
[INFO] [stdout]    |
[INFO] [stdout] help: you might be missing a type parameter
[INFO] [stdout]    |
[INFO] [stdout] 58 | fn encrypt_bools<Ciphertext>(bools: &Vec<bool>, ck: &ClientKey) -> Vec<Ciphertext> {
[INFO] [stdout]    |                 ++++++++++++
[INFO] [stdout] 
[INFO] [stdout] 
[INFO] [stdout] error[E0412]: cannot find type `Ciphertext` in this scope
[INFO] [stdout]   --> examples/sha256_bool/main.rs:67:35
[INFO] [stdout]    |
[INFO] [stdout] 67 | fn decrypt_bools(ciphertext: &Vec<Ciphertext>, ck: &ClientKey) -> Vec<bool> {
[INFO] [stdout]    |                                   ^^^^^^^^^^ not found in this scope
[INFO] [stdout]    |
[INFO] [stdout] help: you might be missing a type parameter
[INFO] [stdout]    |
[INFO] [stdout] 67 | fn decrypt_bools<Ciphertext>(ciphertext: &Vec<Ciphertext>, ck: &ClientKey) -> Vec<bool> {
[INFO] [stdout]    |                 ++++++++++++
[INFO] [stdout] 
[INFO] [stdout] 
[INFO] [stdout] error[E0412]: cannot find type `ClientKey` in this scope
[INFO] [stdout]   --> examples/sha256_bool/main.rs:67:53
[INFO] [stdout]    |
[INFO] [stdout] 67 | fn decrypt_bools(ciphertext: &Vec<Ciphertext>, ck: &ClientKey) -> Vec<bool> {
[INFO] [stdout]    |                                                     ^^^^^^^^^ not found in this scope
[INFO] [stdout] 
[INFO] [stdout] 
[INFO] [stdout] error[E0425]: cannot find function `gen_keys` in this scope
[INFO] [stdout]   --> examples/sha256_bool/main.rs:40:20
[INFO] [stdout]    |
[INFO] [stdout] 40 |     let (ck, sk) = gen_keys();
[INFO] [stdout]    |                    ^^^^^^^^ not found in this scope
[INFO] [stdout] 
[INFO] [stdout] 
[INFO] [stdout] error: aborting due to 14 previous errors
[INFO] [stdout] 
[INFO] [stdout] 
[INFO] [stdout] Some errors have detailed explanations: E0412, E0425, E0433.
[INFO] [stdout] 
[INFO] [stdout] For more information about an error, try `rustc --explain E0412`.
[INFO] [stdout] 
[INFO] [stderr] error: could not compile `tfhe` (example "sha256_bool") due to 15 previous errors
[INFO] [stdout] error: aborting due to 4 previous errors
[INFO] [stdout] 
[INFO] [stdout] 
[INFO] [stdout] Some errors have detailed explanations: E0432, E0433.
[INFO] [stdout] 
[INFO] [stdout] For more information about an error, try `rustc --explain E0432`.
[INFO] [stdout] 
[INFO] [stderr] error: could not compile `tfhe` (example "regex_engine") due to 5 previous errors
[INFO] [stdout] warning: 1 warning emitted
[INFO] [stdout] 
[INFO] [stdout] 
[INFO] running `Command { std: "docker" "inspect" "b12368c13cfd90872c51d8ef5d6db5dd3c42fdcc747fc48c749b0fdae92cdf7c", kill_on_drop: false }`
[INFO] running `Command { std: "docker" "rm" "-f" "b12368c13cfd90872c51d8ef5d6db5dd3c42fdcc747fc48c749b0fdae92cdf7c", kill_on_drop: false }`
[INFO] [stdout] b12368c13cfd90872c51d8ef5d6db5dd3c42fdcc747fc48c749b0fdae92cdf7c
