[INFO] fetching crate tetsy-rocksdb-sys 0.5.2...
[INFO] testing tetsy-rocksdb-sys-0.5.2 against 1.75.0 for beta-1.76-1
[INFO] extracting crate tetsy-rocksdb-sys 0.5.2 into /workspace/builds/worker-1-tc1/source
[INFO] validating manifest of crates.io crate tetsy-rocksdb-sys 0.5.2 on toolchain 1.75.0
[INFO] running `Command { std: CARGO_HOME="/workspace/cargo-home" RUSTUP_HOME="/workspace/rustup-home" "/workspace/cargo-home/bin/cargo" "+1.75.0" "metadata" "--manifest-path" "Cargo.toml" "--no-deps", kill_on_drop: false }`
[INFO] started tweaking crates.io crate tetsy-rocksdb-sys 0.5.2
[INFO] finished tweaking crates.io crate tetsy-rocksdb-sys 0.5.2
[INFO] tweaked toml for crates.io crate tetsy-rocksdb-sys 0.5.2 written to /workspace/builds/worker-1-tc1/source/Cargo.toml
[INFO] running `Command { std: CARGO_HOME="/workspace/cargo-home" RUSTUP_HOME="/workspace/rustup-home" "/workspace/cargo-home/bin/cargo" "+1.75.0" "generate-lockfile" "--manifest-path" "Cargo.toml", kill_on_drop: false }`
[INFO] [stderr]     Blocking waiting for file lock on package cache
[INFO] [stderr]     Updating crates.io index
[INFO] running `Command { std: CARGO_HOME="/workspace/cargo-home" RUSTUP_HOME="/workspace/rustup-home" "/workspace/cargo-home/bin/cargo" "+1.75.0" "fetch" "--manifest-path" "Cargo.toml", kill_on_drop: false }`
[INFO] [stderr]  Downloading crates ...
[INFO] [stderr]   Downloaded tetsy-snappy-sys v0.1.2
[INFO] running `Command { std: "docker" "create" "-v" "/var/lib/crater-agent-workspace/builds/worker-1-tc1/target:/opt/rustwide/target:rw,Z" "-v" "/var/lib/crater-agent-workspace/builds/worker-1-tc1/source:/opt/rustwide/workdir:ro,Z" "-v" "/var/lib/crater-agent-workspace/cargo-home:/opt/rustwide/cargo-home:ro,Z" "-v" "/var/lib/crater-agent-workspace/rustup-home:/opt/rustwide/rustup-home:ro,Z" "-e" "SOURCE_DIR=/opt/rustwide/workdir" "-e" "CARGO_TARGET_DIR=/opt/rustwide/target" "-e" "CARGO_HOME=/opt/rustwide/cargo-home" "-e" "RUSTUP_HOME=/opt/rustwide/rustup-home" "-w" "/opt/rustwide/workdir" "-m" "1610612736" "--user" "0:0" "--network" "none" "ghcr.io/rust-lang/crates-build-env/linux@sha256:2788e3201cd34a07e3172128adcd8b3090168a8e3bcc40d7c032b9dda1df7d1c" "/opt/rustwide/cargo-home/bin/cargo" "+1.75.0" "metadata" "--no-deps" "--format-version=1", kill_on_drop: false }`
[INFO] [stdout] db62f11a61c510dc28a9e9c64339c883753006aeb6c424c55c836c4d03d12605
[INFO] running `Command { std: "docker" "start" "-a" "db62f11a61c510dc28a9e9c64339c883753006aeb6c424c55c836c4d03d12605", kill_on_drop: false }`
[INFO] running `Command { std: "docker" "inspect" "db62f11a61c510dc28a9e9c64339c883753006aeb6c424c55c836c4d03d12605", kill_on_drop: false }`
[INFO] running `Command { std: "docker" "rm" "-f" "db62f11a61c510dc28a9e9c64339c883753006aeb6c424c55c836c4d03d12605", kill_on_drop: false }`
[INFO] [stdout] db62f11a61c510dc28a9e9c64339c883753006aeb6c424c55c836c4d03d12605
[INFO] running `Command { std: "docker" "create" "-v" "/var/lib/crater-agent-workspace/builds/worker-1-tc1/target:/opt/rustwide/target:rw,Z" "-v" "/var/lib/crater-agent-workspace/builds/worker-1-tc1/source:/opt/rustwide/workdir:ro,Z" "-v" "/var/lib/crater-agent-workspace/cargo-home:/opt/rustwide/cargo-home:ro,Z" "-v" "/var/lib/crater-agent-workspace/rustup-home:/opt/rustwide/rustup-home:ro,Z" "-e" "SOURCE_DIR=/opt/rustwide/workdir" "-e" "CARGO_TARGET_DIR=/opt/rustwide/target" "-e" "CARGO_INCREMENTAL=0" "-e" "RUST_BACKTRACE=full" "-e" "RUSTFLAGS=--cap-lints=warn" "-e" "RUSTDOCFLAGS=--cap-lints=warn" "-e" "CARGO_HOME=/opt/rustwide/cargo-home" "-e" "RUSTUP_HOME=/opt/rustwide/rustup-home" "-w" "/opt/rustwide/workdir" "-m" "1610612736" "--user" "0:0" "--network" "none" "ghcr.io/rust-lang/crates-build-env/linux@sha256:2788e3201cd34a07e3172128adcd8b3090168a8e3bcc40d7c032b9dda1df7d1c" "/opt/rustwide/cargo-home/bin/cargo" "+1.75.0" "build" "--frozen" "--message-format=json", kill_on_drop: false }`
[INFO] [stdout] fbcb5064499af59cc305942c9bc8a29a7e0d9d103b035e9a6555fe8f91526206
[INFO] running `Command { std: "docker" "start" "-a" "fbcb5064499af59cc305942c9bc8a29a7e0d9d103b035e9a6555fe8f91526206", kill_on_drop: false }`
[INFO] [stderr]    Compiling cc v1.0.83
[INFO] [stderr]    Compiling unicode-width v0.1.11
[INFO] [stderr]    Compiling rand v0.4.6
[INFO] [stderr]    Compiling remove_dir_all v0.5.3
[INFO] [stderr]    Compiling getopts v0.2.21
[INFO] [stderr]    Compiling pulldown-cmark v0.0.3
[INFO] [stderr]    Compiling cmake v0.1.50
[INFO] [stderr]    Compiling tempdir v0.3.7
[INFO] [stderr]    Compiling skeptic v0.4.0
[INFO] [stderr]    Compiling tetsy-snappy-sys v0.1.2
[INFO] [stderr]    Compiling tetsy-rocksdb-sys v0.5.2 (/opt/rustwide/workdir)
[INFO] [stderr]    Compiling local-encoding v0.2.0
[INFO] [stderr] error: failed to run custom build command for `tetsy-rocksdb-sys v0.5.2 (/opt/rustwide/workdir)`
[INFO] [stderr] note: To improve backtraces for build dependencies, set the CARGO_PROFILE_DEV_BUILD_OVERRIDE_DEBUG=true environment variable to enable debug information generation.
[INFO] [stderr] 
[INFO] [stderr] Caused by:
[INFO] [stderr]   process didn't exit successfully: `/opt/rustwide/target/debug/build/tetsy-rocksdb-sys-3cf8eb3da5522597/build-script-build` (exit status: 101)
[INFO] [stderr]   --- stdout
[INFO] [stderr]   CMAKE_TOOLCHAIN_FILE_x86_64-unknown-linux-gnu = None
[INFO] [stderr]   CMAKE_TOOLCHAIN_FILE_x86_64_unknown_linux_gnu = None
[INFO] [stderr]   HOST_CMAKE_TOOLCHAIN_FILE = None
[INFO] [stderr]   CMAKE_TOOLCHAIN_FILE = None
[INFO] [stderr]   CMAKE_GENERATOR_x86_64-unknown-linux-gnu = None
[INFO] [stderr]   CMAKE_GENERATOR_x86_64_unknown_linux_gnu = None
[INFO] [stderr]   HOST_CMAKE_GENERATOR = None
[INFO] [stderr]   CMAKE_GENERATOR = None
[INFO] [stderr]   CMAKE_PREFIX_PATH_x86_64-unknown-linux-gnu = None
[INFO] [stderr]   CMAKE_PREFIX_PATH_x86_64_unknown_linux_gnu = None
[INFO] [stderr]   HOST_CMAKE_PREFIX_PATH = None
[INFO] [stderr]   CMAKE_PREFIX_PATH = None
[INFO] [stderr]   CMAKE_x86_64-unknown-linux-gnu = None
[INFO] [stderr]   CMAKE_x86_64_unknown_linux_gnu = None
[INFO] [stderr]   HOST_CMAKE = None
[INFO] [stderr]   CMAKE = None
[INFO] [stderr]   running: cd "/opt/rustwide/target/debug/build/tetsy-rocksdb-sys-56a00565bc646e9c/out/build" && CMAKE_PREFIX_PATH="/opt/rustwide/target/debug/build/tetsy-snappy-sys-d7109425f3a6d2bd/out:" "cmake" "/opt/rustwide/workdir/rocksdb" "-DCMAKE_VERBOSE_MAKEFILE=ON" "-DWITH_SNAPPY=ON" "-DFAIL_ON_WARNINGS=OFF" "-DSNAPPY_INCLUDE_DIR=/opt/rustwide/target/debug/build/tetsy-snappy-sys-d7109425f3a6d2bd/out/build" "-DSNAPPY_LIBRARIES=/dev/null" "-DCMAKE_INSTALL_PREFIX=/opt/rustwide/target/debug/build/tetsy-rocksdb-sys-56a00565bc646e9c/out" "-DCMAKE_C_FLAGS= -ffunction-sections -fdata-sections -fPIC -m64" "-DCMAKE_C_COMPILER=/usr/bin/cc" "-DCMAKE_CXX_FLAGS= -ffunction-sections -fdata-sections -fPIC -m64" "-DCMAKE_CXX_COMPILER=/usr/bin/c++" "-DCMAKE_ASM_FLAGS= -ffunction-sections -fdata-sections -fPIC -m64" "-DCMAKE_ASM_COMPILER=/usr/bin/cc" "-DCMAKE_BUILD_TYPE=Debug"
[INFO] [stderr]   -- The C compiler identification is GNU 11.4.0
[INFO] [stderr]   -- The CXX compiler identification is GNU 11.4.0
[INFO] [stderr]   -- Detecting C compiler ABI info
[INFO] [stderr]   -- Detecting C compiler ABI info - done
[INFO] [stderr]   -- Check for working C compiler: /usr/bin/cc - skipped
[INFO] [stderr]   -- Detecting C compile features
[INFO] [stderr]   -- Detecting C compile features - done
[INFO] [stderr]   -- Detecting CXX compiler ABI info
[INFO] [stderr]   -- Detecting CXX compiler ABI info - done
[INFO] [stderr]   -- Check for working CXX compiler: /usr/bin/c++ - skipped
[INFO] [stderr]   -- Detecting CXX compile features
[INFO] [stderr]   -- Detecting CXX compile features - done
[INFO] [stderr]   -- The ASM compiler identification is GNU
[INFO] [stderr]   -- Found assembler: /usr/bin/cc
[INFO] [stderr]   -- Found snappy: /dev/null  
[INFO] [stderr]   -- Found Git: /usr/bin/git (found version "2.34.1") 
[INFO] [stderr]   -- Performing Test HAVE_SSE42
[INFO] [stderr]   -- Performing Test HAVE_SSE42 - Success
[INFO] [stderr]   -- Performing Test HAVE_THREAD_LOCAL
[INFO] [stderr]   -- Performing Test HAVE_THREAD_LOCAL - Success
[INFO] [stderr]   -- Enabling RTTI in Debug builds only (default)
[INFO] [stderr]   -- Performing Test HAVE_FALLOCATE
[INFO] [stderr]   -- Performing Test HAVE_FALLOCATE - Success
[INFO] [stderr]   -- Performing Test HAVE_SYNC_FILE_RANGE_WRITE
[INFO] [stderr]   -- Performing Test HAVE_SYNC_FILE_RANGE_WRITE - Success
[INFO] [stderr]   -- Performing Test HAVE_PTHREAD_MUTEX_ADAPTIVE_NP
[INFO] [stderr]   -- Performing Test HAVE_PTHREAD_MUTEX_ADAPTIVE_NP - Success
[INFO] [stderr]   -- Looking for malloc_usable_size
[INFO] [stderr]   -- Looking for malloc_usable_size - found
[INFO] [stderr]   -- Looking for sched_getcpu
[INFO] [stderr]   -- Looking for sched_getcpu - found
[INFO] [stderr]   -- Looking for pthread.h
[INFO] [stderr]   -- Looking for pthread.h - found
[INFO] [stderr]   -- Performing Test CMAKE_HAVE_LIBC_PTHREAD
[INFO] [stderr]   -- Performing Test CMAKE_HAVE_LIBC_PTHREAD - Success
[INFO] [stderr]   -- Found Threads: TRUE  
[INFO] [stderr]   -- JNI library is disabled
[INFO] [stderr]   -- Configuring done
[INFO] [stderr]   -- Generating done
[INFO] [stderr]   -- Build files have been written to: /opt/rustwide/target/debug/build/tetsy-rocksdb-sys-56a00565bc646e9c/out/build
[INFO] [stderr]   running: cd "/opt/rustwide/target/debug/build/tetsy-rocksdb-sys-56a00565bc646e9c/out/build" && MAKEFLAGS="-j --jobserver-fds=7,8 --jobserver-auth=7,8" "cmake" "--build" "." "--target" "rocksdb" "--config" "Debug"
[INFO] [stderr]   /usr/bin/cmake -S/opt/rustwide/workdir/rocksdb -B/opt/rustwide/target/debug/build/tetsy-rocksdb-sys-56a00565bc646e9c/out/build --check-build-system CMakeFiles/Makefile.cmake 0
[INFO] [stderr]   /usr/bin/gmake  -f CMakeFiles/Makefile2 rocksdb
[INFO] [stderr]   gmake[1]: Entering directory '/opt/rustwide/target/debug/build/tetsy-rocksdb-sys-56a00565bc646e9c/out/build'
[INFO] [stderr]   /usr/bin/cmake -S/opt/rustwide/workdir/rocksdb -B/opt/rustwide/target/debug/build/tetsy-rocksdb-sys-56a00565bc646e9c/out/build --check-build-system CMakeFiles/Makefile.cmake 0
[INFO] [stderr]   /usr/bin/cmake -E cmake_progress_start /opt/rustwide/target/debug/build/tetsy-rocksdb-sys-56a00565bc646e9c/out/build/CMakeFiles 29
[INFO] [stderr]   /usr/bin/gmake  -f CMakeFiles/Makefile2 CMakeFiles/rocksdb.dir/all
[INFO] [stderr]   gmake[2]: Entering directory '/opt/rustwide/target/debug/build/tetsy-rocksdb-sys-56a00565bc646e9c/out/build'
[INFO] [stderr]   /usr/bin/gmake  -f CMakeFiles/build_version.dir/build.make CMakeFiles/build_version.dir/depend
[INFO] [stderr]   gmake[3]: Entering directory '/opt/rustwide/target/debug/build/tetsy-rocksdb-sys-56a00565bc646e9c/out/build'
[INFO] [stderr]   cd /opt/rustwide/target/debug/build/tetsy-rocksdb-sys-56a00565bc646e9c/out/build && /usr/bin/cmake -E cmake_depends "Unix Makefiles" /opt/rustwide/workdir/rocksdb /opt/rustwide/workdir/rocksdb /opt/rustwide/target/debug/build/tetsy-rocksdb-sys-56a00565bc646e9c/out/build /opt/rustwide/target/debug/build/tetsy-rocksdb-sys-56a00565bc646e9c/out/build /opt/rustwide/target/debug/build/tetsy-rocksdb-sys-56a00565bc646e9c/out/build/CMakeFiles/build_version.dir/DependInfo.cmake --color=
[INFO] [stderr]   gmake[3]: Leaving directory '/opt/rustwide/target/debug/build/tetsy-rocksdb-sys-56a00565bc646e9c/out/build'
[INFO] [stderr]   /usr/bin/gmake  -f CMakeFiles/build_version.dir/build.make CMakeFiles/build_version.dir/build
[INFO] [stderr]   gmake[3]: Entering directory '/opt/rustwide/target/debug/build/tetsy-rocksdb-sys-56a00565bc646e9c/out/build'
[INFO] [stderr]   [  0%] Building CXX object CMakeFiles/build_version.dir/build_version.cc.o
[INFO] [stderr]   /usr/bin/c++ -DHAVE_PCLMUL -DHAVE_SSE42 -DOS_LINUX -DROCKSDB_FALLOCATE_PRESENT -DROCKSDB_LIB_IO_POSIX -DROCKSDB_MALLOC_USABLE_SIZE -DROCKSDB_PLATFORM_POSIX -DROCKSDB_PTHREAD_ADAPTIVE_MUTEX -DROCKSDB_RANGESYNC_PRESENT -DROCKSDB_SCHED_GETCPU_PRESENT -DROCKSDB_SUPPORT_THREAD_LOCAL -DSNAPPY -I/opt/rustwide/target/debug/build/tetsy-snappy-sys-d7109425f3a6d2bd/out/build -I/opt/rustwide/workdir/rocksdb/util -I/opt/rustwide/workdir/rocksdb -I/opt/rustwide/workdir/rocksdb/include -isystem /opt/rustwide/workdir/rocksdb/third-party/gtest-1.7.0/fused-src -ffunction-sections -fdata-sections -fPIC -m64 -W -Wextra -Wall -Wsign-compare -Wshadow -Wno-unused-parameter -Wno-unused-variable -Woverloaded-virtual -Wnon-virtual-dtor -Wno-missing-field-initializers -Wno-strict-aliasing -std=c++11 -march=native -fno-builtin-memcmp -g -DROCKSDB_USE_RTTI -MD -MT CMakeFiles/build_version.dir/build_version.cc.o -MF CMakeFiles/build_version.dir/build_version.cc.o.d -o CMakeFiles/build_version.dir/build_version.cc.o -c /opt/rustwide/target/debug/build/tetsy-rocksdb-sys-56a00565bc646e9c/out/build/build_version.cc
[INFO] [stderr]   gmake[3]: Leaving directory '/opt/rustwide/target/debug/build/tetsy-rocksdb-sys-56a00565bc646e9c/out/build'
[INFO] [stderr]   [  0%] Built target build_version
[INFO] [stderr]   /usr/bin/gmake  -f CMakeFiles/rocksdb.dir/build.make CMakeFiles/rocksdb.dir/depend
[INFO] [stderr]   gmake[3]: Entering directory '/opt/rustwide/target/debug/build/tetsy-rocksdb-sys-56a00565bc646e9c/out/build'
[INFO] [stderr]   cd /opt/rustwide/target/debug/build/tetsy-rocksdb-sys-56a00565bc646e9c/out/build && /usr/bin/cmake -E cmake_depends "Unix Makefiles" /opt/rustwide/workdir/rocksdb /opt/rustwide/workdir/rocksdb /opt/rustwide/target/debug/build/tetsy-rocksdb-sys-56a00565bc646e9c/out/build /opt/rustwide/target/debug/build/tetsy-rocksdb-sys-56a00565bc646e9c/out/build /opt/rustwide/target/debug/build/tetsy-rocksdb-sys-56a00565bc646e9c/out/build/CMakeFiles/rocksdb.dir/DependInfo.cmake --color=
[INFO] [stderr]   gmake[3]: Leaving directory '/opt/rustwide/target/debug/build/tetsy-rocksdb-sys-56a00565bc646e9c/out/build'
[INFO] [stderr]   /usr/bin/gmake  -f CMakeFiles/rocksdb.dir/build.make CMakeFiles/rocksdb.dir/build
[INFO] [stderr]   gmake[3]: Entering directory '/opt/rustwide/target/debug/build/tetsy-rocksdb-sys-56a00565bc646e9c/out/build'
[INFO] [stderr]   [  0%] Building CXX object CMakeFiles/rocksdb.dir/cache/clock_cache.cc.o
[INFO] [stderr]   [  0%] Building CXX object CMakeFiles/rocksdb.dir/db/c.cc.o
[INFO] [stderr]   [  0%] Building CXX object CMakeFiles/rocksdb.dir/cache/sharded_cache.cc.o
[INFO] [stderr]   [  0%] Building CXX object CMakeFiles/rocksdb.dir/cache/lru_cache.cc.o
[INFO] [stderr]   [  0%] Building CXX object CMakeFiles/rocksdb.dir/db/builder.cc.o
[INFO] [stderr]   [  0%] Building CXX object CMakeFiles/rocksdb.dir/db/column_family.cc.o
[INFO] [stderr]   [  0%] Building CXX object CMakeFiles/rocksdb.dir/db/db_filesnapshot.cc.o
[INFO] [stderr]   [  0%] Building CXX object CMakeFiles/rocksdb.dir/db/compaction.cc.o
[INFO] [stderr]   [  3%] Building CXX object CMakeFiles/rocksdb.dir/db/compacted_db_impl.cc.o
[INFO] [stderr]   [  3%] Building CXX object CMakeFiles/rocksdb.dir/db/compaction_job.cc.o
[INFO] [stderr]   /usr/bin/c++ -DHAVE_PCLMUL -DHAVE_SSE42 -DOS_LINUX -DROCKSDB_FALLOCATE_PRESENT -DROCKSDB_LIB_IO_POSIX -DROCKSDB_MALLOC_USABLE_SIZE -DROCKSDB_PLATFORM_POSIX -DROCKSDB_PTHREAD_ADAPTIVE_MUTEX -DROCKSDB_RANGESYNC_PRESENT -DROCKSDB_SCHED_GETCPU_PRESENT -DROCKSDB_SUPPORT_THREAD_LOCAL -DSNAPPY -I/opt/rustwide/target/debug/build/tetsy-snappy-sys-d7109425f3a6d2bd/out/build -I/opt/rustwide/workdir/rocksdb -I/opt/rustwide/workdir/rocksdb/include -isystem /opt/rustwide/workdir/rocksdb/third-party/gtest-1.7.0/fused-src -ffunction-sections -fdata-sections -fPIC -m64 -W -Wextra -Wall -Wsign-compare -Wshadow -Wno-unused-parameter -Wno-unused-variable -Woverloaded-virtual -Wnon-virtual-dtor -Wno-missing-field-initializers -Wno-strict-aliasing -std=c++11 -march=native -fno-builtin-memcmp -g -DROCKSDB_USE_RTTI -MD -MT CMakeFiles/rocksdb.dir/cache/clock_cache.cc.o -MF CMakeFiles/rocksdb.dir/cache/clock_cache.cc.o.d -o CMakeFiles/rocksdb.dir/cache/clock_cache.cc.o -c /opt/rustwide/workdir/rocksdb/cache/clock_cache.cc
[INFO] [stderr]   /usr/bin/c++ -DHAVE_PCLMUL -DHAVE_SSE42 -DOS_LINUX -DROCKSDB_FALLOCATE_PRESENT -DROCKSDB_LIB_IO_POSIX -DROCKSDB_MALLOC_USABLE_SIZE -DROCKSDB_PLATFORM_POSIX -DROCKSDB_PTHREAD_ADAPTIVE_MUTEX -DROCKSDB_RANGESYNC_PRESENT -DROCKSDB_SCHED_GETCPU_PRESENT -DROCKSDB_SUPPORT_THREAD_LOCAL -DSNAPPY -I/opt/rustwide/target/debug/build/tetsy-snappy-sys-d7109425f3a6d2bd/out/build -I/opt/rustwide/workdir/rocksdb -I/opt/rustwide/workdir/rocksdb/include -isystem /opt/rustwide/workdir/rocksdb/third-party/gtest-1.7.0/fused-src -ffunction-sections -fdata-sections -fPIC -m64 -W -Wextra -Wall -Wsign-compare -Wshadow -Wno-unused-parameter -Wno-unused-variable -Woverloaded-virtual -Wnon-virtual-dtor -Wno-missing-field-initializers -Wno-strict-aliasing -std=c++11 -march=native -fno-builtin-memcmp -g -DROCKSDB_USE_RTTI -MD -MT CMakeFiles/rocksdb.dir/cache/lru_cache.cc.o -MF CMakeFiles/rocksdb.dir/cache/lru_cache.cc.o.d -o CMakeFiles/rocksdb.dir/cache/lru_cache.cc.o -c /opt/rustwide/workdir/rocksdb/cache/lru_cache.cc
[INFO] [stderr]   /usr/bin/c++ -DHAVE_PCLMUL -DHAVE_SSE42 -DOS_LINUX -DROCKSDB_FALLOCATE_PRESENT -DROCKSDB_LIB_IO_POSIX -DROCKSDB_MALLOC_USABLE_SIZE -DROCKSDB_PLATFORM_POSIX -DROCKSDB_PTHREAD_ADAPTIVE_MUTEX -DROCKSDB_RANGESYNC_PRESENT -DROCKSDB_SCHED_GETCPU_PRESENT -DROCKSDB_SUPPORT_THREAD_LOCAL -DSNAPPY -I/opt/rustwide/target/debug/build/tetsy-snappy-sys-d7109425f3a6d2bd/out/build -I/opt/rustwide/workdir/rocksdb -I/opt/rustwide/workdir/rocksdb/include -isystem /opt/rustwide/workdir/rocksdb/third-party/gtest-1.7.0/fused-src -ffunction-sections -fdata-sections -fPIC -m64 -W -Wextra -Wall -Wsign-compare -Wshadow -Wno-unused-parameter -Wno-unused-variable -Woverloaded-virtual -Wnon-virtual-dtor -Wno-missing-field-initializers -Wno-strict-aliasing -std=c++11 -march=native -fno-builtin-memcmp -g -DROCKSDB_USE_RTTI -MD -MT CMakeFiles/rocksdb.dir/cache/sharded_cache.cc.o -MF CMakeFiles/rocksdb.dir/cache/sharded_cache.cc.o.d -o CMakeFiles/rocksdb.dir/cache/sharded_cache.cc.o -c /opt/rustwide/workdir/rocksdb/cache/sharded_cache.cc
[INFO] [stderr]   [  3%] Building CXX object CMakeFiles/rocksdb.dir/db/convenience.cc.o
[INFO] [stderr]   /usr/bin/c++ -DHAVE_PCLMUL -DHAVE_SSE42 -DOS_LINUX -DROCKSDB_FALLOCATE_PRESENT -DROCKSDB_LIB_IO_POSIX -DROCKSDB_MALLOC_USABLE_SIZE -DROCKSDB_PLATFORM_POSIX -DROCKSDB_PTHREAD_ADAPTIVE_MUTEX -DROCKSDB_RANGESYNC_PRESENT -DROCKSDB_SCHED_GETCPU_PRESENT -DROCKSDB_SUPPORT_THREAD_LOCAL -DSNAPPY -I/opt/rustwide/target/debug/build/tetsy-snappy-sys-d7109425f3a6d2bd/out/build -I/opt/rustwide/workdir/rocksdb -I/opt/rustwide/workdir/rocksdb/include -isystem /opt/rustwide/workdir/rocksdb/third-party/gtest-1.7.0/fused-src -ffunction-sections -fdata-sections -fPIC -m64 -W -Wextra -Wall -Wsign-compare -Wshadow -Wno-unused-parameter -Wno-unused-variable -Woverloaded-virtual -Wnon-virtual-dtor -Wno-missing-field-initializers -Wno-strict-aliasing -std=c++11 -march=native -fno-builtin-memcmp -g -DROCKSDB_USE_RTTI -MD -MT CMakeFiles/rocksdb.dir/db/builder.cc.o -MF CMakeFiles/rocksdb.dir/db/builder.cc.o.d -o CMakeFiles/rocksdb.dir/db/builder.cc.o -c /opt/rustwide/workdir/rocksdb/db/builder.cc
[INFO] [stderr]   /usr/bin/c++ -DHAVE_PCLMUL -DHAVE_SSE42 -DOS_LINUX -DROCKSDB_FALLOCATE_PRESENT -DROCKSDB_LIB_IO_POSIX -DROCKSDB_MALLOC_USABLE_SIZE -DROCKSDB_PLATFORM_POSIX -DROCKSDB_PTHREAD_ADAPTIVE_MUTEX -DROCKSDB_RANGESYNC_PRESENT -DROCKSDB_SCHED_GETCPU_PRESENT -DROCKSDB_SUPPORT_THREAD_LOCAL -DSNAPPY -I/opt/rustwide/target/debug/build/tetsy-snappy-sys-d7109425f3a6d2bd/out/build -I/opt/rustwide/workdir/rocksdb -I/opt/rustwide/workdir/rocksdb/include -isystem /opt/rustwide/workdir/rocksdb/third-party/gtest-1.7.0/fused-src -ffunction-sections -fdata-sections -fPIC -m64 -W -Wextra -Wall -Wsign-compare -Wshadow -Wno-unused-parameter -Wno-unused-variable -Woverloaded-virtual -Wnon-virtual-dtor -Wno-missing-field-initializers -Wno-strict-aliasing -std=c++11 -march=native -fno-builtin-memcmp -g -DROCKSDB_USE_RTTI -MD -MT CMakeFiles/rocksdb.dir/db/c.cc.o -MF CMakeFiles/rocksdb.dir/db/c.cc.o.d -o CMakeFiles/rocksdb.dir/db/c.cc.o -c /opt/rustwide/workdir/rocksdb/db/c.cc
[INFO] [stderr]   [  3%] Building CXX object CMakeFiles/rocksdb.dir/db/compaction_iterator.cc.o
[INFO] [stderr]   /usr/bin/c++ -DHAVE_PCLMUL -DHAVE_SSE42 -DOS_LINUX -DROCKSDB_FALLOCATE_PRESENT -DROCKSDB_LIB_IO_POSIX -DROCKSDB_MALLOC_USABLE_SIZE -DROCKSDB_PLATFORM_POSIX -DROCKSDB_PTHREAD_ADAPTIVE_MUTEX -DROCKSDB_RANGESYNC_PRESENT -DROCKSDB_SCHED_GETCPU_PRESENT -DROCKSDB_SUPPORT_THREAD_LOCAL -DSNAPPY -I/opt/rustwide/target/debug/build/tetsy-snappy-sys-d7109425f3a6d2bd/out/build -I/opt/rustwide/workdir/rocksdb -I/opt/rustwide/workdir/rocksdb/include -isystem /opt/rustwide/workdir/rocksdb/third-party/gtest-1.7.0/fused-src -ffunction-sections -fdata-sections -fPIC -m64 -W -Wextra -Wall -Wsign-compare -Wshadow -Wno-unused-parameter -Wno-unused-variable -Woverloaded-virtual -Wnon-virtual-dtor -Wno-missing-field-initializers -Wno-strict-aliasing -std=c++11 -march=native -fno-builtin-memcmp -g -DROCKSDB_USE_RTTI -MD -MT CMakeFiles/rocksdb.dir/db/column_family.cc.o -MF CMakeFiles/rocksdb.dir/db/column_family.cc.o.d -o CMakeFiles/rocksdb.dir/db/column_family.cc.o -c /opt/rustwide/workdir/rocksdb/db/column_family.cc
[INFO] [stderr]   /usr/bin/c++ -DHAVE_PCLMUL -DHAVE_SSE42 -DOS_LINUX -DROCKSDB_FALLOCATE_PRESENT -DROCKSDB_LIB_IO_POSIX -DROCKSDB_MALLOC_USABLE_SIZE -DROCKSDB_PLATFORM_POSIX -DROCKSDB_PTHREAD_ADAPTIVE_MUTEX -DROCKSDB_RANGESYNC_PRESENT -DROCKSDB_SCHED_GETCPU_PRESENT -DROCKSDB_SUPPORT_THREAD_LOCAL -DSNAPPY -I/opt/rustwide/target/debug/build/tetsy-snappy-sys-d7109425f3a6d2bd/out/build -I/opt/rustwide/workdir/rocksdb -I/opt/rustwide/workdir/rocksdb/include -isystem /opt/rustwide/workdir/rocksdb/third-party/gtest-1.7.0/fused-src -ffunction-sections -fdata-sections -fPIC -m64 -W -Wextra -Wall -Wsign-compare -Wshadow -Wno-unused-parameter -Wno-unused-variable -Woverloaded-virtual -Wnon-virtual-dtor -Wno-missing-field-initializers -Wno-strict-aliasing -std=c++11 -march=native -fno-builtin-memcmp -g -DROCKSDB_USE_RTTI -MD -MT CMakeFiles/rocksdb.dir/db/compacted_db_impl.cc.o -MF CMakeFiles/rocksdb.dir/db/compacted_db_impl.cc.o.d -o CMakeFiles/rocksdb.dir/db/compacted_db_impl.cc.o -c /opt/rustwide/workdir/rocksdb/db/compacted_db_impl.cc
[INFO] [stderr]   /usr/bin/c++ -DHAVE_PCLMUL -DHAVE_SSE42 -DOS_LINUX -DROCKSDB_FALLOCATE_PRESENT -DROCKSDB_LIB_IO_POSIX -DROCKSDB_MALLOC_USABLE_SIZE -DROCKSDB_PLATFORM_POSIX -DROCKSDB_PTHREAD_ADAPTIVE_MUTEX -DROCKSDB_RANGESYNC_PRESENT -DROCKSDB_SCHED_GETCPU_PRESENT -DROCKSDB_SUPPORT_THREAD_LOCAL -DSNAPPY -I/opt/rustwide/target/debug/build/tetsy-snappy-sys-d7109425f3a6d2bd/out/build -I/opt/rustwide/workdir/rocksdb -I/opt/rustwide/workdir/rocksdb/include -isystem /opt/rustwide/workdir/rocksdb/third-party/gtest-1.7.0/fused-src -ffunction-sections -fdata-sections -fPIC -m64 -W -Wextra -Wall -Wsign-compare -Wshadow -Wno-unused-parameter -Wno-unused-variable -Woverloaded-virtual -Wnon-virtual-dtor -Wno-missing-field-initializers -Wno-strict-aliasing -std=c++11 -march=native -fno-builtin-memcmp -g -DROCKSDB_USE_RTTI -MD -MT CMakeFiles/rocksdb.dir/db/compaction.cc.o -MF CMakeFiles/rocksdb.dir/db/compaction.cc.o.d -o CMakeFiles/rocksdb.dir/db/compaction.cc.o -c /opt/rustwide/workdir/rocksdb/db/compaction.cc
[INFO] [stderr]   /usr/bin/c++ -DHAVE_PCLMUL -DHAVE_SSE42 -DOS_LINUX -DROCKSDB_FALLOCATE_PRESENT -DROCKSDB_LIB_IO_POSIX -DROCKSDB_MALLOC_USABLE_SIZE -DROCKSDB_PLATFORM_POSIX -DROCKSDB_PTHREAD_ADAPTIVE_MUTEX -DROCKSDB_RANGESYNC_PRESENT -DROCKSDB_SCHED_GETCPU_PRESENT -DROCKSDB_SUPPORT_THREAD_LOCAL -DSNAPPY -I/opt/rustwide/target/debug/build/tetsy-snappy-sys-d7109425f3a6d2bd/out/build -I/opt/rustwide/workdir/rocksdb -I/opt/rustwide/workdir/rocksdb/include -isystem /opt/rustwide/workdir/rocksdb/third-party/gtest-1.7.0/fused-src -ffunction-sections -fdata-sections -fPIC -m64 -W -Wextra -Wall -Wsign-compare -Wshadow -Wno-unused-parameter -Wno-unused-variable -Woverloaded-virtual -Wnon-virtual-dtor -Wno-missing-field-initializers -Wno-strict-aliasing -std=c++11 -march=native -fno-builtin-memcmp -g -DROCKSDB_USE_RTTI -MD -MT CMakeFiles/rocksdb.dir/db/compaction_job.cc.o -MF CMakeFiles/rocksdb.dir/db/compaction_job.cc.o.d -o CMakeFiles/rocksdb.dir/db/compaction_job.cc.o -c /opt/rustwide/workdir/rocksdb/db/compaction_job.cc
[INFO] [stderr]   /usr/bin/c++ -DHAVE_PCLMUL -DHAVE_SSE42 -DOS_LINUX -DROCKSDB_FALLOCATE_PRESENT -DROCKSDB_LIB_IO_POSIX -DROCKSDB_MALLOC_USABLE_SIZE -DROCKSDB_PLATFORM_POSIX -DROCKSDB_PTHREAD_ADAPTIVE_MUTEX -DROCKSDB_RANGESYNC_PRESENT -DROCKSDB_SCHED_GETCPU_PRESENT -DROCKSDB_SUPPORT_THREAD_LOCAL -DSNAPPY -I/opt/rustwide/target/debug/build/tetsy-snappy-sys-d7109425f3a6d2bd/out/build -I/opt/rustwide/workdir/rocksdb -I/opt/rustwide/workdir/rocksdb/include -isystem /opt/rustwide/workdir/rocksdb/third-party/gtest-1.7.0/fused-src -ffunction-sections -fdata-sections -fPIC -m64 -W -Wextra -Wall -Wsign-compare -Wshadow -Wno-unused-parameter -Wno-unused-variable -Woverloaded-virtual -Wnon-virtual-dtor -Wno-missing-field-initializers -Wno-strict-aliasing -std=c++11 -march=native -fno-builtin-memcmp -g -DROCKSDB_USE_RTTI -MD -MT CMakeFiles/rocksdb.dir/db/convenience.cc.o -MF CMakeFiles/rocksdb.dir/db/convenience.cc.o.d -o CMakeFiles/rocksdb.dir/db/convenience.cc.o -c /opt/rustwide/workdir/rocksdb/db/convenience.cc
[INFO] [stderr]   /usr/bin/c++ -DHAVE_PCLMUL -DHAVE_SSE42 -DOS_LINUX -DROCKSDB_FALLOCATE_PRESENT -DROCKSDB_LIB_IO_POSIX -DROCKSDB_MALLOC_USABLE_SIZE -DROCKSDB_PLATFORM_POSIX -DROCKSDB_PTHREAD_ADAPTIVE_MUTEX -DROCKSDB_RANGESYNC_PRESENT -DROCKSDB_SCHED_GETCPU_PRESENT -DROCKSDB_SUPPORT_THREAD_LOCAL -DSNAPPY -I/opt/rustwide/target/debug/build/tetsy-snappy-sys-d7109425f3a6d2bd/out/build -I/opt/rustwide/workdir/rocksdb -I/opt/rustwide/workdir/rocksdb/include -isystem /opt/rustwide/workdir/rocksdb/third-party/gtest-1.7.0/fused-src -ffunction-sections -fdata-sections -fPIC -m64 -W -Wextra -Wall -Wsign-compare -Wshadow -Wno-unused-parameter -Wno-unused-variable -Woverloaded-virtual -Wnon-virtual-dtor -Wno-missing-field-initializers -Wno-strict-aliasing -std=c++11 -march=native -fno-builtin-memcmp -g -DROCKSDB_USE_RTTI -MD -MT CMakeFiles/rocksdb.dir/db/compaction_iterator.cc.o -MF CMakeFiles/rocksdb.dir/db/compaction_iterator.cc.o.d -o CMakeFiles/rocksdb.dir/db/compaction_iterator.cc.o -c /opt/rustwide/workdir/rocksdb/db/compaction_iterator.cc
[INFO] [stderr]   [  3%] Building CXX object CMakeFiles/rocksdb.dir/db/compaction_picker_universal.cc.o
[INFO] [stderr]   /usr/bin/c++ -DHAVE_PCLMUL -DHAVE_SSE42 -DOS_LINUX -DROCKSDB_FALLOCATE_PRESENT -DROCKSDB_LIB_IO_POSIX -DROCKSDB_MALLOC_USABLE_SIZE -DROCKSDB_PLATFORM_POSIX -DROCKSDB_PTHREAD_ADAPTIVE_MUTEX -DROCKSDB_RANGESYNC_PRESENT -DROCKSDB_SCHED_GETCPU_PRESENT -DROCKSDB_SUPPORT_THREAD_LOCAL -DSNAPPY -I/opt/rustwide/target/debug/build/tetsy-snappy-sys-d7109425f3a6d2bd/out/build -I/opt/rustwide/workdir/rocksdb -I/opt/rustwide/workdir/rocksdb/include -isystem /opt/rustwide/workdir/rocksdb/third-party/gtest-1.7.0/fused-src -ffunction-sections -fdata-sections -fPIC -m64 -W -Wextra -Wall -Wsign-compare -Wshadow -Wno-unused-parameter -Wno-unused-variable -Woverloaded-virtual -Wnon-virtual-dtor -Wno-missing-field-initializers -Wno-strict-aliasing -std=c++11 -march=native -fno-builtin-memcmp -g -DROCKSDB_USE_RTTI -MD -MT CMakeFiles/rocksdb.dir/db/db_filesnapshot.cc.o -MF CMakeFiles/rocksdb.dir/db/db_filesnapshot.cc.o.d -o CMakeFiles/rocksdb.dir/db/db_filesnapshot.cc.o -c /opt/rustwide/workdir/rocksdb/db/db_filesnapshot.cc
[INFO] [stderr]   [  3%] Building CXX object CMakeFiles/rocksdb.dir/db/compaction_picker.cc.o
[INFO] [stderr]   [  6%] Building CXX object CMakeFiles/rocksdb.dir/db/db_impl.cc.o
[INFO] [stderr]   /usr/bin/c++ -DHAVE_PCLMUL -DHAVE_SSE42 -DOS_LINUX -DROCKSDB_FALLOCATE_PRESENT -DROCKSDB_LIB_IO_POSIX -DROCKSDB_MALLOC_USABLE_SIZE -DROCKSDB_PLATFORM_POSIX -DROCKSDB_PTHREAD_ADAPTIVE_MUTEX -DROCKSDB_RANGESYNC_PRESENT -DROCKSDB_SCHED_GETCPU_PRESENT -DROCKSDB_SUPPORT_THREAD_LOCAL -DSNAPPY -I/opt/rustwide/target/debug/build/tetsy-snappy-sys-d7109425f3a6d2bd/out/build -I/opt/rustwide/workdir/rocksdb -I/opt/rustwide/workdir/rocksdb/include -isystem /opt/rustwide/workdir/rocksdb/third-party/gtest-1.7.0/fused-src -ffunction-sections -fdata-sections -fPIC -m64 -W -Wextra -Wall -Wsign-compare -Wshadow -Wno-unused-parameter -Wno-unused-variable -Woverloaded-virtual -Wnon-virtual-dtor -Wno-missing-field-initializers -Wno-strict-aliasing -std=c++11 -march=native -fno-builtin-memcmp -g -DROCKSDB_USE_RTTI -MD -MT CMakeFiles/rocksdb.dir/db/compaction_picker.cc.o -MF CMakeFiles/rocksdb.dir/db/compaction_picker.cc.o.d -o CMakeFiles/rocksdb.dir/db/compaction_picker.cc.o -c /opt/rustwide/workdir/rocksdb/db/compaction_picker.cc
[INFO] [stderr]   /usr/bin/c++ -DHAVE_PCLMUL -DHAVE_SSE42 -DOS_LINUX -DROCKSDB_FALLOCATE_PRESENT -DROCKSDB_LIB_IO_POSIX -DROCKSDB_MALLOC_USABLE_SIZE -DROCKSDB_PLATFORM_POSIX -DROCKSDB_PTHREAD_ADAPTIVE_MUTEX -DROCKSDB_RANGESYNC_PRESENT -DROCKSDB_SCHED_GETCPU_PRESENT -DROCKSDB_SUPPORT_THREAD_LOCAL -DSNAPPY -I/opt/rustwide/target/debug/build/tetsy-snappy-sys-d7109425f3a6d2bd/out/build -I/opt/rustwide/workdir/rocksdb -I/opt/rustwide/workdir/rocksdb/include -isystem /opt/rustwide/workdir/rocksdb/third-party/gtest-1.7.0/fused-src -ffunction-sections -fdata-sections -fPIC -m64 -W -Wextra -Wall -Wsign-compare -Wshadow -Wno-unused-parameter -Wno-unused-variable -Woverloaded-virtual -Wnon-virtual-dtor -Wno-missing-field-initializers -Wno-strict-aliasing -std=c++11 -march=native -fno-builtin-memcmp -g -DROCKSDB_USE_RTTI -MD -MT CMakeFiles/rocksdb.dir/db/compaction_picker_universal.cc.o -MF CMakeFiles/rocksdb.dir/db/compaction_picker_universal.cc.o.d -o CMakeFiles/rocksdb.dir/db/compaction_picker_universal.cc.o -c /opt/rustwide/workdir/rocksdb/db/compaction_picker_universal.cc
[INFO] [stderr]   /usr/bin/c++ -DHAVE_PCLMUL -DHAVE_SSE42 -DOS_LINUX -DROCKSDB_FALLOCATE_PRESENT -DROCKSDB_LIB_IO_POSIX -DROCKSDB_MALLOC_USABLE_SIZE -DROCKSDB_PLATFORM_POSIX -DROCKSDB_PTHREAD_ADAPTIVE_MUTEX -DROCKSDB_RANGESYNC_PRESENT -DROCKSDB_SCHED_GETCPU_PRESENT -DROCKSDB_SUPPORT_THREAD_LOCAL -DSNAPPY -I/opt/rustwide/target/debug/build/tetsy-snappy-sys-d7109425f3a6d2bd/out/build -I/opt/rustwide/workdir/rocksdb -I/opt/rustwide/workdir/rocksdb/include -isystem /opt/rustwide/workdir/rocksdb/third-party/gtest-1.7.0/fused-src -ffunction-sections -fdata-sections -fPIC -m64 -W -Wextra -Wall -Wsign-compare -Wshadow -Wno-unused-parameter -Wno-unused-variable -Woverloaded-virtual -Wnon-virtual-dtor -Wno-missing-field-initializers -Wno-strict-aliasing -std=c++11 -march=native -fno-builtin-memcmp -g -DROCKSDB_USE_RTTI -MD -MT CMakeFiles/rocksdb.dir/db/db_impl.cc.o -MF CMakeFiles/rocksdb.dir/db/db_impl.cc.o.d -o CMakeFiles/rocksdb.dir/db/db_impl.cc.o -c /opt/rustwide/workdir/rocksdb/db/db_impl.cc
[INFO] [stderr]   [  6%] Building CXX object CMakeFiles/rocksdb.dir/db/db_impl_write.cc.o
[INFO] [stderr]   /usr/bin/c++ -DHAVE_PCLMUL -DHAVE_SSE42 -DOS_LINUX -DROCKSDB_FALLOCATE_PRESENT -DROCKSDB_LIB_IO_POSIX -DROCKSDB_MALLOC_USABLE_SIZE -DROCKSDB_PLATFORM_POSIX -DROCKSDB_PTHREAD_ADAPTIVE_MUTEX -DROCKSDB_RANGESYNC_PRESENT -DROCKSDB_SCHED_GETCPU_PRESENT -DROCKSDB_SUPPORT_THREAD_LOCAL -DSNAPPY -I/opt/rustwide/target/debug/build/tetsy-snappy-sys-d7109425f3a6d2bd/out/build -I/opt/rustwide/workdir/rocksdb -I/opt/rustwide/workdir/rocksdb/include -isystem /opt/rustwide/workdir/rocksdb/third-party/gtest-1.7.0/fused-src -ffunction-sections -fdata-sections -fPIC -m64 -W -Wextra -Wall -Wsign-compare -Wshadow -Wno-unused-parameter -Wno-unused-variable -Woverloaded-virtual -Wnon-virtual-dtor -Wno-missing-field-initializers -Wno-strict-aliasing -std=c++11 -march=native -fno-builtin-memcmp -g -DROCKSDB_USE_RTTI -MD -MT CMakeFiles/rocksdb.dir/db/db_impl_write.cc.o -MF CMakeFiles/rocksdb.dir/db/db_impl_write.cc.o.d -o CMakeFiles/rocksdb.dir/db/db_impl_write.cc.o -c /opt/rustwide/workdir/rocksdb/db/db_impl_write.cc
[INFO] [stderr]   [  6%] Building CXX object CMakeFiles/rocksdb.dir/db/db_impl_compaction_flush.cc.o
[INFO] [stderr]   /usr/bin/c++ -DHAVE_PCLMUL -DHAVE_SSE42 -DOS_LINUX -DROCKSDB_FALLOCATE_PRESENT -DROCKSDB_LIB_IO_POSIX -DROCKSDB_MALLOC_USABLE_SIZE -DROCKSDB_PLATFORM_POSIX -DROCKSDB_PTHREAD_ADAPTIVE_MUTEX -DROCKSDB_RANGESYNC_PRESENT -DROCKSDB_SCHED_GETCPU_PRESENT -DROCKSDB_SUPPORT_THREAD_LOCAL -DSNAPPY -I/opt/rustwide/target/debug/build/tetsy-snappy-sys-d7109425f3a6d2bd/out/build -I/opt/rustwide/workdir/rocksdb -I/opt/rustwide/workdir/rocksdb/include -isystem /opt/rustwide/workdir/rocksdb/third-party/gtest-1.7.0/fused-src -ffunction-sections -fdata-sections -fPIC -m64 -W -Wextra -Wall -Wsign-compare -Wshadow -Wno-unused-parameter -Wno-unused-variable -Woverloaded-virtual -Wnon-virtual-dtor -Wno-missing-field-initializers -Wno-strict-aliasing -std=c++11 -march=native -fno-builtin-memcmp -g -DROCKSDB_USE_RTTI -MD -MT CMakeFiles/rocksdb.dir/db/db_impl_compaction_flush.cc.o -MF CMakeFiles/rocksdb.dir/db/db_impl_compaction_flush.cc.o.d -o CMakeFiles/rocksdb.dir/db/db_impl_compaction_flush.cc.o -c /opt/rustwide/workdir/rocksdb/db/db_impl_compaction_flush.cc
[INFO] [stderr]   [  6%] Building CXX object CMakeFiles/rocksdb.dir/db/db_impl_files.cc.o
[INFO] [stderr]   /usr/bin/c++ -DHAVE_PCLMUL -DHAVE_SSE42 -DOS_LINUX -DROCKSDB_FALLOCATE_PRESENT -DROCKSDB_LIB_IO_POSIX -DROCKSDB_MALLOC_USABLE_SIZE -DROCKSDB_PLATFORM_POSIX -DROCKSDB_PTHREAD_ADAPTIVE_MUTEX -DROCKSDB_RANGESYNC_PRESENT -DROCKSDB_SCHED_GETCPU_PRESENT -DROCKSDB_SUPPORT_THREAD_LOCAL -DSNAPPY -I/opt/rustwide/target/debug/build/tetsy-snappy-sys-d7109425f3a6d2bd/out/build -I/opt/rustwide/workdir/rocksdb -I/opt/rustwide/workdir/rocksdb/include -isystem /opt/rustwide/workdir/rocksdb/third-party/gtest-1.7.0/fused-src -ffunction-sections -fdata-sections -fPIC -m64 -W -Wextra -Wall -Wsign-compare -Wshadow -Wno-unused-parameter -Wno-unused-variable -Woverloaded-virtual -Wnon-virtual-dtor -Wno-missing-field-initializers -Wno-strict-aliasing -std=c++11 -march=native -fno-builtin-memcmp -g -DROCKSDB_USE_RTTI -MD -MT CMakeFiles/rocksdb.dir/db/db_impl_files.cc.o -MF CMakeFiles/rocksdb.dir/db/db_impl_files.cc.o.d -o CMakeFiles/rocksdb.dir/db/db_impl_files.cc.o -c /opt/rustwide/workdir/rocksdb/db/db_impl_files.cc
[INFO] [stderr]   gmake[3]: Leaving directory '/opt/rustwide/target/debug/build/tetsy-rocksdb-sys-56a00565bc646e9c/out/build'
[INFO] [stderr]   gmake[2]: Leaving directory '/opt/rustwide/target/debug/build/tetsy-rocksdb-sys-56a00565bc646e9c/out/build'
[INFO] [stderr]   gmake[1]: Leaving directory '/opt/rustwide/target/debug/build/tetsy-rocksdb-sys-56a00565bc646e9c/out/build'
[INFO] [stderr] 
[INFO] [stderr]   --- stderr
[INFO] [stderr]   CMake Warning at CMakeLists.txt:74 (find_package):
[INFO] [stderr]     By not providing "Findgflags.cmake" in CMAKE_MODULE_PATH this project has
[INFO] [stderr]     asked CMake to find a package configuration file provided by "gflags", but
[INFO] [stderr]     CMake did not find one.
[INFO] [stderr] 
[INFO] [stderr]     Could not find a package configuration file provided by "gflags" with any
[INFO] [stderr]     of the following names:
[INFO] [stderr] 
[INFO] [stderr]       gflagsConfig.cmake
[INFO] [stderr]       gflags-config.cmake
[INFO] [stderr] 
[INFO] [stderr]     Add the installation prefix of "gflags" to CMAKE_PREFIX_PATH or set
[INFO] [stderr]     "gflags_DIR" to a directory containing one of the above files.  If "gflags"
[INFO] [stderr]     provides a separate development package or SDK, be sure it has been
[INFO] [stderr]     installed.
[INFO] [stderr] 
[INFO] [stderr] 
[INFO] [stderr]   c++: fatal error: Killed signal terminated program cc1plus
[INFO] [stderr]   compilation terminated.
[INFO] [stderr]   gmake[3]: *** [CMakeFiles/rocksdb.dir/build.make:149: CMakeFiles/rocksdb.dir/db/column_family.cc.o] Error 1
[INFO] [stderr]   gmake[3]: *** Waiting for unfinished jobs....
[INFO] [stderr]   c++: fatal error: Killed signal terminated program cc1plus
[INFO] [stderr]   compilation terminated.
[INFO] [stderr]   gmake[3]: *** [CMakeFiles/rocksdb.dir/build.make:163: CMakeFiles/rocksdb.dir/db/compacted_db_impl.cc.o] Error 1
[INFO] [stderr]   c++: fatal error: Killed signal terminated program cc1plus
[INFO] [stderr]   compilation terminated.
[INFO] [stderr]   gmake[3]: *** [CMakeFiles/rocksdb.dir/build.make:121: CMakeFiles/rocksdb.dir/db/builder.cc.o] Error 1
[INFO] [stderr]   In file included from /opt/rustwide/workdir/rocksdb/db/range_del_aggregator.h:16,
[INFO] [stderr]                    from /opt/rustwide/workdir/rocksdb/db/memtable.h:19,
[INFO] [stderr]                    from /opt/rustwide/workdir/rocksdb/db/memtable_list.h:17,
[INFO] [stderr]                    from /opt/rustwide/workdir/rocksdb/db/column_family.h:17,
[INFO] [stderr]                    from /opt/rustwide/workdir/rocksdb/db/version_set.h:31,
[INFO] [stderr]                    from /opt/rustwide/workdir/rocksdb/db/compaction.h:11,
[INFO] [stderr]                    from /opt/rustwide/workdir/rocksdb/db/compaction.cc:10:
[INFO] [stderr]   /opt/rustwide/workdir/rocksdb/db/version_edit.h: In constructor 'rocksdb::FdWithKeyRange::FdWithKeyRange(rocksdb::FileDescriptor, rocksdb::Slice, rocksdb::Slice, rocksdb::FileMetaData*)':
[INFO] [stderr]   /opt/rustwide/workdir/rocksdb/db/version_edit.h:154:9: warning: implicitly-declared 'constexpr rocksdb::FileDescriptor::FileDescriptor(const rocksdb::FileDescriptor&)' is deprecated [-Wdeprecated-copy]
[INFO] [stderr]     154 |       : fd(_fd),
[INFO] [stderr]         |         ^~~~~~~
[INFO] [stderr]   /opt/rustwide/workdir/rocksdb/db/version_edit.h:47:19: note: because 'rocksdb::FileDescriptor' has user-provided 'rocksdb::FileDescriptor& rocksdb::FileDescriptor::operator=(const rocksdb::FileDescriptor&)'
[INFO] [stderr]      47 |   FileDescriptor& operator=(const FileDescriptor& fd) {
[INFO] [stderr]         |                   ^~~~~~~~
[INFO] [stderr]   In file included from /opt/rustwide/workdir/rocksdb/db/range_del_aggregator.h:16,
[INFO] [stderr]                    from /opt/rustwide/workdir/rocksdb/db/memtable.h:19,
[INFO] [stderr]                    from /opt/rustwide/workdir/rocksdb/db/memtable_list.h:17,
[INFO] [stderr]                    from /opt/rustwide/workdir/rocksdb/db/column_family.h:17,
[INFO] [stderr]                    from /opt/rustwide/workdir/rocksdb/db/db_impl.h:22,
[INFO] [stderr]                    from /opt/rustwide/workdir/rocksdb/db/db_impl.cc:9:
[INFO] [stderr]   /opt/rustwide/workdir/rocksdb/db/version_edit.h: In constructor 'rocksdb::FdWithKeyRange::FdWithKeyRange(rocksdb::FileDescriptor, rocksdb::Slice, rocksdb::Slice, rocksdb::FileMetaData*)':
[INFO] [stderr]   /opt/rustwide/workdir/rocksdb/db/version_edit.h:154:9: warning: implicitly-declared 'constexpr rocksdb::FileDescriptor::FileDescriptor(const rocksdb::FileDescriptor&)' is deprecated [-Wdeprecated-copy]
[INFO] [stderr]     154 |       : fd(_fd),
[INFO] [stderr]         |         ^~~~~~~
[INFO] [stderr]   /opt/rustwide/workdir/rocksdb/db/version_edit.h:47:19: note: because 'rocksdb::FileDescriptor' has user-provided 'rocksdb::FileDescriptor& rocksdb::FileDescriptor::operator=(const rocksdb::FileDescriptor&)'
[INFO] [stderr]      47 |   FileDescriptor& operator=(const FileDescriptor& fd) {
[INFO] [stderr]         |                   ^~~~~~~~
[INFO] [stderr]   In file included from /opt/rustwide/workdir/rocksdb/db/range_del_aggregator.h:16,
[INFO] [stderr]                    from /opt/rustwide/workdir/rocksdb/db/memtable.h:19,
[INFO] [stderr]                    from /opt/rustwide/workdir/rocksdb/db/memtable_list.h:17,
[INFO] [stderr]                    from /opt/rustwide/workdir/rocksdb/db/column_family.h:17,
[INFO] [stderr]                    from /opt/rustwide/workdir/rocksdb/db/db_impl.h:22,
[INFO] [stderr]                    from /opt/rustwide/workdir/rocksdb/db/db_impl_write.cc:9:
[INFO] [stderr]   /opt/rustwide/workdir/rocksdb/db/version_edit.h: In constructor 'rocksdb::FdWithKeyRange::FdWithKeyRange(rocksdb::FileDescriptor, rocksdb::Slice, rocksdb::Slice, rocksdb::FileMetaData*)':
[INFO] [stderr]   /opt/rustwide/workdir/rocksdb/db/version_edit.h:154:9: warning: implicitly-declared 'constexpr rocksdb::FileDescriptor::FileDescriptor(const rocksdb::FileDescriptor&)' is deprecated [-Wdeprecated-copy]
[INFO] [stderr]     154 |       : fd(_fd),
[INFO] [stderr]         |         ^~~~~~~
[INFO] [stderr]   /opt/rustwide/workdir/rocksdb/db/version_edit.h:47:19: note: because 'rocksdb::FileDescriptor' has user-provided 'rocksdb::FileDescriptor& rocksdb::FileDescriptor::operator=(const rocksdb::FileDescriptor&)'
[INFO] [stderr]      47 |   FileDescriptor& operator=(const FileDescriptor& fd) {
[INFO] [stderr]         |                   ^~~~~~~~
[INFO] [stderr]   c++: fatal error: Killed signal terminated program cc1plus
[INFO] [stderr]   compilation terminated.
[INFO] [stderr]   gmake[3]: *** [CMakeFiles/rocksdb.dir/build.make:275: CMakeFiles/rocksdb.dir/db/db_impl.cc.o] Error 1
[INFO] [stderr]   In file included from /opt/rustwide/workdir/rocksdb/db/range_del_aggregator.h:16,
[INFO] [stderr]                    from /opt/rustwide/workdir/rocksdb/db/memtable.h:19,
[INFO] [stderr]                    from /opt/rustwide/workdir/rocksdb/db/memtable_list.h:17,
[INFO] [stderr]                    from /opt/rustwide/workdir/rocksdb/db/column_family.h:17,
[INFO] [stderr]                    from /opt/rustwide/workdir/rocksdb/db/version_set.h:31,
[INFO] [stderr]                    from /opt/rustwide/workdir/rocksdb/db/compaction.h:11,
[INFO] [stderr]                    from /opt/rustwide/workdir/rocksdb/db/compaction_iterator.h:12,
[INFO] [stderr]                    from /opt/rustwide/workdir/rocksdb/db/compaction_iterator.cc:6:
[INFO] [stderr]   /opt/rustwide/workdir/rocksdb/db/version_edit.h: In constructor 'rocksdb::FdWithKeyRange::FdWithKeyRange(rocksdb::FileDescriptor, rocksdb::Slice, rocksdb::Slice, rocksdb::FileMetaData*)':
[INFO] [stderr]   /opt/rustwide/workdir/rocksdb/db/version_edit.h:154:9: warning: implicitly-declared 'constexpr rocksdb::FileDescriptor::FileDescriptor(const rocksdb::FileDescriptor&)' is deprecated [-Wdeprecated-copy]
[INFO] [stderr]     154 |       : fd(_fd),
[INFO] [stderr]         |         ^~~~~~~
[INFO] [stderr]   /opt/rustwide/workdir/rocksdb/db/version_edit.h:47:19: note: because 'rocksdb::FileDescriptor' has user-provided 'rocksdb::FileDescriptor& rocksdb::FileDescriptor::operator=(const rocksdb::FileDescriptor&)'
[INFO] [stderr]      47 |   FileDescriptor& operator=(const FileDescriptor& fd) {
[INFO] [stderr]         |                   ^~~~~~~~
[INFO] [stderr]   In file included from /opt/rustwide/workdir/rocksdb/db/range_del_aggregator.h:16,
[INFO] [stderr]                    from /opt/rustwide/workdir/rocksdb/db/memtable.h:19,
[INFO] [stderr]                    from /opt/rustwide/workdir/rocksdb/db/memtable_list.h:17,
[INFO] [stderr]                    from /opt/rustwide/workdir/rocksdb/db/column_family.h:17,
[INFO] [stderr]                    from /opt/rustwide/workdir/rocksdb/db/db_impl.h:22,
[INFO] [stderr]                    from /opt/rustwide/workdir/rocksdb/db/db_filesnapshot.cc:17:
[INFO] [stderr]   /opt/rustwide/workdir/rocksdb/db/version_edit.h: In constructor 'rocksdb::FdWithKeyRange::FdWithKeyRange(rocksdb::FileDescriptor, rocksdb::Slice, rocksdb::Slice, rocksdb::FileMetaData*)':
[INFO] [stderr]   /opt/rustwide/workdir/rocksdb/db/version_edit.h:154:9: warning: implicitly-declared 'constexpr rocksdb::FileDescriptor::FileDescriptor(const rocksdb::FileDescriptor&)' is deprecated [-Wdeprecated-copy]
[INFO] [stderr]     154 |       : fd(_fd),
[INFO] [stderr]         |         ^~~~~~~
[INFO] [stderr]   In file included from /opt/rustwide/workdir/rocksdb/db/range_del_aggregator.h:16,
[INFO] [stderr]                    from /opt/rustwide/workdir/rocksdb/db/memtable.h:19,
[INFO] [stderr]                    from /opt/rustwide/workdir/rocksdb/db/memtable_list.h:17,
[INFO] [stderr]                    from /opt/rustwide/workdir/rocksdb/db/column_family.h:17,
[INFO] [stderr]                    from /opt/rustwide/workdir/rocksdb/db/compaction_job.h:20,
[INFO] [stderr]                    from /opt/rustwide/workdir/rocksdb/db/compaction_job.cc:10:
[INFO] [stderr]   /opt/rustwide/workdir/rocksdb/db/version_edit.h: In constructor 'rocksdb::FdWithKeyRange::FdWithKeyRange(rocksdb::FileDescriptor, rocksdb::Slice, rocksdb::Slice, rocksdb::FileMetaData*)':
[INFO] [stderr]   /opt/rustwide/workdir/rocksdb/db/version_edit.h:154:9: warning: implicitly-declared 'constexpr rocksdb::FileDescriptor::FileDescriptor(const rocksdb::FileDescriptor&)' is deprecated [-Wdeprecated-copy]
[INFO] [stderr]     154 |       : fd(_fd),
[INFO] [stderr]         |         ^~~~~~~
[INFO] [stderr]   /opt/rustwide/workdir/rocksdb/db/version_edit.h:47:19: note: because 'rocksdb::FileDescriptor' has user-provided 'rocksdb::FileDescriptor& rocksdb::FileDescriptor::operator=(const rocksdb::FileDescriptor&)'
[INFO] [stderr]      47 |   FileDescriptor& operator=(const FileDescriptor& fd) {
[INFO] [stderr]         |                   ^~~~~~~~
[INFO] [stderr]   /opt/rustwide/workdir/rocksdb/db/version_edit.h:47:19: note: because 'rocksdb::FileDescriptor' has user-provided 'rocksdb::FileDescriptor& rocksdb::FileDescriptor::operator=(const rocksdb::FileDescriptor&)'
[INFO] [stderr]      47 |   FileDescriptor& operator=(const FileDescriptor& fd) {
[INFO] [stderr]         |                   ^~~~~~~~
[INFO] [stderr]   In file included from /opt/rustwide/workdir/rocksdb/db/range_del_aggregator.h:16,
[INFO] [stderr]                    from /opt/rustwide/workdir/rocksdb/db/memtable.h:19,
[INFO] [stderr]                    from /opt/rustwide/workdir/rocksdb/db/memtable_list.h:17,
[INFO] [stderr]                    from /opt/rustwide/workdir/rocksdb/db/column_family.h:17,
[INFO] [stderr]                    from /opt/rustwide/workdir/rocksdb/db/version_set.h:31,
[INFO] [stderr]                    from /opt/rustwide/workdir/rocksdb/db/compaction.h:11,
[INFO] [stderr]                    from /opt/rustwide/workdir/rocksdb/db/compaction_picker.h:18,
[INFO] [stderr]                    from /opt/rustwide/workdir/rocksdb/db/compaction_picker_universal.h:13,
[INFO] [stderr]                    from /opt/rustwide/workdir/rocksdb/db/compaction_picker_universal.cc:10:
[INFO] [stderr]   /opt/rustwide/workdir/rocksdb/db/version_edit.h: In constructor 'rocksdb::FdWithKeyRange::FdWithKeyRange(rocksdb::FileDescriptor, rocksdb::Slice, rocksdb::Slice, rocksdb::FileMetaData*)':
[INFO] [stderr]   /opt/rustwide/workdir/rocksdb/db/version_edit.h:154:9: warning: implicitly-declared 'constexpr rocksdb::FileDescriptor::FileDescriptor(const rocksdb::FileDescriptor&)' is deprecated [-Wdeprecated-copy]
[INFO] [stderr]     154 |       : fd(_fd),
[INFO] [stderr]         |         ^~~~~~~
[INFO] [stderr]   /opt/rustwide/workdir/rocksdb/db/version_edit.h:47:19: note: because 'rocksdb::FileDescriptor' has user-provided 'rocksdb::FileDescriptor& rocksdb::FileDescriptor::operator=(const rocksdb::FileDescriptor&)'
[INFO] [stderr]      47 |   FileDescriptor& operator=(const FileDescriptor& fd) {
[INFO] [stderr]         |                   ^~~~~~~~
[INFO] [stderr]   c++: fatal error: Killed signal terminated program cc1plus
[INFO] [stderr]   compilation terminated.
[INFO] [stderr]   gmake[3]: *** [CMakeFiles/rocksdb.dir/build.make:177: CMakeFiles/rocksdb.dir/db/compaction.cc.o] Error 1
[INFO] [stderr]   In file included from /opt/rustwide/workdir/rocksdb/db/range_del_aggregator.h:16,
[INFO] [stderr]                    from /opt/rustwide/workdir/rocksdb/db/memtable.h:19,
[INFO] [stderr]                    from /opt/rustwide/workdir/rocksdb/db/memtable_list.h:17,
[INFO] [stderr]                    from /opt/rustwide/workdir/rocksdb/db/column_family.h:17,
[INFO] [stderr]                    from /opt/rustwide/workdir/rocksdb/db/db_impl.h:22,
[INFO] [stderr]                    from /opt/rustwide/workdir/rocksdb/db/convenience.cc:11:
[INFO] [stderr]   /opt/rustwide/workdir/rocksdb/db/version_edit.h: In constructor 'rocksdb::FdWithKeyRange::FdWithKeyRange(rocksdb::FileDescriptor, rocksdb::Slice, rocksdb::Slice, rocksdb::FileMetaData*)':
[INFO] [stderr]   /opt/rustwide/workdir/rocksdb/db/version_edit.h:154:9: warning: implicitly-declared 'constexpr rocksdb::FileDescriptor::FileDescriptor(const rocksdb::FileDescriptor&)' is deprecated [-Wdeprecated-copy]
[INFO] [stderr]     154 |       : fd(_fd),
[INFO] [stderr]         |         ^~~~~~~
[INFO] [stderr]   /opt/rustwide/workdir/rocksdb/db/version_edit.h:47:19: note: because 'rocksdb::FileDescriptor' has user-provided 'rocksdb::FileDescriptor& rocksdb::FileDescriptor::operator=(const rocksdb::FileDescriptor&)'
[INFO] [stderr]      47 |   FileDescriptor& operator=(const FileDescriptor& fd) {
[INFO] [stderr]         |                   ^~~~~~~~
[INFO] [stderr]   In file included from /opt/rustwide/workdir/rocksdb/db/range_del_aggregator.h:16,
[INFO] [stderr]                    from /opt/rustwide/workdir/rocksdb/db/memtable.h:19,
[INFO] [stderr]                    from /opt/rustwide/workdir/rocksdb/db/memtable_list.h:17,
[INFO] [stderr]                    from /opt/rustwide/workdir/rocksdb/db/column_family.h:17,
[INFO] [stderr]                    from /opt/rustwide/workdir/rocksdb/db/version_set.h:31,
[INFO] [stderr]                    from /opt/rustwide/workdir/rocksdb/db/compaction.h:11,
[INFO] [stderr]                    from /opt/rustwide/workdir/rocksdb/db/compaction_picker.h:18,
[INFO] [stderr]                    from /opt/rustwide/workdir/rocksdb/db/compaction_picker.cc:10:
[INFO] [stderr]   /opt/rustwide/workdir/rocksdb/db/version_edit.h: In constructor 'rocksdb::FdWithKeyRange::FdWithKeyRange(rocksdb::FileDescriptor, rocksdb::Slice, rocksdb::Slice, rocksdb::FileMetaData*)':
[INFO] [stderr]   /opt/rustwide/workdir/rocksdb/db/version_edit.h:154:9: warning: implicitly-declared 'constexpr rocksdb::FileDescriptor::FileDescriptor(const rocksdb::FileDescriptor&)' is deprecated [-Wdeprecated-copy]
[INFO] [stderr]     154 |       : fd(_fd),
[INFO] [stderr]         |         ^~~~~~~
[INFO] [stderr]   /opt/rustwide/workdir/rocksdb/db/version_edit.h:47:19: note: because 'rocksdb::FileDescriptor' has user-provided 'rocksdb::FileDescriptor& rocksdb::FileDescriptor::operator=(const rocksdb::FileDescriptor&)'
[INFO] [stderr]      47 |   FileDescriptor& operator=(const FileDescriptor& fd) {
[INFO] [stderr]         |                   ^~~~~~~~
[INFO] [stderr]   c++: fatal error: Killed signal terminated program cc1plus
[INFO] [stderr]   compilation terminated.
[INFO] [stderr]   gmake[3]: *** [CMakeFiles/rocksdb.dir/build.make:289: CMakeFiles/rocksdb.dir/db/db_impl_write.cc.o] Error 1
[INFO] [stderr]   c++: fatal error: Killed signal terminated program cc1plus
[INFO] [stderr]   compilation terminated.
[INFO] [stderr]   gmake[3]: *** [CMakeFiles/rocksdb.dir/build.make:205: CMakeFiles/rocksdb.dir/db/compaction_job.cc.o] Error 1
[INFO] [stderr]   c++: fatal error: Killed signal terminated program cc1plus
[INFO] [stderr]   compilation terminated.
[INFO] [stderr]   gmake[3]: *** [CMakeFiles/rocksdb.dir/build.make:261: CMakeFiles/rocksdb.dir/db/db_filesnapshot.cc.o] Error 1
[INFO] [stderr]   /opt/rustwide/workdir/rocksdb/db/version_edit.h: In instantiation of 'constexpr std::pair<_T1, _T2>::pair(_U1&&, _U2&&) [with _U1 = int&; _U2 = rocksdb::FileMetaData; typename std::enable_if<(std::_PCC<true, _T1, _T2>::_MoveConstructiblePair<_U1, _U2>() && std::_PCC<true, _T1, _T2>::_ImplicitlyMoveConvertiblePair<_U1, _U2>()), bool>::type <anonymous> = true; _T1 = int; _T2 = rocksdb::FileMetaData]':
[INFO] [stderr]   /usr/include/c++/11/ext/new_allocator.h:162:4:   required from 'void __gnu_cxx::new_allocator<_Tp>::construct(_Up*, _Args&& ...) [with _Up = std::pair<int, rocksdb::FileMetaData>; _Args = {int&, rocksdb::FileMetaData}; _Tp = std::pair<int, rocksdb::FileMetaData>]'
[INFO] [stderr]   /usr/include/c++/11/bits/alloc_traits.h:516:17:   required from 'static void std::allocator_traits<std::allocator<_Tp1> >::construct(std::allocator_traits<std::allocator<_Tp1> >::allocator_type&, _Up*, _Args&& ...) [with _Up = std::pair<int, rocksdb::FileMetaData>; _Args = {int&, rocksdb::FileMetaData}; _Tp = std::pair<int, rocksdb::FileMetaData>; std::allocator_traits<std::allocator<_Tp1> >::allocator_type = std::allocator<std::pair<int, rocksdb::FileMetaData> >]'
[INFO] [stderr]   /usr/include/c++/11/bits/vector.tcc:115:30:   required from 'void std::vector<_Tp, _Alloc>::emplace_back(_Args&& ...) [with _Args = {int&, rocksdb::FileMetaData}; _Tp = std::pair<int, rocksdb::FileMetaData>; _Alloc = std::allocator<std::pair<int, rocksdb::FileMetaData> >]'
[INFO] [stderr]   /opt/rustwide/workdir/rocksdb/db/version_edit.h:227:28:   required from here
[INFO] [stderr]   /opt/rustwide/workdir/rocksdb/db/version_edit.h:76:8: warning: implicitly-declared 'constexpr rocksdb::FileDescriptor::FileDescriptor(const rocksdb::FileDescriptor&)' is deprecated [-Wdeprecated-copy]
[INFO] [stderr]      76 | struct FileMetaData {
[INFO] [stderr]         |        ^~~~~~~~~~~~
[INFO] [stderr]   /opt/rustwide/workdir/rocksdb/db/version_edit.h:47:19: note: because 'rocksdb::FileDescriptor' has user-provided 'rocksdb::FileDescriptor& rocksdb::FileDescriptor::operator=(const rocksdb::FileDescriptor&)'
[INFO] [stderr]      47 |   FileDescriptor& operator=(const FileDescriptor& fd) {
[INFO] [stderr]         |                   ^~~~~~~~
[INFO] [stderr]   In file included from /usr/include/c++/11/utility:70,
[INFO] [stderr]                    from /usr/include/c++/11/algorithm:60,
[INFO] [stderr]                    from /opt/rustwide/workdir/rocksdb/db/compaction_iterator.h:7,
[INFO] [stderr]                    from /opt/rustwide/workdir/rocksdb/db/compaction_iterator.cc:6:
[INFO] [stderr]   /usr/include/c++/11/bits/stl_pair.h:353:42: note: synthesized method 'rocksdb::FileMetaData::FileMetaData(rocksdb::FileMetaData&&)' first required here
[INFO] [stderr]     353 |         : first(std::forward<_U1>(__x)), second(std::forward<_U2>(__y)) { }
[INFO] [stderr]         |                                          ^~~~~~~~~~~~~~~~~~~~~~~~~~~~~~
[INFO] [stderr]   In file included from /opt/rustwide/workdir/rocksdb/db/range_del_aggregator.h:16,
[INFO] [stderr]                    from /opt/rustwide/workdir/rocksdb/db/memtable.h:19,
[INFO] [stderr]                    from /opt/rustwide/workdir/rocksdb/db/memtable_list.h:17,
[INFO] [stderr]                    from /opt/rustwide/workdir/rocksdb/db/column_family.h:17,
[INFO] [stderr]                    from /opt/rustwide/workdir/rocksdb/db/version_set.h:31,
[INFO] [stderr]                    from /opt/rustwide/workdir/rocksdb/db/compaction.h:11,
[INFO] [stderr]                    from /opt/rustwide/workdir/rocksdb/db/compaction_iterator.h:12,
[INFO] [stderr]                    from /opt/rustwide/workdir/rocksdb/db/compaction_iterator.cc:6:
[INFO] [stderr]   /opt/rustwide/workdir/rocksdb/db/version_edit.h: In instantiation of 'constexpr std::pair<_T1, _T2>::pair(_U1&&, const _T2&) [with _U1 = int&; typename std::enable_if<std::_PCC<true, _T1, _T2>::_MoveCopyPair<true, _U1, _T2>(), bool>::type <anonymous> = true; _T1 = int; _T2 = rocksdb::FileMetaData]':
[INFO] [stderr]   /usr/include/c++/11/ext/new_allocator.h:162:4:   required from 'void __gnu_cxx::new_allocator<_Tp>::construct(_Up*, _Args&& ...) [with _Up = std::pair<int, rocksdb::FileMetaData>; _Args = {int&, const rocksdb::FileMetaData&}; _Tp = std::pair<int, rocksdb::FileMetaData>]'
[INFO] [stderr]   /usr/include/c++/11/bits/alloc_traits.h:516:17:   required from 'static void std::allocator_traits<std::allocator<_Tp1> >::construct(std::allocator_traits<std::allocator<_Tp1> >::allocator_type&, _Up*, _Args&& ...) [with _Up = std::pair<int, rocksdb::FileMetaData>; _Args = {int&, const rocksdb::FileMetaData&}; _Tp = std::pair<int, rocksdb::FileMetaData>; std::allocator_traits<std::allocator<_Tp1> >::allocator_type = std::allocator<std::pair<int, rocksdb::FileMetaData> >]'
[INFO] [stderr]   /usr/include/c++/11/bits/vector.tcc:115:30:   required from 'void std::vector<_Tp, _Alloc>::emplace_back(_Args&& ...) [with _Args = {int&, const rocksdb::FileMetaData&}; _Tp = std::pair<int, rocksdb::FileMetaData>; _Alloc = std::allocator<std::pair<int, rocksdb::FileMetaData> >]'
[INFO] [stderr]   /opt/rustwide/workdir/rocksdb/db/version_edit.h:232:28:   required from here
[INFO] [stderr]   /opt/rustwide/workdir/rocksdb/db/version_edit.h:76:8: warning: implicitly-declared 'constexpr rocksdb::FileDescriptor::FileDescriptor(const rocksdb::FileDescriptor&)' is deprecated [-Wdeprecated-copy]
[INFO] [stderr]      76 | struct FileMetaData {
[INFO] [stderr]         |        ^~~~~~~~~~~~
[INFO] [stderr]   /opt/rustwide/workdir/rocksdb/db/version_edit.h:47:19: note: because 'rocksdb::FileDescriptor' has user-provided 'rocksdb::FileDescriptor& rocksdb::FileDescriptor::operator=(const rocksdb::FileDescriptor&)'
[INFO] [stderr]      47 |   FileDescriptor& operator=(const FileDescriptor& fd) {
[INFO] [stderr]         |                   ^~~~~~~~
[INFO] [stderr]   In file included from /usr/include/c++/11/utility:70,
[INFO] [stderr]                    from /usr/include/c++/11/algorithm:60,
[INFO] [stderr]                    from /opt/rustwide/workdir/rocksdb/db/compaction_iterator.h:7,
[INFO] [stderr]                    from /opt/rustwide/workdir/rocksdb/db/compaction_iterator.cc:6:
[INFO] [stderr]   /usr/include/c++/11/bits/stl_pair.h:323:41: note: synthesized method 'rocksdb::FileMetaData::FileMetaData(const rocksdb::FileMetaData&)' first required here
[INFO] [stderr]     323 |        : first(std::forward<_U1>(__x)), second(__y) { }
[INFO] [stderr]         |                                         ^~~~~~~~~~~
[INFO] [stderr]   /opt/rustwide/workdir/rocksdb/db/version_edit.h: In instantiation of 'constexpr std::pair<_T1, _T2>::pair(_U1&&, _U2&&) [with _U1 = int&; _U2 = rocksdb::FileMetaData; typename std::enable_if<(std::_PCC<true, _T1, _T2>::_MoveConstructiblePair<_U1, _U2>() && std::_PCC<true, _T1, _T2>::_ImplicitlyMoveConvertiblePair<_U1, _U2>()), bool>::type <anonymous> = true; _T1 = int; _T2 = rocksdb::FileMetaData]':
[INFO] [stderr]   /usr/include/c++/11/ext/new_allocator.h:162:4:   required from 'void __gnu_cxx::new_allocator<_Tp>::construct(_Up*, _Args&& ...) [with _Up = std::pair<int, rocksdb::FileMetaData>; _Args = {int&, rocksdb::FileMetaData}; _Tp = std::pair<int, rocksdb::FileMetaData>]'
[INFO] [stderr]   /usr/include/c++/11/bits/alloc_traits.h:516:17:   required from 'static void std::allocator_traits<std::allocator<_Tp1> >::construct(std::allocator_traits<std::allocator<_Tp1> >::allocator_type&, _Up*, _Args&& ...) [with _Up = std::pair<int, rocksdb::FileMetaData>; _Args = {int&, rocksdb::FileMetaData}; _Tp = std::pair<int, rocksdb::FileMetaData>; std::allocator_traits<std::allocator<_Tp1> >::allocator_type = std::allocator<std::pair<int, rocksdb::FileMetaData> >]'
[INFO] [stderr]   /usr/include/c++/11/bits/vector.tcc:115:30:   required from 'void std::vector<_Tp, _Alloc>::emplace_back(_Args&& ...) [with _Args = {int&, rocksdb::FileMetaData}; _Tp = std::pair<int, rocksdb::FileMetaData>; _Alloc = std::allocator<std::pair<int, rocksdb::FileMetaData> >]'
[INFO] [stderr]   /opt/rustwide/workdir/rocksdb/db/version_edit.h:227:28:   required from here
[INFO] [stderr]   /opt/rustwide/workdir/rocksdb/db/version_edit.h:76:8: warning: implicitly-declared 'constexpr rocksdb::FileDescriptor::FileDescriptor(const rocksdb::FileDescriptor&)' is deprecated [-Wdeprecated-copy]
[INFO] [stderr]      76 | struct FileMetaData {
[INFO] [stderr]         |        ^~~~~~~~~~~~
[INFO] [stderr]   /opt/rustwide/workdir/rocksdb/db/version_edit.h:47:19: note: because 'rocksdb::FileDescriptor' has user-provided 'rocksdb::FileDescriptor& rocksdb::FileDescriptor::operator=(const rocksdb::FileDescriptor&)'
[INFO] [stderr]      47 |   FileDescriptor& operator=(const FileDescriptor& fd) {
[INFO] [stderr]         |                   ^~~~~~~~
[INFO] [stderr]   In file included from /usr/include/c++/11/bits/stl_algobase.h:64,
[INFO] [stderr]                    from /usr/include/c++/11/memory:63,
[INFO] [stderr]                    from /opt/rustwide/workdir/rocksdb/db/compaction_picker.h:12,
[INFO] [stderr]                    from /opt/rustwide/workdir/rocksdb/db/compaction_picker_universal.h:13,
[INFO] [stderr]                    from /opt/rustwide/workdir/rocksdb/db/compaction_picker_universal.cc:10:
[INFO] [stderr]   /usr/include/c++/11/bits/stl_pair.h:353:42: note: synthesized method 'rocksdb::FileMetaData::FileMetaData(rocksdb::FileMetaData&&)' first required here
[INFO] [stderr]     353 |         : first(std::forward<_U1>(__x)), second(std::forward<_U2>(__y)) { }
[INFO] [stderr]         |                                          ^~~~~~~~~~~~~~~~~~~~~~~~~~~~~~
[INFO] [stderr]   In file included from /opt/rustwide/workdir/rocksdb/db/range_del_aggregator.h:16,
[INFO] [stderr]                    from /opt/rustwide/workdir/rocksdb/db/memtable.h:19,
[INFO] [stderr]                    from /opt/rustwide/workdir/rocksdb/db/memtable_list.h:17,
[INFO] [stderr]                    from /opt/rustwide/workdir/rocksdb/db/column_family.h:17,
[INFO] [stderr]                    from /opt/rustwide/workdir/rocksdb/db/version_set.h:31,
[INFO] [stderr]                    from /opt/rustwide/workdir/rocksdb/db/compaction.h:11,
[INFO] [stderr]                    from /opt/rustwide/workdir/rocksdb/db/compaction_picker.h:18,
[INFO] [stderr]                    from /opt/rustwide/workdir/rocksdb/db/compaction_picker_universal.h:13,
[INFO] [stderr]                    from /opt/rustwide/workdir/rocksdb/db/compaction_picker_universal.cc:10:
[INFO] [stderr]   /opt/rustwide/workdir/rocksdb/db/version_edit.h: In instantiation of 'constexpr std::pair<_T1, _T2>::pair(_U1&&, const _T2&) [with _U1 = int&; typename std::enable_if<std::_PCC<true, _T1, _T2>::_MoveCopyPair<true, _U1, _T2>(), bool>::type <anonymous> = true; _T1 = int; _T2 = rocksdb::FileMetaData]':
[INFO] [stderr]   /usr/include/c++/11/ext/new_allocator.h:162:4:   required from 'void __gnu_cxx::new_allocator<_Tp>::construct(_Up*, _Args&& ...) [with _Up = std::pair<int, rocksdb::FileMetaData>; _Args = {int&, const rocksdb::FileMetaData&}; _Tp = std::pair<int, rocksdb::FileMetaData>]'
[INFO] [stderr]   /usr/include/c++/11/bits/alloc_traits.h:516:17:   required from 'static void std::allocator_traits<std::allocator<_Tp1> >::construct(std::allocator_traits<std::allocator<_Tp1> >::allocator_type&, _Up*, _Args&& ...) [with _Up = std::pair<int, rocksdb::FileMetaData>; _Args = {int&, const rocksdb::FileMetaData&}; _Tp = std::pair<int, rocksdb::FileMetaData>; std::allocator_traits<std::allocator<_Tp1> >::allocator_type = std::allocator<std::pair<int, rocksdb::FileMetaData> >]'
[INFO] [stderr]   /usr/include/c++/11/bits/vector.tcc:115:30:   required from 'void std::vector<_Tp, _Alloc>::emplace_back(_Args&& ...) [with _Args = {int&, const rocksdb::FileMetaData&}; _Tp = std::pair<int, rocksdb::FileMetaData>; _Alloc = std::allocator<std::pair<int, rocksdb::FileMetaData> >]'
[INFO] [stderr]   /opt/rustwide/workdir/rocksdb/db/version_edit.h:232:28:   required from here
[INFO] [stderr]   /opt/rustwide/workdir/rocksdb/db/version_edit.h:76:8: warning: implicitly-declared 'constexpr rocksdb::FileDescriptor::FileDescriptor(const rocksdb::FileDescriptor&)' is deprecated [-Wdeprecated-copy]
[INFO] [stderr]      76 | struct FileMetaData {
[INFO] [stderr]         |        ^~~~~~~~~~~~
[INFO] [stderr]   /opt/rustwide/workdir/rocksdb/db/version_edit.h:47:19: note: because 'rocksdb::FileDescriptor' has user-provided 'rocksdb::FileDescriptor& rocksdb::FileDescriptor::operator=(const rocksdb::FileDescriptor&)'
[INFO] [stderr]      47 |   FileDescriptor& operator=(const FileDescriptor& fd) {
[INFO] [stderr]         |                   ^~~~~~~~
[INFO] [stderr]   In file included from /usr/include/c++/11/bits/stl_algobase.h:64,
[INFO] [stderr]                    from /usr/include/c++/11/memory:63,
[INFO] [stderr]                    from /opt/rustwide/workdir/rocksdb/db/compaction_picker.h:12,
[INFO] [stderr]                    from /opt/rustwide/workdir/rocksdb/db/compaction_picker_universal.h:13,
[INFO] [stderr]                    from /opt/rustwide/workdir/rocksdb/db/compaction_picker_universal.cc:10:
[INFO] [stderr]   /usr/include/c++/11/bits/stl_pair.h:323:41: note: synthesized method 'rocksdb::FileMetaData::FileMetaData(const rocksdb::FileMetaData&)' first required here
[INFO] [stderr]     323 |        : first(std::forward<_U1>(__x)), second(__y) { }
[INFO] [stderr]         |                                         ^~~~~~~~~~~
[INFO] [stderr]   In file included from /opt/rustwide/workdir/rocksdb/db/range_del_aggregator.h:16,
[INFO] [stderr]                    from /opt/rustwide/workdir/rocksdb/db/memtable.h:19,
[INFO] [stderr]                    from /opt/rustwide/workdir/rocksdb/db/memtable_list.h:17,
[INFO] [stderr]                    from /opt/rustwide/workdir/rocksdb/db/column_family.h:17,
[INFO] [stderr]                    from /opt/rustwide/workdir/rocksdb/db/db_impl.h:22,
[INFO] [stderr]                    from /opt/rustwide/workdir/rocksdb/db/db_impl_files.cc:9:
[INFO] [stderr]   /opt/rustwide/workdir/rocksdb/db/version_edit.h: In constructor 'rocksdb::FdWithKeyRange::FdWithKeyRange(rocksdb::FileDescriptor, rocksdb::Slice, rocksdb::Slice, rocksdb::FileMetaData*)':
[INFO] [stderr]   /opt/rustwide/workdir/rocksdb/db/version_edit.h:154:9: warning: implicitly-declared 'constexpr rocksdb::FileDescriptor::FileDescriptor(const rocksdb::FileDescriptor&)' is deprecated [-Wdeprecated-copy]
[INFO] [stderr]     154 |       : fd(_fd),
[INFO] [stderr]         |         ^~~~~~~
[INFO] [stderr]   /opt/rustwide/workdir/rocksdb/db/version_edit.h:47:19: note: because 'rocksdb::FileDescriptor' has user-provided 'rocksdb::FileDescriptor& rocksdb::FileDescriptor::operator=(const rocksdb::FileDescriptor&)'
[INFO] [stderr]      47 |   FileDescriptor& operator=(const FileDescriptor& fd) {
[INFO] [stderr]         |                   ^~~~~~~~
[INFO] [stderr]   In file included from /opt/rustwide/workdir/rocksdb/db/range_del_aggregator.h:16,
[INFO] [stderr]                    from /opt/rustwide/workdir/rocksdb/db/memtable.h:19,
[INFO] [stderr]                    from /opt/rustwide/workdir/rocksdb/db/memtable_list.h:17,
[INFO] [stderr]                    from /opt/rustwide/workdir/rocksdb/db/column_family.h:17,
[INFO] [stderr]                    from /opt/rustwide/workdir/rocksdb/db/db_impl.h:22,
[INFO] [stderr]                    from /opt/rustwide/workdir/rocksdb/db/db_impl_compaction_flush.cc:9:
[INFO] [stderr]   /opt/rustwide/workdir/rocksdb/db/version_edit.h: In constructor 'rocksdb::FdWithKeyRange::FdWithKeyRange(rocksdb::FileDescriptor, rocksdb::Slice, rocksdb::Slice, rocksdb::FileMetaData*)':
[INFO] [stderr]   /opt/rustwide/workdir/rocksdb/db/version_edit.h:154:9: warning: implicitly-declared 'constexpr rocksdb::FileDescriptor::FileDescriptor(const rocksdb::FileDescriptor&)' is deprecated [-Wdeprecated-copy]
[INFO] [stderr]     154 |       : fd(_fd),
[INFO] [stderr]         |         ^~~~~~~
[INFO] [stderr]   /opt/rustwide/workdir/rocksdb/db/version_edit.h:47:19: note: because 'rocksdb::FileDescriptor' has user-provided 'rocksdb::FileDescriptor& rocksdb::FileDescriptor::operator=(const rocksdb::FileDescriptor&)'
[INFO] [stderr]      47 |   FileDescriptor& operator=(const FileDescriptor& fd) {
[INFO] [stderr]         |                   ^~~~~~~~
[INFO] [stderr]   c++: fatal error: Killed signal terminated program cc1plus
[INFO] [stderr]   compilation terminated.
[INFO] [stderr]   gmake[3]: *** [CMakeFiles/rocksdb.dir/build.make:191: CMakeFiles/rocksdb.dir/db/compaction_iterator.cc.o] Error 1
[INFO] [stderr]   /opt/rustwide/workdir/rocksdb/db/version_edit.h: In instantiation of 'constexpr std::pair<_T1, _T2>::pair(_U1&&, _U2&&) [with _U1 = int&; _U2 = rocksdb::FileMetaData; typename std::enable_if<(std::_PCC<true, _T1, _T2>::_MoveConstructiblePair<_U1, _U2>() && std::_PCC<true, _T1, _T2>::_ImplicitlyMoveConvertiblePair<_U1, _U2>()), bool>::type <anonymous> = true; _T1 = int; _T2 = rocksdb::FileMetaData]':
[INFO] [stderr]   /usr/include/c++/11/ext/new_allocator.h:162:4:   required from 'void __gnu_cxx::new_allocator<_Tp>::construct(_Up*, _Args&& ...) [with _Up = std::pair<int, rocksdb::FileMetaData>; _Args = {int&, rocksdb::FileMetaData}; _Tp = std::pair<int, rocksdb::FileMetaData>]'
[INFO] [stderr]   /usr/include/c++/11/bits/alloc_traits.h:516:17:   required from 'static void std::allocator_traits<std::allocator<_Tp1> >::construct(std::allocator_traits<std::allocator<_Tp1> >::allocator_type&, _Up*, _Args&& ...) [with _Up = std::pair<int, rocksdb::FileMetaData>; _Args = {int&, rocksdb::FileMetaData}; _Tp = std::pair<int, rocksdb::FileMetaData>; std::allocator_traits<std::allocator<_Tp1> >::allocator_type = std::allocator<std::pair<int, rocksdb::FileMetaData> >]'
[INFO] [stderr]   /usr/include/c++/11/bits/vector.tcc:115:30:   required from 'void std::vector<_Tp, _Alloc>::emplace_back(_Args&& ...) [with _Args = {int&, rocksdb::FileMetaData}; _Tp = std::pair<int, rocksdb::FileMetaData>; _Alloc = std::allocator<std::pair<int, rocksdb::FileMetaData> >]'
[INFO] [stderr]   /opt/rustwide/workdir/rocksdb/db/version_edit.h:227:28:   required from here
[INFO] [stderr]   /opt/rustwide/workdir/rocksdb/db/version_edit.h:76:8: warning: implicitly-declared 'constexpr rocksdb::FileDescriptor::FileDescriptor(const rocksdb::FileDescriptor&)' is deprecated [-Wdeprecated-copy]
[INFO] [stderr]      76 | struct FileMetaData {
[INFO] [stderr]         |        ^~~~~~~~~~~~
[INFO] [stderr]   /opt/rustwide/workdir/rocksdb/db/version_edit.h:47:19: note: because 'rocksdb::FileDescriptor' has user-provided 'rocksdb::FileDescriptor& rocksdb::FileDescriptor::operator=(const rocksdb::FileDescriptor&)'
[INFO] [stderr]      47 |   FileDescriptor& operator=(const FileDescriptor& fd) {
[INFO] [stderr]         |                   ^~~~~~~~
[INFO] [stderr]   In file included from /usr/include/c++/11/bits/stl_algobase.h:64,
[INFO] [stderr]                    from /usr/include/c++/11/memory:63,
[INFO] [stderr]                    from /opt/rustwide/workdir/rocksdb/db/compaction_picker.h:12,
[INFO] [stderr]                    from /opt/rustwide/workdir/rocksdb/db/compaction_picker.cc:10:
[INFO] [stderr]   /usr/include/c++/11/bits/stl_pair.h:353:42: note: synthesized method 'rocksdb::FileMetaData::FileMetaData(rocksdb::FileMetaData&&)' first required here
[INFO] [stderr]     353 |         : first(std::forward<_U1>(__x)), second(std::forward<_U2>(__y)) { }
[INFO] [stderr]         |                                          ^~~~~~~~~~~~~~~~~~~~~~~~~~~~~~
[INFO] [stderr]   In file included from /opt/rustwide/workdir/rocksdb/db/range_del_aggregator.h:16,
[INFO] [stderr]                    from /opt/rustwide/workdir/rocksdb/db/memtable.h:19,
[INFO] [stderr]                    from /opt/rustwide/workdir/rocksdb/db/memtable_list.h:17,
[INFO] [stderr]                    from /opt/rustwide/workdir/rocksdb/db/column_family.h:17,
[INFO] [stderr]                    from /opt/rustwide/workdir/rocksdb/db/version_set.h:31,
[INFO] [stderr]                    from /opt/rustwide/workdir/rocksdb/db/compaction.h:11,
[INFO] [stderr]                    from /opt/rustwide/workdir/rocksdb/db/compaction_picker.h:18,
[INFO] [stderr]                    from /opt/rustwide/workdir/rocksdb/db/compaction_picker.cc:10:
[INFO] [stderr]   /opt/rustwide/workdir/rocksdb/db/version_edit.h: In instantiation of 'constexpr std::pair<_T1, _T2>::pair(_U1&&, const _T2&) [with _U1 = int&; typename std::enable_if<std::_PCC<true, _T1, _T2>::_MoveCopyPair<true, _U1, _T2>(), bool>::type <anonymous> = true; _T1 = int; _T2 = rocksdb::FileMetaData]':
[INFO] [stderr]   /usr/include/c++/11/ext/new_allocator.h:162:4:   required from 'void __gnu_cxx::new_allocator<_Tp>::construct(_Up*, _Args&& ...) [with _Up = std::pair<int, rocksdb::FileMetaData>; _Args = {int&, const rocksdb::FileMetaData&}; _Tp = std::pair<int, rocksdb::FileMetaData>]'
[INFO] [stderr]   /usr/include/c++/11/bits/alloc_traits.h:516:17:   required from 'static void std::allocator_traits<std::allocator<_Tp1> >::construct(std::allocator_traits<std::allocator<_Tp1> >::allocator_type&, _Up*, _Args&& ...) [with _Up = std::pair<int, rocksdb::FileMetaData>; _Args = {int&, const rocksdb::FileMetaData&}; _Tp = std::pair<int, rocksdb::FileMetaData>; std::allocator_traits<std::allocator<_Tp1> >::allocator_type = std::allocator<std::pair<int, rocksdb::FileMetaData> >]'
[INFO] [stderr]   /usr/include/c++/11/bits/vector.tcc:115:30:   required from 'void std::vector<_Tp, _Alloc>::emplace_back(_Args&& ...) [with _Args = {int&, const rocksdb::FileMetaData&}; _Tp = std::pair<int, rocksdb::FileMetaData>; _Alloc = std::allocator<std::pair<int, rocksdb::FileMetaData> >]'
[INFO] [stderr]   /opt/rustwide/workdir/rocksdb/db/version_edit.h:232:28:   required from here
[INFO] [stderr]   /opt/rustwide/workdir/rocksdb/db/version_edit.h:76:8: warning: implicitly-declared 'constexpr rocksdb::FileDescriptor::FileDescriptor(const rocksdb::FileDescriptor&)' is deprecated [-Wdeprecated-copy]
[INFO] [stderr]      76 | struct FileMetaData {
[INFO] [stderr]         |        ^~~~~~~~~~~~
[INFO] [stderr]   /opt/rustwide/workdir/rocksdb/db/version_edit.h:47:19: note: because 'rocksdb::FileDescriptor' has user-provided 'rocksdb::FileDescriptor& rocksdb::FileDescriptor::operator=(const rocksdb::FileDescriptor&)'
[INFO] [stderr]      47 |   FileDescriptor& operator=(const FileDescriptor& fd) {
[INFO] [stderr]         |                   ^~~~~~~~
[INFO] [stderr]   In file included from /usr/include/c++/11/bits/stl_algobase.h:64,
[INFO] [stderr]                    from /usr/include/c++/11/memory:63,
[INFO] [stderr]                    from /opt/rustwide/workdir/rocksdb/db/compaction_picker.h:12,
[INFO] [stderr]                    from /opt/rustwide/workdir/rocksdb/db/compaction_picker.cc:10:
[INFO] [stderr]   /usr/include/c++/11/bits/stl_pair.h:323:41: note: synthesized method 'rocksdb::FileMetaData::FileMetaData(const rocksdb::FileMetaData&)' first required here
[INFO] [stderr]     323 |        : first(std::forward<_U1>(__x)), second(__y) { }
[INFO] [stderr]         |                                         ^~~~~~~~~~~
[INFO] [stderr]   c++: fatal error: Killed signal terminated program cc1plus
[INFO] [stderr]   compilation terminated.
[INFO] [stderr]   gmake[3]: *** [CMakeFiles/rocksdb.dir/build.make:233: CMakeFiles/rocksdb.dir/db/compaction_picker_universal.cc.o] Error 1
[INFO] [stderr]   /opt/rustwide/workdir/rocksdb/db/version_edit.h: In instantiation of 'constexpr std::pair<_T1, _T2>::pair(_U1&&, _U2&&) [with _U1 = int&; _U2 = rocksdb::FileMetaData; typename std::enable_if<(std::_PCC<true, _T1, _T2>::_MoveConstructiblePair<_U1, _U2>() && std::_PCC<true, _T1, _T2>::_ImplicitlyMoveConvertiblePair<_U1, _U2>()), bool>::type <anonymous> = true; _T1 = int; _T2 = rocksdb::FileMetaData]':
[INFO] [stderr]   /usr/include/c++/11/ext/new_allocator.h:162:4:   required from 'void __gnu_cxx::new_allocator<_Tp>::construct(_Up*, _Args&& ...) [with _Up = std::pair<int, rocksdb::FileMetaData>; _Args = {int&, rocksdb::FileMetaData}; _Tp = std::pair<int, rocksdb::FileMetaData>]'
[INFO] [stderr]   /usr/include/c++/11/bits/alloc_traits.h:516:17:   required from 'static void std::allocator_traits<std::allocator<_CharT> >::construct(std::allocator_traits<std::allocator<_CharT> >::allocator_type&, _Up*, _Args&& ...) [with _Up = std::pair<int, rocksdb::FileMetaData>; _Args = {int&, rocksdb::FileMetaData}; _Tp = std::pair<int, rocksdb::FileMetaData>; std::allocator_traits<std::allocator<_CharT> >::allocator_type = std::allocator<std::pair<int, rocksdb::FileMetaData> >]'
[INFO] [stderr]   /usr/include/c++/11/bits/vector.tcc:115:30:   required from 'void std::vector<_Tp, _Alloc>::emplace_back(_Args&& ...) [with _Args = {int&, rocksdb::FileMetaData}; _Tp = std::pair<int, rocksdb::FileMetaData>; _Alloc = std::allocator<std::pair<int, rocksdb::FileMetaData> >]'
[INFO] [stderr]   /opt/rustwide/workdir/rocksdb/db/version_edit.h:227:28:   required from here
[INFO] [stderr]   /opt/rustwide/workdir/rocksdb/db/version_edit.h:76:8: warning: implicitly-declared 'constexpr rocksdb::FileDescriptor::FileDescriptor(const rocksdb::FileDescriptor&)' is deprecated [-Wdeprecated-copy]
[INFO] [stderr]      76 | struct FileMetaData {
[INFO] [stderr]         |        ^~~~~~~~~~~~
[INFO] [stderr]   /opt/rustwide/workdir/rocksdb/db/version_edit.h:47:19: note: because 'rocksdb::FileDescriptor' has user-provided 'rocksdb::FileDescriptor& rocksdb::FileDescriptor::operator=(const rocksdb::FileDescriptor&)'
[INFO] [stderr]      47 |   FileDescriptor& operator=(const FileDescriptor& fd) {
[INFO] [stderr]         |                   ^~~~~~~~
[INFO] [stderr]   In file included from /usr/include/c++/11/bits/stl_algobase.h:64,
[INFO] [stderr]                    from /usr/include/c++/11/bits/char_traits.h:39,
[INFO] [stderr]                    from /usr/include/c++/11/string:40,
[INFO] [stderr]                    from /opt/rustwide/workdir/rocksdb/include/rocksdb/convenience.h:8,
[INFO] [stderr]                    from /opt/rustwide/workdir/rocksdb/db/convenience.cc:9:
[INFO] [stderr]   /usr/include/c++/11/bits/stl_pair.h:353:42: note: synthesized method 'rocksdb::FileMetaData::FileMetaData(rocksdb::FileMetaData&&)' first required here
[INFO] [stderr]     353 |         : first(std::forward<_U1>(__x)), second(std::forward<_U2>(__y)) { }
[INFO] [stderr]         |                                          ^~~~~~~~~~~~~~~~~~~~~~~~~~~~~~
[INFO] [stderr]   In file included from /opt/rustwide/workdir/rocksdb/db/range_del_aggregator.h:16,
[INFO] [stderr]                    from /opt/rustwide/workdir/rocksdb/db/memtable.h:19,
[INFO] [stderr]                    from /opt/rustwide/workdir/rocksdb/db/memtable_list.h:17,
[INFO] [stderr]                    from /opt/rustwide/workdir/rocksdb/db/column_family.h:17,
[INFO] [stderr]                    from /opt/rustwide/workdir/rocksdb/db/db_impl.h:22,
[INFO] [stderr]                    from /opt/rustwide/workdir/rocksdb/db/convenience.cc:11:
[INFO] [stderr]   /opt/rustwide/workdir/rocksdb/db/version_edit.h: In instantiation of 'constexpr std::pair<_T1, _T2>::pair(_U1&&, const _T2&) [with _U1 = int&; typename std::enable_if<std::_PCC<true, _T1, _T2>::_MoveCopyPair<true, _U1, _T2>(), bool>::type <anonymous> = true; _T1 = int; _T2 = rocksdb::FileMetaData]':
[INFO] [stderr]   /usr/include/c++/11/ext/new_allocator.h:162:4:   required from 'void __gnu_cxx::new_allocator<_Tp>::construct(_Up*, _Args&& ...) [with _Up = std::pair<int, rocksdb::FileMetaData>; _Args = {int&, const rocksdb::FileMetaData&}; _Tp = std::pair<int, rocksdb::FileMetaData>]'
[INFO] [stderr]   /usr/include/c++/11/bits/alloc_traits.h:516:17:   required from 'static void std::allocator_traits<std::allocator<_CharT> >::construct(std::allocator_traits<std::allocator<_CharT> >::allocator_type&, _Up*, _Args&& ...) [with _Up = std::pair<int, rocksdb::FileMetaData>; _Args = {int&, const rocksdb::FileMetaData&}; _Tp = std::pair<int, rocksdb::FileMetaData>; std::allocator_traits<std::allocator<_CharT> >::allocator_type = std::allocator<std::pair<int, rocksdb::FileMetaData> >]'
[INFO] [stderr]   /usr/include/c++/11/bits/vector.tcc:115:30:   required from 'void std::vector<_Tp, _Alloc>::emplace_back(_Args&& ...) [with _Args = {int&, const rocksdb::FileMetaData&}; _Tp = std::pair<int, rocksdb::FileMetaData>; _Alloc = std::allocator<std::pair<int, rocksdb::FileMetaData> >]'
[INFO] [stderr]   /opt/rustwide/workdir/rocksdb/db/version_edit.h:232:28:   required from here
[INFO] [stderr]   /opt/rustwide/workdir/rocksdb/db/version_edit.h:76:8: warning: implicitly-declared 'constexpr rocksdb::FileDescriptor::FileDescriptor(const rocksdb::FileDescriptor&)' is deprecated [-Wdeprecated-copy]
[INFO] [stderr]      76 | struct FileMetaData {
[INFO] [stderr]         |        ^~~~~~~~~~~~
[INFO] [stderr]   /opt/rustwide/workdir/rocksdb/db/version_edit.h:47:19: note: because 'rocksdb::FileDescriptor' has user-provided 'rocksdb::FileDescriptor& rocksdb::FileDescriptor::operator=(const rocksdb::FileDescriptor&)'
[INFO] [stderr]      47 |   FileDescriptor& operator=(const FileDescriptor& fd) {
[INFO] [stderr]         |                   ^~~~~~~~
[INFO] [stderr]   In file included from /usr/include/c++/11/bits/stl_algobase.h:64,
[INFO] [stderr]                    from /usr/include/c++/11/bits/char_traits.h:39,
[INFO] [stderr]                    from /usr/include/c++/11/string:40,
[INFO] [stderr]                    from /opt/rustwide/workdir/rocksdb/include/rocksdb/convenience.h:8,
[INFO] [stderr]                    from /opt/rustwide/workdir/rocksdb/db/convenience.cc:9:
[INFO] [stderr]   /usr/include/c++/11/bits/stl_pair.h:323:41: note: synthesized method 'rocksdb::FileMetaData::FileMetaData(const rocksdb::FileMetaData&)' first required here
[INFO] [stderr]     323 |        : first(std::forward<_U1>(__x)), second(__y) { }
[INFO] [stderr]         |                                         ^~~~~~~~~~~
[INFO] [stderr]   /opt/rustwide/workdir/rocksdb/db/version_edit.h: In copy constructor 'rocksdb::FileMetaData::FileMetaData(const rocksdb::FileMetaData&)':
[INFO] [stderr]   /opt/rustwide/workdir/rocksdb/db/version_edit.h:76:8: warning: implicitly-declared 'constexpr rocksdb::FileDescriptor::FileDescriptor(const rocksdb::FileDescriptor&)' is deprecated [-Wdeprecated-copy]
[INFO] [stderr]      76 | struct FileMetaData {
[INFO] [stderr]         |        ^~~~~~~~~~~~
[INFO] [stderr]   /opt/rustwide/workdir/rocksdb/db/version_edit.h:47:19: note: because 'rocksdb::FileDescriptor' has user-provided 'rocksdb::FileDescriptor& rocksdb::FileDescriptor::operator=(const rocksdb::FileDescriptor&)'
[INFO] [stderr]      47 |   FileDescriptor& operator=(const FileDescriptor& fd) {
[INFO] [stderr]         |                   ^~~~~~~~
[INFO] [stderr]   In file included from /usr/include/c++/11/bits/stl_algobase.h:64,
[INFO] [stderr]                    from /usr/include/c++/11/deque:60,
[INFO] [stderr]                    from /opt/rustwide/workdir/rocksdb/db/db_impl.h:12,
[INFO] [stderr]                    from /opt/rustwide/workdir/rocksdb/db/db_impl_compaction_flush.cc:9:
[INFO] [stderr]   /usr/include/c++/11/bits/stl_pair.h: In copy constructor 'std::pair<_T1, _T2>::pair(const std::pair<_T1, _T2>&) [with _T1 = int; _T2 = rocksdb::FileMetaData]':
[INFO] [stderr]   /usr/include/c++/11/bits/stl_pair.h:314:17: note: synthesized method 'rocksdb::FileMetaData::FileMetaData(const rocksdb::FileMetaData&)' first required here
[INFO] [stderr]     314 |       constexpr pair(const pair&) = default;    ///< Copy constructor
[INFO] [stderr]         |                 ^~~~
[INFO] [stderr]   /opt/rustwide/workdir/rocksdb/db/db_impl_compaction_flush.cc: In member function 'rocksdb::Status rocksdb::DBImpl::CompactFilesImpl(const rocksdb::CompactionOptions&, rocksdb::ColumnFamilyData*, rocksdb::Version*, const std::vector<std::__cxx11::basic_string<char> >&, std::vector<std::__cxx11::basic_string<char> >*, int, int, rocksdb::JobContext*, rocksdb::LogBuffer*)':
[INFO] [stderr]   /opt/rustwide/workdir/rocksdb/db/db_impl_compaction_flush.cc:752:21: warning: loop variable 'newf' creates a copy from type 'const std::pair<int, rocksdb::FileMetaData>' [-Wrange-loop-construct]
[INFO] [stderr]     752 |     for (const auto newf : c->edit()->GetNewFiles()) {
[INFO] [stderr]         |                     ^~~~
[INFO] [stderr]   /opt/rustwide/workdir/rocksdb/db/db_impl_compaction_flush.cc:752:21: note: use reference type to prevent copying
[INFO] [stderr]     752 |     for (const auto newf : c->edit()->GetNewFiles()) {
[INFO] [stderr]         |                     ^~~~
[INFO] [stderr]         |                     &
[INFO] [stderr]   /opt/rustwide/workdir/rocksdb/db/db_impl_compaction_flush.cc: In member function 'void rocksdb::DBImpl::NotifyOnCompactionCompleted(rocksdb::ColumnFamilyData*, rocksdb::Compaction*, const rocksdb::Status&, const rocksdb::CompactionJobStats&, int)':
[INFO] [stderr]   /opt/rustwide/workdir/rocksdb/db/db_impl_compaction_flush.cc:842:21: warning: loop variable 'newf' creates a copy from type 'const std::pair<int, rocksdb::FileMetaData>' [-Wrange-loop-construct]
[INFO] [stderr]     842 |     for (const auto newf : c->edit()->GetNewFiles()) {
[INFO] [stderr]         |                     ^~~~
[INFO] [stderr]   /opt/rustwide/workdir/rocksdb/db/db_impl_compaction_flush.cc:842:21: note: use reference type to prevent copying
[INFO] [stderr]     842 |     for (const auto newf : c->edit()->GetNewFiles()) {
[INFO] [stderr]         |                     ^~~~
[INFO] [stderr]         |                     &
[INFO] [stderr]   /opt/rustwide/workdir/rocksdb/db/version_edit.h: In instantiation of 'constexpr std::pair<_T1, _T2>::pair(_U1&&, _U2&&) [with _U1 = int&; _U2 = rocksdb::FileMetaData; typename std::enable_if<(std::_PCC<true, _T1, _T2>::_MoveConstructiblePair<_U1, _U2>() && std::_PCC<true, _T1, _T2>::_ImplicitlyMoveConvertiblePair<_U1, _U2>()), bool>::type <anonymous> = true; _T1 = int; _T2 = rocksdb::FileMetaData]':
[INFO] [stderr]   /usr/include/c++/11/ext/new_allocator.h:162:4:   required from 'void __gnu_cxx::new_allocator<_Tp>::construct(_Up*, _Args&& ...) [with _Up = std::pair<int, rocksdb::FileMetaData>; _Args = {int&, rocksdb::FileMetaData}; _Tp = std::pair<int, rocksdb::FileMetaData>]'
[INFO] [stderr]   /usr/include/c++/11/bits/alloc_traits.h:516:17:   required from 'static void std::allocator_traits<std::allocator<_Tp1> >::construct(std::allocator_traits<std::allocator<_Tp1> >::allocator_type&, _Up*, _Args&& ...) [with _Up = std::pair<int, rocksdb::FileMetaData>; _Args = {int&, rocksdb::FileMetaData}; _Tp = std::pair<int, rocksdb::FileMetaData>; std::allocator_traits<std::allocator<_Tp1> >::allocator_type = std::allocator<std::pair<int, rocksdb::FileMetaData> >]'
[INFO] [stderr]   /usr/include/c++/11/bits/vector.tcc:115:30:   required from 'void std::vector<_Tp, _Alloc>::emplace_back(_Args&& ...) [with _Args = {int&, rocksdb::FileMetaData}; _Tp = std::pair<int, rocksdb::FileMetaData>; _Alloc = std::allocator<std::pair<int, rocksdb::FileMetaData> >]'
[INFO] [stderr]   /opt/rustwide/workdir/rocksdb/db/version_edit.h:227:28:   required from here
[INFO] [stderr]   /opt/rustwide/workdir/rocksdb/db/version_edit.h:76:8: warning: implicitly-declared 'constexpr rocksdb::FileDescriptor::FileDescriptor(const rocksdb::FileDescriptor&)' is deprecated [-Wdeprecated-copy]
[INFO] [stderr]      76 | struct FileMetaData {
[INFO] [stderr]         |        ^~~~~~~~~~~~
[INFO] [stderr]   /opt/rustwide/workdir/rocksdb/db/version_edit.h:47:19: note: because 'rocksdb::FileDescriptor' has user-provided 'rocksdb::FileDescriptor& rocksdb::FileDescriptor::operator=(const rocksdb::FileDescriptor&)'
[INFO] [stderr]      47 |   FileDescriptor& operator=(const FileDescriptor& fd) {
[INFO] [stderr]         |                   ^~~~~~~~
[INFO] [stderr]   In file included from /usr/include/c++/11/bits/stl_algobase.h:64,
[INFO] [stderr]                    from /usr/include/c++/11/deque:60,
[INFO] [stderr]                    from /opt/rustwide/workdir/rocksdb/db/db_impl.h:12,
[INFO] [stderr]                    from /opt/rustwide/workdir/rocksdb/db/db_impl_files.cc:9:
[INFO] [stderr]   /usr/include/c++/11/bits/stl_pair.h:353:42: note: synthesized method 'rocksdb::FileMetaData::FileMetaData(rocksdb::FileMetaData&&)' first required here
[INFO] [stderr]     353 |         : first(std::forward<_U1>(__x)), second(std::forward<_U2>(__y)) { }
[INFO] [stderr]         |                                          ^~~~~~~~~~~~~~~~~~~~~~~~~~~~~~
[INFO] [stderr]   In file included from /opt/rustwide/workdir/rocksdb/db/range_del_aggregator.h:16,
[INFO] [stderr]                    from /opt/rustwide/workdir/rocksdb/db/memtable.h:19,
[INFO] [stderr]                    from /opt/rustwide/workdir/rocksdb/db/memtable_list.h:17,
[INFO] [stderr]                    from /opt/rustwide/workdir/rocksdb/db/column_family.h:17,
[INFO] [stderr]                    from /opt/rustwide/workdir/rocksdb/db/db_impl.h:22,
[INFO] [stderr]                    from /opt/rustwide/workdir/rocksdb/db/db_impl_files.cc:9:
[INFO] [stderr]   /opt/rustwide/workdir/rocksdb/db/version_edit.h: In instantiation of 'constexpr std::pair<_T1, _T2>::pair(_U1&&, const _T2&) [with _U1 = int&; typename std::enable_if<std::_PCC<true, _T1, _T2>::_MoveCopyPair<true, _U1, _T2>(), bool>::type <anonymous> = true; _T1 = int; _T2 = rocksdb::FileMetaData]':
[INFO] [stderr]   /usr/include/c++/11/ext/new_allocator.h:162:4:   required from 'void __gnu_cxx::new_allocator<_Tp>::construct(_Up*, _Args&& ...) [with _Up = std::pair<int, rocksdb::FileMetaData>; _Args = {int&, const rocksdb::FileMetaData&}; _Tp = std::pair<int, rocksdb::FileMetaData>]'
[INFO] [stderr]   /usr/include/c++/11/bits/alloc_traits.h:516:17:   required from 'static void std::allocator_traits<std::allocator<_Tp1> >::construct(std::allocator_traits<std::allocator<_Tp1> >::allocator_type&, _Up*, _Args&& ...) [with _Up = std::pair<int, rocksdb::FileMetaData>; _Args = {int&, const rocksdb::FileMetaData&}; _Tp = std::pair<int, rocksdb::FileMetaData>; std::allocator_traits<std::allocator<_Tp1> >::allocator_type = std::allocator<std::pair<int, rocksdb::FileMetaData> >]'
[INFO] [stderr]   /usr/include/c++/11/bits/vector.tcc:115:30:   required from 'void std::vector<_Tp, _Alloc>::emplace_back(_Args&& ...) [with _Args = {int&, const rocksdb::FileMetaData&}; _Tp = std::pair<int, rocksdb::FileMetaData>; _Alloc = std::allocator<std::pair<int, rocksdb::FileMetaData> >]'
[INFO] [stderr]   /opt/rustwide/workdir/rocksdb/db/version_edit.h:232:28:   required from here
[INFO] [stderr]   /opt/rustwide/workdir/rocksdb/db/version_edit.h:76:8: warning: implicitly-declared 'constexpr rocksdb::FileDescriptor::FileDescriptor(const rocksdb::FileDescriptor&)' is deprecated [-Wdeprecated-copy]
[INFO] [stderr]      76 | struct FileMetaData {
[INFO] [stderr]         |        ^~~~~~~~~~~~
[INFO] [stderr]   /opt/rustwide/workdir/rocksdb/db/version_edit.h:47:19: note: because 'rocksdb::FileDescriptor' has user-provided 'rocksdb::FileDescriptor& rocksdb::FileDescriptor::operator=(const rocksdb::FileDescriptor&)'
[INFO] [stderr]      47 |   FileDescriptor& operator=(const FileDescriptor& fd) {
[INFO] [stderr]         |                   ^~~~~~~~
[INFO] [stderr]   In file included from /usr/include/c++/11/bits/stl_algobase.h:64,
[INFO] [stderr]                    from /usr/include/c++/11/deque:60,
[INFO] [stderr]                    from /opt/rustwide/workdir/rocksdb/db/db_impl.h:12,
[INFO] [stderr]                    from /opt/rustwide/workdir/rocksdb/db/db_impl_files.cc:9:
[INFO] [stderr]   /usr/include/c++/11/bits/stl_pair.h:323:41: note: synthesized method 'rocksdb::FileMetaData::FileMetaData(const rocksdb::FileMetaData&)' first required here
[INFO] [stderr]     323 |        : first(std::forward<_U1>(__x)), second(__y) { }
[INFO] [stderr]         |                                         ^~~~~~~~~~~
[INFO] [stderr]   In file included from /opt/rustwide/workdir/rocksdb/db/range_del_aggregator.h:16,
[INFO] [stderr]                    from /opt/rustwide/workdir/rocksdb/db/memtable.h:19,
[INFO] [stderr]                    from /opt/rustwide/workdir/rocksdb/db/memtable_list.h:17,
[INFO] [stderr]                    from /opt/rustwide/workdir/rocksdb/db/column_family.h:17,
[INFO] [stderr]                    from /opt/rustwide/workdir/rocksdb/db/db_impl.h:22,
[INFO] [stderr]                    from /opt/rustwide/workdir/rocksdb/db/db_impl_compaction_flush.cc:9:
[INFO] [stderr]   /opt/rustwide/workdir/rocksdb/db/version_edit.h: In instantiation of 'constexpr std::pair<_T1, _T2>::pair(_U1&&, _U2&&) [with _U1 = int&; _U2 = rocksdb::FileMetaData; typename std::enable_if<(std::_PCC<true, _T1, _T2>::_MoveConstructiblePair<_U1, _U2>() && std::_PCC<true, _T1, _T2>::_ImplicitlyMoveConvertiblePair<_U1, _U2>()), bool>::type <anonymous> = true; _T1 = int; _T2 = rocksdb::FileMetaData]':
[INFO] [stderr]   /usr/include/c++/11/ext/new_allocator.h:162:4:   required from 'void __gnu_cxx::new_allocator<_Tp>::construct(_Up*, _Args&& ...) [with _Up = std::pair<int, rocksdb::FileMetaData>; _Args = {int&, rocksdb::FileMetaData}; _Tp = std::pair<int, rocksdb::FileMetaData>]'
[INFO] [stderr]   /usr/include/c++/11/bits/alloc_traits.h:516:17:   required from 'static void std::allocator_traits<std::allocator<_Tp1> >::construct(std::allocator_traits<std::allocator<_Tp1> >::allocator_type&, _Up*, _Args&& ...) [with _Up = std::pair<int, rocksdb::FileMetaData>; _Args = {int&, rocksdb::FileMetaData}; _Tp = std::pair<int, rocksdb::FileMetaData>; std::allocator_traits<std::allocator<_Tp1> >::allocator_type = std::allocator<std::pair<int, rocksdb::FileMetaData> >]'
[INFO] [stderr]   /usr/include/c++/11/bits/vector.tcc:115:30:   required from 'void std::vector<_Tp, _Alloc>::emplace_back(_Args&& ...) [with _Args = {int&, rocksdb::FileMetaData}; _Tp = std::pair<int, rocksdb::FileMetaData>; _Alloc = std::allocator<std::pair<int, rocksdb::FileMetaData> >]'
[INFO] [stderr]   /opt/rustwide/workdir/rocksdb/db/version_edit.h:227:28:   required from here
[INFO] [stderr]   /opt/rustwide/workdir/rocksdb/db/version_edit.h:76:8: warning: implicitly-declared 'constexpr rocksdb::FileDescriptor::FileDescriptor(const rocksdb::FileDescriptor&)' is deprecated [-Wdeprecated-copy]
[INFO] [stderr]      76 | struct FileMetaData {
[INFO] [stderr]         |        ^~~~~~~~~~~~
[INFO] [stderr]   /opt/rustwide/workdir/rocksdb/db/version_edit.h:47:19: note: because 'rocksdb::FileDescriptor' has user-provided 'rocksdb::FileDescriptor& rocksdb::FileDescriptor::operator=(const rocksdb::FileDescriptor&)'
[INFO] [stderr]      47 |   FileDescriptor& operator=(const FileDescriptor& fd) {
[INFO] [stderr]         |                   ^~~~~~~~
[INFO] [stderr]   In file included from /usr/include/c++/11/bits/stl_algobase.h:64,
[INFO] [stderr]                    from /usr/include/c++/11/deque:60,
[INFO] [stderr]                    from /opt/rustwide/workdir/rocksdb/db/db_impl.h:12,
[INFO] [stderr]                    from /opt/rustwide/workdir/rocksdb/db/db_impl_compaction_flush.cc:9:
[INFO] [stderr]   /usr/include/c++/11/bits/stl_pair.h:353:42: note: synthesized method 'rocksdb::FileMetaData::FileMetaData(rocksdb::FileMetaData&&)' first required here
[INFO] [stderr]     353 |         : first(std::forward<_U1>(__x)), second(std::forward<_U2>(__y)) { }
[INFO] [stderr]         |                                          ^~~~~~~~~~~~~~~~~~~~~~~~~~~~~~
[INFO] [stderr]   gmake[2]: *** [CMakeFiles/Makefile2:484: CMakeFiles/rocksdb.dir/all] Error 2
[INFO] [stderr]   gmake[1]: *** [CMakeFiles/Makefile2:491: CMakeFiles/rocksdb.dir/rule] Error 2
[INFO] [stderr]   gmake: *** [Makefile:208: rocksdb] Error 2
[INFO] [stderr]   thread 'main' panicked at /opt/rustwide/cargo-home/registry/src/index.crates.io-6f17d22bba15001f/cmake-0.1.50/src/lib.rs:1098:5:
[INFO] [stderr] 
[INFO] [stderr]   command did not execute successfully, got: exit status: 2
[INFO] [stderr] 
[INFO] [stderr]   build script failed, must exit now
[INFO] [stderr]   stack backtrace:
[INFO] [stderr]      0:     0x5612b4fcf60c - std::backtrace_rs::backtrace::libunwind::trace::ha637c64ce894333a
[INFO] [stderr]                                  at /rustc/82e1608dfa6e0b5569232559e3d385fea5a93112/library/std/src/../../backtrace/src/backtrace/libunwind.rs:104:5
[INFO] [stderr]      1:     0x5612b4fcf60c - std::backtrace_rs::backtrace::trace_unsynchronized::h47f62dea28e0c88d
[INFO] [stderr]                                  at /rustc/82e1608dfa6e0b5569232559e3d385fea5a93112/library/std/src/../../backtrace/src/backtrace/mod.rs:66:5
[INFO] [stderr]      2:     0x5612b4fcf60c - std::sys_common::backtrace::_print_fmt::h9eef0abe20ede486
[INFO] [stderr]                                  at /rustc/82e1608dfa6e0b5569232559e3d385fea5a93112/library/std/src/sys_common/backtrace.rs:67:5
[INFO] [stderr]      3:     0x5612b4fcf60c - <std::sys_common::backtrace::_print::DisplayBacktrace as core::fmt::Display>::fmt::hed7f999df88cc644
[INFO] [stderr]                                  at /rustc/82e1608dfa6e0b5569232559e3d385fea5a93112/library/std/src/sys_common/backtrace.rs:44:22
[INFO] [stderr]      4:     0x5612b4ff5b10 - core::fmt::rt::Argument::fmt::h1539a9308b8d058d
[INFO] [stderr]                                  at /rustc/82e1608dfa6e0b5569232559e3d385fea5a93112/library/core/src/fmt/rt.rs:142:9
[INFO] [stderr]      5:     0x5612b4ff5b10 - core::fmt::write::h3a39390d8560d9c9
[INFO] [stderr]                                  at /rustc/82e1608dfa6e0b5569232559e3d385fea5a93112/library/core/src/fmt/mod.rs:1120:17
[INFO] [stderr]      6:     0x5612b4fccd5f - std::io::Write::write_fmt::h5fc9997dfe05f882
[INFO] [stderr]                                  at /rustc/82e1608dfa6e0b5569232559e3d385fea5a93112/library/std/src/io/mod.rs:1762:15
[INFO] [stderr]      7:     0x5612b4fcf3f4 - std::sys_common::backtrace::_print::h894006fb5c6f3d45
[INFO] [stderr]                                  at /rustc/82e1608dfa6e0b5569232559e3d385fea5a93112/library/std/src/sys_common/backtrace.rs:47:5
[INFO] [stderr]      8:     0x5612b4fcf3f4 - std::sys_common::backtrace::print::h23a2d212c6fff936
[INFO] [stderr]                                  at /rustc/82e1608dfa6e0b5569232559e3d385fea5a93112/library/std/src/sys_common/backtrace.rs:34:9
[INFO] [stderr]      9:     0x5612b4fd0c07 - std::panicking::default_hook::{{closure}}::h8a1d2ee00185001a
[INFO] [stderr]     10:     0x5612b4fd096f - std::panicking::default_hook::h6038f2eba384e475
[INFO] [stderr]                                  at /rustc/82e1608dfa6e0b5569232559e3d385fea5a93112/library/std/src/panicking.rs:292:9
[INFO] [stderr]     11:     0x5612b4fd1088 - std::panicking::rust_panic_with_hook::h2b5517d590cab22e
[INFO] [stderr]                                  at /rustc/82e1608dfa6e0b5569232559e3d385fea5a93112/library/std/src/panicking.rs:779:13
[INFO] [stderr]     12:     0x5612b4fd0f6e - std::panicking::begin_panic_handler::{{closure}}::h233112c06e0ef43e
[INFO] [stderr]                                  at /rustc/82e1608dfa6e0b5569232559e3d385fea5a93112/library/std/src/panicking.rs:657:13
[INFO] [stderr]     13:     0x5612b4fcfad6 - std::sys_common::backtrace::__rust_end_short_backtrace::h6e893f24d7ebbff8
[INFO] [stderr]                                  at /rustc/82e1608dfa6e0b5569232559e3d385fea5a93112/library/std/src/sys_common/backtrace.rs:170:18
[INFO] [stderr]     14:     0x5612b4fd0cd2 - rust_begin_unwind
[INFO] [stderr]                                  at /rustc/82e1608dfa6e0b5569232559e3d385fea5a93112/library/std/src/panicking.rs:645:5
[INFO] [stderr]     15:     0x5612b4f50625 - core::panicking::panic_fmt::hbf0e066aabfa482c
[INFO] [stderr]                                  at /rustc/82e1608dfa6e0b5569232559e3d385fea5a93112/library/core/src/panicking.rs:72:14
[INFO] [stderr]     16:     0x5612b4f65861 - cmake::fail::h1843160193bf402d
[INFO] [stderr]     17:     0x5612b4f64fe7 - cmake::run::h8c9e6e8664a70025
[INFO] [stderr]     18:     0x5612b4f61901 - cmake::Config::build::h6bf3790fdf8e8b77
[INFO] [stderr]     19:     0x5612b4f53206 - build_script_build::main::hb656bf6c5763b374
[INFO] [stderr]     20:     0x5612b4f51223 - core::ops::function::FnOnce::call_once::hb7e0ef8bdf5da59b
[INFO] [stderr]     21:     0x5612b4f50e16 - std::sys_common::backtrace::__rust_begin_short_backtrace::h218a88ca2f3cd560
[INFO] [stderr]     22:     0x5612b4f50f59 - std::rt::lang_start::{{closure}}::he38d13b39f3bc2d2
[INFO] [stderr]     23:     0x5612b4fc8c27 - core::ops::function::impls::<impl core::ops::function::FnOnce<A> for &F>::call_once::hd95060ecd5e1ca24
[INFO] [stderr]                                  at /rustc/82e1608dfa6e0b5569232559e3d385fea5a93112/library/core/src/ops/function.rs:284:13
[INFO] [stderr]     24:     0x5612b4fc8c27 - std::panicking::try::do_call::h6e8cf51db32a6e4b
[INFO] [stderr]                                  at /rustc/82e1608dfa6e0b5569232559e3d385fea5a93112/library/std/src/panicking.rs:552:40
[INFO] [stderr]     25:     0x5612b4fc8c27 - std::panicking::try::h3a52eefe24fe3c29
[INFO] [stderr]                                  at /rustc/82e1608dfa6e0b5569232559e3d385fea5a93112/library/std/src/panicking.rs:516:19
[INFO] [stderr]     26:     0x5612b4fc8c27 - std::panic::catch_unwind::h24c28c23c02c3841
[INFO] [stderr]                                  at /rustc/82e1608dfa6e0b5569232559e3d385fea5a93112/library/std/src/panic.rs:142:14
[INFO] [stderr]     27:     0x5612b4fc8c27 - std::rt::lang_start_internal::{{closure}}::h705d3c9cbc06ef47
[INFO] [stderr]                                  at /rustc/82e1608dfa6e0b5569232559e3d385fea5a93112/library/std/src/rt.rs:148:48
[INFO] [stderr]     28:     0x5612b4fc8c27 - std::panicking::try::do_call::ha21f52ba13158470
[INFO] [stderr]                                  at /rustc/82e1608dfa6e0b5569232559e3d385fea5a93112/library/std/src/panicking.rs:552:40
[INFO] [stderr]     29:     0x5612b4fc8c27 - std::panicking::try::h5581346bf6aeb1f8
[INFO] [stderr]                                  at /rustc/82e1608dfa6e0b5569232559e3d385fea5a93112/library/std/src/panicking.rs:516:19
[INFO] [stderr]     30:     0x5612b4fc8c27 - std::panic::catch_unwind::h7919645a6b72e25b
[INFO] [stderr]                                  at /rustc/82e1608dfa6e0b5569232559e3d385fea5a93112/library/std/src/panic.rs:142:14
[INFO] [stderr]     31:     0x5612b4fc8c27 - std::rt::lang_start_internal::h12de51168669836e
[INFO] [stderr]                                  at /rustc/82e1608dfa6e0b5569232559e3d385fea5a93112/library/std/src/rt.rs:148:20
[INFO] [stderr]     32:     0x5612b4f50f37 - std::rt::lang_start::hdc0940cfeb1ad3a1
[INFO] [stderr]     33:     0x5612b4f539b5 - main
[INFO] [stderr]     34:     0x7f88333c7d90 - <unknown>
[INFO] [stderr]     35:     0x7f88333c7e40 - __libc_start_main
[INFO] [stderr]     36:     0x5612b4f50d45 - _start
[INFO] [stderr]     37:                0x0 - <unknown>
[INFO] running `Command { std: "docker" "inspect" "fbcb5064499af59cc305942c9bc8a29a7e0d9d103b035e9a6555fe8f91526206", kill_on_drop: false }`
[INFO] running `Command { std: "docker" "rm" "-f" "fbcb5064499af59cc305942c9bc8a29a7e0d9d103b035e9a6555fe8f91526206", kill_on_drop: false }`
[INFO] [stdout] fbcb5064499af59cc305942c9bc8a29a7e0d9d103b035e9a6555fe8f91526206
