[INFO] fetching crate tetsy-libp2p-request-response 0.9.1...
[INFO] testing tetsy-libp2p-request-response-0.9.1 against 1.75.0 for beta-1.76-1
[INFO] extracting crate tetsy-libp2p-request-response 0.9.1 into /workspace/builds/worker-6-tc1/source
[INFO] validating manifest of crates.io crate tetsy-libp2p-request-response 0.9.1 on toolchain 1.75.0
[INFO] running `Command { std: CARGO_HOME="/workspace/cargo-home" RUSTUP_HOME="/workspace/rustup-home" "/workspace/cargo-home/bin/cargo" "+1.75.0" "metadata" "--manifest-path" "Cargo.toml" "--no-deps", kill_on_drop: false }`
[INFO] started tweaking crates.io crate tetsy-libp2p-request-response 0.9.1
[INFO] finished tweaking crates.io crate tetsy-libp2p-request-response 0.9.1
[INFO] tweaked toml for crates.io crate tetsy-libp2p-request-response 0.9.1 written to /workspace/builds/worker-6-tc1/source/Cargo.toml
[INFO] running `Command { std: CARGO_HOME="/workspace/cargo-home" RUSTUP_HOME="/workspace/rustup-home" "/workspace/cargo-home/bin/cargo" "+1.75.0" "generate-lockfile" "--manifest-path" "Cargo.toml", kill_on_drop: false }`
[INFO] [stderr]     Updating crates.io index
[INFO] running `Command { std: CARGO_HOME="/workspace/cargo-home" RUSTUP_HOME="/workspace/rustup-home" "/workspace/cargo-home/bin/cargo" "+1.75.0" "fetch" "--manifest-path" "Cargo.toml", kill_on_drop: false }`
[INFO] [stderr]  Downloading crates ...
[INFO] [stderr]   Downloaded tetsy-libp2p-core v0.27.2
[INFO] [stderr]   Downloaded tetsy-libp2p-swarm v0.27.1
[INFO] [stderr]   Downloaded lru v0.6.6
[INFO] [stderr]   Downloaded minicbor-derive v0.6.4
[INFO] [stderr]   Downloaded tetsy-multiaddr v0.11.2
[INFO] [stderr]   Downloaded tetsy-multistream-select v0.10.2
[INFO] [stderr]   Downloaded minicbor v0.7.2
[INFO] running `Command { std: "docker" "create" "-v" "/var/lib/crater-agent-workspace/builds/worker-6-tc1/target:/opt/rustwide/target:rw,Z" "-v" "/var/lib/crater-agent-workspace/builds/worker-6-tc1/source:/opt/rustwide/workdir:ro,Z" "-v" "/var/lib/crater-agent-workspace/cargo-home:/opt/rustwide/cargo-home:ro,Z" "-v" "/var/lib/crater-agent-workspace/rustup-home:/opt/rustwide/rustup-home:ro,Z" "-e" "SOURCE_DIR=/opt/rustwide/workdir" "-e" "CARGO_TARGET_DIR=/opt/rustwide/target" "-e" "CARGO_HOME=/opt/rustwide/cargo-home" "-e" "RUSTUP_HOME=/opt/rustwide/rustup-home" "-w" "/opt/rustwide/workdir" "-m" "1610612736" "--user" "0:0" "--network" "none" "ghcr.io/rust-lang/crates-build-env/linux@sha256:2788e3201cd34a07e3172128adcd8b3090168a8e3bcc40d7c032b9dda1df7d1c" "/opt/rustwide/cargo-home/bin/cargo" "+1.75.0" "metadata" "--no-deps" "--format-version=1", kill_on_drop: false }`
[INFO] [stdout] a3f5c244cd6c0cdb71964156afdbe5733952f44cc8bcacce75f62f4cff2173fe
[INFO] running `Command { std: "docker" "start" "-a" "a3f5c244cd6c0cdb71964156afdbe5733952f44cc8bcacce75f62f4cff2173fe", kill_on_drop: false }`
[INFO] running `Command { std: "docker" "inspect" "a3f5c244cd6c0cdb71964156afdbe5733952f44cc8bcacce75f62f4cff2173fe", kill_on_drop: false }`
[INFO] running `Command { std: "docker" "rm" "-f" "a3f5c244cd6c0cdb71964156afdbe5733952f44cc8bcacce75f62f4cff2173fe", kill_on_drop: false }`
[INFO] [stdout] a3f5c244cd6c0cdb71964156afdbe5733952f44cc8bcacce75f62f4cff2173fe
[INFO] running `Command { std: "docker" "create" "-v" "/var/lib/crater-agent-workspace/builds/worker-6-tc1/target:/opt/rustwide/target:rw,Z" "-v" "/var/lib/crater-agent-workspace/builds/worker-6-tc1/source:/opt/rustwide/workdir:ro,Z" "-v" "/var/lib/crater-agent-workspace/cargo-home:/opt/rustwide/cargo-home:ro,Z" "-v" "/var/lib/crater-agent-workspace/rustup-home:/opt/rustwide/rustup-home:ro,Z" "-e" "SOURCE_DIR=/opt/rustwide/workdir" "-e" "CARGO_TARGET_DIR=/opt/rustwide/target" "-e" "CARGO_INCREMENTAL=0" "-e" "RUST_BACKTRACE=full" "-e" "RUSTFLAGS=--cap-lints=warn" "-e" "RUSTDOCFLAGS=--cap-lints=warn" "-e" "CARGO_HOME=/opt/rustwide/cargo-home" "-e" "RUSTUP_HOME=/opt/rustwide/rustup-home" "-w" "/opt/rustwide/workdir" "-m" "1610612736" "--user" "0:0" "--network" "none" "ghcr.io/rust-lang/crates-build-env/linux@sha256:2788e3201cd34a07e3172128adcd8b3090168a8e3bcc40d7c032b9dda1df7d1c" "/opt/rustwide/cargo-home/bin/cargo" "+1.75.0" "build" "--frozen" "--message-format=json", kill_on_drop: false }`
[INFO] [stdout] 2921429ec0d221fc300037603d12c1a82f804403dd13d7e1b75048ea1c5568a3
[INFO] running `Command { std: "docker" "start" "-a" "2921429ec0d221fc300037603d12c1a82f804403dd13d7e1b75048ea1c5568a3", kill_on_drop: false }`
[INFO] [stderr]    Compiling proc-macro2 v1.0.75
[INFO] [stderr]    Compiling syn v1.0.109
[INFO] [stderr]    Compiling either v1.9.0
[INFO] [stderr]    Compiling futures-core v0.3.30
[INFO] [stderr]    Compiling rustix v0.38.28
[INFO] [stderr]    Compiling bitflags v2.4.1
[INFO] [stderr]    Compiling linux-raw-sys v0.4.12
[INFO] [stderr]    Compiling anyhow v1.0.79
[INFO] [stderr]    Compiling generic-array v0.12.4
[INFO] [stderr]    Compiling getrandom v0.1.16
[INFO] [stderr]    Compiling home v0.5.9
[INFO] [stderr]    Compiling digest v0.9.0
[INFO] [stderr]    Compiling indexmap v1.9.3
[INFO] [stderr]    Compiling toml_datetime v0.6.5
[INFO] [stderr]    Compiling value-bag v1.4.3
[INFO] [stderr]    Compiling hashbrown v0.12.3
[INFO] [stderr]    Compiling futures-channel v0.3.30
[INFO] [stderr]    Compiling byte-tools v0.3.1
[INFO] [stderr]    Compiling fastrand v2.0.1
[INFO] [stderr]    Compiling itertools v0.9.0
[INFO] [stderr]    Compiling toml_edit v0.19.15
[INFO] [stderr]    Compiling unicode-xid v0.2.4
[INFO] [stderr]    Compiling rand_core v0.5.1
[INFO] [stderr]    Compiling digest v0.8.1
[INFO] [stderr]    Compiling log v0.4.20
[INFO] [stderr]    Compiling serde v1.0.194
[INFO] [stderr]    Compiling pin-project-internal v0.4.30
[INFO] [stderr]    Compiling fixedbitset v0.2.0
[INFO] [stderr]    Compiling subtle v1.0.0
[INFO] [stderr]    Compiling sha2 v0.9.9
[INFO] [stderr]    Compiling rand_chacha v0.2.2
[INFO] [stderr]    Compiling block-padding v0.1.5
[INFO] [stderr]    Compiling ring v0.16.20
[INFO] [stderr]    Compiling crypto-mac v0.7.0
[INFO] [stderr]    Compiling crunchy v0.2.2
[INFO] [stderr]    Compiling subtle v2.5.0
[INFO] [stderr]    Compiling multimap v0.8.3
[INFO] [stderr]    Compiling quote v1.0.35
[INFO] [stderr]    Compiling rand v0.7.3
[INFO] [stderr]    Compiling hmac v0.7.1
[INFO] [stderr]    Compiling parking_lot_core v0.8.6
[INFO] [stderr]    Compiling syn v2.0.48
[INFO] [stderr]    Compiling block-buffer v0.7.3
[INFO] [stderr]    Compiling ahash v0.7.7
[INFO] [stderr]    Compiling arrayref v0.3.7
[INFO] [stderr]    Compiling opaque-debug v0.2.3
[INFO] [stderr]    Compiling fake-simd v0.1.2
[INFO] [stderr]    Compiling unsigned-varint v0.5.1
[INFO] [stderr]    Compiling sha2 v0.8.2
[INFO] [stderr]    Compiling parking_lot v0.11.2
[INFO] [stderr]    Compiling ed25519 v1.5.3
[INFO] [stderr]    Compiling petgraph v0.5.1
[INFO] [stderr]    Compiling proc-macro-error-attr v1.0.4
[INFO] [stderr]    Compiling hmac-drbg v0.2.0
[INFO] [stderr]    Compiling url v2.5.0
[INFO] [stderr]    Compiling getrandom v0.2.11
[INFO] [stderr]    Compiling unsigned-varint v0.7.2
[INFO] [stderr]    Compiling bs58 v0.4.0
[INFO] [stderr]    Compiling libsecp256k1 v0.3.5
[INFO] [stderr]    Compiling futures-timer v3.0.2
[INFO] [stderr]    Compiling void v1.0.2
[INFO] [stderr]    Compiling hashbrown v0.11.2
[INFO] [stderr]    Compiling proc-macro-crate v1.3.1
[INFO] [stderr]    Compiling lru v0.6.6
[INFO] [stderr]    Compiling synstructure v0.12.6
[INFO] [stderr]    Compiling proc-macro-error v1.0.4
[INFO] [stderr]    Compiling which v4.4.2
[INFO] [stderr]    Compiling tempfile v3.9.0
[INFO] [stderr]    Compiling prost-build v0.7.0
[INFO] [stderr]    Compiling prost-derive v0.7.0
[INFO] [stderr]    Compiling multihash-derive v0.7.2
[INFO] [stderr]    Compiling asn1_der_derive v0.1.2
[INFO] [stderr]    Compiling minicbor-derive v0.6.4
[INFO] [stderr]    Compiling futures-macro v0.3.30
[INFO] [stderr]    Compiling zeroize_derive v1.4.2
[INFO] [stderr]    Compiling pin-project-internal v1.1.3
[INFO] [stderr]    Compiling thiserror-impl v1.0.56
[INFO] [stderr]    Compiling async-trait v0.1.77
[INFO] [stderr]    Compiling asn1_der v0.6.3
[INFO] [stderr]    Compiling zeroize v1.3.0
[INFO] [stderr]    Compiling curve25519-dalek v3.2.1
[INFO] [stderr]    Compiling futures-util v0.3.30
[INFO] [stderr]    Compiling multihash v0.13.2
[INFO] [stderr]    Compiling pin-project v1.1.3
[INFO] [stderr]    Compiling thiserror v1.0.56
[INFO] [stderr]    Compiling pin-project v0.4.30
[INFO] [stderr]    Compiling minicbor v0.7.2
[INFO] [stderr]    Compiling ed25519-dalek v1.0.1
[INFO] [stderr]    Compiling prost v0.7.0
[INFO] [stderr]    Compiling prost-types v0.7.0
[INFO] [stderr]    Compiling tetsy-libp2p-core v0.27.2
[INFO] [stderr]    Compiling futures-executor v0.3.30
[INFO] [stderr]    Compiling unsigned-varint v0.6.0
[INFO] [stderr]    Compiling tetsy-multiaddr v0.11.2
[INFO] [stderr]    Compiling futures v0.3.30
[INFO] [stderr]    Compiling rw-stream-sink v0.2.1
[INFO] [stderr]    Compiling tetsy-multistream-select v0.10.2
[INFO] [stderr]    Compiling wasm-timer v0.2.5
[INFO] [stderr]    Compiling tetsy-libp2p-swarm v0.27.1
[INFO] [stderr]    Compiling tetsy-libp2p-request-response v0.9.1 (/opt/rustwide/workdir)
[INFO] [stderr]     Finished dev [unoptimized + debuginfo] target(s) in 10.69s
[INFO] running `Command { std: "docker" "inspect" "2921429ec0d221fc300037603d12c1a82f804403dd13d7e1b75048ea1c5568a3", kill_on_drop: false }`
[INFO] running `Command { std: "docker" "rm" "-f" "2921429ec0d221fc300037603d12c1a82f804403dd13d7e1b75048ea1c5568a3", kill_on_drop: false }`
[INFO] [stdout] 2921429ec0d221fc300037603d12c1a82f804403dd13d7e1b75048ea1c5568a3
[INFO] running `Command { std: "docker" "create" "-v" "/var/lib/crater-agent-workspace/builds/worker-6-tc1/target:/opt/rustwide/target:rw,Z" "-v" "/var/lib/crater-agent-workspace/builds/worker-6-tc1/source:/opt/rustwide/workdir:ro,Z" "-v" "/var/lib/crater-agent-workspace/cargo-home:/opt/rustwide/cargo-home:ro,Z" "-v" "/var/lib/crater-agent-workspace/rustup-home:/opt/rustwide/rustup-home:ro,Z" "-e" "SOURCE_DIR=/opt/rustwide/workdir" "-e" "CARGO_TARGET_DIR=/opt/rustwide/target" "-e" "CARGO_INCREMENTAL=0" "-e" "RUST_BACKTRACE=full" "-e" "RUSTFLAGS=--cap-lints=warn" "-e" "RUSTDOCFLAGS=--cap-lints=warn" "-e" "CARGO_HOME=/opt/rustwide/cargo-home" "-e" "RUSTUP_HOME=/opt/rustwide/rustup-home" "-w" "/opt/rustwide/workdir" "-m" "1610612736" "--user" "0:0" "--network" "none" "ghcr.io/rust-lang/crates-build-env/linux@sha256:2788e3201cd34a07e3172128adcd8b3090168a8e3bcc40d7c032b9dda1df7d1c" "/opt/rustwide/cargo-home/bin/cargo" "+1.75.0" "test" "--frozen" "--no-run" "--message-format=json", kill_on_drop: false }`
[INFO] [stdout] cc73e8fd7de76fbcb49f7b71564ba35f18dda716646be5927fbfe5c35821814c
[INFO] running `Command { std: "docker" "start" "-a" "cc73e8fd7de76fbcb49f7b71564ba35f18dda716646be5927fbfe5c35821814c", kill_on_drop: false }`
[INFO] [stderr]    Compiling linux-raw-sys v0.4.12
[INFO] [stderr]    Compiling crossbeam-utils v0.8.18
[INFO] [stderr]    Compiling rustix v0.38.28
[INFO] [stderr]    Compiling futures-lite v2.1.0
[INFO] [stderr]    Compiling io-lifetimes v1.0.11
[INFO] [stderr]    Compiling polling v2.8.0
[INFO] [stderr]    Compiling event-listener v2.5.3
[INFO] [stderr]    Compiling rustix v0.37.27
[INFO] [stderr]    Compiling async-io v1.13.0
[INFO] [stderr]    Compiling waker-fn v1.1.1
[INFO] [stderr]    Compiling socket2 v0.4.10
[INFO] [stderr]    Compiling kv-log-macro v1.0.7
[INFO] [stderr]    Compiling futures-lite v1.13.0
[INFO] [stderr]    Compiling async-lock v2.8.0
[INFO] [stderr]    Compiling concurrent-queue v2.4.0
[INFO] [stderr]    Compiling event-listener v4.0.2
[INFO] [stderr]    Compiling async-channel v1.9.0
[INFO] [stderr]    Compiling event-listener-strategy v0.4.0
[INFO] [stderr]    Compiling async-lock v3.2.0
[INFO] [stderr]    Compiling async-channel v2.1.1
[INFO] [stderr]    Compiling async-executor v1.8.0
[INFO] [stderr]    Compiling blocking v1.5.1
[INFO] [stderr]    Compiling which v4.4.2
[INFO] [stderr]    Compiling tempfile v3.9.0
[INFO] [stderr]    Compiling polling v3.3.1
[INFO] [stderr]    Compiling async-io v2.2.2
[INFO] [stderr]    Compiling prost-build v0.7.0
[INFO] [stderr]    Compiling async-global-executor v2.4.1
[INFO] [stderr]    Compiling async-std v1.12.0
[INFO] [stderr]    Compiling tetsy-libp2p-core v0.27.2
[INFO] [stderr]    Compiling tetsy-libp2p-swarm v0.27.1
[INFO] [stderr]    Compiling tetsy-libp2p-request-response v0.9.1 (/opt/rustwide/workdir)
[INFO] [stdout] error[E0432]: unresolved import `tetsy_libp2p_noise`
[INFO] [stdout]   --> tests/ping.rs:32:5
[INFO] [stdout]    |
[INFO] [stdout] 32 | use tetsy_libp2p_noise::{NoiseConfig, X25519Spec, Keypair};
[INFO] [stdout]    |     ^^^^^^^^^^^^^^^^^^ use of undeclared crate or module `tetsy_libp2p_noise`
[INFO] [stdout]    |
[INFO] [stdout] help: there is a crate or module with a similar name
[INFO] [stdout]    |
[INFO] [stdout] 32 | use tetsy_libp2p_core::{NoiseConfig, X25519Spec, Keypair};
[INFO] [stdout]    |     ~~~~~~~~~~~~~~~~~
[INFO] [stdout] 
[INFO] [stdout] 
[INFO] [stdout] error[E0432]: unresolved import `tetsy_libp2p_tcp`
[INFO] [stdout]   --> tests/ping.rs:35:5
[INFO] [stdout]    |
[INFO] [stdout] 35 | use tetsy_libp2p_tcp::TcpConfig;
[INFO] [stdout]    |     ^^^^^^^^^^^^^^^^ use of undeclared crate or module `tetsy_libp2p_tcp`
[INFO] [stdout]    |
[INFO] [stdout] help: there is a crate or module with a similar name
[INFO] [stdout]    |
[INFO] [stdout] 35 | use tetsy_libp2p_core::TcpConfig;
[INFO] [stdout]    |     ~~~~~~~~~~~~~~~~~
[INFO] [stdout] 
[INFO] [stdout] 
[INFO] [stdout] error[E0433]: failed to resolve: use of undeclared crate or module `tetsy_libp2p_remux`
[INFO] [stdout]    --> tests/ping.rs:284:20
[INFO] [stdout]     |
[INFO] [stdout] 284 |         .multiplex(tetsy_libp2p_remux::RemuxConfig::default())
[INFO] [stdout]     |                    ^^^^^^^^^^^^^^^^^^ use of undeclared crate or module `tetsy_libp2p_remux`
[INFO] [stdout]     |
[INFO] [stdout] help: there is a crate or module with a similar name
[INFO] [stdout]     |
[INFO] [stdout] 284 |         .multiplex(tetsy_libp2p_core::RemuxConfig::default())
[INFO] [stdout]     |                    ~~~~~~~~~~~~~~~~~
[INFO] [stdout] 
[INFO] [stdout] 
[INFO] [stdout] warning: unused import: `Transport`
[INFO] [stdout]   --> tests/ping.rs:29:23
[INFO] [stdout]    |
[INFO] [stdout] 29 |     transport::{self, Transport},
[INFO] [stdout]    |                       ^^^^^^^^^
[INFO] [stdout]    |
[INFO] [stdout]    = note: `#[warn(unused_imports)]` on by default
[INFO] [stdout] 
[INFO] [stdout] 
[INFO] [stdout] error: aborting due to 3 previous errors; 1 warning emitted
[INFO] [stdout] 
[INFO] [stdout] 
[INFO] [stdout] Some errors have detailed explanations: E0432, E0433.
[INFO] [stdout] 
[INFO] [stdout] For more information about an error, try `rustc --explain E0432`.
[INFO] [stdout] 
[INFO] [stderr] error: could not compile `tetsy-libp2p-request-response` (test "ping") due to 4 previous errors; 1 warning emitted
[INFO] [stderr] warning: build failed, waiting for other jobs to finish...
[INFO] running `Command { std: "docker" "inspect" "cc73e8fd7de76fbcb49f7b71564ba35f18dda716646be5927fbfe5c35821814c", kill_on_drop: false }`
[INFO] running `Command { std: "docker" "rm" "-f" "cc73e8fd7de76fbcb49f7b71564ba35f18dda716646be5927fbfe5c35821814c", kill_on_drop: false }`
[INFO] [stdout] cc73e8fd7de76fbcb49f7b71564ba35f18dda716646be5927fbfe5c35821814c
[INFO] testing tetsy-libp2p-request-response-0.9.1 against beta-2023-12-22 for beta-1.76-1
[INFO] extracting crate tetsy-libp2p-request-response 0.9.1 into /workspace/builds/worker-6-tc2/source
[INFO] validating manifest of crates.io crate tetsy-libp2p-request-response 0.9.1 on toolchain beta-2023-12-22
[INFO] running `Command { std: CARGO_HOME="/workspace/cargo-home" RUSTUP_HOME="/workspace/rustup-home" "/workspace/cargo-home/bin/cargo" "+beta-2023-12-22" "metadata" "--manifest-path" "Cargo.toml" "--no-deps", kill_on_drop: false }`
[INFO] started tweaking crates.io crate tetsy-libp2p-request-response 0.9.1
[INFO] finished tweaking crates.io crate tetsy-libp2p-request-response 0.9.1
[INFO] tweaked toml for crates.io crate tetsy-libp2p-request-response 0.9.1 written to /workspace/builds/worker-6-tc2/source/Cargo.toml
[INFO] running `Command { std: CARGO_HOME="/workspace/cargo-home" RUSTUP_HOME="/workspace/rustup-home" "/workspace/cargo-home/bin/cargo" "+beta-2023-12-22" "generate-lockfile" "--manifest-path" "Cargo.toml", kill_on_drop: false }`
[INFO] [stderr]     Updating crates.io index
[INFO] running `Command { std: CARGO_HOME="/workspace/cargo-home" RUSTUP_HOME="/workspace/rustup-home" "/workspace/cargo-home/bin/cargo" "+beta-2023-12-22" "fetch" "--manifest-path" "Cargo.toml", kill_on_drop: false }`
[INFO] running `Command { std: "docker" "create" "-v" "/var/lib/crater-agent-workspace/builds/worker-6-tc2/target:/opt/rustwide/target:rw,Z" "-v" "/var/lib/crater-agent-workspace/builds/worker-6-tc2/source:/opt/rustwide/workdir:ro,Z" "-v" "/var/lib/crater-agent-workspace/cargo-home:/opt/rustwide/cargo-home:ro,Z" "-v" "/var/lib/crater-agent-workspace/rustup-home:/opt/rustwide/rustup-home:ro,Z" "-e" "SOURCE_DIR=/opt/rustwide/workdir" "-e" "CARGO_TARGET_DIR=/opt/rustwide/target" "-e" "CARGO_HOME=/opt/rustwide/cargo-home" "-e" "RUSTUP_HOME=/opt/rustwide/rustup-home" "-w" "/opt/rustwide/workdir" "-m" "1610612736" "--user" "0:0" "--network" "none" "ghcr.io/rust-lang/crates-build-env/linux@sha256:2788e3201cd34a07e3172128adcd8b3090168a8e3bcc40d7c032b9dda1df7d1c" "/opt/rustwide/cargo-home/bin/cargo" "+beta-2023-12-22" "metadata" "--no-deps" "--format-version=1", kill_on_drop: false }`
[INFO] [stdout] db074390abfc348fd5b26601c40925eab7853d0a628e1da0103de1288b7d8225
[INFO] running `Command { std: "docker" "start" "-a" "db074390abfc348fd5b26601c40925eab7853d0a628e1da0103de1288b7d8225", kill_on_drop: false }`
[INFO] running `Command { std: "docker" "inspect" "db074390abfc348fd5b26601c40925eab7853d0a628e1da0103de1288b7d8225", kill_on_drop: false }`
[INFO] running `Command { std: "docker" "rm" "-f" "db074390abfc348fd5b26601c40925eab7853d0a628e1da0103de1288b7d8225", kill_on_drop: false }`
[INFO] [stdout] db074390abfc348fd5b26601c40925eab7853d0a628e1da0103de1288b7d8225
[INFO] running `Command { std: "docker" "create" "-v" "/var/lib/crater-agent-workspace/builds/worker-6-tc2/target:/opt/rustwide/target:rw,Z" "-v" "/var/lib/crater-agent-workspace/builds/worker-6-tc2/source:/opt/rustwide/workdir:ro,Z" "-v" "/var/lib/crater-agent-workspace/cargo-home:/opt/rustwide/cargo-home:ro,Z" "-v" "/var/lib/crater-agent-workspace/rustup-home:/opt/rustwide/rustup-home:ro,Z" "-e" "SOURCE_DIR=/opt/rustwide/workdir" "-e" "CARGO_TARGET_DIR=/opt/rustwide/target" "-e" "CARGO_INCREMENTAL=0" "-e" "RUST_BACKTRACE=full" "-e" "RUSTFLAGS=--cap-lints=warn" "-e" "RUSTDOCFLAGS=--cap-lints=warn" "-e" "CARGO_HOME=/opt/rustwide/cargo-home" "-e" "RUSTUP_HOME=/opt/rustwide/rustup-home" "-w" "/opt/rustwide/workdir" "-m" "1610612736" "--user" "0:0" "--network" "none" "ghcr.io/rust-lang/crates-build-env/linux@sha256:2788e3201cd34a07e3172128adcd8b3090168a8e3bcc40d7c032b9dda1df7d1c" "/opt/rustwide/cargo-home/bin/cargo" "+beta-2023-12-22" "build" "--frozen" "--message-format=json", kill_on_drop: false }`
[INFO] [stdout] e9d2fbb1e1f4235f64ee0282943704cbb8dee62b8c3a36aa8139e2b577e64d25
[INFO] running `Command { std: "docker" "start" "-a" "e9d2fbb1e1f4235f64ee0282943704cbb8dee62b8c3a36aa8139e2b577e64d25", kill_on_drop: false }`
[INFO] [stderr]    Compiling proc-macro2 v1.0.75
[INFO] [stderr]    Compiling syn v1.0.109
[INFO] [stderr]    Compiling either v1.9.0
[INFO] [stderr]    Compiling futures-core v0.3.30
[INFO] [stderr]    Compiling rustix v0.38.28
[INFO] [stderr]    Compiling bitflags v2.4.1
[INFO] [stderr]    Compiling linux-raw-sys v0.4.12
[INFO] [stderr]    Compiling anyhow v1.0.79
[INFO] [stderr]    Compiling generic-array v0.12.4
[INFO] [stderr]    Compiling getrandom v0.1.16
[INFO] [stderr]    Compiling home v0.5.9
[INFO] [stderr]    Compiling digest v0.9.0
[INFO] [stderr]    Compiling indexmap v1.9.3
[INFO] [stderr]    Compiling value-bag v1.4.3
[INFO] [stderr]    Compiling toml_datetime v0.6.5
[INFO] [stderr]    Compiling hashbrown v0.12.3
[INFO] [stderr]    Compiling futures-channel v0.3.30
[INFO] [stderr]    Compiling subtle v1.0.0
[INFO] [stderr]    Compiling fixedbitset v0.2.0
[INFO] [stderr]    Compiling pin-project-internal v0.4.30
[INFO] [stderr]    Compiling itertools v0.9.0
[INFO] [stderr]    Compiling rand_core v0.5.1
[INFO] [stderr]    Compiling toml_edit v0.19.15
[INFO] [stderr]    Compiling fastrand v2.0.1
[INFO] [stderr]    Compiling digest v0.8.1
[INFO] [stderr]    Compiling log v0.4.20
[INFO] [stderr]    Compiling unicode-xid v0.2.4
[INFO] [stderr]    Compiling serde v1.0.194
[INFO] [stderr]    Compiling byte-tools v0.3.1
[INFO] [stderr]    Compiling rand_chacha v0.2.2
[INFO] [stderr]    Compiling block-padding v0.1.5
[INFO] [stderr]    Compiling crypto-mac v0.7.0
[INFO] [stderr]    Compiling sha2 v0.9.9
[INFO] [stderr]    Compiling ring v0.16.20
[INFO] [stderr]    Compiling crunchy v0.2.2
[INFO] [stderr]    Compiling subtle v2.5.0
[INFO] [stderr]    Compiling multimap v0.8.3
[INFO] [stderr]    Compiling block-buffer v0.7.3
[INFO] [stderr]    Compiling parking_lot_core v0.8.6
[INFO] [stderr]    Compiling rand v0.7.3
[INFO] [stderr]    Compiling hmac v0.7.1
[INFO] [stderr]    Compiling quote v1.0.35
[INFO] [stderr]    Compiling ahash v0.7.7
[INFO] [stderr]    Compiling opaque-debug v0.2.3
[INFO] [stderr]    Compiling fake-simd v0.1.2
[INFO] [stderr]    Compiling arrayref v0.3.7
[INFO] [stderr]    Compiling unsigned-varint v0.5.1
[INFO] [stderr]    Compiling parking_lot v0.11.2
[INFO] [stderr]    Compiling syn v2.0.48
[INFO] [stderr]    Compiling sha2 v0.8.2
[INFO] [stderr]    Compiling ed25519 v1.5.3
[INFO] [stderr]    Compiling hmac-drbg v0.2.0
[INFO] [stderr]    Compiling url v2.5.0
[INFO] [stderr]    Compiling getrandom v0.2.11
[INFO] [stderr]    Compiling unsigned-varint v0.7.2
[INFO] [stderr]    Compiling bs58 v0.4.0
[INFO] [stderr]    Compiling petgraph v0.5.1
[INFO] [stderr]    Compiling proc-macro-error-attr v1.0.4
[INFO] [stderr]    Compiling void v1.0.2
[INFO] [stderr]    Compiling futures-timer v3.0.2
[INFO] [stderr]    Compiling libsecp256k1 v0.3.5
[INFO] [stderr]    Compiling hashbrown v0.11.2
[INFO] [stderr]    Compiling lru v0.6.6
[INFO] [stderr]    Compiling proc-macro-crate v1.3.1
[INFO] [stderr]    Compiling synstructure v0.12.6
[INFO] [stderr]    Compiling proc-macro-error v1.0.4
[INFO] [stderr]    Compiling which v4.4.2
[INFO] [stderr]    Compiling tempfile v3.9.0
[INFO] [stderr]    Compiling prost-build v0.7.0
[INFO] [stderr]    Compiling futures-macro v0.3.30
[INFO] [stderr]    Compiling zeroize_derive v1.4.2
[INFO] [stderr]    Compiling pin-project-internal v1.1.3
[INFO] [stderr]    Compiling thiserror-impl v1.0.56
[INFO] [stderr]    Compiling async-trait v0.1.77
[INFO] [stderr]    Compiling prost-derive v0.7.0
[INFO] [stderr]    Compiling multihash-derive v0.7.2
[INFO] [stderr]    Compiling asn1_der_derive v0.1.2
[INFO] [stderr]    Compiling minicbor-derive v0.6.4
[INFO] [stderr]    Compiling asn1_der v0.6.3
[INFO] [stderr]    Compiling zeroize v1.3.0
[INFO] [stderr]    Compiling curve25519-dalek v3.2.1
[INFO] [stderr]    Compiling futures-util v0.3.30
[INFO] [stderr]    Compiling pin-project v1.1.3
[INFO] [stderr]    Compiling multihash v0.13.2
[INFO] [stderr]    Compiling thiserror v1.0.56
[INFO] [stderr]    Compiling pin-project v0.4.30
[INFO] [stderr]    Compiling minicbor v0.7.2
[INFO] [stderr]    Compiling ed25519-dalek v1.0.1
[INFO] [stderr]    Compiling prost v0.7.0
[INFO] [stderr]    Compiling prost-types v0.7.0
[INFO] [stderr]    Compiling tetsy-libp2p-core v0.27.2
[INFO] [stderr]    Compiling futures-executor v0.3.30
[INFO] [stderr]    Compiling unsigned-varint v0.6.0
[INFO] [stderr]    Compiling tetsy-multiaddr v0.11.2
[INFO] [stderr]    Compiling futures v0.3.30
[INFO] [stderr]    Compiling rw-stream-sink v0.2.1
[INFO] [stderr]    Compiling tetsy-multistream-select v0.10.2
[INFO] [stderr]    Compiling wasm-timer v0.2.5
[INFO] [stderr]    Compiling tetsy-libp2p-swarm v0.27.1
[INFO] [stderr]    Compiling tetsy-libp2p-request-response v0.9.1 (/opt/rustwide/workdir)
[INFO] [stderr]     Finished dev [unoptimized + debuginfo] target(s) in 9.90s
[INFO] running `Command { std: "docker" "inspect" "e9d2fbb1e1f4235f64ee0282943704cbb8dee62b8c3a36aa8139e2b577e64d25", kill_on_drop: false }`
[INFO] running `Command { std: "docker" "rm" "-f" "e9d2fbb1e1f4235f64ee0282943704cbb8dee62b8c3a36aa8139e2b577e64d25", kill_on_drop: false }`
[INFO] [stdout] e9d2fbb1e1f4235f64ee0282943704cbb8dee62b8c3a36aa8139e2b577e64d25
[INFO] running `Command { std: "docker" "create" "-v" "/var/lib/crater-agent-workspace/builds/worker-6-tc2/target:/opt/rustwide/target:rw,Z" "-v" "/var/lib/crater-agent-workspace/builds/worker-6-tc2/source:/opt/rustwide/workdir:ro,Z" "-v" "/var/lib/crater-agent-workspace/cargo-home:/opt/rustwide/cargo-home:ro,Z" "-v" "/var/lib/crater-agent-workspace/rustup-home:/opt/rustwide/rustup-home:ro,Z" "-e" "SOURCE_DIR=/opt/rustwide/workdir" "-e" "CARGO_TARGET_DIR=/opt/rustwide/target" "-e" "CARGO_INCREMENTAL=0" "-e" "RUST_BACKTRACE=full" "-e" "RUSTFLAGS=--cap-lints=warn" "-e" "RUSTDOCFLAGS=--cap-lints=warn" "-e" "CARGO_HOME=/opt/rustwide/cargo-home" "-e" "RUSTUP_HOME=/opt/rustwide/rustup-home" "-w" "/opt/rustwide/workdir" "-m" "1610612736" "--user" "0:0" "--network" "none" "ghcr.io/rust-lang/crates-build-env/linux@sha256:2788e3201cd34a07e3172128adcd8b3090168a8e3bcc40d7c032b9dda1df7d1c" "/opt/rustwide/cargo-home/bin/cargo" "+beta-2023-12-22" "test" "--frozen" "--no-run" "--message-format=json", kill_on_drop: false }`
[INFO] [stdout] b4c15efb51a9ab63debf7ffe57e0305ce1bcc79cfa45894ada6f7b9dab1c8c50
[INFO] running `Command { std: "docker" "start" "-a" "b4c15efb51a9ab63debf7ffe57e0305ce1bcc79cfa45894ada6f7b9dab1c8c50", kill_on_drop: false }`
[INFO] [stderr]    Compiling linux-raw-sys v0.4.12
[INFO] [stderr]    Compiling crossbeam-utils v0.8.18
[INFO] [stderr]    Compiling rustix v0.38.28
[INFO] [stderr]    Compiling futures-lite v2.1.0
[INFO] [stderr]    Compiling io-lifetimes v1.0.11
[INFO] [stderr]    Compiling polling v2.8.0
[INFO] [stderr]    Compiling rustix v0.37.27
[INFO] [stderr]    Compiling event-listener v2.5.3
[INFO] [stderr]    Compiling async-io v1.13.0
[INFO] [stderr]    Compiling waker-fn v1.1.1
[INFO] [stderr]    Compiling socket2 v0.4.10
[INFO] [stderr]    Compiling kv-log-macro v1.0.7
[INFO] [stderr]    Compiling futures-lite v1.13.0
[INFO] [stderr]    Compiling async-lock v2.8.0
[INFO] [stderr]    Compiling concurrent-queue v2.4.0
[INFO] [stderr]    Compiling event-listener v4.0.2
[INFO] [stderr]    Compiling async-channel v1.9.0
[INFO] [stderr]    Compiling event-listener-strategy v0.4.0
[INFO] [stderr]    Compiling async-lock v3.2.0
[INFO] [stderr]    Compiling async-channel v2.1.1
[INFO] [stderr]    Compiling blocking v1.5.1
[INFO] [stderr]    Compiling async-executor v1.8.0
[INFO] [stderr]    Compiling which v4.4.2
[INFO] [stderr]    Compiling tempfile v3.9.0
[INFO] [stderr]    Compiling polling v3.3.1
[INFO] [stderr]    Compiling async-io v2.2.2
[INFO] [stderr]    Compiling prost-build v0.7.0
[INFO] [stderr]    Compiling async-global-executor v2.4.1
[INFO] [stderr]    Compiling async-std v1.12.0
[INFO] [stderr]    Compiling tetsy-libp2p-core v0.27.2
[INFO] [stderr]    Compiling tetsy-libp2p-swarm v0.27.1
[INFO] [stderr]    Compiling tetsy-libp2p-request-response v0.9.1 (/opt/rustwide/workdir)
[INFO] [stdout] error[E0432]: unresolved import `tetsy_libp2p_noise`
[INFO] [stdout]   --> tests/ping.rs:32:5
[INFO] [stdout]    |
[INFO] [stdout] 32 | use tetsy_libp2p_noise::{NoiseConfig, X25519Spec, Keypair};
[INFO] [stdout]    |     ^^^^^^^^^^^^^^^^^^ use of undeclared crate or module `tetsy_libp2p_noise`
[INFO] [stdout]    |
[INFO] [stdout] help: there is a crate or module with a similar name
[INFO] [stdout]    |
[INFO] [stdout] 32 | use tetsy_libp2p_core::{NoiseConfig, X25519Spec, Keypair};
[INFO] [stdout]    |     ~~~~~~~~~~~~~~~~~
[INFO] [stdout] 
[INFO] [stdout] 
[INFO] [stdout] error[E0432]: unresolved import `tetsy_libp2p_tcp`
[INFO] [stdout]   --> tests/ping.rs:35:5
[INFO] [stdout]    |
[INFO] [stdout] 35 | use tetsy_libp2p_tcp::TcpConfig;
[INFO] [stdout]    |     ^^^^^^^^^^^^^^^^ use of undeclared crate or module `tetsy_libp2p_tcp`
[INFO] [stdout]    |
[INFO] [stdout] help: there is a crate or module with a similar name
[INFO] [stdout]    |
[INFO] [stdout] 35 | use tetsy_libp2p_core::TcpConfig;
[INFO] [stdout]    |     ~~~~~~~~~~~~~~~~~
[INFO] [stdout] 
[INFO] [stdout] 
[INFO] [stdout] error[E0433]: failed to resolve: use of undeclared crate or module `tetsy_libp2p_remux`
[INFO] [stdout]    --> tests/ping.rs:284:20
[INFO] [stdout]     |
[INFO] [stdout] 284 |         .multiplex(tetsy_libp2p_remux::RemuxConfig::default())
[INFO] [stdout]     |                    ^^^^^^^^^^^^^^^^^^ use of undeclared crate or module `tetsy_libp2p_remux`
[INFO] [stdout]     |
[INFO] [stdout] help: there is a crate or module with a similar name
[INFO] [stdout]     |
[INFO] [stdout] 284 |         .multiplex(tetsy_libp2p_core::RemuxConfig::default())
[INFO] [stdout]     |                    ~~~~~~~~~~~~~~~~~
[INFO] [stdout] 
[INFO] [stdout] 
[INFO] [stdout] warning: unused import: `Transport`
[INFO] [stdout]   --> tests/ping.rs:29:23
[INFO] [stdout]    |
[INFO] [stdout] 29 |     transport::{self, Transport},
[INFO] [stdout]    |                       ^^^^^^^^^
[INFO] [stdout]    |
[INFO] [stdout]    = note: `#[warn(unused_imports)]` on by default
[INFO] [stdout] 
[INFO] [stdout] 
[INFO] [stdout] error: aborting due to 3 previous errors; 1 warning emitted
[INFO] [stdout] 
[INFO] [stdout] 
[INFO] [stdout] Some errors have detailed explanations: E0432, E0433.
[INFO] [stdout] 
[INFO] [stdout] For more information about an error, try `rustc --explain E0432`.
[INFO] [stdout] 
[INFO] [stderr] error: could not compile `tetsy-libp2p-request-response` (test "ping") due to 4 previous errors; 1 warning emitted
[INFO] [stderr] warning: build failed, waiting for other jobs to finish...
[INFO] running `Command { std: "docker" "inspect" "b4c15efb51a9ab63debf7ffe57e0305ce1bcc79cfa45894ada6f7b9dab1c8c50", kill_on_drop: false }`
[INFO] running `Command { std: "docker" "rm" "-f" "b4c15efb51a9ab63debf7ffe57e0305ce1bcc79cfa45894ada6f7b9dab1c8c50", kill_on_drop: false }`
[INFO] [stdout] b4c15efb51a9ab63debf7ffe57e0305ce1bcc79cfa45894ada6f7b9dab1c8c50
