[INFO] fetching crate tetcore-subxt 0.13.0...
[INFO] testing tetcore-subxt-0.13.0 against 1.75.0 for beta-1.76-1
[INFO] extracting crate tetcore-subxt 0.13.0 into /workspace/builds/worker-4-tc1/source
[INFO] validating manifest of crates.io crate tetcore-subxt 0.13.0 on toolchain 1.75.0
[INFO] running `Command { std: CARGO_HOME="/workspace/cargo-home" RUSTUP_HOME="/workspace/rustup-home" "/workspace/cargo-home/bin/cargo" "+1.75.0" "metadata" "--manifest-path" "Cargo.toml" "--no-deps", kill_on_drop: false }`
[INFO] started tweaking crates.io crate tetcore-subxt 0.13.0
[INFO] finished tweaking crates.io crate tetcore-subxt 0.13.0
[INFO] tweaked toml for crates.io crate tetcore-subxt 0.13.0 written to /workspace/builds/worker-4-tc1/source/Cargo.toml
[INFO] crate crates.io crate tetcore-subxt 0.13.0 already has a lockfile, it will not be regenerated
[INFO] running `Command { std: CARGO_HOME="/workspace/cargo-home" RUSTUP_HOME="/workspace/rustup-home" "/workspace/cargo-home/bin/cargo" "+1.75.0" "fetch" "--manifest-path" "Cargo.toml", kill_on_drop: false }`
[INFO] [stderr]     Updating crates.io index
[INFO] [stderr]  Downloading crates ...
[INFO] [stderr]   Downloaded tetsy-libp2p-noise v0.29.2
[INFO] [stderr]   Downloaded tetsy-libp2p-remux v0.30.1
[INFO] [stderr]   Downloaded tetcore-subxt-client v0.5.0
[INFO] [stderr]   Downloaded tetsy-util-mem-derive v0.1.0
[INFO] [stderr]   Downloaded if-watch v0.1.8
[INFO] [stderr]   Downloaded tp-runtime v2.0.2
[INFO] [stderr]   Downloaded tetsy-primitive-types v0.9.0
[INFO] [stderr]   Downloaded tp-keystore v0.8.1
[INFO] [stderr]   Downloaded stream-cipher v0.7.1
[INFO] [stderr]   Downloaded asynchronous-codec v0.5.0
[INFO] [stderr]   Downloaded remux v0.8.0
[INFO] [stderr]   Downloaded tp-rpc v2.0.2
[INFO] [stderr]   Downloaded tc-executor-twasmi v0.8.0
[INFO] [stderr]   Downloaded tet-application-crypto v2.0.2
[INFO] [stderr]   Downloaded tp-transaction-pool v2.0.2
[INFO] [stderr]   Downloaded tp-npos-elections-compact v2.0.2
[INFO] [stderr]   Downloaded tc-chain-spec v2.0.0
[INFO] [stderr]   Downloaded noble-staking v2.0.0
[INFO] [stderr]   Downloaded intervalier v0.4.0
[INFO] [stderr]   Downloaded tp-npos-elections v2.0.2
[INFO] [stderr]   Downloaded tc-state-db v0.8.0
[INFO] [stderr]   Downloaded wabt-sys v0.8.0
[INFO] [stderr]   Downloaded tp-staking v2.0.2
[INFO] [stderr]   Downloaded uint-crate v0.9.0
[INFO] [stderr]   Downloaded tc-chain-spec-derive v2.0.0
[INFO] [stderr]   Downloaded tc-informant v0.8.0
[INFO] [stderr]   Downloaded tetsy-jsonrpc-server-utils v15.1.0
[INFO] [stderr]   Downloaded tetsy-libp2p-mplex v0.27.2
[INFO] [stderr]   Downloaded ip_network v0.3.4
[INFO] [stderr]   Downloaded tp-tasks v2.0.1
[INFO] [stderr]   Downloaded tc-transaction-pool v2.0.0
[INFO] [stderr]   Downloaded tp-trie v2.0.2
[INFO] [stderr]   Downloaded aes-gcm v0.7.0
[INFO] [stderr]   Downloaded tc-light v2.0.0
[INFO] [stderr]   Downloaded tp-blockchain v2.0.2
[INFO] [stderr]   Downloaded tetsy-impl-codec v0.5.0
[INFO] [stderr]   Downloaded tetsy-jsonrpc-core v15.1.0
[INFO] [stderr]   Downloaded tc-consensus v0.8.0
[INFO] [stderr]   Downloaded tc-peerset v2.0.0
[INFO] [stderr]   Downloaded linregress v0.4.0
[INFO] [stderr]   Downloaded tc-transaction-graph v2.0.0
[INFO] [stderr]   Downloaded tetcore-subxt-proc-macro v0.13.0
[INFO] [stderr]   Downloaded tp-consensus-babe v0.8.2
[INFO] [stderr]   Downloaded tp-block-builder v2.0.2
[INFO] [stderr]   Downloaded tp-authorship v2.0.2
[INFO] [stderr]   Downloaded retain_mut v0.1.2
[INFO] [stderr]   Downloaded simba v0.1.5
[INFO] [stderr]   Downloaded noble-timestamp v2.0.0
[INFO] [stderr]   Downloaded tc-consensus-babe v0.8.0
[INFO] [stderr]   Downloaded tp-consensus-vrf v0.8.2
[INFO] [stderr]   Downloaded tetsy-jsonrpc-core-client v15.1.0
[INFO] [stderr]   Downloaded tet-io v2.0.2
[INFO] [stderr]   Downloaded tp-consensus-slots v0.8.2
[INFO] [stderr]   Downloaded tc-network v0.8.0
[INFO] [stderr]   Downloaded tp-api-proc-macro v2.0.2
[INFO] [stderr]   Downloaded tc-offchain v2.0.0
[INFO] [stderr]   Downloaded tc-rpc-api v0.8.0
[INFO] [stderr]   Downloaded tp-runtime-interface-proc-macro v2.0.2
[INFO] [stderr]   Downloaded tp-chain-spec v2.0.2
[INFO] [stderr]   Downloaded tetsy-jsonrpc-http-server v15.1.0
[INFO] [stderr]   Downloaded tetsy-jsonrpc-ws-server v15.1.0
[INFO] [stderr]   Downloaded nalgebra v0.21.1
[INFO] [stderr]   Downloaded soketto v0.3.2
[INFO] [stderr]   Downloaded noble-session v2.0.0
[INFO] [stderr]   Downloaded snow v0.7.2
[INFO] [stderr]   Downloaded curve25519-dalek v3.0.2
[INFO] [stderr]   Downloaded tetsy-jsonrpc-client-transports v15.1.0
[INFO] [stderr]   Downloaded tc-rpc-server v2.0.0
[INFO] [stderr]   Downloaded curve25519-dalek v2.1.2
[INFO] [stderr]   Downloaded tc-consensus-epochs v0.8.0
[INFO] [stderr]   Downloaded tetsy-libp2p-request-response v0.9.1
[INFO] [stderr]   Downloaded tetsy-fixed-hash v0.7.0
[INFO] [stderr]   Downloaded tc-consensus-slots v0.8.0
[INFO] [stderr]   Downloaded block-cipher v0.8.0
[INFO] [stderr]   Downloaded syn v1.0.68
[INFO] [stderr]   Downloaded tetsy-finality-grandpa v0.13.0
[INFO] [stderr]   Downloaded tc-finality-grandpa v0.8.0
[INFO] [stderr]   Downloaded tc-client-db v0.8.0
[INFO] [stderr]   Downloaded tc-rpc v2.0.0
[INFO] [stderr]   Downloaded tetsy-jsonrpc-ipc-server v15.1.0
[INFO] [stderr]   Downloaded tc-executor v0.8.0
[INFO] [stderr]   Downloaded aes v0.5.0
[INFO] [stderr]   Downloaded x25519-dalek v1.1.0
[INFO] [stderr]   Downloaded tracing-subscriber v0.2.17
[INFO] [stderr]   Downloaded impl-serde v0.3.1
[INFO] [stderr]   Downloaded noble-indices v2.0.0
[INFO] [stderr]   Downloaded noble-authorship v2.0.1
[INFO] [stderr]   Downloaded async-tls v0.6.0
[INFO] [stderr]   Downloaded jsonrpsee v0.1.0
[INFO] [stderr]   Downloaded tc-network-gossip v0.8.0
[INFO] [stderr]   Downloaded tp-timestamp v2.0.2
[INFO] [stderr]   Downloaded tetsy-kvdb-memorydb v0.9.0
[INFO] [stderr]   Downloaded tc-block-builder v0.8.0
[INFO] [stderr]   Downloaded tc-keystore v2.0.0
[INFO] [stderr]   Downloaded tetsy-jsonrpc-derive v15.1.0
[INFO] [stderr]   Downloaded tp-offchain v2.0.2
[INFO] [stderr]   Downloaded tetsy-tokio-ipc v0.4.0
[INFO] [stderr]   Downloaded erased-serde v0.3.13
[INFO] [stderr]   Downloaded tetsy-jsonrpc-pubsub v15.1.0
[INFO] [stderr]   Downloaded tetsy-libp2p-kad v0.28.2
[INFO] [stderr]   Downloaded aes-soft v0.5.0
[INFO] [stderr]   Downloaded tc-service v0.8.0
[INFO] [stderr]   Downloaded tp-keyring v2.0.2
[INFO] [stderr]   Downloaded derive_more v0.99.13
[INFO] [stderr]   Downloaded tp-consensus v0.8.2
[INFO] [stderr]   Downloaded tet-core v2.0.2
[INFO] [stderr]   Downloaded wabt v0.10.0
[INFO] [stderr]   Downloaded aesni v0.8.0
[INFO] [stderr]   Downloaded forktree v2.0.1
[INFO] [stderr]   Downloaded unsigned-varint v0.7.0
[INFO] [stderr]   Downloaded tp-runtime-interface v2.0.2
[INFO] [stderr]   Downloaded tetcore-wasm-interface v2.0.2
[INFO] [stderr]   Downloaded atomic v0.5.0
[INFO] [stderr]   Downloaded tetsy-impl-serde v0.3.1
[INFO] [stderr]   Downloaded panic-handler v2.0.2
[INFO] [stderr]   Downloaded debug-derive v2.0.2
[INFO] [stderr]   Downloaded arithmetic v2.0.2
[INFO] [stderr]   Downloaded jsonrpsee-proc-macros v0.1.0
[INFO] [stderr]   Downloaded tc-consensus-uncles v0.8.0
[INFO] [stderr]   Downloaded tp-finality-grandpa v2.0.2
[INFO] [stderr]   Downloaded tc-tracing v2.0.0
[INFO] [stderr]   Downloaded tp-session v2.0.2
[INFO] [stderr]   Downloaded signal-hook v0.3.8
[INFO] [stderr]   Downloaded chacha20 v0.5.0
[INFO] [stderr]   Downloaded lock_api v0.4.3
[INFO] [stderr]   Downloaded tc-client-api v2.0.0
[INFO] [stderr]   Downloaded which v4.1.0
[INFO] [stderr]   Downloaded tetsy-libp2p-identify v0.27.1
[INFO] [stderr]   Downloaded tetcore-std v2.0.2
[INFO] [stderr]   Downloaded tetsy-ws v0.10.0
[INFO] [stderr]   Downloaded futures-diagnose v1.0.1
[INFO] [stderr]   Downloaded serializer v2.0.2
[INFO] [stderr]   Downloaded tc-executor-common v0.8.0
[INFO] [stderr]   Downloaded tetsy-kvdb v0.9.0
[INFO] [stderr]   Downloaded prometheus-endpoint v0.8.1
[INFO] [stderr]   Downloaded tetcore-utils v2.0.2
[INFO] [stderr]   Downloaded minicbor v0.7.2
[INFO] [stderr]   Downloaded if-addrs v0.6.5
[INFO] [stderr]   Downloaded tp-api v2.0.2
[INFO] [stderr]   Downloaded environ v1.1.2
[INFO] [stderr]   Downloaded tetsy-libp2p-mdns v0.28.1
[INFO] [stderr]   Downloaded tetsy-libp2p-ping v0.27.1
[INFO] [stderr]   Downloaded tp-inherents v2.0.2
[INFO] [stderr]   Downloaded nohash v0.2.0
[INFO] [stderr]   Downloaded tetsy-util-mem v0.9.0
[INFO] [stderr]   Downloaded tetcore-database v2.0.2
[INFO] [stderr]   Downloaded tp-version v2.0.2
[INFO] [stderr]   Downloaded tetcore-storage v2.0.2
[INFO] [stderr]   Downloaded if-watch v0.2.0
[INFO] [stderr]   Downloaded ref-cast v1.0.6
[INFO] [stderr]   Downloaded ed25519 v1.0.3
[INFO] [stderr]   Downloaded chacha20poly1305 v0.6.0
[INFO] [stderr]   Downloaded twox-hash v1.6.0
[INFO] [stderr]   Downloaded byte-slice-cast v1.0.0
[INFO] [stderr]   Downloaded minicbor-derive v0.6.2
[INFO] [stderr]   Downloaded ref-cast-impl v1.0.6
[INFO] [stderr]   Downloaded zeroize_derive v1.0.1
[INFO] [stderr]   Downloaded tp-allocator v2.0.2
[INFO] [stderr]   Downloaded tetcore-tracing v2.0.2
[INFO] [stderr]   Downloaded bitvec v0.20.2
[INFO] [stderr]   Downloaded tetsy-exit-future v0.2.0
[INFO] running `Command { std: "docker" "create" "-v" "/var/lib/crater-agent-workspace/builds/worker-4-tc1/target:/opt/rustwide/target:rw,Z" "-v" "/var/lib/crater-agent-workspace/builds/worker-4-tc1/source:/opt/rustwide/workdir:ro,Z" "-v" "/var/lib/crater-agent-workspace/cargo-home:/opt/rustwide/cargo-home:ro,Z" "-v" "/var/lib/crater-agent-workspace/rustup-home:/opt/rustwide/rustup-home:ro,Z" "-e" "SOURCE_DIR=/opt/rustwide/workdir" "-e" "CARGO_TARGET_DIR=/opt/rustwide/target" "-e" "CARGO_HOME=/opt/rustwide/cargo-home" "-e" "RUSTUP_HOME=/opt/rustwide/rustup-home" "-w" "/opt/rustwide/workdir" "-m" "1610612736" "--user" "0:0" "--network" "none" "ghcr.io/rust-lang/crates-build-env/linux@sha256:2788e3201cd34a07e3172128adcd8b3090168a8e3bcc40d7c032b9dda1df7d1c" "/opt/rustwide/cargo-home/bin/cargo" "+1.75.0" "metadata" "--no-deps" "--format-version=1", kill_on_drop: false }`
[INFO] [stdout] 03a943bf0d5346cbb6678592ec83859d1bc072eebfb4ed1e27b73eb09a94a224
[INFO] running `Command { std: "docker" "start" "-a" "03a943bf0d5346cbb6678592ec83859d1bc072eebfb4ed1e27b73eb09a94a224", kill_on_drop: false }`
[INFO] running `Command { std: "docker" "inspect" "03a943bf0d5346cbb6678592ec83859d1bc072eebfb4ed1e27b73eb09a94a224", kill_on_drop: false }`
[INFO] running `Command { std: "docker" "rm" "-f" "03a943bf0d5346cbb6678592ec83859d1bc072eebfb4ed1e27b73eb09a94a224", kill_on_drop: false }`
[INFO] [stdout] 03a943bf0d5346cbb6678592ec83859d1bc072eebfb4ed1e27b73eb09a94a224
[INFO] running `Command { std: "docker" "create" "-v" "/var/lib/crater-agent-workspace/builds/worker-4-tc1/target:/opt/rustwide/target:rw,Z" "-v" "/var/lib/crater-agent-workspace/builds/worker-4-tc1/source:/opt/rustwide/workdir:ro,Z" "-v" "/var/lib/crater-agent-workspace/cargo-home:/opt/rustwide/cargo-home:ro,Z" "-v" "/var/lib/crater-agent-workspace/rustup-home:/opt/rustwide/rustup-home:ro,Z" "-e" "SOURCE_DIR=/opt/rustwide/workdir" "-e" "CARGO_TARGET_DIR=/opt/rustwide/target" "-e" "CARGO_INCREMENTAL=0" "-e" "RUST_BACKTRACE=full" "-e" "RUSTFLAGS=--cap-lints=warn" "-e" "RUSTDOCFLAGS=--cap-lints=warn" "-e" "CARGO_HOME=/opt/rustwide/cargo-home" "-e" "RUSTUP_HOME=/opt/rustwide/rustup-home" "-w" "/opt/rustwide/workdir" "-m" "1610612736" "--user" "0:0" "--network" "none" "ghcr.io/rust-lang/crates-build-env/linux@sha256:2788e3201cd34a07e3172128adcd8b3090168a8e3bcc40d7c032b9dda1df7d1c" "/opt/rustwide/cargo-home/bin/cargo" "+1.75.0" "build" "--frozen" "--message-format=json", kill_on_drop: false }`
[INFO] [stdout] c68edfbe1ae75a149364ffb09aad16636193217c34ce5f72147c8e4dae460d39
[INFO] running `Command { std: "docker" "start" "-a" "c68edfbe1ae75a149364ffb09aad16636193217c34ce5f72147c8e4dae460d39", kill_on_drop: false }`
[INFO] [stderr]    Compiling proc-macro2 v1.0.26
[INFO] [stderr]    Compiling unicode-xid v0.2.1
[INFO] [stderr]    Compiling syn v1.0.68
[INFO] [stderr]    Compiling libc v0.2.92
[INFO] [stderr]    Compiling autocfg v1.0.1
[INFO] [stderr]    Compiling serde_derive v1.0.125
[INFO] [stderr]    Compiling memchr v2.3.4
[INFO] [stderr]    Compiling serde v1.0.125
[INFO] [stderr]    Compiling smallvec v1.6.1
[INFO] [stderr]    Compiling value-bag v1.0.0-alpha.6
[INFO] [stderr]    Compiling typenum v1.13.0
[INFO] [stderr]    Compiling log v0.4.14
[INFO] [stderr]    Compiling scopeguard v1.1.0
[INFO] [stderr]    Compiling byteorder v1.4.3
[INFO] [stderr]    Compiling version_check v0.9.3
[INFO] [stderr]    Compiling instant v0.1.9
[INFO] [stderr]    Compiling pin-project-lite v0.2.6
[INFO] [stderr]    Compiling lock_api v0.4.3
[INFO] [stderr]    Compiling ppv-lite86 v0.2.10
[INFO] [stderr]    Compiling getrandom v0.1.16
[INFO] [stderr]    Compiling futures-core v0.3.13
[INFO] [stderr]    Compiling libm v0.2.1
[INFO] [stderr]    Compiling proc-macro-hack v0.5.19
[INFO] [stderr]    Compiling futures-io v0.3.13
[INFO] [stderr]    Compiling radium v0.6.2
[INFO] [stderr]    Compiling arrayvec v0.5.2
[INFO] [stderr]    Compiling slab v0.4.2
[INFO] [stderr]    Compiling funty v1.1.0
[INFO] [stderr]    Compiling num-traits v0.2.14
[INFO] [stderr]    Compiling num-integer v0.1.44
[INFO] [stderr]    Compiling regex-syntax v0.6.23
[INFO] [stderr]    Compiling wyz v0.2.0
[INFO] [stderr]    Compiling tap v1.0.1
[INFO] [stderr]    Compiling generic-array v0.14.4
[INFO] [stderr]    Compiling futures-sink v0.3.13
[INFO] [stderr]    Compiling proc-macro-nested v0.1.7
[INFO] [stderr]    Compiling byte-slice-cast v1.0.0
[INFO] [stderr]    Compiling aho-corasick v0.7.15
[INFO] [stderr]    Compiling tracing-core v0.1.17
[INFO] [stderr]    Compiling getrandom v0.2.2
[INFO] [stderr]    Compiling itoa v0.4.7
[INFO] [stderr]    Compiling pin-utils v0.1.0
[INFO] [stderr]    Compiling subtle v2.4.0
[INFO] [stderr]    Compiling crunchy v0.2.2
[INFO] [stderr]    Compiling quote v1.0.9
[INFO] [stderr]    Compiling futures-channel v0.3.13
[INFO] [stderr]    Compiling futures v0.1.31
[INFO] [stderr]    Compiling bitvec v0.20.2
[INFO] [stderr]    Compiling static_assertions v1.1.0
[INFO] [stderr]    Compiling futures-task v0.3.13
[INFO] [stderr]    Compiling parking_lot_core v0.8.3
[INFO] [stderr]    Compiling num_cpus v1.13.0
[INFO] [stderr]    Compiling num-bigint v0.2.6
[INFO] [stderr]    Compiling rand_core v0.5.1
[INFO] [stderr]    Compiling parking_lot v0.11.1
[INFO] [stderr]    Compiling rand_chacha v0.2.2
[INFO] [stderr]    Compiling rand_pcg v0.2.1
[INFO] [stderr]    Compiling ahash v0.4.7
[INFO] [stderr]    Compiling rand_core v0.6.2
[INFO] [stderr]    Compiling num-rational v0.2.4
[INFO] [stderr]    Compiling once_cell v1.7.2
[INFO] [stderr]    Compiling generic-array v0.12.4
[INFO] [stderr]    Compiling rand v0.7.3
[INFO] [stderr]    Compiling hashbrown v0.9.1
[INFO] [stderr]    Compiling ryu v1.0.5
[INFO] [stderr]    Compiling rand_chacha v0.3.0
[INFO] [stderr]    Compiling subtle v1.0.0
[INFO] [stderr]    Compiling tinyvec_macros v0.1.0
[INFO] [stderr]    Compiling digest v0.8.1
[INFO] [stderr]    Compiling rustc-hex v2.1.0
[INFO] [stderr]    Compiling tetcore-std v2.0.2
[INFO] [stderr]    Compiling byte-tools v0.3.1
[INFO] [stderr]    Compiling serde_json v1.0.64
[INFO] [stderr]    Compiling block-padding v0.1.5
[INFO] [stderr]    Compiling digest v0.9.0
[INFO] [stderr]    Compiling rand v0.8.3
[INFO] [stderr]    Compiling tinyvec v1.2.0
[INFO] [stderr]    Compiling crypto-mac v0.7.0
[INFO] [stderr]    Compiling ref-cast v1.0.6
[INFO] [stderr]    Compiling uint-crate v0.9.0
[INFO] [stderr]    Compiling block-buffer v0.7.3
[INFO] [stderr]    Compiling time v0.1.44
[INFO] [stderr]    Compiling fake-simd v0.1.2
[INFO] [stderr]    Compiling tetsy-wasm v0.41.0
[INFO] [stderr]    Compiling arrayvec v0.4.12
[INFO] [stderr]    Compiling opaque-debug v0.2.3
[INFO] [stderr]    Compiling hmac v0.7.1
[INFO] [stderr]    Compiling sha2 v0.8.2
[INFO] [stderr]    Compiling block-buffer v0.9.0
[INFO] [stderr]    Compiling crypto-mac v0.8.0
[INFO] [stderr]    Compiling thread_local v1.1.3
[INFO] [stderr]    Compiling sharded-slab v0.1.1
[INFO] [stderr]    Compiling memory_units v0.3.0
[INFO] [stderr]    Compiling regex v1.4.5
[INFO] [stderr]    Compiling regex-automata v0.1.9
[INFO] [stderr]    Compiling chrono v0.4.19
[INFO] [stderr]    Compiling anyhow v1.0.40
[INFO] [stderr]    Compiling tetsy-hash-db v0.15.3
[INFO] [stderr]    Compiling downcast-rs v1.2.0
[INFO] [stderr]    Compiling tetsy-util-mem v0.9.0
[INFO] [stderr]    Compiling tetsy-fixed-hash v0.7.0
[INFO] [stderr]    Compiling keccak v0.1.0
[INFO] [stderr]    Compiling ansi_term v0.12.1
[INFO] [stderr]    Compiling arrayref v0.3.6
[INFO] [stderr]    Compiling cpuid-bool v0.1.2
[INFO] [stderr]    Compiling unicode-normalization v0.1.17
[INFO] [stderr]    Compiling nodrop v0.1.14
[INFO] [stderr]    Compiling sha2 v0.9.3
[INFO] [stderr]    Compiling signature v1.3.0
[INFO] [stderr]    Compiling environ v1.1.2
[INFO] [stderr]    Compiling tiny-keccak v2.0.2
[INFO] [stderr]    Compiling ed25519 v1.0.3
[INFO] [stderr]    Compiling pbkdf2 v0.4.0
[INFO] [stderr]    Compiling blake2-rfc v0.2.18
[INFO] [stderr]    Compiling hmac v0.8.1
[INFO] [stderr]    Compiling hmac-drbg v0.2.0
[INFO] [stderr]    Compiling pbkdf2 v0.3.0
[INFO] [stderr]    Compiling rustc-hash v1.1.0
[INFO] [stderr]    Compiling dyn-clone v1.0.4
[INFO] [stderr]    Compiling libsecp256k1 v0.3.5
[INFO] [stderr]    Compiling matchers v0.0.1
[INFO] [stderr]    Compiling twox-hash v1.6.0
[INFO] [stderr]    Compiling tetsy-hash256-std-hasher v0.15.3
[INFO] [stderr]    Compiling base58 v0.1.0
[INFO] [stderr]    Compiling twasmi-validation v0.3.0
[INFO] [stderr]    Compiling miniz_oxide v0.4.4
[INFO] [stderr]    Compiling gimli v0.23.0
[INFO] [stderr]    Compiling adler v1.0.2
[INFO] [stderr]    Compiling Inflector v0.11.4
[INFO] [stderr]    Compiling object v0.23.0
[INFO] [stderr]    Compiling async-trait v0.1.48
[INFO] [stderr]    Compiling rustc-demangle v0.1.18
[INFO] [stderr]    Compiling twasmi v0.6.2
[INFO] [stderr]    Compiling tetsy-trie-root v0.16.1
[INFO] [stderr]    Compiling paste-impl v0.1.18
[INFO] [stderr]    Compiling convert_case v0.4.0
[INFO] [stderr]    Compiling integer-sqrt v0.1.5
[INFO] [stderr]    Compiling either v1.6.1
[INFO] [stderr]    Compiling bitflags v1.2.1
[INFO] [stderr]    Compiling num-complex v0.2.4
[INFO] [stderr]    Compiling cache-padded v1.1.1
[INFO] [stderr]    Compiling cc v1.0.67
[INFO] [stderr]    Compiling fnv v1.0.7
[INFO] [stderr]    Compiling concurrent-queue v1.2.2
[INFO] [stderr]    Compiling fastrand v1.4.0
[INFO] [stderr]    Compiling event-listener v2.5.1
[INFO] [stderr]    Compiling parking v2.0.0
[INFO] [stderr]    Compiling waker-fn v1.1.0
[INFO] [stderr]    Compiling approx v0.3.2
[INFO] [stderr]    Compiling rawpointer v0.2.1
[INFO] [stderr]    Compiling futures-lite v1.11.3
[INFO] [stderr]    Compiling spin v0.5.2
[INFO] [stderr]    Compiling bytes v0.5.6
[INFO] [stderr]    Compiling untrusted v0.7.1
[INFO] [stderr]    Compiling paste v0.1.18
[INFO] [stderr]    Compiling matrixmultiply v0.2.4
[INFO] [stderr]    Compiling rand_distr v0.2.2
[INFO] [stderr]    Compiling generic-array v0.13.3
[INFO] [stderr]    Compiling iovec v0.1.4
[INFO] [stderr]    Compiling socket2 v0.4.0
[INFO] [stderr]    Compiling net2 v0.2.37
[INFO] [stderr]    Compiling vec-arena v1.1.0
[INFO] [stderr]    Compiling unicode-segmentation v1.7.1
[INFO] [stderr]    Compiling bytes v1.0.1
[INFO] [stderr]    Compiling statrs v0.12.0
[INFO] [stderr]    Compiling simba v0.1.5
[INFO] [stderr]    Compiling heck v0.3.2
[INFO] [stderr]    Compiling nb-connect v1.1.0
[INFO] [stderr]    Compiling indexmap v1.6.2
[INFO] [stderr]    Compiling signal-hook v0.3.8
[INFO] [stderr]    Compiling httparse v1.3.5
[INFO] [stderr]    Compiling addr2line v0.14.1
[INFO] [stderr]    Compiling matches v0.1.8
[INFO] [stderr]    Compiling http v0.2.3
[INFO] [stderr]    Compiling async-task v4.0.3
[INFO] [stderr]    Compiling nalgebra v0.21.1
[INFO] [stderr]    Compiling pin-project-lite v0.1.12
[INFO] [stderr]    Compiling async-channel v1.6.1
[INFO] [stderr]    Compiling synstructure v0.12.4
[INFO] [stderr]    Compiling signal-hook-registry v1.3.0
[INFO] [stderr]    Compiling ring v0.16.20
[INFO] [stderr]    Compiling crossbeam-utils v0.8.3
[INFO] [stderr]    Compiling proc-macro-error-attr v1.0.4
[INFO] [stderr]    Compiling pin-project-internal v0.4.28
[INFO] [stderr]    Compiling atomic-waker v1.0.0
[INFO] [stderr]    Compiling blocking v1.0.2
[INFO] [stderr]    Compiling backtrace v0.3.56
[INFO] [stderr]    Compiling async-executor v1.4.0
[INFO] [stderr]    Compiling unicode-bidi v0.3.4
[INFO] [stderr]    Compiling async-mutex v1.4.0
[INFO] [stderr]    Compiling panic-handler v2.0.2
[INFO] [stderr]    Compiling hashbrown v0.7.2
[INFO] [stderr]    Compiling unicase v2.6.0
[INFO] [stderr]    Compiling proc-macro-error v1.0.4
[INFO] [stderr]    Compiling base64 v0.10.1
[INFO] [stderr]    Compiling try-lock v0.2.3
[INFO] [stderr]    Compiling percent-encoding v2.1.0
[INFO] [stderr]    Compiling idna v0.2.2
[INFO] [stderr]    Compiling form_urlencoded v1.0.1
[INFO] [stderr]    Compiling async-lock v2.3.0
[INFO] [stderr]    Compiling socket2 v0.3.19
[INFO] [stderr]    Compiling parking_lot_core v0.7.2
[INFO] [stderr]    Compiling bstr v0.2.15
[INFO] [stderr]    Compiling lock_api v0.3.4
[INFO] [stderr]    Compiling sha1 v0.6.0
[INFO] [stderr]    Compiling httpdate v0.3.2
[INFO] [stderr]    Compiling tower-service v0.3.1
[INFO] [stderr]    Compiling ahash v0.3.8
[INFO] [stderr]    Compiling url v2.2.1
[INFO] [stderr]    Compiling parking_lot v0.10.2
[INFO] [stderr]    Compiling http-body v0.3.1
[INFO] [stderr]    Compiling bs58 v0.3.1
[INFO] [stderr]    Compiling futures-timer v3.0.2
[INFO] [stderr]    Compiling ctor v0.1.20
[INFO] [stderr]    Compiling zeroize_derive v1.0.1
[INFO] [stderr]    Compiling futures-macro v0.3.13
[INFO] [stderr]    Compiling tracing-attributes v0.1.15
[INFO] [stderr]    Compiling debug-derive v2.0.2
[INFO] [stderr]    Compiling ref-cast-impl v1.0.6
[INFO] [stderr]    Compiling impl-trait-for-tuples v0.2.1
[INFO] [stderr]    Compiling thiserror-impl v1.0.24
[INFO] [stderr]    Compiling tetsy-util-mem-derive v0.1.0
[INFO] [stderr]    Compiling dyn-clonable-impl v0.9.0
[INFO] [stderr]    Compiling derive_more v0.99.13
[INFO] [stderr]    Compiling fabric-support-procedural-tools-derive v2.0.1
[INFO] [stderr]    Compiling dyn-clonable v0.9.0
[INFO] [stderr]    Compiling pin-project-internal v1.0.6
[INFO] [stderr]    Compiling zeroize v1.2.0
[INFO] [stderr]    Compiling strum_macros v0.16.0
[INFO] [stderr]    Compiling async-attributes v1.1.2
[INFO] [stderr]    Compiling curve25519-dalek v2.1.2
[INFO] [stderr]    Compiling futures-util v0.3.13
[INFO] [stderr]    Compiling merlin v2.0.1
[INFO] [stderr]    Compiling tracing-log v0.1.2
[INFO] [stderr]    Compiling thiserror v1.0.24
[INFO] [stderr]    Compiling curve25519-dalek v3.0.2
[INFO] [stderr]    Compiling tiny-bip39 v0.8.0
[INFO] [stderr]    Compiling secrecy v0.7.0
[INFO] [stderr]    Compiling tetsy-trie-db v0.22.3
[INFO] [stderr]    Compiling tracing v0.1.25
[INFO] [stderr]    Compiling mio v0.6.23
[INFO] [stderr]    Compiling polling v2.0.3
[INFO] [stderr]    Compiling async-io v1.3.1
[INFO] [stderr]    Compiling webpki v0.21.4
[INFO] [stderr]    Compiling sct v0.6.0
[INFO] [stderr]    Compiling tokio v0.2.25
[INFO] [stderr]    Compiling async-global-executor v2.0.2
[INFO] [stderr]    Compiling strum v0.16.0
[INFO] [stderr]    Compiling async-process v1.0.2
[INFO] [stderr]    Compiling webpki-roots v0.17.0
[INFO] [stderr]    Compiling rustls v0.16.0
[INFO] [stderr]    Compiling kv-log-macro v1.0.7
[INFO] [stderr]    Compiling pin-project v1.0.6
[INFO] [stderr]    Compiling want v0.3.0
[INFO] [stderr]    Compiling tracing-futures v0.2.5
[INFO] [stderr]    Compiling impl-trait-for-tuples v0.1.3
[INFO] [stderr]    Compiling async-std v1.9.0
[INFO] [stderr]    Compiling globset v0.4.6
[INFO] [stderr]    Compiling jsonrpsee-proc-macros v0.1.0
[INFO] [stderr]    Compiling pin-project v0.4.28
[INFO] [stderr]    Compiling futures-executor v0.3.13
[INFO] [stderr]    Compiling futures v0.3.13
[INFO] [stderr]    Compiling wasm-timer v0.2.5
[INFO] [stderr]    Compiling async-tls v0.6.0
[INFO] [stderr]    Compiling soketto v0.3.2
[INFO] [stderr]    Compiling tokio-util v0.3.1
[INFO] [stderr]    Compiling h2 v0.2.7
[INFO] [stderr]    Compiling linregress v0.4.0
[INFO] [stderr]    Compiling toml v0.5.8
[INFO] [stderr]    Compiling tetsy-impl-serde v0.3.1
[INFO] [stderr]    Compiling impl-serde v0.3.1
[INFO] [stderr]    Compiling tracing-serde v0.1.2
[INFO] [stderr]    Compiling schnorrkel v0.9.1
[INFO] [stderr]    Compiling ed25519-dalek v1.0.1
[INFO] [stderr]    Compiling hyper v0.13.10
[INFO] [stderr]    Compiling tetcore-bip39 v0.4.2
[INFO] [stderr]    Compiling proc-macro-crate v0.1.5
[INFO] [stderr]    Compiling tracing-subscriber v0.2.17
[INFO] [stderr]    Compiling fabric-support-procedural-tools v2.0.1
[INFO] [stderr]    Compiling tetsy-scale-codec-derive v2.0.1
[INFO] [stderr]    Compiling tp-runtime-interface-proc-macro v2.0.2
[INFO] [stderr]    Compiling tp-api-proc-macro v2.0.2
[INFO] [stderr]    Compiling tp-npos-elections-compact v2.0.2
[INFO] [stderr]    Compiling tetcore-subxt-proc-macro v0.13.0
[INFO] [stderr]    Compiling fabric-support-procedural v2.0.1
[INFO] [stderr]    Compiling tetsy-scale-codec v2.0.1
[INFO] [stderr]    Compiling jsonrpsee v0.1.0
[INFO] [stderr]    Compiling tetsy-impl-codec v0.5.0
[INFO] [stderr]    Compiling tetcore-storage v2.0.2
[INFO] [stderr]    Compiling tetcore-tracing v2.0.2
[INFO] [stderr]    Compiling tetcore-wasm-interface v2.0.2
[INFO] [stderr]    Compiling tetsy-primitive-types v0.9.0
[INFO] [stderr]    Compiling arithmetic v2.0.2
[INFO] [stderr]    Compiling externalities v0.8.2
[INFO] [stderr]    Compiling tp-runtime-interface v2.0.2
[INFO] [stderr]    Compiling tetsy-memory-db v0.26.0
[INFO] [stderr]    Compiling tet-core v2.0.2
[INFO] [stderr]    Compiling tp-trie v2.0.2
[INFO] [stderr]    Compiling tp-keystore v0.8.1
[INFO] [stderr]    Compiling tp-inherents v2.0.2
[INFO] [stderr]    Compiling fabric-metadata v12.0.0
[INFO] [stderr]    Compiling tp-npos-elections v2.0.2
[INFO] [stderr]    Compiling tp-rpc v2.0.2
[INFO] [stderr]    Compiling tp-state-machine v0.8.2
[INFO] [stderr]    Compiling tet-io v2.0.2
[INFO] [stderr]    Compiling tet-application-crypto v2.0.2
[INFO] [stderr]    Compiling tp-runtime v2.0.2
[INFO] [stderr]    Compiling tp-version v2.0.2
[INFO] [stderr]    Compiling fabric-support v2.0.0
[INFO] [stderr]    Compiling tp-staking v2.0.2
[INFO] [stderr]    Compiling tp-authorship v2.0.2
[INFO] [stderr]    Compiling tp-keyring v2.0.2
[INFO] [stderr]    Compiling tp-api v2.0.2
[INFO] [stderr]    Compiling tp-timestamp v2.0.2
[INFO] [stderr]    Compiling tp-session v2.0.2
[INFO] [stderr]    Compiling fabric-system v2.0.0
[INFO] [stderr]    Compiling fabric-benchmarking v2.0.0
[INFO] [stderr]    Compiling noble-authorship v2.0.1
[INFO] [stderr]    Compiling noble-indices v2.0.0
[INFO] [stderr]    Compiling noble-timestamp v2.0.0
[INFO] [stderr]    Compiling noble-session v2.0.0
[INFO] [stderr]    Compiling noble-staking v2.0.0
[INFO] [stderr]    Compiling tetcore-subxt v0.13.0 (/opt/rustwide/workdir)
[INFO] [stdout] warning: lint `const_err` has been removed: converted into hard error, see issue #71800 <https://github.com/rust-lang/rust/issues/71800> for more information
[INFO] [stdout]   --> src/lib.rs:22:5
[INFO] [stdout]    |
[INFO] [stdout] 22 |     const_err,
[INFO] [stdout]    |     ^^^^^^^^^
[INFO] [stdout]    |
[INFO] [stdout]    = note: `#[warn(renamed_and_removed_lints)]` on by default
[INFO] [stdout] 
[INFO] [stdout] 
[INFO] [stdout] warning: lint `private_in_public` has been removed: replaced with another group of lints, see RFC <https://rust-lang.github.io/rfcs/2145-type-privacy.html> for more information
[INFO] [stdout]   --> src/lib.rs:30:5
[INFO] [stdout]    |
[INFO] [stdout] 30 |     private_in_public,
[INFO] [stdout]    |     ^^^^^^^^^^^^^^^^^
[INFO] [stdout] 
[INFO] [stdout] 
[INFO] [stdout] warning: fields `index` and `name` are never read
[INFO] [stdout]    --> src/metadata.rs:172:5
[INFO] [stdout]     |
[INFO] [stdout] 171 | pub struct ModuleMetadata {
[INFO] [stdout]     |            -------------- fields in this struct
[INFO] [stdout] 172 |     index: u8,
[INFO] [stdout]     |     ^^^^^
[INFO] [stdout] 173 |     name: String,
[INFO] [stdout]     |     ^^^^
[INFO] [stdout]     |
[INFO] [stdout]     = note: `ModuleMetadata` has derived impls for the traits `Debug` and `Clone`, but these are intentionally ignored during dead code analysis
[INFO] [stdout]     = note: `#[warn(dead_code)]` on by default
[INFO] [stdout] 
[INFO] [stdout] 
[INFO] [stdout] warning: field `modifier` is never read
[INFO] [stdout]    --> src/metadata.rs:264:5
[INFO] [stdout]     |
[INFO] [stdout] 261 | pub struct StorageMetadata {
[INFO] [stdout]     |            --------------- field in this struct
[INFO] [stdout] ...
[INFO] [stdout] 264 |     modifier: StorageEntryModifier,
[INFO] [stdout]     |     ^^^^^^^^
[INFO] [stdout]     |
[INFO] [stdout]     = note: `StorageMetadata` has derived impls for the traits `Debug` and `Clone`, but these are intentionally ignored during dead code analysis
[INFO] [stdout] 
[INFO] [stdout] 
[INFO] [stdout] warning: 4 warnings emitted
[INFO] [stdout] 
[INFO] [stdout] 
[INFO] [stderr]     Finished dev [unoptimized + debuginfo] target(s) in 32.00s
[INFO] running `Command { std: "docker" "inspect" "c68edfbe1ae75a149364ffb09aad16636193217c34ce5f72147c8e4dae460d39", kill_on_drop: false }`
[INFO] running `Command { std: "docker" "rm" "-f" "c68edfbe1ae75a149364ffb09aad16636193217c34ce5f72147c8e4dae460d39", kill_on_drop: false }`
[INFO] [stdout] c68edfbe1ae75a149364ffb09aad16636193217c34ce5f72147c8e4dae460d39
[INFO] running `Command { std: "docker" "create" "-v" "/var/lib/crater-agent-workspace/builds/worker-4-tc1/target:/opt/rustwide/target:rw,Z" "-v" "/var/lib/crater-agent-workspace/builds/worker-4-tc1/source:/opt/rustwide/workdir:ro,Z" "-v" "/var/lib/crater-agent-workspace/cargo-home:/opt/rustwide/cargo-home:ro,Z" "-v" "/var/lib/crater-agent-workspace/rustup-home:/opt/rustwide/rustup-home:ro,Z" "-e" "SOURCE_DIR=/opt/rustwide/workdir" "-e" "CARGO_TARGET_DIR=/opt/rustwide/target" "-e" "CARGO_INCREMENTAL=0" "-e" "RUST_BACKTRACE=full" "-e" "RUSTFLAGS=--cap-lints=warn" "-e" "RUSTDOCFLAGS=--cap-lints=warn" "-e" "CARGO_HOME=/opt/rustwide/cargo-home" "-e" "RUSTUP_HOME=/opt/rustwide/rustup-home" "-w" "/opt/rustwide/workdir" "-m" "1610612736" "--user" "0:0" "--network" "none" "ghcr.io/rust-lang/crates-build-env/linux@sha256:2788e3201cd34a07e3172128adcd8b3090168a8e3bcc40d7c032b9dda1df7d1c" "/opt/rustwide/cargo-home/bin/cargo" "+1.75.0" "test" "--frozen" "--no-run" "--message-format=json", kill_on_drop: false }`
[INFO] [stdout] 39d78c9fd7edc5ff7b0e737f9c5d64317c7da34112356191808f8113862860ca
[INFO] running `Command { std: "docker" "start" "-a" "39d78c9fd7edc5ff7b0e737f9c5d64317c7da34112356191808f8113862860ca", kill_on_drop: false }`
[INFO] [stderr]    Compiling itertools v0.9.0
[INFO] [stderr]    Compiling which v4.1.0
[INFO] [stderr]    Compiling remove_dir_all v0.5.3
[INFO] [stderr]    Compiling fixedbitset v0.2.0
[INFO] [stderr]    Compiling multimap v0.8.3
[INFO] [stderr]    Compiling asynchronous-codec v0.5.0
[INFO] [stderr]    Compiling unsigned-varint v0.5.1
[INFO] [stderr]    Compiling asn1_der_derive v0.1.2
[INFO] [stderr]    Compiling data-encoding v2.3.2
[INFO] [stderr]    Compiling bs58 v0.4.0
[INFO] [stderr]    Compiling multihash-derive v0.7.1
[INFO] [stderr]    Compiling unsigned-varint v0.7.0
[INFO] [stderr]    Compiling rw-stream-sink v0.2.1
[INFO] [stderr]    Compiling tempfile v3.2.0
[INFO] [stderr]    Compiling wasm-bindgen-shared v0.2.73
[INFO] [stderr]    Compiling block-cipher v0.8.0
[INFO] [stderr]    Compiling universal-hash v0.4.0
[INFO] [stderr]    Compiling tetsy-multistream-select v0.10.2
[INFO] [stderr]    Compiling petgraph v0.5.1
[INFO] [stderr]    Compiling cpuid-bool v0.2.0
[INFO] [stderr]    Compiling bumpalo v3.6.1
[INFO] [stderr]    Compiling base64 v0.12.3
[INFO] [stderr]    Compiling pkg-config v0.3.19
[INFO] [stderr]    Compiling wasm-bindgen v0.2.73
[INFO] [stderr]    Compiling crc32fast v1.2.1
[INFO] [stderr]    Compiling prost-build v0.7.0
[INFO] [stderr]    Compiling unsigned-varint v0.6.0
[INFO] [stderr]    Compiling polyval v0.4.5
[INFO] [stderr]    Compiling aes-soft v0.5.0
[INFO] [stderr]    Compiling wasm-bindgen-backend v0.2.73
[INFO] [stderr]    Compiling stream-cipher v0.7.1
[INFO] [stderr]    Compiling aead v0.3.2
[INFO] [stderr]    Compiling prometheus v0.10.0
[INFO] [stderr]    Compiling ipnet v2.3.0
[INFO] [stderr]    Compiling aes v0.5.0
[INFO] [stderr]    Compiling ghash v0.3.1
[INFO] [stderr]    Compiling chacha20 v0.5.0
[INFO] [stderr]    Compiling poly1305 v0.6.2
[INFO] [stderr]    Compiling snow v0.7.2
[INFO] [stderr]    Compiling base64 v0.13.0
[INFO] [stderr]    Compiling blake2 v0.9.1
[INFO] [stderr]    Compiling libz-sys v1.1.2
[INFO] [stderr]    Compiling aes-gcm v0.7.0
[INFO] [stderr]    Compiling x25519-dalek v1.1.0
[INFO] [stderr]    Compiling sha-1 v0.9.4
[INFO] [stderr]    Compiling asn1_der v0.6.3
[INFO] [stderr]    Compiling minicbor-derive v0.6.2
[INFO] [stderr]    Compiling rustls v0.19.0
[INFO] [stderr]    Compiling chacha20poly1305 v0.6.0
[INFO] [stderr]    Compiling prost-derive v0.7.0
[INFO] [stderr]    Compiling atomic v0.5.0
[INFO] [stderr]    Compiling nohash v0.2.0
[INFO] [stderr]    Compiling quick-error v1.2.3
[INFO] [stderr]    Compiling if-watch v0.1.8
[INFO] [stderr]    Compiling remux v0.8.0
[INFO] [stderr]    Compiling dns-parser v0.8.0
[INFO] [stderr]    Compiling if-watch v0.2.0
[INFO] [stderr]    Compiling flate2 v1.0.20
[INFO] [stderr]    Compiling quicksink v0.1.2
[INFO] [stderr]    Compiling multihash v0.13.2
[INFO] [stderr]    Compiling wasm-bindgen-macro-support v0.2.73
[INFO] [stderr]    Compiling webpki-roots v0.21.1
[INFO] [stderr]    Compiling lru v0.6.5
[INFO] [stderr]    Compiling nohash-hasher v0.2.0
[INFO] [stderr]    Compiling tetsy-send-wrapper v0.1.0
[INFO] [stderr]    Compiling tetsy-libp2p-core-derive v0.21.1
[INFO] [stderr]    Compiling tetsy-multiaddr v0.11.2
[INFO] [stderr]    Compiling tetcore-utils v2.0.2
[INFO] [stderr]    Compiling prometheus-endpoint v0.8.1
[INFO] [stderr]    Compiling soketto v0.4.2
[INFO] [stderr]    Compiling maybe-uninit v2.0.0
[INFO] [stderr]    Compiling tetsy-kvdb v0.9.0
[INFO] [stderr]    Compiling crossbeam-utils v0.7.2
[INFO] [stderr]    Compiling tetcore-database v2.0.2
[INFO] [stderr]    Compiling bytes v0.4.12
[INFO] [stderr]    Compiling tp-allocator v2.0.2
[INFO] [stderr]    Compiling serializer v2.0.2
[INFO] [stderr]    Compiling tp-tasks v2.0.1
[INFO] [stderr]    Compiling parking_lot_core v0.6.2
[INFO] [stderr]    Compiling smallvec v0.6.14
[INFO] [stderr]    Compiling tc-executor-common v0.8.0
[INFO] [stderr]    Compiling parking_lot v0.9.0
[INFO] [stderr]    Compiling memoffset v0.5.6
[INFO] [stderr]    Compiling tokio-io v0.1.13
[INFO] [stderr]    Compiling crossbeam-epoch v0.8.2
[INFO] [stderr]    Compiling tokio-sync v0.1.8
[INFO] [stderr]    Compiling wasm-bindgen-macro v0.2.73
[INFO] [stderr]    Compiling mio-uds v0.6.8
[INFO] [stderr]    Compiling tc-executor-twasmi v0.8.0
[INFO] [stderr]    Compiling tokio-executor v0.1.10
[INFO] [stderr]    Compiling tokio-codec v0.1.2
[INFO] [stderr]    Compiling futures-rustls v0.21.1
[INFO] [stderr]    Compiling crossbeam-queue v0.2.3
[INFO] [stderr]    Compiling tc-executor v0.8.0
[INFO] [stderr]    Compiling tokio-reactor v0.1.12
[INFO] [stderr]    Compiling tetsy-jsonrpc-core v15.1.0
[INFO] [stderr]    Compiling linked-hash-map v0.5.4
[INFO] [stderr]    Compiling tokio-timer v0.2.13
[INFO] [stderr]    Compiling tokio-current-thread v0.1.7
[INFO] [stderr]    Compiling tp-block-builder v2.0.2
[INFO] [stderr]    Compiling crossbeam-deque v0.7.3
[INFO] [stderr]    Compiling minicbor v0.7.2
[INFO] [stderr]    Compiling forktree v2.0.1
[INFO] [stderr]    Compiling tokio-udp v0.1.6
[INFO] [stderr]    Compiling tokio-threadpool v0.1.18
[INFO] [stderr]    Compiling tokio-uds v0.2.7
[INFO] [stderr]    Compiling tokio-tcp v0.1.4
[INFO] [stderr]    Compiling erased-serde v0.3.13
[INFO] [stderr]    Compiling prost v0.7.0
[INFO] [stderr]    Compiling failure_derive v0.1.8
[INFO] [stderr]    Compiling take_mut v0.2.2
[INFO] [stderr]    Compiling linked_hash_set v0.1.4
[INFO] [stderr]    Compiling winapi v0.3.9
[INFO] [stderr]    Compiling ip_network v0.3.4
[INFO] [stderr]    Compiling tetsy-jsonrpc-pubsub v15.1.0
[INFO] [stderr]    Compiling http v0.1.21
[INFO] [stderr]    Compiling tc-keystore v2.0.0
[INFO] [stderr]    Compiling idna v0.1.5
[INFO] [stderr]    Compiling tokio-fs v0.1.7
[INFO] [stderr]    Compiling prost-types v0.7.0
[INFO] [stderr]    Compiling percent-encoding v1.0.1
[INFO] [stderr]    Compiling string v0.2.1
[INFO] [stderr]    Compiling js-sys v0.3.50
[INFO] [stderr]    Compiling tokio v0.1.22
[INFO] [stderr]    Compiling tokio-buf v0.1.1
[INFO] [stderr]    Compiling rustls v0.18.1
[INFO] [stderr]    Compiling tp-consensus-slots v0.8.2
[INFO] [stderr]    Compiling url v1.7.2
[INFO] [stderr]    Compiling hyper v0.12.36
[INFO] [stderr]    Compiling lazycell v1.3.0
[INFO] [stderr]    Compiling mio-named-pipes v0.1.7
[INFO] [stderr]    Compiling tc-consensus-slots v0.8.0
[INFO] [stderr]    Compiling retain_mut v0.1.2
[INFO] [stderr]    Compiling mio-extras v2.0.6
[INFO] [stderr]    Compiling tetsy-jsonrpc-server-utils v15.1.0
[INFO] [stderr]    Compiling tokio-named-pipes v0.1.0
[INFO] [stderr]    Compiling miow v0.3.7
[INFO] [stderr]    Compiling want v0.2.0
[INFO] [stderr]    Compiling tp-consensus-vrf v0.8.2
[INFO] [stderr]    Compiling tetsy-finality-grandpa v0.13.0
[INFO] [stderr]    Compiling tp-chain-spec v2.0.2
[INFO] [stderr]    Compiling sha-1 v0.8.2
[INFO] [stderr]    Compiling futures-cpupool v0.1.8
[INFO] [stderr]    Compiling atty v0.2.14
[INFO] [stderr]    Compiling openssl-probe v0.1.2
[INFO] [stderr]    Compiling tetsy-ws v0.10.0
[INFO] [stderr]    Compiling tetsy-tokio-ipc v0.4.0
[INFO] [stderr]    Compiling tp-offchain v2.0.2
[INFO] [stderr]    Compiling ct-logs v0.7.0
[INFO] [stderr]    Compiling cmake v0.1.45
[INFO] [stderr]    Compiling failure v0.1.8
[INFO] [stderr]    Compiling tc-tracing-proc-macro v2.0.0
[INFO] [stderr]    Compiling tetsy-jsonrpc-derive v15.1.0
[INFO] [stderr]    Compiling tokio-service v0.1.0
[INFO] [stderr]    Compiling tetsy-jsonrpc-client-transports v15.1.0
[INFO] [stderr]    Compiling pdqselect v0.1.0
[INFO] [stderr]    Compiling futures-timer v2.0.2
[INFO] [stderr]    Compiling wabt-sys v0.8.0
[INFO] [stderr]    Compiling tetsy-jsonrpc-ipc-server v15.1.0
[INFO] [stderr]    Compiling futures-diagnose v1.0.1
[INFO] [stderr]    Compiling tetsy-kvdb-memorydb v0.9.0
[INFO] [stderr]    Compiling tp-finality-grandpa v2.0.2
[INFO] [stderr]    Compiling tetsy-jsonrpc-core-client v15.1.0
[INFO] [stderr]    Compiling http-body v0.1.0
[INFO] [stderr]    Compiling h2 v0.1.26
[INFO] [stderr]    Compiling tetsy-jsonrpc-ws-server v15.1.0
[INFO] [stderr]    Compiling intervalier v0.4.0
[INFO] [stderr]    Compiling tc-chain-spec-derive v2.0.0
[INFO] [stderr]    Compiling threadpool v1.8.1
[INFO] [stderr]    Compiling dirs-sys v0.3.5
[INFO] [stderr]    Compiling directories v3.0.1
[INFO] [stderr]    Compiling tetsy-exit-future v0.2.0
[INFO] [stderr]    Compiling tetsy-libp2p-core v0.27.2
[INFO] [stderr]    Compiling tetsy-libp2p-identify v0.27.1
[INFO] [stderr]    Compiling tetsy-libp2p-kad v0.28.2
[INFO] [stderr]    Compiling tetsy-libp2p-noise v0.29.2
[INFO] [stderr]    Compiling wasm-bindgen-futures v0.4.23
[INFO] [stderr]    Compiling tc-network v0.8.0
[INFO] [stderr]    Compiling tokio-rustls v0.14.1
[INFO] [stderr]    Compiling rustls-native-certs v0.4.0
[INFO] [stderr]    Compiling rand v0.4.6
[INFO] [stderr]    Compiling humantime v2.1.0
[INFO] [stderr]    Compiling termcolor v1.1.2
[INFO] [stderr]    Compiling hyper-rustls v0.21.0
[INFO] [stderr]    Compiling env_logger v0.8.3
[INFO] [stderr]    Compiling noble-balances v2.0.1
[INFO] [stderr]    Compiling assert_matches v1.5.0
[INFO] [stdout] warning: lint `const_err` has been removed: converted into hard error, see issue #71800 <https://github.com/rust-lang/rust/issues/71800> for more information
[INFO] [stdout]   --> src/lib.rs:22:5
[INFO] [stdout]    |
[INFO] [stdout] 22 |     const_err,
[INFO] [stdout]    |     ^^^^^^^^^
[INFO] [stdout]    |
[INFO] [stdout]    = note: `#[warn(renamed_and_removed_lints)]` on by default
[INFO] [stdout] 
[INFO] [stdout] 
[INFO] [stdout] warning: lint `private_in_public` has been removed: replaced with another group of lints, see RFC <https://rust-lang.github.io/rfcs/2145-type-privacy.html> for more information
[INFO] [stdout]   --> src/lib.rs:30:5
[INFO] [stdout]    |
[INFO] [stdout] 30 |     private_in_public,
[INFO] [stdout]    |     ^^^^^^^^^^^^^^^^^
[INFO] [stdout] 
[INFO] [stdout] 
[INFO] [stdout] warning: fields `index` and `name` are never read
[INFO] [stdout]    --> src/metadata.rs:172:5
[INFO] [stdout]     |
[INFO] [stdout] 171 | pub struct ModuleMetadata {
[INFO] [stdout]     |            -------------- fields in this struct
[INFO] [stdout] 172 |     index: u8,
[INFO] [stdout]     |     ^^^^^
[INFO] [stdout] 173 |     name: String,
[INFO] [stdout]     |     ^^^^
[INFO] [stdout]     |
[INFO] [stdout]     = note: `ModuleMetadata` has derived impls for the traits `Debug` and `Clone`, but these are intentionally ignored during dead code analysis
[INFO] [stdout]     = note: `#[warn(dead_code)]` on by default
[INFO] [stdout] 
[INFO] [stdout] 
[INFO] [stdout] warning: field `modifier` is never read
[INFO] [stdout]    --> src/metadata.rs:264:5
[INFO] [stdout]     |
[INFO] [stdout] 261 | pub struct StorageMetadata {
[INFO] [stdout]     |            --------------- field in this struct
[INFO] [stdout] ...
[INFO] [stdout] 264 |     modifier: StorageEntryModifier,
[INFO] [stdout]     |     ^^^^^^^^
[INFO] [stdout]     |
[INFO] [stdout]     = note: `StorageMetadata` has derived impls for the traits `Debug` and `Clone`, but these are intentionally ignored during dead code analysis
[INFO] [stdout] 
[INFO] [stdout] 
[INFO] [stdout] warning: 4 warnings emitted
[INFO] [stdout] 
[INFO] [stdout] 
[INFO] [stderr]    Compiling tempdir v0.3.7
[INFO] [stderr]    Compiling tetsy-libp2p-swarm v0.27.1
[INFO] [stderr]    Compiling tetsy-libp2p-ping v0.27.1
[INFO] [stderr]    Compiling tetsy-libp2p-mdns v0.28.1
[INFO] [stderr]    Compiling tetsy-libp2p-request-response v0.9.1
[INFO] [stderr]    Compiling tetsy-libp2p-tcp v0.27.2
[INFO] [stderr]    Compiling tetsy-libp2p-wasm-ext v0.27.1
[INFO] [stderr]    Compiling tetsy-libp2p-mplex v0.27.2
[INFO] [stderr]    Compiling tetsy-libp2p-remux v0.30.1
[INFO] [stderr]    Compiling tetsy-libp2p-websocket v0.28.2
[INFO] [stderr]    Compiling tetsy-libp2p-dns v0.27.2
[INFO] [stderr]    Compiling tetsy-jsonrpc-http-server v15.1.0
[INFO] [stderr]    Compiling tc-rpc-server v2.0.0
[INFO] [stderr]    Compiling tetsy-libp2p v0.34.3
[INFO] [stderr]    Compiling tp-consensus v0.8.2
[INFO] [stderr]    Compiling tc-peerset v2.0.0
[INFO] [stderr]    Compiling tc-telemetry v2.0.0
[INFO] [stderr]    Compiling tc-tracing v2.0.0
[INFO] [stderr]    Compiling tp-blockchain v2.0.2
[INFO] [stderr]    Compiling tp-consensus-babe v0.8.2
[INFO] [stderr]    Compiling tp-transaction-pool v2.0.2
[INFO] [stderr]    Compiling tc-client-api v2.0.0
[INFO] [stderr]    Compiling tc-transaction-graph v2.0.0
[INFO] [stderr]    Compiling tc-rpc-api v0.8.0
[INFO] [stderr]    Compiling tc-block-builder v0.8.0
[INFO] [stderr]    Compiling tc-consensus-epochs v0.8.0
[INFO] [stderr]    Compiling tc-consensus v0.8.0
[INFO] [stderr]    Compiling tc-consensus-uncles v0.8.0
[INFO] [stderr]    Compiling tc-state-db v0.8.0
[INFO] [stderr]    Compiling tc-transaction-pool v2.0.0
[INFO] [stderr]    Compiling tc-light v2.0.0
[INFO] [stderr]    Compiling tc-rpc v2.0.0
[INFO] [stderr]    Compiling tc-client-db v0.8.0
[INFO] [stderr]    Compiling tc-consensus-babe v0.8.0
[INFO] [stderr] error: failed to run custom build command for `wabt-sys v0.8.0`
[INFO] [stderr] note: To improve backtraces for build dependencies, set the CARGO_PROFILE_TEST_BUILD_OVERRIDE_DEBUG=true environment variable to enable debug information generation.
[INFO] [stderr] 
[INFO] [stderr] Caused by:
[INFO] [stderr]   process didn't exit successfully: `/opt/rustwide/target/debug/build/wabt-sys-e198c1fe2476ebf4/build-script-build` (exit status: 101)
[INFO] [stderr]   --- stdout
[INFO] [stderr]   cargo:rerun-if-env-changed=WABT_CXXSTDLIB
[INFO] [stderr]   cargo:rerun-if-env-changed=CXXSTDLIB
[INFO] [stderr]   running: cd "/opt/rustwide/target/debug/build/wabt-sys-e59ed2418be9fd55/out/build" && CMAKE_PREFIX_PATH="" "cmake" "/opt/rustwide/cargo-home/registry/src/index.crates.io-6f17d22bba15001f/wabt-sys-0.8.0/wabt" "-DBUILD_TESTS=OFF" "-DBUILD_TOOLS=OFF" "-DCMAKE_INSTALL_PREFIX=/opt/rustwide/target/debug/build/wabt-sys-e59ed2418be9fd55/out" "-DCMAKE_C_FLAGS= -ffunction-sections -fdata-sections -fPIC -m64" "-DCMAKE_C_COMPILER=/usr/bin/cc" "-DCMAKE_CXX_FLAGS= -ffunction-sections -fdata-sections -fPIC -m64" "-DCMAKE_CXX_COMPILER=/usr/bin/c++" "-DCMAKE_ASM_FLAGS= -ffunction-sections -fdata-sections -fPIC -m64" "-DCMAKE_ASM_COMPILER=/usr/bin/cc" "-DCMAKE_BUILD_TYPE=Debug"
[INFO] [stderr]   -- The C compiler identification is GNU 11.4.0
[INFO] [stderr]   -- The CXX compiler identification is GNU 11.4.0
[INFO] [stderr]   -- Detecting C compiler ABI info
[INFO] [stderr]   -- Detecting C compiler ABI info - done
[INFO] [stderr]   -- Check for working C compiler: /usr/bin/cc - skipped
[INFO] [stderr]   -- Detecting C compile features
[INFO] [stderr]   -- Detecting C compile features - done
[INFO] [stderr]   -- Detecting CXX compiler ABI info
[INFO] [stderr]   -- Detecting CXX compiler ABI info - done
[INFO] [stderr]   -- Check for working CXX compiler: /usr/bin/c++ - skipped
[INFO] [stderr]   -- Detecting CXX compile features
[INFO] [stderr]   -- Detecting CXX compile features - done
[INFO] [stderr]   -- Looking for alloca.h
[INFO] [stderr]   -- Looking for alloca.h - found
[INFO] [stderr]   -- Looking for unistd.h
[INFO] [stderr]   -- Looking for unistd.h - found
[INFO] [stderr]   -- Looking for snprintf
[INFO] [stderr]   -- Looking for snprintf - found
[INFO] [stderr]   -- Looking for strcasecmp
[INFO] [stderr]   -- Looking for strcasecmp - found
[INFO] [stderr]   -- Looking for sys/types.h
[INFO] [stderr]   -- Looking for sys/types.h - found
[INFO] [stderr]   -- Looking for stdint.h
[INFO] [stderr]   -- Looking for stdint.h - found
[INFO] [stderr]   -- Looking for stddef.h
[INFO] [stderr]   -- Looking for stddef.h - found
[INFO] [stderr]   -- Check size of ssize_t
[INFO] [stderr]   -- Check size of ssize_t - done
[INFO] [stderr]   -- Check size of size_t
[INFO] [stderr]   -- Check size of size_t - done
[INFO] [stderr]   -- Found PythonInterp: /usr/bin/python3 (found suitable version "3.10.12", minimum required is "3.5") 
[INFO] [stderr]   -- Looking for pthread.h
[INFO] [stderr]   -- Looking for pthread.h - found
[INFO] [stderr]   -- Performing Test CMAKE_HAVE_LIBC_PTHREAD
[INFO] [stderr]   -- Performing Test CMAKE_HAVE_LIBC_PTHREAD - Success
[INFO] [stderr]   -- Found Threads: TRUE  
[INFO] [stderr]   -- Configuring done
[INFO] [stderr]   -- Generating done
[INFO] [stderr]   -- Build files have been written to: /opt/rustwide/target/debug/build/wabt-sys-e59ed2418be9fd55/out/build
[INFO] [stderr]   running: cd "/opt/rustwide/target/debug/build/wabt-sys-e59ed2418be9fd55/out/build" && MAKEFLAGS="-j --jobserver-fds=7,8 --jobserver-auth=7,8" "cmake" "--build" "." "--config" "Debug" "--"
[INFO] [stderr]   [  1%] Building CXX object CMakeFiles/wabt.dir/src/binary.cc.o
[INFO] [stderr]   [  2%] Building CXX object CMakeFiles/wabt.dir/src/apply-names.cc.o
[INFO] [stderr]   [  4%] Building CXX object CMakeFiles/wabt.dir/src/binary-reader.cc.o
[INFO] [stderr]   [  5%] Building CXX object CMakeFiles/wabt.dir/src/binary-writer.cc.o
[INFO] [stderr]   [  5%] Building CXX object CMakeFiles/wabt.dir/src/binary-reader-ir.cc.o
[INFO] [stderr]   [  6%] Building CXX object CMakeFiles/wabt.dir/src/binary-reader-logging.cc.o
[INFO] [stderr]   [  7%] Building CXX object CMakeFiles/wabt.dir/src/color.cc.o
[INFO] [stderr]   [ 11%] Building CXX object CMakeFiles/wabt.dir/src/config.cc.o
[INFO] [stderr]   [ 11%] Building CXX object CMakeFiles/wabt.dir/src/common.cc.o
[INFO] [stderr]   [ 12%] Building CXX object CMakeFiles/wabt.dir/src/decompiler.cc.o
[INFO] [stderr]   [ 12%] Building CXX object CMakeFiles/wabt.dir/src/binding-hash.cc.o
[INFO] [stderr]   [ 13%] Building CXX object CMakeFiles/wabt.dir/src/binary-writer-spec.cc.o
[INFO] [stderr]   [ 14%] Building CXX object CMakeFiles/wabt.dir/src/expr-visitor.cc.o
[INFO] [stderr]   [ 15%] Building CXX object CMakeFiles/wabt.dir/src/error-formatter.cc.o
[INFO] [stderr]   [ 16%] Building CXX object CMakeFiles/wabt.dir/src/feature.cc.o
[INFO] [stderr]   [ 19%] Building CXX object CMakeFiles/wabt.dir/src/generate-names.cc.o
[INFO] [stderr]   [ 19%] Building CXX object CMakeFiles/wabt.dir/src/filenames.cc.o
[INFO] [stderr]   [ 20%] Building CXX object CMakeFiles/wabt.dir/src/hash-util.cc.o
[INFO] [stderr]   [ 21%] Building CXX object CMakeFiles/wabt.dir/src/ir.cc.o
[INFO] [stderr]   [ 22%] Building CXX object CMakeFiles/wabt.dir/src/ir-util.cc.o
[INFO] [stderr]   [ 23%] Building CXX object CMakeFiles/wabt.dir/src/leb128.cc.o
[INFO] [stderr]   [ 24%] Building CXX object CMakeFiles/wabt.dir/src/lexer-source.cc.o
[INFO] [stderr]   [ 26%] Building CXX object CMakeFiles/wabt.dir/src/lexer-source-line-finder.cc.o
[INFO] [stderr]   [ 26%] Building CXX object CMakeFiles/wabt.dir/src/literal.cc.o
[INFO] [stderr]   [ 28%] Building CXX object CMakeFiles/wabt.dir/src/opcode.cc.o
[INFO] [stderr]   [ 29%] Building C object CMakeFiles/wabt.dir/src/opcode-code-table.c.o
[INFO] [stderr]   [ 30%] Building CXX object CMakeFiles/wabt.dir/src/option-parser.cc.o
[INFO] [stderr]   [ 31%] Building CXX object CMakeFiles/wabt.dir/src/resolve-names.cc.o
[INFO] [stderr]   [ 32%] Building CXX object CMakeFiles/wabt.dir/src/shared-validator.cc.o
[INFO] [stderr]   [ 33%] Building CXX object CMakeFiles/wabt.dir/src/stream.cc.o
[INFO] [stderr]   [ 34%] Building CXX object CMakeFiles/wabt.dir/src/string-view.cc.o
[INFO] [stderr]   [ 35%] Building CXX object CMakeFiles/wabt.dir/src/token.cc.o
[INFO] [stderr]   [ 37%] Building CXX object CMakeFiles/wabt.dir/src/tracing.cc.o
[INFO] [stderr]   [ 38%] Building CXX object CMakeFiles/wabt.dir/src/type-checker.cc.o
[INFO] [stderr]   [ 39%] Building CXX object CMakeFiles/wabt.dir/src/utf8.cc.o
[INFO] [stderr]   [ 40%] Building CXX object CMakeFiles/wabt.dir/src/validator.cc.o
[INFO] [stderr]   [ 41%] Building CXX object CMakeFiles/wabt.dir/src/wast-lexer.cc.o
[INFO] [stderr]   [ 42%] Building CXX object CMakeFiles/wabt.dir/src/wast-parser.cc.o
[INFO] [stderr]   [ 43%] Building CXX object CMakeFiles/wabt.dir/src/wat-writer.cc.o
[INFO] [stderr]   [ 44%] Building CXX object CMakeFiles/wabt.dir/src/interp/binary-reader-interp.cc.o
[INFO] [stderr]   [ 46%] Building CXX object CMakeFiles/wabt.dir/src/interp/interp.cc.o
[INFO] [stderr]   [ 47%] Building CXX object CMakeFiles/wabt.dir/src/interp/interp-util.cc.o
[INFO] [stderr]   [ 48%] Building CXX object CMakeFiles/wabt.dir/src/interp/istream.cc.o
[INFO] [stderr] 
[INFO] [stderr]   --- stderr
[INFO] [stderr]   CMake Warning (dev) at CMakeLists.txt:325 (add_library):
[INFO] [stderr]     Policy CMP0115 is not set: Source file extensions must be explicit.  Run
[INFO] [stderr]     "cmake --help-policy CMP0115" for policy details.  Use the cmake_policy
[INFO] [stderr]     command to set the policy and suppress this warning.
[INFO] [stderr] 
[INFO] [stderr]     File:
[INFO] [stderr] 
[INFO] [stderr]       /opt/rustwide/cargo-home/registry/src/index.crates.io-6f17d22bba15001f/wabt-sys-0.8.0/wabt/src/config.h.in
[INFO] [stderr]   This warning is for project developers.  Use -Wno-dev to suppress it.
[INFO] [stderr] 
[INFO] [stderr]   CMake Warning:
[INFO] [stderr]     Manually-specified variables were not used by the project:
[INFO] [stderr] 
[INFO] [stderr]       CMAKE_ASM_COMPILER
[INFO] [stderr]       CMAKE_ASM_FLAGS
[INFO] [stderr] 
[INFO] [stderr] 
[INFO] [stderr]   c++: fatal error: Killed signal terminated program cc1plus
[INFO] [stderr]   compilation terminated.
[INFO] [stderr]   gmake[2]: *** [CMakeFiles/wabt.dir/build.make:118: CMakeFiles/wabt.dir/src/binary-reader-ir.cc.o] Error 1
[INFO] [stderr]   gmake[2]: *** Waiting for unfinished jobs....
[INFO] [stderr]   gmake[1]: *** [CMakeFiles/Makefile2:112: CMakeFiles/wabt.dir/all] Error 2
[INFO] [stderr]   gmake: *** [Makefile:91: all] Error 2
[INFO] [stderr]   thread 'main' panicked at /opt/rustwide/cargo-home/registry/src/index.crates.io-6f17d22bba15001f/cmake-0.1.45/src/lib.rs:894:5:
[INFO] [stderr] 
[INFO] [stderr]   command did not execute successfully, got: exit status: 2
[INFO] [stderr] 
[INFO] [stderr]   build script failed, must exit now
[INFO] [stderr]   stack backtrace:
[INFO] [stderr]      0:     0x557d08b90bec - std::backtrace_rs::backtrace::libunwind::trace::ha637c64ce894333a
[INFO] [stderr]                                  at /rustc/82e1608dfa6e0b5569232559e3d385fea5a93112/library/std/src/../../backtrace/src/backtrace/libunwind.rs:104:5
[INFO] [stderr]      1:     0x557d08b90bec - std::backtrace_rs::backtrace::trace_unsynchronized::h47f62dea28e0c88d
[INFO] [stderr]                                  at /rustc/82e1608dfa6e0b5569232559e3d385fea5a93112/library/std/src/../../backtrace/src/backtrace/mod.rs:66:5
[INFO] [stderr]      2:     0x557d08b90bec - std::sys_common::backtrace::_print_fmt::h9eef0abe20ede486
[INFO] [stderr]                                  at /rustc/82e1608dfa6e0b5569232559e3d385fea5a93112/library/std/src/sys_common/backtrace.rs:67:5
[INFO] [stderr]      3:     0x557d08b90bec - <std::sys_common::backtrace::_print::DisplayBacktrace as core::fmt::Display>::fmt::hed7f999df88cc644
[INFO] [stderr]                                  at /rustc/82e1608dfa6e0b5569232559e3d385fea5a93112/library/std/src/sys_common/backtrace.rs:44:22
[INFO] [stderr]      4:     0x557d08bb8150 - core::fmt::rt::Argument::fmt::h1539a9308b8d058d
[INFO] [stderr]                                  at /rustc/82e1608dfa6e0b5569232559e3d385fea5a93112/library/core/src/fmt/rt.rs:142:9
[INFO] [stderr]      5:     0x557d08bb8150 - core::fmt::write::h3a39390d8560d9c9
[INFO] [stderr]                                  at /rustc/82e1608dfa6e0b5569232559e3d385fea5a93112/library/core/src/fmt/mod.rs:1120:17
[INFO] [stderr]      6:     0x557d08b8dcbf - std::io::Write::write_fmt::h5fc9997dfe05f882
[INFO] [stderr]                                  at /rustc/82e1608dfa6e0b5569232559e3d385fea5a93112/library/std/src/io/mod.rs:1762:15
[INFO] [stderr]      7:     0x557d08b909d4 - std::sys_common::backtrace::_print::h894006fb5c6f3d45
[INFO] [stderr]                                  at /rustc/82e1608dfa6e0b5569232559e3d385fea5a93112/library/std/src/sys_common/backtrace.rs:47:5
[INFO] [stderr]      8:     0x557d08b909d4 - std::sys_common::backtrace::print::h23a2d212c6fff936
[INFO] [stderr]                                  at /rustc/82e1608dfa6e0b5569232559e3d385fea5a93112/library/std/src/sys_common/backtrace.rs:34:9
[INFO] [stderr]      9:     0x557d08b92807 - std::panicking::default_hook::{{closure}}::h8a1d2ee00185001a
[INFO] [stderr]     10:     0x557d08b9256f - std::panicking::default_hook::h6038f2eba384e475
[INFO] [stderr]                                  at /rustc/82e1608dfa6e0b5569232559e3d385fea5a93112/library/std/src/panicking.rs:292:9
[INFO] [stderr]     11:     0x557d08b92c88 - std::panicking::rust_panic_with_hook::h2b5517d590cab22e
[INFO] [stderr]                                  at /rustc/82e1608dfa6e0b5569232559e3d385fea5a93112/library/std/src/panicking.rs:779:13
[INFO] [stderr]     12:     0x557d08b92b6e - std::panicking::begin_panic_handler::{{closure}}::h233112c06e0ef43e
[INFO] [stderr]                                  at /rustc/82e1608dfa6e0b5569232559e3d385fea5a93112/library/std/src/panicking.rs:657:13
[INFO] [stderr]     13:     0x557d08b910b6 - std::sys_common::backtrace::__rust_end_short_backtrace::h6e893f24d7ebbff8
[INFO] [stderr]                                  at /rustc/82e1608dfa6e0b5569232559e3d385fea5a93112/library/std/src/sys_common/backtrace.rs:170:18
[INFO] [stderr]     14:     0x557d08b928d2 - rust_begin_unwind
[INFO] [stderr]                                  at /rustc/82e1608dfa6e0b5569232559e3d385fea5a93112/library/std/src/panicking.rs:645:5
[INFO] [stderr]     15:     0x557d08b12815 - core::panicking::panic_fmt::hbf0e066aabfa482c
[INFO] [stderr]                                  at /rustc/82e1608dfa6e0b5569232559e3d385fea5a93112/library/core/src/panicking.rs:72:14
[INFO] [stderr]     16:     0x557d08b1e331 - cmake::fail::ha31026daf732aed2
[INFO] [stderr]     17:     0x557d08b1da37 - cmake::run::h6c4b16010a411f13
[INFO] [stderr]     18:     0x557d08b1b6e7 - cmake::Config::build::h95c019530a9fe6ac
[INFO] [stderr]     19:     0x557d08b14b70 - build_script_build::main::h60d1c774e238088e
[INFO] [stderr]     20:     0x557d08b13683 - core::ops::function::FnOnce::call_once::hafa465a578865c50
[INFO] [stderr]     21:     0x557d08b132c6 - std::sys_common::backtrace::__rust_begin_short_backtrace::h5ec39dff3cfdae85
[INFO] [stderr]     22:     0x557d08b13319 - std::rt::lang_start::{{closure}}::h0552f8d2a14c7b17
[INFO] [stderr]     23:     0x557d08b89b77 - core::ops::function::impls::<impl core::ops::function::FnOnce<A> for &F>::call_once::hd95060ecd5e1ca24
[INFO] [stderr]                                  at /rustc/82e1608dfa6e0b5569232559e3d385fea5a93112/library/core/src/ops/function.rs:284:13
[INFO] [stderr]     24:     0x557d08b89b77 - std::panicking::try::do_call::h6e8cf51db32a6e4b
[INFO] [stderr]                                  at /rustc/82e1608dfa6e0b5569232559e3d385fea5a93112/library/std/src/panicking.rs:552:40
[INFO] [stderr]     25:     0x557d08b89b77 - std::panicking::try::h3a52eefe24fe3c29
[INFO] [stderr]                                  at /rustc/82e1608dfa6e0b5569232559e3d385fea5a93112/library/std/src/panicking.rs:516:19
[INFO] [stderr]     26:     0x557d08b89b77 - std::panic::catch_unwind::h24c28c23c02c3841
[INFO] [stderr]                                  at /rustc/82e1608dfa6e0b5569232559e3d385fea5a93112/library/std/src/panic.rs:142:14
[INFO] [stderr]     27:     0x557d08b89b77 - std::rt::lang_start_internal::{{closure}}::h705d3c9cbc06ef47
[INFO] [stderr]                                  at /rustc/82e1608dfa6e0b5569232559e3d385fea5a93112/library/std/src/rt.rs:148:48
[INFO] [stderr]     28:     0x557d08b89b77 - std::panicking::try::do_call::ha21f52ba13158470
[INFO] [stderr]                                  at /rustc/82e1608dfa6e0b5569232559e3d385fea5a93112/library/std/src/panicking.rs:552:40
[INFO] [stderr]     29:     0x557d08b89b77 - std::panicking::try::h5581346bf6aeb1f8
[INFO] [stderr]                                  at /rustc/82e1608dfa6e0b5569232559e3d385fea5a93112/library/std/src/panicking.rs:516:19
[INFO] [stderr]     30:     0x557d08b89b77 - std::panic::catch_unwind::h7919645a6b72e25b
[INFO] [stderr]                                  at /rustc/82e1608dfa6e0b5569232559e3d385fea5a93112/library/std/src/panic.rs:142:14
[INFO] [stderr]     31:     0x557d08b89b77 - std::rt::lang_start_internal::h12de51168669836e
[INFO] [stderr]                                  at /rustc/82e1608dfa6e0b5569232559e3d385fea5a93112/library/std/src/rt.rs:148:20
[INFO] [stderr]     32:     0x557d08b132f7 - std::rt::lang_start::h12627b41d9d87037
[INFO] [stderr]     33:     0x557d08b15985 - main
[INFO] [stderr]     34:     0x7fc5fe539d90 - <unknown>
[INFO] [stderr]     35:     0x7fc5fe539e40 - __libc_start_main
[INFO] [stderr]     36:     0x557d08b12f35 - _start
[INFO] [stderr]     37:                0x0 - <unknown>
[INFO] [stderr] warning: build failed, waiting for other jobs to finish...
[INFO] running `Command { std: "docker" "inspect" "39d78c9fd7edc5ff7b0e737f9c5d64317c7da34112356191808f8113862860ca", kill_on_drop: false }`
[INFO] running `Command { std: "docker" "rm" "-f" "39d78c9fd7edc5ff7b0e737f9c5d64317c7da34112356191808f8113862860ca", kill_on_drop: false }`
[INFO] [stdout] 39d78c9fd7edc5ff7b0e737f9c5d64317c7da34112356191808f8113862860ca
