[INFO] fetching crate tet-libp2p-core 0.27.0...
[INFO] testing tet-libp2p-core-0.27.0 against 1.75.0 for beta-1.76-1
[INFO] extracting crate tet-libp2p-core 0.27.0 into /workspace/builds/worker-1-tc1/source
[INFO] validating manifest of crates.io crate tet-libp2p-core 0.27.0 on toolchain 1.75.0
[INFO] running `Command { std: CARGO_HOME="/workspace/cargo-home" RUSTUP_HOME="/workspace/rustup-home" "/workspace/cargo-home/bin/cargo" "+1.75.0" "metadata" "--manifest-path" "Cargo.toml" "--no-deps", kill_on_drop: false }`
[INFO] started tweaking crates.io crate tet-libp2p-core 0.27.0
[INFO] finished tweaking crates.io crate tet-libp2p-core 0.27.0
[INFO] tweaked toml for crates.io crate tet-libp2p-core 0.27.0 written to /workspace/builds/worker-1-tc1/source/Cargo.toml
[INFO] running `Command { std: CARGO_HOME="/workspace/cargo-home" RUSTUP_HOME="/workspace/rustup-home" "/workspace/cargo-home/bin/cargo" "+1.75.0" "generate-lockfile" "--manifest-path" "Cargo.toml", kill_on_drop: false }`
[INFO] [stderr]     Updating crates.io index
[INFO] running `Command { std: CARGO_HOME="/workspace/cargo-home" RUSTUP_HOME="/workspace/rustup-home" "/workspace/cargo-home/bin/cargo" "+1.75.0" "fetch" "--manifest-path" "Cargo.toml", kill_on_drop: false }`
[INFO] [stderr]  Downloading crates ...
[INFO] [stderr]   Downloaded tet-multistream-select v0.10.0
[INFO] [stderr]   Downloaded unsigned-varint v0.6.0
[INFO] [stderr]   Downloaded tet-multiaddr v0.11.0
[INFO] running `Command { std: "docker" "create" "-v" "/var/lib/crater-agent-workspace/builds/worker-1-tc1/target:/opt/rustwide/target:rw,Z" "-v" "/var/lib/crater-agent-workspace/builds/worker-1-tc1/source:/opt/rustwide/workdir:ro,Z" "-v" "/var/lib/crater-agent-workspace/cargo-home:/opt/rustwide/cargo-home:ro,Z" "-v" "/var/lib/crater-agent-workspace/rustup-home:/opt/rustwide/rustup-home:ro,Z" "-e" "SOURCE_DIR=/opt/rustwide/workdir" "-e" "CARGO_TARGET_DIR=/opt/rustwide/target" "-e" "CARGO_HOME=/opt/rustwide/cargo-home" "-e" "RUSTUP_HOME=/opt/rustwide/rustup-home" "-w" "/opt/rustwide/workdir" "-m" "1610612736" "--user" "0:0" "--network" "none" "ghcr.io/rust-lang/crates-build-env/linux@sha256:2788e3201cd34a07e3172128adcd8b3090168a8e3bcc40d7c032b9dda1df7d1c" "/opt/rustwide/cargo-home/bin/cargo" "+1.75.0" "metadata" "--no-deps" "--format-version=1", kill_on_drop: false }`
[INFO] [stdout] 7cbcd7425f406876637caa14ea9458f57f5c8e08b0564848b0a85eaaa6e08d9a
[INFO] running `Command { std: "docker" "start" "-a" "7cbcd7425f406876637caa14ea9458f57f5c8e08b0564848b0a85eaaa6e08d9a", kill_on_drop: false }`
[INFO] running `Command { std: "docker" "inspect" "7cbcd7425f406876637caa14ea9458f57f5c8e08b0564848b0a85eaaa6e08d9a", kill_on_drop: false }`
[INFO] running `Command { std: "docker" "rm" "-f" "7cbcd7425f406876637caa14ea9458f57f5c8e08b0564848b0a85eaaa6e08d9a", kill_on_drop: false }`
[INFO] [stdout] 7cbcd7425f406876637caa14ea9458f57f5c8e08b0564848b0a85eaaa6e08d9a
[INFO] running `Command { std: "docker" "create" "-v" "/var/lib/crater-agent-workspace/builds/worker-1-tc1/target:/opt/rustwide/target:rw,Z" "-v" "/var/lib/crater-agent-workspace/builds/worker-1-tc1/source:/opt/rustwide/workdir:ro,Z" "-v" "/var/lib/crater-agent-workspace/cargo-home:/opt/rustwide/cargo-home:ro,Z" "-v" "/var/lib/crater-agent-workspace/rustup-home:/opt/rustwide/rustup-home:ro,Z" "-e" "SOURCE_DIR=/opt/rustwide/workdir" "-e" "CARGO_TARGET_DIR=/opt/rustwide/target" "-e" "CARGO_INCREMENTAL=0" "-e" "RUST_BACKTRACE=full" "-e" "RUSTFLAGS=--cap-lints=warn" "-e" "RUSTDOCFLAGS=--cap-lints=warn" "-e" "CARGO_HOME=/opt/rustwide/cargo-home" "-e" "RUSTUP_HOME=/opt/rustwide/rustup-home" "-w" "/opt/rustwide/workdir" "-m" "1610612736" "--user" "0:0" "--network" "none" "ghcr.io/rust-lang/crates-build-env/linux@sha256:2788e3201cd34a07e3172128adcd8b3090168a8e3bcc40d7c032b9dda1df7d1c" "/opt/rustwide/cargo-home/bin/cargo" "+1.75.0" "build" "--frozen" "--message-format=json", kill_on_drop: false }`
[INFO] [stdout] 6e8037778c508564700b3a435b50b845e0e710d4aa23c97f1f9b3e0339dba329
[INFO] running `Command { std: "docker" "start" "-a" "6e8037778c508564700b3a435b50b845e0e710d4aa23c97f1f9b3e0339dba329", kill_on_drop: false }`
[INFO] [stderr]    Compiling proc-macro2 v1.0.75
[INFO] [stderr]    Compiling unicode-ident v1.0.12
[INFO] [stderr]    Compiling libc v0.2.151
[INFO] [stderr]    Compiling typenum v1.17.0
[INFO] [stderr]    Compiling syn v1.0.109
[INFO] [stderr]    Compiling version_check v0.9.4
[INFO] [stderr]    Compiling memchr v2.7.1
[INFO] [stderr]    Compiling getrandom v0.1.16
[INFO] [stderr]    Compiling either v1.9.0
[INFO] [stderr]    Compiling rustix v0.38.28
[INFO] [stderr]    Compiling value-bag v1.4.3
[INFO] [stderr]    Compiling anyhow v1.0.79
[INFO] [stderr]    Compiling bitflags v2.4.1
[INFO] [stderr]    Compiling linux-raw-sys v0.4.12
[INFO] [stderr]    Compiling slab v0.4.9
[INFO] [stderr]    Compiling ppv-lite86 v0.2.17
[INFO] [stderr]    Compiling indexmap v1.9.3
[INFO] [stderr]    Compiling itertools v0.9.0
[INFO] [stderr]    Compiling bytes v1.5.0
[INFO] [stderr]    Compiling log v0.4.20
[INFO] [stderr]    Compiling home v0.5.9
[INFO] [stderr]    Compiling equivalent v1.0.1
[INFO] [stderr]    Compiling generic-array v0.14.7
[INFO] [stderr]    Compiling proc-macro-error-attr v1.0.4
[INFO] [stderr]    Compiling byteorder v1.5.0
[INFO] [stderr]    Compiling regex-syntax v0.8.2
[INFO] [stderr]    Compiling futures-core v0.3.30
[INFO] [stderr]    Compiling futures-sink v0.3.30
[INFO] [stderr]    Compiling hashbrown v0.14.3
[INFO] [stderr]    Compiling aho-corasick v1.1.2
[INFO] [stderr]    Compiling futures-channel v0.3.30
[INFO] [stderr]    Compiling proc-macro-error v1.0.4
[INFO] [stderr]    Compiling toml_datetime v0.6.5
[INFO] [stderr]    Compiling pin-utils v0.1.0
[INFO] [stderr]    Compiling tinyvec_macros v0.1.1
[INFO] [stderr]    Compiling winnow v0.5.32
[INFO] [stderr]    Compiling hashbrown v0.12.3
[INFO] [stderr]    Compiling futures-io v0.3.30
[INFO] [stderr]    Compiling quote v1.0.35
[INFO] [stderr]    Compiling futures-task v0.3.30
[INFO] [stderr]    Compiling pin-project-lite v0.2.13
[INFO] [stderr]    Compiling tinyvec v1.6.0
[INFO] [stderr]    Compiling serde v1.0.194
[INFO] [stderr]    Compiling once_cell v1.19.0
[INFO] [stderr]    Compiling syn v2.0.48
[INFO] [stderr]    Compiling indexmap v2.1.0
[INFO] [stderr]    Compiling subtle v1.0.0
[INFO] [stderr]    Compiling unicode-xid v0.2.4
[INFO] [stderr]    Compiling pin-project-internal v0.4.30
[INFO] [stderr]    Compiling byte-tools v0.3.1
[INFO] [stderr]    Compiling fastrand v2.0.1
[INFO] [stderr]    Compiling unicode-segmentation v1.10.1
[INFO] [stderr]    Compiling fixedbitset v0.2.0
[INFO] [stderr]    Compiling cpufeatures v0.2.12
[INFO] [stderr]    Compiling opaque-debug v0.3.0
[INFO] [stderr]    Compiling generic-array v0.12.4
[INFO] [stderr]    Compiling block-padding v0.1.5
[INFO] [stderr]    Compiling lock_api v0.4.11
[INFO] [stderr]    Compiling heck v0.3.3
[INFO] [stderr]    Compiling unicode-bidi v0.3.14
[INFO] [stderr]    Compiling petgraph v0.5.1
[INFO] [stderr]    Compiling parking_lot_core v0.8.6
[INFO] [stderr]    Compiling digest v0.8.1
[INFO] [stderr]    Compiling unicode-normalization v0.1.22
[INFO] [stderr]    Compiling crypto-mac v0.7.0
[INFO] [stderr]    Compiling smallvec v1.11.2
[INFO] [stderr]    Compiling digest v0.9.0
[INFO] [stderr]    Compiling block-buffer v0.9.0
[INFO] [stderr]    Compiling percent-encoding v2.3.1
[INFO] [stderr]    Compiling subtle v2.5.0
[INFO] [stderr]    Compiling crunchy v0.2.2
[INFO] [stderr]    Compiling multimap v0.8.3
[INFO] [stderr]    Compiling sha2 v0.9.9
[INFO] [stderr]    Compiling form_urlencoded v1.2.1
[INFO] [stderr]    Compiling cc v1.0.83
[INFO] [stderr]    Compiling num_cpus v1.16.0
[INFO] [stderr]    Compiling idna v0.5.0
[INFO] [stderr]    Compiling hmac v0.7.1
[INFO] [stderr]    Compiling block-buffer v0.7.3
[INFO] [stderr]    Compiling rand_core v0.5.1
[INFO] [stderr]    Compiling regex-automata v0.4.3
[INFO] [stderr]    Compiling instant v0.1.12
[INFO] [stderr]    Compiling thiserror v1.0.56
[INFO] [stderr]    Compiling fake-simd v0.1.2
[INFO] [stderr]    Compiling rand_chacha v0.2.2
[INFO] [stderr]    Compiling toml_edit v0.19.15
[INFO] [stderr]    Compiling arrayref v0.3.7
[INFO] [stderr]    Compiling signature v1.6.4
[INFO] [stderr]    Compiling unsigned-varint v0.6.0
[INFO] [stderr]    Compiling rand v0.7.3
[INFO] [stderr]    Compiling opaque-debug v0.2.3
[INFO] [stderr]    Compiling unsigned-varint v0.5.1
[INFO] [stderr]    Compiling scopeguard v1.2.0
[INFO] [stderr]    Compiling static_assertions v1.1.0
[INFO] [stderr]    Compiling sha2 v0.8.2
[INFO] [stderr]    Compiling ed25519 v1.5.3
[INFO] [stderr]    Compiling url v2.5.0
[INFO] [stderr]    Compiling hmac-drbg v0.2.0
[INFO] [stderr]    Compiling spin v0.5.2
[INFO] [stderr]    Compiling data-encoding v2.5.0
[INFO] [stderr]    Compiling untrusted v0.7.1
[INFO] [stderr]    Compiling bs58 v0.4.0
[INFO] [stderr]    Compiling parking_lot v0.11.2
[INFO] [stderr]    Compiling futures-timer v3.0.2
[INFO] [stderr]    Compiling fnv v1.0.7
[INFO] [stderr]    Compiling libsecp256k1 v0.3.5
[INFO] [stderr]    Compiling ring v0.16.20
[INFO] [stderr]    Compiling proc-macro-crate v1.3.1
[INFO] [stderr] error: could not compile `rustix` (lib)
[INFO] [stderr] 
[INFO] [stderr] Caused by:
[INFO] [stderr]   process didn't exit successfully: `/opt/rustwide/rustup-home/toolchains/1.75.0-x86_64-unknown-linux-gnu/bin/rustc --crate-name rustix --edition=2021 /opt/rustwide/cargo-home/registry/src/index.crates.io-6f17d22bba15001f/rustix-0.38.28/src/lib.rs --error-format=json --json=diagnostic-rendered-ansi,artifacts,future-incompat --crate-type lib --emit=dep-info,metadata,link -C embed-bitcode=no --cfg 'feature="alloc"' --cfg 'feature="default"' --cfg 'feature="event"' --cfg 'feature="fs"' --cfg 'feature="net"' --cfg 'feature="pipe"' --cfg 'feature="process"' --cfg 'feature="std"' --cfg 'feature="time"' --cfg 'feature="use-libc-auxv"' -C metadata=a76b4315e0b4c476 -C extra-filename=-a76b4315e0b4c476 --out-dir /opt/rustwide/target/debug/deps -L dependency=/opt/rustwide/target/debug/deps --extern bitflags=/opt/rustwide/target/debug/deps/libbitflags-00213f7d7bb51b3b.rmeta --extern linux_raw_sys=/opt/rustwide/target/debug/deps/liblinux_raw_sys-9b8281256d473875.rmeta --cap-lints allow --cap-lints=warn --cfg static_assertions --cfg linux_raw --cfg linux_like --cfg linux_kernel` (signal: 9, SIGKILL: kill)
[INFO] [stderr] warning: build failed, waiting for other jobs to finish...
[INFO] [stderr] error: could not compile `syn` (lib)
[INFO] [stderr] 
[INFO] [stderr] Caused by:
[INFO] [stderr]   process didn't exit successfully: `/opt/rustwide/rustup-home/toolchains/1.75.0-x86_64-unknown-linux-gnu/bin/rustc --crate-name syn --edition=2018 /opt/rustwide/cargo-home/registry/src/index.crates.io-6f17d22bba15001f/syn-1.0.109/src/lib.rs --error-format=json --json=diagnostic-rendered-ansi,artifacts,future-incompat --crate-type lib --emit=dep-info,metadata,link -C embed-bitcode=no --cfg 'feature="clone-impls"' --cfg 'feature="default"' --cfg 'feature="derive"' --cfg 'feature="extra-traits"' --cfg 'feature="full"' --cfg 'feature="parsing"' --cfg 'feature="printing"' --cfg 'feature="proc-macro"' --cfg 'feature="quote"' --cfg 'feature="visit"' --cfg 'feature="visit-mut"' -C metadata=9edbfbc33dceec6e -C extra-filename=-9edbfbc33dceec6e --out-dir /opt/rustwide/target/debug/deps -L dependency=/opt/rustwide/target/debug/deps --extern proc_macro2=/opt/rustwide/target/debug/deps/libproc_macro2-3b810d5b079d5e33.rmeta --extern quote=/opt/rustwide/target/debug/deps/libquote-fa58d8b773bbccab.rmeta --extern unicode_ident=/opt/rustwide/target/debug/deps/libunicode_ident-e03ce37406b474da.rmeta --cap-lints allow --cap-lints=warn --cfg syn_disable_nightly_tests` (signal: 9, SIGKILL: kill)
[INFO] running `Command { std: "docker" "inspect" "6e8037778c508564700b3a435b50b845e0e710d4aa23c97f1f9b3e0339dba329", kill_on_drop: false }`
[INFO] running `Command { std: "docker" "rm" "-f" "6e8037778c508564700b3a435b50b845e0e710d4aa23c97f1f9b3e0339dba329", kill_on_drop: false }`
[INFO] [stdout] 6e8037778c508564700b3a435b50b845e0e710d4aa23c97f1f9b3e0339dba329
[INFO] testing tet-libp2p-core-0.27.0 against beta-2023-12-22 for beta-1.76-1
[INFO] extracting crate tet-libp2p-core 0.27.0 into /workspace/builds/worker-1-tc2/source
[INFO] validating manifest of crates.io crate tet-libp2p-core 0.27.0 on toolchain beta-2023-12-22
[INFO] running `Command { std: CARGO_HOME="/workspace/cargo-home" RUSTUP_HOME="/workspace/rustup-home" "/workspace/cargo-home/bin/cargo" "+beta-2023-12-22" "metadata" "--manifest-path" "Cargo.toml" "--no-deps", kill_on_drop: false }`
[INFO] started tweaking crates.io crate tet-libp2p-core 0.27.0
[INFO] finished tweaking crates.io crate tet-libp2p-core 0.27.0
[INFO] tweaked toml for crates.io crate tet-libp2p-core 0.27.0 written to /workspace/builds/worker-1-tc2/source/Cargo.toml
[INFO] running `Command { std: CARGO_HOME="/workspace/cargo-home" RUSTUP_HOME="/workspace/rustup-home" "/workspace/cargo-home/bin/cargo" "+beta-2023-12-22" "generate-lockfile" "--manifest-path" "Cargo.toml", kill_on_drop: false }`
[INFO] [stderr]     Updating crates.io index
[INFO] running `Command { std: CARGO_HOME="/workspace/cargo-home" RUSTUP_HOME="/workspace/rustup-home" "/workspace/cargo-home/bin/cargo" "+beta-2023-12-22" "fetch" "--manifest-path" "Cargo.toml", kill_on_drop: false }`
[INFO] running `Command { std: "docker" "create" "-v" "/var/lib/crater-agent-workspace/builds/worker-1-tc2/target:/opt/rustwide/target:rw,Z" "-v" "/var/lib/crater-agent-workspace/builds/worker-1-tc2/source:/opt/rustwide/workdir:ro,Z" "-v" "/var/lib/crater-agent-workspace/cargo-home:/opt/rustwide/cargo-home:ro,Z" "-v" "/var/lib/crater-agent-workspace/rustup-home:/opt/rustwide/rustup-home:ro,Z" "-e" "SOURCE_DIR=/opt/rustwide/workdir" "-e" "CARGO_TARGET_DIR=/opt/rustwide/target" "-e" "CARGO_HOME=/opt/rustwide/cargo-home" "-e" "RUSTUP_HOME=/opt/rustwide/rustup-home" "-w" "/opt/rustwide/workdir" "-m" "1610612736" "--user" "0:0" "--network" "none" "ghcr.io/rust-lang/crates-build-env/linux@sha256:2788e3201cd34a07e3172128adcd8b3090168a8e3bcc40d7c032b9dda1df7d1c" "/opt/rustwide/cargo-home/bin/cargo" "+beta-2023-12-22" "metadata" "--no-deps" "--format-version=1", kill_on_drop: false }`
[INFO] [stdout] b722e94bdbb0749f7f7c7e10c99940e34a7507fc0624b4da6618b9452dca178b
[INFO] running `Command { std: "docker" "start" "-a" "b722e94bdbb0749f7f7c7e10c99940e34a7507fc0624b4da6618b9452dca178b", kill_on_drop: false }`
[INFO] running `Command { std: "docker" "inspect" "b722e94bdbb0749f7f7c7e10c99940e34a7507fc0624b4da6618b9452dca178b", kill_on_drop: false }`
[INFO] running `Command { std: "docker" "rm" "-f" "b722e94bdbb0749f7f7c7e10c99940e34a7507fc0624b4da6618b9452dca178b", kill_on_drop: false }`
[INFO] [stdout] b722e94bdbb0749f7f7c7e10c99940e34a7507fc0624b4da6618b9452dca178b
[INFO] running `Command { std: "docker" "create" "-v" "/var/lib/crater-agent-workspace/builds/worker-1-tc2/target:/opt/rustwide/target:rw,Z" "-v" "/var/lib/crater-agent-workspace/builds/worker-1-tc2/source:/opt/rustwide/workdir:ro,Z" "-v" "/var/lib/crater-agent-workspace/cargo-home:/opt/rustwide/cargo-home:ro,Z" "-v" "/var/lib/crater-agent-workspace/rustup-home:/opt/rustwide/rustup-home:ro,Z" "-e" "SOURCE_DIR=/opt/rustwide/workdir" "-e" "CARGO_TARGET_DIR=/opt/rustwide/target" "-e" "CARGO_INCREMENTAL=0" "-e" "RUST_BACKTRACE=full" "-e" "RUSTFLAGS=--cap-lints=warn" "-e" "RUSTDOCFLAGS=--cap-lints=warn" "-e" "CARGO_HOME=/opt/rustwide/cargo-home" "-e" "RUSTUP_HOME=/opt/rustwide/rustup-home" "-w" "/opt/rustwide/workdir" "-m" "1610612736" "--user" "0:0" "--network" "none" "ghcr.io/rust-lang/crates-build-env/linux@sha256:2788e3201cd34a07e3172128adcd8b3090168a8e3bcc40d7c032b9dda1df7d1c" "/opt/rustwide/cargo-home/bin/cargo" "+beta-2023-12-22" "build" "--frozen" "--message-format=json", kill_on_drop: false }`
[INFO] [stdout] a63950fe4db346d2669376162bb0430bc1e141d3e9a925943c63d5dae015589e
[INFO] running `Command { std: "docker" "start" "-a" "a63950fe4db346d2669376162bb0430bc1e141d3e9a925943c63d5dae015589e", kill_on_drop: false }`
[INFO] [stderr]    Compiling proc-macro2 v1.0.75
[INFO] [stderr]    Compiling unicode-ident v1.0.12
[INFO] [stderr]    Compiling libc v0.2.151
[INFO] [stderr]    Compiling typenum v1.17.0
[INFO] [stderr]    Compiling syn v1.0.109
[INFO] [stderr]    Compiling version_check v0.9.4
[INFO] [stderr]    Compiling memchr v2.7.1
[INFO] [stderr]    Compiling getrandom v0.1.16
[INFO] [stderr]    Compiling either v1.9.0
[INFO] [stderr]    Compiling value-bag v1.4.3
[INFO] [stderr]    Compiling rustix v0.38.28
[INFO] [stderr]    Compiling linux-raw-sys v0.4.12
[INFO] [stderr]    Compiling bitflags v2.4.1
[INFO] [stderr]    Compiling anyhow v1.0.79
[INFO] [stderr]    Compiling slab v0.4.9
[INFO] [stderr]    Compiling ppv-lite86 v0.2.17
[INFO] [stderr]    Compiling indexmap v1.9.3
[INFO] [stderr]    Compiling itertools v0.9.0
[INFO] [stderr]    Compiling regex-syntax v0.8.2
[INFO] [stderr]    Compiling log v0.4.20
[INFO] [stderr]    Compiling hashbrown v0.14.3
[INFO] [stderr]    Compiling home v0.5.9
[INFO] [stderr]    Compiling generic-array v0.14.7
[INFO] [stderr]    Compiling proc-macro-error-attr v1.0.4
[INFO] [stderr]    Compiling futures-core v0.3.30
[INFO] [stderr]    Compiling equivalent v1.0.1
[INFO] [stderr]    Compiling bytes v1.5.0
[INFO] [stderr]    Compiling futures-sink v0.3.30
[INFO] [stderr]    Compiling aho-corasick v1.1.2
[INFO] [stderr]    Compiling byteorder v1.5.0
[INFO] [stderr]    Compiling futures-channel v0.3.30
[INFO] [stderr]    Compiling proc-macro-error v1.0.4
[INFO] [stderr]    Compiling winnow v0.5.32
[INFO] [stderr]    Compiling toml_datetime v0.6.5
[INFO] [stderr]    Compiling quote v1.0.35
[INFO] [stderr]    Compiling pin-project-lite v0.2.13
[INFO] [stderr]    Compiling tinyvec_macros v0.1.1
[INFO] [stderr]    Compiling futures-task v0.3.30
[INFO] [stderr]    Compiling futures-io v0.3.30
[INFO] [stderr]    Compiling pin-utils v0.1.0
[INFO] [stderr]    Compiling indexmap v2.1.0
[INFO] [stderr]    Compiling syn v2.0.48
[INFO] [stderr]    Compiling hashbrown v0.12.3
[INFO] [stderr]    Compiling tinyvec v1.6.0
[INFO] [stderr]    Compiling pin-project-internal v0.4.30
[INFO] [stderr]    Compiling once_cell v1.19.0
[INFO] [stderr]    Compiling fastrand v2.0.1
[INFO] [stderr]    Compiling opaque-debug v0.3.0
[INFO] [stderr]    Compiling unicode-segmentation v1.10.1
[INFO] [stderr]    Compiling serde v1.0.194
[INFO] [stderr]    Compiling generic-array v0.12.4
[INFO] [stderr]    Compiling cpufeatures v0.2.12
[INFO] [stderr]    Compiling unicode-xid v0.2.4
[INFO] [stderr]    Compiling byte-tools v0.3.1
[INFO] [stderr]    Compiling subtle v1.0.0
[INFO] [stderr]    Compiling fixedbitset v0.2.0
[INFO] [stderr]    Compiling heck v0.3.3
[INFO] [stderr]    Compiling digest v0.9.0
[INFO] [stderr]    Compiling block-buffer v0.9.0
[INFO] [stderr]    Compiling digest v0.8.1
[INFO] [stderr]    Compiling rand_core v0.5.1
[INFO] [stderr]    Compiling cc v1.0.83
[INFO] [stderr]    Compiling num_cpus v1.16.0
[INFO] [stderr]    Compiling sha2 v0.9.9
[INFO] [stderr]    Compiling crypto-mac v0.7.0
[INFO] [stderr]    Compiling rand_chacha v0.2.2
[INFO] [stderr]    Compiling unicode-normalization v0.1.22
[INFO] [stderr]    Compiling block-padding v0.1.5
[INFO] [stderr]    Compiling lock_api v0.4.11
[INFO] [stderr]    Compiling parking_lot_core v0.8.6
[INFO] [stderr]    Compiling subtle v2.5.0
[INFO] [stderr]    Compiling petgraph v0.5.1
[INFO] [stderr]    Compiling smallvec v1.11.2
[INFO] [stderr]    Compiling unicode-bidi v0.3.14
[INFO] [stderr]    Compiling regex-automata v0.4.3
[INFO] [stderr]    Compiling rand v0.7.3
[INFO] [stderr]    Compiling multimap v0.8.3
[INFO] [stderr]    Compiling crunchy v0.2.2
[INFO] [stderr]    Compiling percent-encoding v2.3.1
[INFO] [stderr]    Compiling block-buffer v0.7.3
[INFO] [stderr]    Compiling idna v0.5.0
[INFO] [stderr]    Compiling form_urlencoded v1.2.1
[INFO] [stderr]    Compiling hmac v0.7.1
[INFO] [stderr]    Compiling toml_edit v0.19.15
[INFO] [stderr]    Compiling instant v0.1.12
[INFO] [stderr]    Compiling unsigned-varint v0.5.1
[INFO] [stderr]    Compiling scopeguard v1.2.0
[INFO] [stderr]    Compiling static_assertions v1.1.0
[INFO] [stderr]    Compiling thiserror v1.0.56
[INFO] [stderr]    Compiling unsigned-varint v0.6.0
[INFO] [stderr]    Compiling signature v1.6.4
[INFO] [stderr]    Compiling opaque-debug v0.2.3
[INFO] [stderr]    Compiling arrayref v0.3.7
[INFO] [stderr]    Compiling fake-simd v0.1.2
[INFO] [stderr]    Compiling ed25519 v1.5.3
[INFO] [stderr]    Compiling url v2.5.0
[INFO] [stderr]    Compiling sha2 v0.8.2
[INFO] [stderr]    Compiling ring v0.16.20
[INFO] [stderr]    Compiling hmac-drbg v0.2.0
[INFO] [stderr]    Compiling untrusted v0.7.1
[INFO] [stderr]    Compiling data-encoding v2.5.0
[INFO] [stderr]    Compiling bs58 v0.4.0
[INFO] [stderr]    Compiling spin v0.5.2
[INFO] [stderr]    Compiling libsecp256k1 v0.3.5
[INFO] [stderr]    Compiling parking_lot v0.11.2
[INFO] [stderr]    Compiling fnv v1.0.7
[INFO] [stderr]    Compiling futures-timer v3.0.2
[INFO] [stderr]    Compiling proc-macro-crate v1.3.1
[INFO] [stderr]    Compiling which v4.4.2
[INFO] [stderr]    Compiling tempfile v3.9.0
[INFO] [stderr]    Compiling regex v1.10.2
[INFO] [stderr]    Compiling synstructure v0.12.6
[INFO] [stderr]    Compiling prost-build v0.7.0
[INFO] [stderr]    Compiling env_logger v0.7.1
[INFO] [stderr]    Compiling quickcheck v0.9.2
[INFO] [stderr]    Compiling futures-macro v0.3.30
[INFO] [stderr]    Compiling zeroize_derive v1.4.2
[INFO] [stderr]    Compiling pin-project-internal v1.1.3
[INFO] [stderr]    Compiling thiserror-impl v1.0.56
[INFO] [stderr]    Compiling prost-derive v0.7.0
[INFO] [stderr]    Compiling multihash-derive v0.7.2
[INFO] [stderr]    Compiling asn1_der_derive v0.1.2
[INFO] [stderr]    Compiling zeroize v1.3.0
[INFO] [stderr]    Compiling curve25519-dalek v3.2.1
[INFO] [stderr]    Compiling asn1_der v0.6.3
[INFO] [stderr]    Compiling futures-util v0.3.30
[INFO] [stderr]    Compiling pin-project v1.1.3
[INFO] [stderr]    Compiling ed25519-dalek v1.0.1
[INFO] [stderr]    Compiling pin-project v0.4.30
[INFO] [stderr]    Compiling multihash v0.13.2
[INFO] [stderr]    Compiling prost v0.7.0
[INFO] [stderr]    Compiling tet-multiaddr v0.11.0
[INFO] [stderr]    Compiling prost-types v0.7.0
[INFO] [stderr]    Compiling tet-libp2p-core v0.27.0 (/opt/rustwide/workdir)
[INFO] [stderr]    Compiling futures-executor v0.3.30
[INFO] [stderr]    Compiling futures v0.3.30
[INFO] [stderr]    Compiling rw-stream-sink v0.2.1
[INFO] [stderr]    Compiling tet-multistream-select v0.10.0
[INFO] [stdout] warning: field `marker` is never read
[INFO] [stdout]    --> src/transport/and_then.rs:142:5
[INFO] [stdout]     |
[INFO] [stdout] 139 | pub struct AndThenFuture<TFut, TMap, TMapOut> {
[INFO] [stdout]     |            ------------- field in this struct
[INFO] [stdout] ...
[INFO] [stdout] 142 |     marker: PhantomPinned,
[INFO] [stdout]     |     ^^^^^^
[INFO] [stdout]     |
[INFO] [stdout]     = note: `AndThenFuture` has a derived impl for the trait `Debug`, but this is intentionally ignored during dead code analysis
[INFO] [stdout]     = note: `#[warn(dead_code)]` on by default
[INFO] [stdout] 
[INFO] [stdout] 
[INFO] [stdout] warning: 1 warning emitted
[INFO] [stdout] 
[INFO] [stdout] 
[INFO] [stderr]     Finished dev [unoptimized + debuginfo] target(s) in 15.93s
[INFO] running `Command { std: "docker" "inspect" "a63950fe4db346d2669376162bb0430bc1e141d3e9a925943c63d5dae015589e", kill_on_drop: false }`
[INFO] running `Command { std: "docker" "rm" "-f" "a63950fe4db346d2669376162bb0430bc1e141d3e9a925943c63d5dae015589e", kill_on_drop: false }`
[INFO] [stdout] a63950fe4db346d2669376162bb0430bc1e141d3e9a925943c63d5dae015589e
[INFO] running `Command { std: "docker" "create" "-v" "/var/lib/crater-agent-workspace/builds/worker-1-tc2/target:/opt/rustwide/target:rw,Z" "-v" "/var/lib/crater-agent-workspace/builds/worker-1-tc2/source:/opt/rustwide/workdir:ro,Z" "-v" "/var/lib/crater-agent-workspace/cargo-home:/opt/rustwide/cargo-home:ro,Z" "-v" "/var/lib/crater-agent-workspace/rustup-home:/opt/rustwide/rustup-home:ro,Z" "-e" "SOURCE_DIR=/opt/rustwide/workdir" "-e" "CARGO_TARGET_DIR=/opt/rustwide/target" "-e" "CARGO_INCREMENTAL=0" "-e" "RUST_BACKTRACE=full" "-e" "RUSTFLAGS=--cap-lints=warn" "-e" "RUSTDOCFLAGS=--cap-lints=warn" "-e" "CARGO_HOME=/opt/rustwide/cargo-home" "-e" "RUSTUP_HOME=/opt/rustwide/rustup-home" "-w" "/opt/rustwide/workdir" "-m" "1610612736" "--user" "0:0" "--network" "none" "ghcr.io/rust-lang/crates-build-env/linux@sha256:2788e3201cd34a07e3172128adcd8b3090168a8e3bcc40d7c032b9dda1df7d1c" "/opt/rustwide/cargo-home/bin/cargo" "+beta-2023-12-22" "test" "--frozen" "--no-run" "--message-format=json", kill_on_drop: false }`
[INFO] [stdout] 37f44253e05a4f377cc693516525c18e65cdc922b162f4b00054757c5fef0047
[INFO] running `Command { std: "docker" "start" "-a" "37f44253e05a4f377cc693516525c18e65cdc922b162f4b00054757c5fef0047", kill_on_drop: false }`
[INFO] [stderr]    Compiling crossbeam-utils v0.8.18
[INFO] [stderr]    Compiling rustix v0.38.28
[INFO] [stderr]    Compiling linux-raw-sys v0.4.12
[INFO] [stderr]    Compiling bitflags v2.4.1
[INFO] [stderr]    Compiling fastrand v2.0.1
[INFO] [stderr]    Compiling parking v2.2.0
[INFO] [stderr]    Compiling once_cell v1.19.0
[INFO] [stderr]    Compiling tracing-core v0.1.32
[INFO] [stderr]    Compiling io-lifetimes v1.0.11
[INFO] [stderr]    Compiling polling v2.8.0
[INFO] [stderr]    Compiling num-traits v0.2.17
[INFO] [stderr]    Compiling rayon-core v1.12.0
[INFO] [stderr]    Compiling async-task v4.7.0
[INFO] [stderr]    Compiling event-listener v2.5.3
[INFO] [stderr]    Compiling serde_json v1.0.111
[INFO] [stderr]    Compiling itoa v1.0.10
[INFO] [stderr]    Compiling atomic-waker v1.1.2
[INFO] [stderr]    Compiling rustix v0.37.27
[INFO] [stderr]    Compiling ryu v1.0.16
[INFO] [stderr]    Compiling async-io v1.13.0
[INFO] [stderr]    Compiling futures-lite v2.1.0
[INFO] [stderr]    Compiling proc-macro-crate v1.3.1
[INFO] [stderr]    Compiling piper v0.2.1
[INFO] [stderr]    Compiling linux-raw-sys v0.3.8
[INFO] [stderr]    Compiling unicode-width v0.1.11
[INFO] [stderr]    Compiling plotters-backend v0.3.5
[INFO] [stderr]    Compiling waker-fn v1.1.1
[INFO] [stderr]    Compiling fastrand v1.9.0
[INFO] [stderr]    Compiling textwrap v0.11.0
[INFO] [stderr]    Compiling tracing v0.1.40
[INFO] [stderr]    Compiling futures-lite v1.13.0
[INFO] [stderr]    Compiling plotters-svg v0.3.5
[INFO] [stderr]    Compiling async-lock v2.8.0
[INFO] [stderr]    Compiling socket2 v0.4.10
[INFO] [stderr]    Compiling csv-core v0.1.11
[INFO] [stderr]    Compiling itertools v0.10.5
[INFO] [stderr]    Compiling same-file v1.0.6
[INFO] [stderr]    Compiling serde_cbor v0.11.2
[INFO] [stderr]    Compiling clap v2.34.0
[INFO] [stderr]    Compiling multihash-derive v0.7.2
[INFO] [stderr]    Compiling concurrent-queue v2.4.0
[INFO] [stderr]    Compiling crossbeam-epoch v0.9.17
[INFO] [stderr]    Compiling csv v1.3.0
[INFO] [stderr]    Compiling event-listener v4.0.2
[INFO] [stderr]    Compiling async-channel v1.9.0
[INFO] [stderr]    Compiling crossbeam-deque v0.8.4
[INFO] [stderr]    Compiling walkdir v2.4.0
[INFO] [stderr]    Compiling tinytemplate v1.2.1
[INFO] [stderr]    Compiling event-listener-strategy v0.4.0
[INFO] [stderr]    Compiling serde_derive v1.0.194
[INFO] [stderr]    Compiling async-attributes v1.1.2
[INFO] [stderr]    Compiling async-lock v3.2.0
[INFO] [stderr]    Compiling async-channel v2.1.1
[INFO] [stderr]    Compiling atty v0.2.14
[INFO] [stderr]    Compiling kv-log-macro v1.0.7
[INFO] [stderr]    Compiling oorandom v11.1.3
[INFO] [stderr]    Compiling wasm-timer v0.2.5
[INFO] [stderr]    Compiling rayon v1.8.0
[INFO] [stderr]    Compiling plotters v0.3.5
[INFO] [stderr]    Compiling async-executor v1.8.0
[INFO] [stderr]    Compiling blocking v1.5.1
[INFO] [stderr]    Compiling criterion-plot v0.4.5
[INFO] [stderr]    Compiling multihash v0.13.2
[INFO] [stderr]    Compiling tet-multiaddr v0.11.0
[INFO] [stderr]    Compiling criterion v0.3.6
[INFO] [stderr]    Compiling which v4.4.2
[INFO] [stderr]    Compiling tempfile v3.9.0
[INFO] [stderr]    Compiling polling v3.3.1
[INFO] [stderr]    Compiling async-io v2.2.2
[INFO] [stderr]    Compiling prost-build v0.7.0
[INFO] [stderr]    Compiling async-global-executor v2.4.1
[INFO] [stderr]    Compiling async-std v1.12.0
[INFO] [stderr]    Compiling tet-libp2p-core v0.27.0 (/opt/rustwide/workdir)
[INFO] [stdout] warning: field `marker` is never read
[INFO] [stdout]    --> src/transport/and_then.rs:142:5
[INFO] [stdout]     |
[INFO] [stdout] 139 | pub struct AndThenFuture<TFut, TMap, TMapOut> {
[INFO] [stdout]     |            ------------- field in this struct
[INFO] [stdout] ...
[INFO] [stdout] 142 |     marker: PhantomPinned,
[INFO] [stdout]     |     ^^^^^^
[INFO] [stdout]     |
[INFO] [stdout]     = note: `AndThenFuture` has a derived impl for the trait `Debug`, but this is intentionally ignored during dead code analysis
[INFO] [stdout]     = note: `#[warn(dead_code)]` on by default
[INFO] [stdout] 
[INFO] [stdout] 
[INFO] [stdout] warning: 1 warning emitted
[INFO] [stdout] 
[INFO] [stdout] 
[INFO] [stdout] error[E0432]: unresolved import `tet_libp2p_mplex`
[INFO] [stdout]   --> tests/util.rs:21:5
[INFO] [stdout]    |
[INFO] [stdout] 21 | use tet_libp2p_mplex as mplex;
[INFO] [stdout]    |     ^^^^^^^^^^^^^^^^^^^^^^^^^ no external crate `tet_libp2p_mplex`
[INFO] [stdout] 
[INFO] [stdout] 
[INFO] [stdout] error[E0432]: unresolved import `tet_libp2p_mplex`
[INFO] [stdout]   --> tests/util.rs:21:5
[INFO] [stdout]    |
[INFO] [stdout] 21 | use tet_libp2p_mplex as mplex;
[INFO] [stdout]    |     ^^^^^^^^^^^^^^^^^^^^^^^^^ no external crate `tet_libp2p_mplex`
[INFO] [stdout] 
[INFO] [stdout] 
[INFO] [stdout] error[E0432]: unresolved import `tet_libp2p_noise`
[INFO] [stdout]   --> tests/util.rs:22:5
[INFO] [stdout]    |
[INFO] [stdout] 22 | use tet_libp2p_noise as noise;
[INFO] [stdout]    |     ^^^^^^^^^^^^^^^^^^^^^^^^^ no external crate `tet_libp2p_noise`
[INFO] [stdout] 
[INFO] [stdout] 
[INFO] [stdout] error[E0432]: unresolved import `tet_libp2p_noise`
[INFO] [stdout]   --> tests/util.rs:22:5
[INFO] [stdout]    |
[INFO] [stdout] 22 | use tet_libp2p_noise as noise;
[INFO] [stdout]    |     ^^^^^^^^^^^^^^^^^^^^^^^^^ no external crate `tet_libp2p_noise`
[INFO] [stdout] 
[INFO] [stdout] 
[INFO] [stdout] error[E0432]: unresolved import `tet_libp2p_tcp`
[INFO] [stdout]   --> tests/util.rs:23:5
[INFO] [stdout]    |
[INFO] [stdout] 23 | use tet_libp2p_tcp as tcp;
[INFO] [stdout]    |     ^^^^^^^^^^^^^^^^^^^^^ no external crate `tet_libp2p_tcp`
[INFO] [stdout] 
[INFO] [stdout] 
[INFO] [stdout] error[E0432]: unresolved import `tet_libp2p_tcp`
[INFO] [stdout]   --> tests/util.rs:23:5
[INFO] [stdout]    |
[INFO] [stdout] 23 | use tet_libp2p_tcp as tcp;
[INFO] [stdout]    |     ^^^^^^^^^^^^^^^^^^^^^ no external crate `tet_libp2p_tcp`
[INFO] [stdout] 
[INFO] [stdout] 
[INFO] [stdout] error[E0432]: unresolved import `tet_libp2p_mplex`
[INFO] [stdout]   --> tests/transport_upgrade.rs:27:5
[INFO] [stdout]    |
[INFO] [stdout] 27 | use tet_libp2p_mplex::MplexConfig;
[INFO] [stdout]    |     ^^^^^^^^^^^^^^^^ use of undeclared crate or module `tet_libp2p_mplex`
[INFO] [stdout]    |
[INFO] [stdout] help: there is a crate or module with a similar name
[INFO] [stdout]    |
[INFO] [stdout] 27 | use tet_libp2p_core::MplexConfig;
[INFO] [stdout]    |     ~~~~~~~~~~~~~~~
[INFO] [stdout] 
[INFO] [stdout] 
[INFO] [stdout] error[E0432]: unresolved import `tet_libp2p_noise`
[INFO] [stdout]   --> tests/transport_upgrade.rs:28:5
[INFO] [stdout]    |
[INFO] [stdout] 28 | use tet_libp2p_noise as noise;
[INFO] [stdout]    |     ^^^^^^^^^^^^^^^^^^^^^^^^^ no external crate `tet_libp2p_noise`
[INFO] [stdout] 
[INFO] [stdout] 
[INFO] [stdout] error[E0432]: unresolved import `tet_libp2p_mplex`
[INFO] [stdout]   --> tests/util.rs:21:5
[INFO] [stdout]    |
[INFO] [stdout] 21 | use tet_libp2p_mplex as mplex;
[INFO] [stdout]    |     ^^^^^^^^^^^^^^^^^^^^^^^^^ no external crate `tet_libp2p_mplex`
[INFO] [stdout] 
[INFO] [stdout] 
[INFO] [stdout] error[E0432]: unresolved import `tet_libp2p_mplex`
[INFO] [stdout]   --> tests/util.rs:21:5
[INFO] [stdout]    |
[INFO] [stdout] 21 | use tet_libp2p_mplex as mplex;
[INFO] [stdout]    |     ^^^^^^^^^^^^^^^^^^^^^^^^^ no external crate `tet_libp2p_mplex`
[INFO] [stdout] 
[INFO] [stdout] 
[INFO] [stdout] error[E0432]: unresolved import `tet_libp2p_noise`
[INFO] [stdout]   --> tests/util.rs:22:5
[INFO] [stdout]    |
[INFO] [stdout] 22 | use tet_libp2p_noise as noise;
[INFO] [stdout]    |     ^^^^^^^^^^^^^^^^^^^^^^^^^ no external crate `tet_libp2p_noise`
[INFO] [stdout] 
[INFO] [stdout] 
[INFO] [stdout] error[E0432]: unresolved import `tet_libp2p_tcp`
[INFO] [stdout]   --> tests/util.rs:23:5
[INFO] [stdout]    |
[INFO] [stdout] 23 | use tet_libp2p_tcp as tcp;
[INFO] [stdout]    |     ^^^^^^^^^^^^^^^^^^^^^ no external crate `tet_libp2p_tcp`
[INFO] [stdout] 
[INFO] [stdout] 
[INFO] [stdout] error[E0432]: unresolved import `tet_libp2p_noise`
[INFO] [stdout]   --> tests/util.rs:22:5
[INFO] [stdout]    |
[INFO] [stdout] 22 | use tet_libp2p_noise as noise;
[INFO] [stdout]    |     ^^^^^^^^^^^^^^^^^^^^^^^^^ no external crate `tet_libp2p_noise`
[INFO] [stdout] 
[INFO] [stdout] 
[INFO] [stdout] error[E0432]: unresolved import `tet_libp2p_tcp`
[INFO] [stdout]   --> tests/util.rs:23:5
[INFO] [stdout]    |
[INFO] [stdout] 23 | use tet_libp2p_tcp as tcp;
[INFO] [stdout]    |     ^^^^^^^^^^^^^^^^^^^^^ no external crate `tet_libp2p_tcp`
[INFO] [stdout] 
[INFO] [stdout] 
[INFO] [stdout] warning: unused import: `Transport`
[INFO] [stdout]  --> tests/util.rs:8:5
[INFO] [stdout]   |
[INFO] [stdout] 8 |     Transport,
[INFO] [stdout]   |     ^^^^^^^^^
[INFO] [stdout]   |
[INFO] [stdout]   = note: `#[warn(unused_imports)]` on by default
[INFO] [stdout] 
[INFO] [stdout] 
[INFO] [stdout] error: aborting due to 3 previous errors; 1 warning emitted
[INFO] [stdout] 
[INFO] [stdout] 
[INFO] [stdout] For more information about this error, try `rustc --explain E0432`.
[INFO] [stdout] 
[INFO] [stderr] error: could not compile `tet-libp2p-core` (test "util") due to 4 previous errors; 1 warning emitted
[INFO] [stderr] warning: build failed, waiting for other jobs to finish...
[INFO] [stdout] warning: unused import: `Transport`
[INFO] [stdout]  --> tests/util.rs:8:5
[INFO] [stdout]   |
[INFO] [stdout] 8 |     Transport,
[INFO] [stdout]   |     ^^^^^^^^^
[INFO] [stdout]   |
[INFO] [stdout]   = note: `#[warn(unused_imports)]` on by default
[INFO] [stdout] 
[INFO] [stdout] 
[INFO] [stdout] warning: unused import: `Transport`
[INFO] [stdout]  --> tests/util.rs:8:5
[INFO] [stdout]   |
[INFO] [stdout] 8 |     Transport,
[INFO] [stdout]   |     ^^^^^^^^^
[INFO] [stdout]   |
[INFO] [stdout]   = note: `#[warn(unused_imports)]` on by default
[INFO] [stdout] 
[INFO] [stdout] 
[INFO] [stdout] error: aborting due to 3 previous errors; 1 warning emitted
[INFO] [stdout] 
[INFO] [stdout] 
[INFO] [stdout] For more information about this error, try `rustc --explain E0432`.
[INFO] [stdout] 
[INFO] [stdout] error: aborting due to 3 previous errors; 1 warning emitted
[INFO] [stdout] 
[INFO] [stdout] 
[INFO] [stdout] For more information about this error, try `rustc --explain E0432`.
[INFO] [stdout] 
[INFO] [stderr] error: could not compile `tet-libp2p-core` (test "network_dial_error") due to 4 previous errors; 1 warning emitted
[INFO] [stderr] error: could not compile `tet-libp2p-core` (test "connection_limits") due to 4 previous errors; 1 warning emitted
[INFO] [stdout] warning: unused import: `Transport`
[INFO] [stdout]  --> tests/util.rs:8:5
[INFO] [stdout]   |
[INFO] [stdout] 8 |     Transport,
[INFO] [stdout]   |     ^^^^^^^^^
[INFO] [stdout]   |
[INFO] [stdout]   = note: `#[warn(unused_imports)]` on by default
[INFO] [stdout] 
[INFO] [stdout] 
[INFO] [stdout] error: aborting due to 5 previous errors; 1 warning emitted
[INFO] [stdout] 
[INFO] [stdout] 
[INFO] [stdout] For more information about this error, try `rustc --explain E0432`.
[INFO] [stdout] 
[INFO] [stderr] error: could not compile `tet-libp2p-core` (test "transport_upgrade") due to 6 previous errors; 1 warning emitted
[INFO] [stdout] warning: field `marker` is never read
[INFO] [stdout]    --> src/transport/and_then.rs:142:5
[INFO] [stdout]     |
[INFO] [stdout] 139 | pub struct AndThenFuture<TFut, TMap, TMapOut> {
[INFO] [stdout]     |            ------------- field in this struct
[INFO] [stdout] ...
[INFO] [stdout] 142 |     marker: PhantomPinned,
[INFO] [stdout]     |     ^^^^^^
[INFO] [stdout]     |
[INFO] [stdout]     = note: `AndThenFuture` has a derived impl for the trait `Debug`, but this is intentionally ignored during dead code analysis
[INFO] [stdout]     = note: `#[warn(dead_code)]` on by default
[INFO] [stdout] 
[INFO] [stdout] 
[INFO] [stdout] warning: 1 warning emitted
[INFO] [stdout] 
[INFO] [stdout] 
[INFO] running `Command { std: "docker" "inspect" "37f44253e05a4f377cc693516525c18e65cdc922b162f4b00054757c5fef0047", kill_on_drop: false }`
[INFO] running `Command { std: "docker" "rm" "-f" "37f44253e05a4f377cc693516525c18e65cdc922b162f4b00054757c5fef0047", kill_on_drop: false }`
[INFO] [stdout] 37f44253e05a4f377cc693516525c18e65cdc922b162f4b00054757c5fef0047
