[INFO] fetching crate test-span 0.7.0...
[INFO] testing test-span-0.7.0 against 1.75.0 for beta-1.76-1
[INFO] extracting crate test-span 0.7.0 into /workspace/builds/worker-6-tc1/source
[INFO] validating manifest of crates.io crate test-span 0.7.0 on toolchain 1.75.0
[INFO] running `Command { std: CARGO_HOME="/workspace/cargo-home" RUSTUP_HOME="/workspace/rustup-home" "/workspace/cargo-home/bin/cargo" "+1.75.0" "metadata" "--manifest-path" "Cargo.toml" "--no-deps", kill_on_drop: false }`
[INFO] started tweaking crates.io crate test-span 0.7.0
[INFO] removed 0 missing tests
[INFO] finished tweaking crates.io crate test-span 0.7.0
[INFO] tweaked toml for crates.io crate test-span 0.7.0 written to /workspace/builds/worker-6-tc1/source/Cargo.toml
[INFO] running `Command { std: CARGO_HOME="/workspace/cargo-home" RUSTUP_HOME="/workspace/rustup-home" "/workspace/cargo-home/bin/cargo" "+1.75.0" "generate-lockfile" "--manifest-path" "Cargo.toml", kill_on_drop: false }`
[INFO] [stderr]     Updating crates.io index
[INFO] running `Command { std: CARGO_HOME="/workspace/cargo-home" RUSTUP_HOME="/workspace/rustup-home" "/workspace/cargo-home/bin/cargo" "+1.75.0" "fetch" "--manifest-path" "Cargo.toml", kill_on_drop: false }`
[INFO] [stderr]  Downloading crates ...
[INFO] [stderr]   Downloaded test-span-macro v0.7.0
[INFO] [stderr]   Downloaded daggy v0.8.0
[INFO] running `Command { std: "docker" "create" "-v" "/var/lib/crater-agent-workspace/builds/worker-6-tc1/target:/opt/rustwide/target:rw,Z" "-v" "/var/lib/crater-agent-workspace/builds/worker-6-tc1/source:/opt/rustwide/workdir:ro,Z" "-v" "/var/lib/crater-agent-workspace/cargo-home:/opt/rustwide/cargo-home:ro,Z" "-v" "/var/lib/crater-agent-workspace/rustup-home:/opt/rustwide/rustup-home:ro,Z" "-e" "SOURCE_DIR=/opt/rustwide/workdir" "-e" "CARGO_TARGET_DIR=/opt/rustwide/target" "-e" "CARGO_HOME=/opt/rustwide/cargo-home" "-e" "RUSTUP_HOME=/opt/rustwide/rustup-home" "-w" "/opt/rustwide/workdir" "-m" "1610612736" "--user" "0:0" "--network" "none" "ghcr.io/rust-lang/crates-build-env/linux@sha256:2788e3201cd34a07e3172128adcd8b3090168a8e3bcc40d7c032b9dda1df7d1c" "/opt/rustwide/cargo-home/bin/cargo" "+1.75.0" "metadata" "--no-deps" "--format-version=1", kill_on_drop: false }`
[INFO] [stdout] 3080808c4ec33458241db5ae3960ac6e7b76652f17e573c1fab7aa1c22d70920
[INFO] running `Command { std: "docker" "start" "-a" "3080808c4ec33458241db5ae3960ac6e7b76652f17e573c1fab7aa1c22d70920", kill_on_drop: false }`
[INFO] running `Command { std: "docker" "inspect" "3080808c4ec33458241db5ae3960ac6e7b76652f17e573c1fab7aa1c22d70920", kill_on_drop: false }`
[INFO] running `Command { std: "docker" "rm" "-f" "3080808c4ec33458241db5ae3960ac6e7b76652f17e573c1fab7aa1c22d70920", kill_on_drop: false }`
[INFO] [stdout] 3080808c4ec33458241db5ae3960ac6e7b76652f17e573c1fab7aa1c22d70920
[INFO] running `Command { std: "docker" "create" "-v" "/var/lib/crater-agent-workspace/builds/worker-6-tc1/target:/opt/rustwide/target:rw,Z" "-v" "/var/lib/crater-agent-workspace/builds/worker-6-tc1/source:/opt/rustwide/workdir:ro,Z" "-v" "/var/lib/crater-agent-workspace/cargo-home:/opt/rustwide/cargo-home:ro,Z" "-v" "/var/lib/crater-agent-workspace/rustup-home:/opt/rustwide/rustup-home:ro,Z" "-e" "SOURCE_DIR=/opt/rustwide/workdir" "-e" "CARGO_TARGET_DIR=/opt/rustwide/target" "-e" "CARGO_INCREMENTAL=0" "-e" "RUST_BACKTRACE=full" "-e" "RUSTFLAGS=--cap-lints=warn" "-e" "RUSTDOCFLAGS=--cap-lints=warn" "-e" "CARGO_HOME=/opt/rustwide/cargo-home" "-e" "RUSTUP_HOME=/opt/rustwide/rustup-home" "-w" "/opt/rustwide/workdir" "-m" "1610612736" "--user" "0:0" "--network" "none" "ghcr.io/rust-lang/crates-build-env/linux@sha256:2788e3201cd34a07e3172128adcd8b3090168a8e3bcc40d7c032b9dda1df7d1c" "/opt/rustwide/cargo-home/bin/cargo" "+1.75.0" "build" "--frozen" "--message-format=json", kill_on_drop: false }`
[INFO] [stdout] c652a7ade9e3fbf97f1c67f38d02c2ae95d00e8df0a21dc27dd34aa6763fcae3
[INFO] running `Command { std: "docker" "start" "-a" "c652a7ade9e3fbf97f1c67f38d02c2ae95d00e8df0a21dc27dd34aa6763fcae3", kill_on_drop: false }`
[INFO] [stderr]    Compiling serde v1.0.194
[INFO] [stderr]    Compiling once_cell v1.19.0
[INFO] [stderr]    Compiling smallvec v1.11.2
[INFO] [stderr]    Compiling lock_api v0.4.11
[INFO] [stderr]    Compiling equivalent v1.0.1
[INFO] [stderr]    Compiling syn v1.0.109
[INFO] [stderr]    Compiling syn v2.0.48
[INFO] [stderr]    Compiling hashbrown v0.14.3
[INFO] [stderr]    Compiling parking_lot_core v0.9.9
[INFO] [stderr]    Compiling tracing-core v0.1.32
[INFO] [stderr]    Compiling pin-project-lite v0.2.13
[INFO] [stderr]    Compiling scopeguard v1.2.0
[INFO] [stderr]    Compiling regex-syntax v0.8.2
[INFO] [stderr]    Compiling regex-syntax v0.6.29
[INFO] [stderr]    Compiling indexmap v1.9.3
[INFO] [stderr]    Compiling indexmap v2.1.0
[INFO] [stderr]    Compiling log v0.4.20
[INFO] [stderr]    Compiling overload v0.1.1
[INFO] [stderr]    Compiling fixedbitset v0.4.2
[INFO] [stderr]    Compiling serde_json v1.0.111
[INFO] [stderr]    Compiling sharded-slab v0.1.7
[INFO] [stderr]    Compiling tracing-log v0.2.0
[INFO] [stderr]    Compiling nu-ansi-term v0.46.0
[INFO] [stderr]    Compiling parking_lot v0.12.1
[INFO] [stderr]    Compiling thread_local v1.1.7
[INFO] [stderr]    Compiling regex-automata v0.4.3
[INFO] [stderr]    Compiling signal-hook-registry v1.4.1
[INFO] [stderr]    Compiling socket2 v0.5.5
[INFO] [stderr]    Compiling num_cpus v1.16.0
[INFO] [stderr]    Compiling regex-automata v0.1.10
[INFO] [stderr]    Compiling mio v0.8.10
[INFO] [stderr]    Compiling hashbrown v0.12.3
[INFO] [stderr]    Compiling matchers v0.1.0
[INFO] [stderr]    Compiling regex v1.10.2
[INFO] [stderr]    Compiling bytes v1.5.0
[INFO] [stderr]    Compiling serde_derive v1.0.194
[INFO] [stderr]    Compiling tracing-attributes v0.1.27
[INFO] [stderr]    Compiling pin-project-internal v1.1.3
[INFO] [stderr]    Compiling tokio-macros v2.2.0
[INFO] [stderr]    Compiling derivative v2.2.0
[INFO] [stderr]    Compiling test-span-macro v0.7.0
[INFO] [stderr]    Compiling tokio v1.35.1
[INFO] [stderr]    Compiling pin-project v1.1.3
[INFO] [stderr]    Compiling tracing v0.1.40
[INFO] [stderr]    Compiling tracing-futures v0.2.5
[INFO] [stderr]    Compiling tracing-subscriber v0.3.18
[INFO] [stderr]    Compiling petgraph v0.6.4
[INFO] [stderr]    Compiling linked-hash-map v0.5.6
[INFO] [stderr]    Compiling daggy v0.8.0
[INFO] [stderr]    Compiling test-span v0.7.0 (/opt/rustwide/workdir)
[INFO] [stderr]     Finished dev [unoptimized + debuginfo] target(s) in 16.54s
[INFO] running `Command { std: "docker" "inspect" "c652a7ade9e3fbf97f1c67f38d02c2ae95d00e8df0a21dc27dd34aa6763fcae3", kill_on_drop: false }`
[INFO] running `Command { std: "docker" "rm" "-f" "c652a7ade9e3fbf97f1c67f38d02c2ae95d00e8df0a21dc27dd34aa6763fcae3", kill_on_drop: false }`
[INFO] [stdout] c652a7ade9e3fbf97f1c67f38d02c2ae95d00e8df0a21dc27dd34aa6763fcae3
[INFO] running `Command { std: "docker" "create" "-v" "/var/lib/crater-agent-workspace/builds/worker-6-tc1/target:/opt/rustwide/target:rw,Z" "-v" "/var/lib/crater-agent-workspace/builds/worker-6-tc1/source:/opt/rustwide/workdir:ro,Z" "-v" "/var/lib/crater-agent-workspace/cargo-home:/opt/rustwide/cargo-home:ro,Z" "-v" "/var/lib/crater-agent-workspace/rustup-home:/opt/rustwide/rustup-home:ro,Z" "-e" "SOURCE_DIR=/opt/rustwide/workdir" "-e" "CARGO_TARGET_DIR=/opt/rustwide/target" "-e" "CARGO_INCREMENTAL=0" "-e" "RUST_BACKTRACE=full" "-e" "RUSTFLAGS=--cap-lints=warn" "-e" "RUSTDOCFLAGS=--cap-lints=warn" "-e" "CARGO_HOME=/opt/rustwide/cargo-home" "-e" "RUSTUP_HOME=/opt/rustwide/rustup-home" "-w" "/opt/rustwide/workdir" "-m" "1610612736" "--user" "0:0" "--network" "none" "ghcr.io/rust-lang/crates-build-env/linux@sha256:2788e3201cd34a07e3172128adcd8b3090168a8e3bcc40d7c032b9dda1df7d1c" "/opt/rustwide/cargo-home/bin/cargo" "+1.75.0" "test" "--frozen" "--no-run" "--message-format=json", kill_on_drop: false }`
[INFO] [stdout] c1c3cda081fd51f5322e8b8ac04cb6ba5a22a8706826db4f199285e04d42dbbe
[INFO] running `Command { std: "docker" "start" "-a" "c1c3cda081fd51f5322e8b8ac04cb6ba5a22a8706826db4f199285e04d42dbbe", kill_on_drop: false }`
[INFO] [stderr]    Compiling slab v0.4.9
[INFO] [stderr]    Compiling futures-sink v0.3.30
[INFO] [stderr]    Compiling futures-core v0.3.30
[INFO] [stderr]    Compiling futures-macro v0.3.30
[INFO] [stderr]    Compiling futures-io v0.3.30
[INFO] [stderr]    Compiling pin-utils v0.1.0
[INFO] [stderr]    Compiling futures-task v0.3.30
[INFO] [stderr]    Compiling yaml-rust v0.4.5
[INFO] [stderr]    Compiling futures-channel v0.3.30
[INFO] [stderr]    Compiling console v0.15.7
[INFO] [stderr]    Compiling similar v2.4.0
[INFO] [stderr]    Compiling insta v1.34.0
[INFO] [stderr]    Compiling futures-util v0.3.30
[INFO] [stderr]    Compiling futures-executor v0.3.30
[INFO] [stderr]    Compiling futures v0.3.30
[INFO] [stderr]    Compiling test-span v0.7.0 (/opt/rustwide/workdir)
[INFO] [stdout] error[E0433]: failed to resolve: could not find `assert_json_snapshot` in `insta`
[INFO] [stdout]   --> tests/tests.rs:24:16
[INFO] [stdout]    |
[INFO] [stdout] 24 |         insta::assert_json_snapshot!(logs);
[INFO] [stdout]    |                ^^^^^^^^^^^^^^^^^^^^ could not find `assert_json_snapshot` in `insta`
[INFO] [stdout] 
[INFO] [stdout] 
[INFO] [stdout] error[E0433]: failed to resolve: could not find `assert_json_snapshot` in `insta`
[INFO] [stdout]   --> tests/tests.rs:25:16
[INFO] [stdout]    |
[INFO] [stdout] 25 |         insta::assert_json_snapshot!(spans);
[INFO] [stdout]    |                ^^^^^^^^^^^^^^^^^^^^ could not find `assert_json_snapshot` in `insta`
[INFO] [stdout] 
[INFO] [stdout] 
[INFO] [stdout] error[E0433]: failed to resolve: could not find `assert_json_snapshot` in `insta`
[INFO] [stdout]   --> tests/tests.rs:43:16
[INFO] [stdout]    |
[INFO] [stdout] 43 |         insta::assert_json_snapshot!(logs);
[INFO] [stdout]    |                ^^^^^^^^^^^^^^^^^^^^ could not find `assert_json_snapshot` in `insta`
[INFO] [stdout] 
[INFO] [stdout] 
[INFO] [stdout] error[E0433]: failed to resolve: could not find `assert_json_snapshot` in `insta`
[INFO] [stdout]   --> tests/tests.rs:44:16
[INFO] [stdout]    |
[INFO] [stdout] 44 |         insta::assert_json_snapshot!(spans);
[INFO] [stdout]    |                ^^^^^^^^^^^^^^^^^^^^ could not find `assert_json_snapshot` in `insta`
[INFO] [stdout] 
[INFO] [stdout] 
[INFO] [stdout] error[E0433]: failed to resolve: could not find `assert_json_snapshot` in `insta`
[INFO] [stdout]   --> tests/tests.rs:63:16
[INFO] [stdout]    |
[INFO] [stdout] 63 |         insta::assert_json_snapshot!(logs);
[INFO] [stdout]    |                ^^^^^^^^^^^^^^^^^^^^ could not find `assert_json_snapshot` in `insta`
[INFO] [stdout] 
[INFO] [stdout] 
[INFO] [stdout] error[E0433]: failed to resolve: could not find `assert_json_snapshot` in `insta`
[INFO] [stdout]   --> tests/tests.rs:64:16
[INFO] [stdout]    |
[INFO] [stdout] 64 |         insta::assert_json_snapshot!(spans);
[INFO] [stdout]    |                ^^^^^^^^^^^^^^^^^^^^ could not find `assert_json_snapshot` in `insta`
[INFO] [stdout] 
[INFO] [stdout] 
[INFO] [stdout] error[E0433]: failed to resolve: could not find `assert_json_snapshot` in `insta`
[INFO] [stdout]   --> tests/tests.rs:83:16
[INFO] [stdout]    |
[INFO] [stdout] 83 |         insta::assert_json_snapshot!(logs);
[INFO] [stdout]    |                ^^^^^^^^^^^^^^^^^^^^ could not find `assert_json_snapshot` in `insta`
[INFO] [stdout] 
[INFO] [stdout] 
[INFO] [stdout] error[E0433]: failed to resolve: could not find `assert_json_snapshot` in `insta`
[INFO] [stdout]   --> tests/tests.rs:84:16
[INFO] [stdout]    |
[INFO] [stdout] 84 |         insta::assert_json_snapshot!(spans);
[INFO] [stdout]    |                ^^^^^^^^^^^^^^^^^^^^ could not find `assert_json_snapshot` in `insta`
[INFO] [stdout] 
[INFO] [stdout] 
[INFO] [stdout] error[E0433]: failed to resolve: could not find `assert_json_snapshot` in `insta`
[INFO] [stdout]    --> tests/tests.rs:125:16
[INFO] [stdout]     |
[INFO] [stdout] 125 |         insta::assert_json_snapshot!(logs);
[INFO] [stdout]     |                ^^^^^^^^^^^^^^^^^^^^ could not find `assert_json_snapshot` in `insta`
[INFO] [stdout] 
[INFO] [stdout] 
[INFO] [stdout] error[E0433]: failed to resolve: could not find `assert_json_snapshot` in `insta`
[INFO] [stdout]    --> tests/tests.rs:126:16
[INFO] [stdout]     |
[INFO] [stdout] 126 |         insta::assert_json_snapshot!(spans);
[INFO] [stdout]     |                ^^^^^^^^^^^^^^^^^^^^ could not find `assert_json_snapshot` in `insta`
[INFO] [stdout] 
[INFO] [stdout] 
[INFO] [stdout] error[E0433]: failed to resolve: could not find `assert_json_snapshot` in `insta`
[INFO] [stdout]    --> tests/tests.rs:164:16
[INFO] [stdout]     |
[INFO] [stdout] 164 |         insta::assert_json_snapshot!(logs);
[INFO] [stdout]     |                ^^^^^^^^^^^^^^^^^^^^ could not find `assert_json_snapshot` in `insta`
[INFO] [stdout] 
[INFO] [stdout] 
[INFO] [stdout] error[E0433]: failed to resolve: could not find `assert_json_snapshot` in `insta`
[INFO] [stdout]    --> tests/tests.rs:165:16
[INFO] [stdout]     |
[INFO] [stdout] 165 |         insta::assert_json_snapshot!(spans);
[INFO] [stdout]     |                ^^^^^^^^^^^^^^^^^^^^ could not find `assert_json_snapshot` in `insta`
[INFO] [stdout] 
[INFO] [stdout] 
[INFO] [stdout] error: aborting due to 12 previous errors
[INFO] [stdout] 
[INFO] [stdout] 
[INFO] [stdout] For more information about this error, try `rustc --explain E0433`.
[INFO] [stdout] 
[INFO] [stderr] error: could not compile `test-span` (test "tests") due to 13 previous errors
[INFO] [stderr] warning: build failed, waiting for other jobs to finish...
[INFO] running `Command { std: "docker" "inspect" "c1c3cda081fd51f5322e8b8ac04cb6ba5a22a8706826db4f199285e04d42dbbe", kill_on_drop: false }`
[INFO] running `Command { std: "docker" "rm" "-f" "c1c3cda081fd51f5322e8b8ac04cb6ba5a22a8706826db4f199285e04d42dbbe", kill_on_drop: false }`
[INFO] [stdout] c1c3cda081fd51f5322e8b8ac04cb6ba5a22a8706826db4f199285e04d42dbbe
