[INFO] fetching crate tensorflow-protobuf 0.0.0...
[INFO] testing tensorflow-protobuf-0.0.0 against 1.75.0 for beta-1.76-1
[INFO] extracting crate tensorflow-protobuf 0.0.0 into /workspace/builds/worker-1-tc1/source
[INFO] validating manifest of crates.io crate tensorflow-protobuf 0.0.0 on toolchain 1.75.0
[INFO] running `Command { std: CARGO_HOME="/workspace/cargo-home" RUSTUP_HOME="/workspace/rustup-home" "/workspace/cargo-home/bin/cargo" "+1.75.0" "metadata" "--manifest-path" "Cargo.toml" "--no-deps", kill_on_drop: false }`
[INFO] started tweaking crates.io crate tensorflow-protobuf 0.0.0
[INFO] finished tweaking crates.io crate tensorflow-protobuf 0.0.0
[INFO] tweaked toml for crates.io crate tensorflow-protobuf 0.0.0 written to /workspace/builds/worker-1-tc1/source/Cargo.toml
[INFO] running `Command { std: CARGO_HOME="/workspace/cargo-home" RUSTUP_HOME="/workspace/rustup-home" "/workspace/cargo-home/bin/cargo" "+1.75.0" "generate-lockfile" "--manifest-path" "Cargo.toml", kill_on_drop: false }`
[INFO] [stderr]     Updating crates.io index
[INFO] running `Command { std: CARGO_HOME="/workspace/cargo-home" RUSTUP_HOME="/workspace/rustup-home" "/workspace/cargo-home/bin/cargo" "+1.75.0" "fetch" "--manifest-path" "Cargo.toml", kill_on_drop: false }`
[INFO] [stderr]  Downloading crates ...
[INFO] [stderr]   Downloaded protobuf-support v3.3.0
[INFO] [stderr]   Downloaded protobuf v3.3.0
[INFO] running `Command { std: "docker" "create" "-v" "/var/lib/crater-agent-workspace/builds/worker-1-tc1/target:/opt/rustwide/target:rw,Z" "-v" "/var/lib/crater-agent-workspace/builds/worker-1-tc1/source:/opt/rustwide/workdir:ro,Z" "-v" "/var/lib/crater-agent-workspace/cargo-home:/opt/rustwide/cargo-home:ro,Z" "-v" "/var/lib/crater-agent-workspace/rustup-home:/opt/rustwide/rustup-home:ro,Z" "-e" "SOURCE_DIR=/opt/rustwide/workdir" "-e" "CARGO_TARGET_DIR=/opt/rustwide/target" "-e" "CARGO_HOME=/opt/rustwide/cargo-home" "-e" "RUSTUP_HOME=/opt/rustwide/rustup-home" "-w" "/opt/rustwide/workdir" "-m" "1610612736" "--user" "0:0" "--network" "none" "ghcr.io/rust-lang/crates-build-env/linux@sha256:2788e3201cd34a07e3172128adcd8b3090168a8e3bcc40d7c032b9dda1df7d1c" "/opt/rustwide/cargo-home/bin/cargo" "+1.75.0" "metadata" "--no-deps" "--format-version=1", kill_on_drop: false }`
[INFO] [stdout] a2739773f6189386035d94412272a76b55a974a374b7663127899ff263a5e62a
[INFO] running `Command { std: "docker" "start" "-a" "a2739773f6189386035d94412272a76b55a974a374b7663127899ff263a5e62a", kill_on_drop: false }`
[INFO] running `Command { std: "docker" "inspect" "a2739773f6189386035d94412272a76b55a974a374b7663127899ff263a5e62a", kill_on_drop: false }`
[INFO] running `Command { std: "docker" "rm" "-f" "a2739773f6189386035d94412272a76b55a974a374b7663127899ff263a5e62a", kill_on_drop: false }`
[INFO] [stdout] a2739773f6189386035d94412272a76b55a974a374b7663127899ff263a5e62a
[INFO] running `Command { std: "docker" "create" "-v" "/var/lib/crater-agent-workspace/builds/worker-1-tc1/target:/opt/rustwide/target:rw,Z" "-v" "/var/lib/crater-agent-workspace/builds/worker-1-tc1/source:/opt/rustwide/workdir:ro,Z" "-v" "/var/lib/crater-agent-workspace/cargo-home:/opt/rustwide/cargo-home:ro,Z" "-v" "/var/lib/crater-agent-workspace/rustup-home:/opt/rustwide/rustup-home:ro,Z" "-e" "SOURCE_DIR=/opt/rustwide/workdir" "-e" "CARGO_TARGET_DIR=/opt/rustwide/target" "-e" "CARGO_INCREMENTAL=0" "-e" "RUST_BACKTRACE=full" "-e" "RUSTFLAGS=--cap-lints=warn" "-e" "RUSTDOCFLAGS=--cap-lints=warn" "-e" "CARGO_HOME=/opt/rustwide/cargo-home" "-e" "RUSTUP_HOME=/opt/rustwide/rustup-home" "-w" "/opt/rustwide/workdir" "-m" "1610612736" "--user" "0:0" "--network" "none" "ghcr.io/rust-lang/crates-build-env/linux@sha256:2788e3201cd34a07e3172128adcd8b3090168a8e3bcc40d7c032b9dda1df7d1c" "/opt/rustwide/cargo-home/bin/cargo" "+1.75.0" "build" "--frozen" "--message-format=json", kill_on_drop: false }`
[INFO] [stdout] 1914549b593d0b26f136eef12b3b81c57f4e0e87e123150a5b99cb6b4c2aba28
[INFO] running `Command { std: "docker" "start" "-a" "1914549b593d0b26f136eef12b3b81c57f4e0e87e123150a5b99cb6b4c2aba28", kill_on_drop: false }`
[INFO] [stderr]    Compiling thiserror v1.0.56
[INFO] [stderr]    Compiling protobuf v3.3.0
[INFO] [stderr]    Compiling once_cell v1.19.0
[INFO] [stderr]    Compiling thiserror-impl v1.0.56
[INFO] [stderr]    Compiling protobuf-support v3.3.0
[INFO] [stderr]    Compiling tensorflow-protobuf v0.0.0 (/opt/rustwide/workdir)
[INFO] [stdout] error[E0425]: cannot find value `VERSION_3_2_0` in crate `protobuf`
[INFO] [stdout]   --> src/protos/attr_value.rs:26:49
[INFO] [stdout]    |
[INFO] [stdout] 26 | const _PROTOBUF_VERSION_CHECK: () = ::protobuf::VERSION_3_2_0;
[INFO] [stdout]    |                                                 ^^^^^^^^^^^^^ help: a constant with a similar name exists: `VERSION_3_3_0`
[INFO] [stdout]    |
[INFO] [stdout]   ::: /opt/rustwide/target/debug/build/protobuf-7281386ed24b7cae/out/version.rs:7:1
[INFO] [stdout]    |
[INFO] [stdout] 7  | pub const VERSION_3_3_0: () = ();
[INFO] [stdout]    | --------------------------- similarly named constant `VERSION_3_3_0` defined here
[INFO] [stdout] 
[INFO] [stdout] 
[INFO] [stdout] error[E0425]: cannot find value `VERSION_3_2_0` in crate `protobuf`
[INFO] [stdout]   --> src/protos/full_type.rs:26:49
[INFO] [stdout]    |
[INFO] [stdout] 26 | const _PROTOBUF_VERSION_CHECK: () = ::protobuf::VERSION_3_2_0;
[INFO] [stdout]    |                                                 ^^^^^^^^^^^^^ help: a constant with a similar name exists: `VERSION_3_3_0`
[INFO] [stdout]    |
[INFO] [stdout]   ::: /opt/rustwide/target/debug/build/protobuf-7281386ed24b7cae/out/version.rs:7:1
[INFO] [stdout]    |
[INFO] [stdout] 7  | pub const VERSION_3_3_0: () = ();
[INFO] [stdout]    | --------------------------- similarly named constant `VERSION_3_3_0` defined here
[INFO] [stdout] 
[INFO] [stdout] 
[INFO] [stdout] error[E0425]: cannot find value `VERSION_3_2_0` in crate `protobuf`
[INFO] [stdout]   --> src/protos/function.rs:26:49
[INFO] [stdout]    |
[INFO] [stdout] 26 | const _PROTOBUF_VERSION_CHECK: () = ::protobuf::VERSION_3_2_0;
[INFO] [stdout]    |                                                 ^^^^^^^^^^^^^ help: a constant with a similar name exists: `VERSION_3_3_0`
[INFO] [stdout]    |
[INFO] [stdout]   ::: /opt/rustwide/target/debug/build/protobuf-7281386ed24b7cae/out/version.rs:7:1
[INFO] [stdout]    |
[INFO] [stdout] 7  | pub const VERSION_3_3_0: () = ();
[INFO] [stdout]    | --------------------------- similarly named constant `VERSION_3_3_0` defined here
[INFO] [stdout] 
[INFO] [stdout] 
[INFO] [stdout] error[E0425]: cannot find value `VERSION_3_2_0` in crate `protobuf`
[INFO] [stdout]   --> src/protos/graph.rs:26:49
[INFO] [stdout]    |
[INFO] [stdout] 26 | const _PROTOBUF_VERSION_CHECK: () = ::protobuf::VERSION_3_2_0;
[INFO] [stdout]    |                                                 ^^^^^^^^^^^^^ help: a constant with a similar name exists: `VERSION_3_3_0`
[INFO] [stdout]    |
[INFO] [stdout]   ::: /opt/rustwide/target/debug/build/protobuf-7281386ed24b7cae/out/version.rs:7:1
[INFO] [stdout]    |
[INFO] [stdout] 7  | pub const VERSION_3_3_0: () = ();
[INFO] [stdout]    | --------------------------- similarly named constant `VERSION_3_3_0` defined here
[INFO] [stdout] 
[INFO] [stdout] 
[INFO] [stdout] error[E0425]: cannot find value `VERSION_3_2_0` in crate `protobuf`
[INFO] [stdout]   --> src/protos/node_def.rs:26:49
[INFO] [stdout]    |
[INFO] [stdout] 26 | const _PROTOBUF_VERSION_CHECK: () = ::protobuf::VERSION_3_2_0;
[INFO] [stdout]    |                                                 ^^^^^^^^^^^^^ help: a constant with a similar name exists: `VERSION_3_3_0`
[INFO] [stdout]    |
[INFO] [stdout]   ::: /opt/rustwide/target/debug/build/protobuf-7281386ed24b7cae/out/version.rs:7:1
[INFO] [stdout]    |
[INFO] [stdout] 7  | pub const VERSION_3_3_0: () = ();
[INFO] [stdout]    | --------------------------- similarly named constant `VERSION_3_3_0` defined here
[INFO] [stdout] 
[INFO] [stdout] 
[INFO] [stdout] error[E0425]: cannot find value `VERSION_3_2_0` in crate `protobuf`
[INFO] [stdout]   --> src/protos/op_def.rs:26:49
[INFO] [stdout]    |
[INFO] [stdout] 26 | const _PROTOBUF_VERSION_CHECK: () = ::protobuf::VERSION_3_2_0;
[INFO] [stdout]    |                                                 ^^^^^^^^^^^^^ help: a constant with a similar name exists: `VERSION_3_3_0`
[INFO] [stdout]    |
[INFO] [stdout]   ::: /opt/rustwide/target/debug/build/protobuf-7281386ed24b7cae/out/version.rs:7:1
[INFO] [stdout]    |
[INFO] [stdout] 7  | pub const VERSION_3_3_0: () = ();
[INFO] [stdout]    | --------------------------- similarly named constant `VERSION_3_3_0` defined here
[INFO] [stdout] 
[INFO] [stdout] 
[INFO] [stdout] error[E0425]: cannot find value `VERSION_3_2_0` in crate `protobuf`
[INFO] [stdout]   --> src/protos/resource_handle.rs:26:49
[INFO] [stdout]    |
[INFO] [stdout] 26 | const _PROTOBUF_VERSION_CHECK: () = ::protobuf::VERSION_3_2_0;
[INFO] [stdout]    |                                                 ^^^^^^^^^^^^^ help: a constant with a similar name exists: `VERSION_3_3_0`
[INFO] [stdout]    |
[INFO] [stdout]   ::: /opt/rustwide/target/debug/build/protobuf-7281386ed24b7cae/out/version.rs:7:1
[INFO] [stdout]    |
[INFO] [stdout] 7  | pub const VERSION_3_3_0: () = ();
[INFO] [stdout]    | --------------------------- similarly named constant `VERSION_3_3_0` defined here
[INFO] [stdout] 
[INFO] [stdout] 
[INFO] [stdout] error[E0425]: cannot find value `VERSION_3_2_0` in crate `protobuf`
[INFO] [stdout]   --> src/protos/tensor.rs:26:49
[INFO] [stdout]    |
[INFO] [stdout] 26 | const _PROTOBUF_VERSION_CHECK: () = ::protobuf::VERSION_3_2_0;
[INFO] [stdout]    |                                                 ^^^^^^^^^^^^^ help: a constant with a similar name exists: `VERSION_3_3_0`
[INFO] [stdout]    |
[INFO] [stdout]   ::: /opt/rustwide/target/debug/build/protobuf-7281386ed24b7cae/out/version.rs:7:1
[INFO] [stdout]    |
[INFO] [stdout] 7  | pub const VERSION_3_3_0: () = ();
[INFO] [stdout]    | --------------------------- similarly named constant `VERSION_3_3_0` defined here
[INFO] [stdout] 
[INFO] [stdout] 
[INFO] [stdout] error[E0425]: cannot find value `VERSION_3_2_0` in crate `protobuf`
[INFO] [stdout]   --> src/protos/tensor_shape.rs:26:49
[INFO] [stdout]    |
[INFO] [stdout] 26 | const _PROTOBUF_VERSION_CHECK: () = ::protobuf::VERSION_3_2_0;
[INFO] [stdout]    |                                                 ^^^^^^^^^^^^^ help: a constant with a similar name exists: `VERSION_3_3_0`
[INFO] [stdout]    |
[INFO] [stdout]   ::: /opt/rustwide/target/debug/build/protobuf-7281386ed24b7cae/out/version.rs:7:1
[INFO] [stdout]    |
[INFO] [stdout] 7  | pub const VERSION_3_3_0: () = ();
[INFO] [stdout]    | --------------------------- similarly named constant `VERSION_3_3_0` defined here
[INFO] [stdout] 
[INFO] [stdout] 
[INFO] [stdout] error[E0425]: cannot find value `VERSION_3_2_0` in crate `protobuf`
[INFO] [stdout]   --> src/protos/types.rs:26:49
[INFO] [stdout]    |
[INFO] [stdout] 26 | const _PROTOBUF_VERSION_CHECK: () = ::protobuf::VERSION_3_2_0;
[INFO] [stdout]    |                                                 ^^^^^^^^^^^^^ help: a constant with a similar name exists: `VERSION_3_3_0`
[INFO] [stdout]    |
[INFO] [stdout]   ::: /opt/rustwide/target/debug/build/protobuf-7281386ed24b7cae/out/version.rs:7:1
[INFO] [stdout]    |
[INFO] [stdout] 7  | pub const VERSION_3_3_0: () = ();
[INFO] [stdout]    | --------------------------- similarly named constant `VERSION_3_3_0` defined here
[INFO] [stdout] 
[INFO] [stdout] 
[INFO] [stdout] error[E0425]: cannot find value `VERSION_3_2_0` in crate `protobuf`
[INFO] [stdout]   --> src/protos/versions.rs:26:49
[INFO] [stdout]    |
[INFO] [stdout] 26 | const _PROTOBUF_VERSION_CHECK: () = ::protobuf::VERSION_3_2_0;
[INFO] [stdout]    |                                                 ^^^^^^^^^^^^^ help: a constant with a similar name exists: `VERSION_3_3_0`
[INFO] [stdout]    |
[INFO] [stdout]   ::: /opt/rustwide/target/debug/build/protobuf-7281386ed24b7cae/out/version.rs:7:1
[INFO] [stdout]    |
[INFO] [stdout] 7  | pub const VERSION_3_3_0: () = ();
[INFO] [stdout]    | --------------------------- similarly named constant `VERSION_3_3_0` defined here
[INFO] [stdout] 
[INFO] [stdout] 
[INFO] [stdout] error[E0046]: not all trait items implemented, missing: `from_str`
[INFO] [stdout]    --> src/protos/full_type.rs:390:1
[INFO] [stdout]     |
[INFO] [stdout] 390 | impl ::protobuf::Enum for FullTypeId {
[INFO] [stdout]     | ^^^^^^^^^^^^^^^^^^^^^^^^^^^^^^^^^^^^ missing `from_str` in implementation
[INFO] [stdout]     |
[INFO] [stdout]     = help: implement the missing item: `fn from_str(_: &str) -> std::option::Option<Self> { todo!() }`
[INFO] [stdout] 
[INFO] [stdout] 
[INFO] [stdout] error[E0046]: not all trait items implemented, missing: `from_str`
[INFO] [stdout]    --> src/protos/types.rs:257:1
[INFO] [stdout]     |
[INFO] [stdout] 257 | impl ::protobuf::Enum for DataType {
[INFO] [stdout]     | ^^^^^^^^^^^^^^^^^^^^^^^^^^^^^^^^^^ missing `from_str` in implementation
[INFO] [stdout]     |
[INFO] [stdout]     = help: implement the missing item: `fn from_str(_: &str) -> std::option::Option<Self> { todo!() }`
[INFO] [stdout] 
[INFO] [stdout] 
[INFO] [stdout] error: aborting due to 13 previous errors
[INFO] [stdout] 
[INFO] [stdout] 
[INFO] [stdout] Some errors have detailed explanations: E0046, E0425.
[INFO] [stdout] 
[INFO] [stdout] For more information about an error, try `rustc --explain E0046`.
[INFO] [stdout] 
[INFO] [stderr] error: could not compile `tensorflow-protobuf` (lib) due to 14 previous errors
[INFO] [stderr] warning: build failed, waiting for other jobs to finish...
[INFO] running `Command { std: "docker" "inspect" "1914549b593d0b26f136eef12b3b81c57f4e0e87e123150a5b99cb6b4c2aba28", kill_on_drop: false }`
[INFO] running `Command { std: "docker" "rm" "-f" "1914549b593d0b26f136eef12b3b81c57f4e0e87e123150a5b99cb6b4c2aba28", kill_on_drop: false }`
[INFO] [stdout] 1914549b593d0b26f136eef12b3b81c57f4e0e87e123150a5b99cb6b4c2aba28
[INFO] testing tensorflow-protobuf-0.0.0 against beta-2023-12-22 for beta-1.76-1
[INFO] extracting crate tensorflow-protobuf 0.0.0 into /workspace/builds/worker-1-tc2/source
[INFO] validating manifest of crates.io crate tensorflow-protobuf 0.0.0 on toolchain beta-2023-12-22
[INFO] running `Command { std: CARGO_HOME="/workspace/cargo-home" RUSTUP_HOME="/workspace/rustup-home" "/workspace/cargo-home/bin/cargo" "+beta-2023-12-22" "metadata" "--manifest-path" "Cargo.toml" "--no-deps", kill_on_drop: false }`
[INFO] started tweaking crates.io crate tensorflow-protobuf 0.0.0
[INFO] finished tweaking crates.io crate tensorflow-protobuf 0.0.0
[INFO] tweaked toml for crates.io crate tensorflow-protobuf 0.0.0 written to /workspace/builds/worker-1-tc2/source/Cargo.toml
[INFO] running `Command { std: CARGO_HOME="/workspace/cargo-home" RUSTUP_HOME="/workspace/rustup-home" "/workspace/cargo-home/bin/cargo" "+beta-2023-12-22" "generate-lockfile" "--manifest-path" "Cargo.toml", kill_on_drop: false }`
[INFO] [stderr]     Updating crates.io index
[INFO] running `Command { std: CARGO_HOME="/workspace/cargo-home" RUSTUP_HOME="/workspace/rustup-home" "/workspace/cargo-home/bin/cargo" "+beta-2023-12-22" "fetch" "--manifest-path" "Cargo.toml", kill_on_drop: false }`
[INFO] running `Command { std: "docker" "create" "-v" "/var/lib/crater-agent-workspace/builds/worker-1-tc2/target:/opt/rustwide/target:rw,Z" "-v" "/var/lib/crater-agent-workspace/builds/worker-1-tc2/source:/opt/rustwide/workdir:ro,Z" "-v" "/var/lib/crater-agent-workspace/cargo-home:/opt/rustwide/cargo-home:ro,Z" "-v" "/var/lib/crater-agent-workspace/rustup-home:/opt/rustwide/rustup-home:ro,Z" "-e" "SOURCE_DIR=/opt/rustwide/workdir" "-e" "CARGO_TARGET_DIR=/opt/rustwide/target" "-e" "CARGO_HOME=/opt/rustwide/cargo-home" "-e" "RUSTUP_HOME=/opt/rustwide/rustup-home" "-w" "/opt/rustwide/workdir" "-m" "1610612736" "--user" "0:0" "--network" "none" "ghcr.io/rust-lang/crates-build-env/linux@sha256:2788e3201cd34a07e3172128adcd8b3090168a8e3bcc40d7c032b9dda1df7d1c" "/opt/rustwide/cargo-home/bin/cargo" "+beta-2023-12-22" "metadata" "--no-deps" "--format-version=1", kill_on_drop: false }`
[INFO] [stdout] 4338fe941098b15780203f5b46cb47b75d381128301c10c2339a62eaff97679a
[INFO] running `Command { std: "docker" "start" "-a" "4338fe941098b15780203f5b46cb47b75d381128301c10c2339a62eaff97679a", kill_on_drop: false }`
[INFO] running `Command { std: "docker" "inspect" "4338fe941098b15780203f5b46cb47b75d381128301c10c2339a62eaff97679a", kill_on_drop: false }`
[INFO] running `Command { std: "docker" "rm" "-f" "4338fe941098b15780203f5b46cb47b75d381128301c10c2339a62eaff97679a", kill_on_drop: false }`
[INFO] [stdout] 4338fe941098b15780203f5b46cb47b75d381128301c10c2339a62eaff97679a
[INFO] running `Command { std: "docker" "create" "-v" "/var/lib/crater-agent-workspace/builds/worker-1-tc2/target:/opt/rustwide/target:rw,Z" "-v" "/var/lib/crater-agent-workspace/builds/worker-1-tc2/source:/opt/rustwide/workdir:ro,Z" "-v" "/var/lib/crater-agent-workspace/cargo-home:/opt/rustwide/cargo-home:ro,Z" "-v" "/var/lib/crater-agent-workspace/rustup-home:/opt/rustwide/rustup-home:ro,Z" "-e" "SOURCE_DIR=/opt/rustwide/workdir" "-e" "CARGO_TARGET_DIR=/opt/rustwide/target" "-e" "CARGO_INCREMENTAL=0" "-e" "RUST_BACKTRACE=full" "-e" "RUSTFLAGS=--cap-lints=warn" "-e" "RUSTDOCFLAGS=--cap-lints=warn" "-e" "CARGO_HOME=/opt/rustwide/cargo-home" "-e" "RUSTUP_HOME=/opt/rustwide/rustup-home" "-w" "/opt/rustwide/workdir" "-m" "1610612736" "--user" "0:0" "--network" "none" "ghcr.io/rust-lang/crates-build-env/linux@sha256:2788e3201cd34a07e3172128adcd8b3090168a8e3bcc40d7c032b9dda1df7d1c" "/opt/rustwide/cargo-home/bin/cargo" "+beta-2023-12-22" "build" "--frozen" "--message-format=json", kill_on_drop: false }`
[INFO] [stdout] 58531969bed04acd811d6ff3027b122698a71fb3277abba3ba56275eea843727
[INFO] running `Command { std: "docker" "start" "-a" "58531969bed04acd811d6ff3027b122698a71fb3277abba3ba56275eea843727", kill_on_drop: false }`
[INFO] [stderr]    Compiling thiserror v1.0.56
[INFO] [stderr]    Compiling protobuf v3.3.0
[INFO] [stderr]    Compiling once_cell v1.19.0
[INFO] [stderr]    Compiling thiserror-impl v1.0.56
[INFO] [stderr]    Compiling protobuf-support v3.3.0
[INFO] [stderr]    Compiling tensorflow-protobuf v0.0.0 (/opt/rustwide/workdir)
[INFO] [stdout] error[E0425]: cannot find value `VERSION_3_2_0` in crate `protobuf`
[INFO] [stdout]   --> src/protos/attr_value.rs:26:49
[INFO] [stdout]    |
[INFO] [stdout] 26 | const _PROTOBUF_VERSION_CHECK: () = ::protobuf::VERSION_3_2_0;
[INFO] [stdout]    |                                                 ^^^^^^^^^^^^^ help: a constant with a similar name exists: `VERSION_3_3_0`
[INFO] [stdout]    |
[INFO] [stdout]   ::: /opt/rustwide/target/debug/build/protobuf-be71526e8728d3ea/out/version.rs:7:1
[INFO] [stdout]    |
[INFO] [stdout] 7  | pub const VERSION_3_3_0: () = ();
[INFO] [stdout]    | --------------------------- similarly named constant `VERSION_3_3_0` defined here
[INFO] [stdout] 
[INFO] [stdout] 
[INFO] [stdout] error[E0425]: cannot find value `VERSION_3_2_0` in crate `protobuf`
[INFO] [stdout]   --> src/protos/full_type.rs:26:49
[INFO] [stdout]    |
[INFO] [stdout] 26 | const _PROTOBUF_VERSION_CHECK: () = ::protobuf::VERSION_3_2_0;
[INFO] [stdout]    |                                                 ^^^^^^^^^^^^^ help: a constant with a similar name exists: `VERSION_3_3_0`
[INFO] [stdout]    |
[INFO] [stdout]   ::: /opt/rustwide/target/debug/build/protobuf-be71526e8728d3ea/out/version.rs:7:1
[INFO] [stdout]    |
[INFO] [stdout] 7  | pub const VERSION_3_3_0: () = ();
[INFO] [stdout]    | --------------------------- similarly named constant `VERSION_3_3_0` defined here
[INFO] [stdout] 
[INFO] [stdout] 
[INFO] [stdout] error[E0425]: cannot find value `VERSION_3_2_0` in crate `protobuf`
[INFO] [stdout]   --> src/protos/function.rs:26:49
[INFO] [stdout]    |
[INFO] [stdout] 26 | const _PROTOBUF_VERSION_CHECK: () = ::protobuf::VERSION_3_2_0;
[INFO] [stdout]    |                                                 ^^^^^^^^^^^^^ help: a constant with a similar name exists: `VERSION_3_3_0`
[INFO] [stdout]    |
[INFO] [stdout]   ::: /opt/rustwide/target/debug/build/protobuf-be71526e8728d3ea/out/version.rs:7:1
[INFO] [stdout]    |
[INFO] [stdout] 7  | pub const VERSION_3_3_0: () = ();
[INFO] [stdout]    | --------------------------- similarly named constant `VERSION_3_3_0` defined here
[INFO] [stdout] 
[INFO] [stdout] 
[INFO] [stdout] error[E0425]: cannot find value `VERSION_3_2_0` in crate `protobuf`
[INFO] [stdout]   --> src/protos/graph.rs:26:49
[INFO] [stdout]    |
[INFO] [stdout] 26 | const _PROTOBUF_VERSION_CHECK: () = ::protobuf::VERSION_3_2_0;
[INFO] [stdout]    |                                                 ^^^^^^^^^^^^^ help: a constant with a similar name exists: `VERSION_3_3_0`
[INFO] [stdout]    |
[INFO] [stdout]   ::: /opt/rustwide/target/debug/build/protobuf-be71526e8728d3ea/out/version.rs:7:1
[INFO] [stdout]    |
[INFO] [stdout] 7  | pub const VERSION_3_3_0: () = ();
[INFO] [stdout]    | --------------------------- similarly named constant `VERSION_3_3_0` defined here
[INFO] [stdout] 
[INFO] [stdout] 
[INFO] [stdout] error[E0425]: cannot find value `VERSION_3_2_0` in crate `protobuf`
[INFO] [stdout]   --> src/protos/node_def.rs:26:49
[INFO] [stdout]    |
[INFO] [stdout] 26 | const _PROTOBUF_VERSION_CHECK: () = ::protobuf::VERSION_3_2_0;
[INFO] [stdout]    |                                                 ^^^^^^^^^^^^^ help: a constant with a similar name exists: `VERSION_3_3_0`
[INFO] [stdout]    |
[INFO] [stdout]   ::: /opt/rustwide/target/debug/build/protobuf-be71526e8728d3ea/out/version.rs:7:1
[INFO] [stdout]    |
[INFO] [stdout] 7  | pub const VERSION_3_3_0: () = ();
[INFO] [stdout]    | --------------------------- similarly named constant `VERSION_3_3_0` defined here
[INFO] [stdout] 
[INFO] [stdout] 
[INFO] [stdout] error[E0425]: cannot find value `VERSION_3_2_0` in crate `protobuf`
[INFO] [stdout]   --> src/protos/op_def.rs:26:49
[INFO] [stdout]    |
[INFO] [stdout] 26 | const _PROTOBUF_VERSION_CHECK: () = ::protobuf::VERSION_3_2_0;
[INFO] [stdout]    |                                                 ^^^^^^^^^^^^^ help: a constant with a similar name exists: `VERSION_3_3_0`
[INFO] [stdout]    |
[INFO] [stdout]   ::: /opt/rustwide/target/debug/build/protobuf-be71526e8728d3ea/out/version.rs:7:1
[INFO] [stdout]    |
[INFO] [stdout] 7  | pub const VERSION_3_3_0: () = ();
[INFO] [stdout]    | --------------------------- similarly named constant `VERSION_3_3_0` defined here
[INFO] [stdout] 
[INFO] [stdout] 
[INFO] [stdout] error[E0425]: cannot find value `VERSION_3_2_0` in crate `protobuf`
[INFO] [stdout]   --> src/protos/resource_handle.rs:26:49
[INFO] [stdout]    |
[INFO] [stdout] 26 | const _PROTOBUF_VERSION_CHECK: () = ::protobuf::VERSION_3_2_0;
[INFO] [stdout]    |                                                 ^^^^^^^^^^^^^ help: a constant with a similar name exists: `VERSION_3_3_0`
[INFO] [stdout]    |
[INFO] [stdout]   ::: /opt/rustwide/target/debug/build/protobuf-be71526e8728d3ea/out/version.rs:7:1
[INFO] [stdout]    |
[INFO] [stdout] 7  | pub const VERSION_3_3_0: () = ();
[INFO] [stdout]    | --------------------------- similarly named constant `VERSION_3_3_0` defined here
[INFO] [stdout] 
[INFO] [stdout] 
[INFO] [stdout] error[E0425]: cannot find value `VERSION_3_2_0` in crate `protobuf`
[INFO] [stdout]   --> src/protos/tensor.rs:26:49
[INFO] [stdout]    |
[INFO] [stdout] 26 | const _PROTOBUF_VERSION_CHECK: () = ::protobuf::VERSION_3_2_0;
[INFO] [stdout]    |                                                 ^^^^^^^^^^^^^ help: a constant with a similar name exists: `VERSION_3_3_0`
[INFO] [stdout]    |
[INFO] [stdout]   ::: /opt/rustwide/target/debug/build/protobuf-be71526e8728d3ea/out/version.rs:7:1
[INFO] [stdout]    |
[INFO] [stdout] 7  | pub const VERSION_3_3_0: () = ();
[INFO] [stdout]    | --------------------------- similarly named constant `VERSION_3_3_0` defined here
[INFO] [stdout] 
[INFO] [stdout] 
[INFO] [stdout] error[E0425]: cannot find value `VERSION_3_2_0` in crate `protobuf`
[INFO] [stdout]   --> src/protos/tensor_shape.rs:26:49
[INFO] [stdout]    |
[INFO] [stdout] 26 | const _PROTOBUF_VERSION_CHECK: () = ::protobuf::VERSION_3_2_0;
[INFO] [stdout]    |                                                 ^^^^^^^^^^^^^ help: a constant with a similar name exists: `VERSION_3_3_0`
[INFO] [stdout]    |
[INFO] [stdout]   ::: /opt/rustwide/target/debug/build/protobuf-be71526e8728d3ea/out/version.rs:7:1
[INFO] [stdout]    |
[INFO] [stdout] 7  | pub const VERSION_3_3_0: () = ();
[INFO] [stdout]    | --------------------------- similarly named constant `VERSION_3_3_0` defined here
[INFO] [stdout] 
[INFO] [stdout] 
[INFO] [stdout] error[E0425]: cannot find value `VERSION_3_2_0` in crate `protobuf`
[INFO] [stdout]   --> src/protos/types.rs:26:49
[INFO] [stdout]    |
[INFO] [stdout] 26 | const _PROTOBUF_VERSION_CHECK: () = ::protobuf::VERSION_3_2_0;
[INFO] [stdout]    |                                                 ^^^^^^^^^^^^^ help: a constant with a similar name exists: `VERSION_3_3_0`
[INFO] [stdout]    |
[INFO] [stdout]   ::: /opt/rustwide/target/debug/build/protobuf-be71526e8728d3ea/out/version.rs:7:1
[INFO] [stdout]    |
[INFO] [stdout] 7  | pub const VERSION_3_3_0: () = ();
[INFO] [stdout]    | --------------------------- similarly named constant `VERSION_3_3_0` defined here
[INFO] [stdout] 
[INFO] [stdout] 
[INFO] [stdout] error[E0425]: cannot find value `VERSION_3_2_0` in crate `protobuf`
[INFO] [stdout]   --> src/protos/versions.rs:26:49
[INFO] [stdout]    |
[INFO] [stdout] 26 | const _PROTOBUF_VERSION_CHECK: () = ::protobuf::VERSION_3_2_0;
[INFO] [stdout]    |                                                 ^^^^^^^^^^^^^ help: a constant with a similar name exists: `VERSION_3_3_0`
[INFO] [stdout]    |
[INFO] [stdout]   ::: /opt/rustwide/target/debug/build/protobuf-be71526e8728d3ea/out/version.rs:7:1
[INFO] [stdout]    |
[INFO] [stdout] 7  | pub const VERSION_3_3_0: () = ();
[INFO] [stdout]    | --------------------------- similarly named constant `VERSION_3_3_0` defined here
[INFO] [stdout] 
[INFO] [stdout] 
[INFO] [stdout] error[E0046]: not all trait items implemented, missing: `from_str`
[INFO] [stdout]    --> src/protos/full_type.rs:390:1
[INFO] [stdout]     |
[INFO] [stdout] 390 | impl ::protobuf::Enum for FullTypeId {
[INFO] [stdout]     | ^^^^^^^^^^^^^^^^^^^^^^^^^^^^^^^^^^^^ missing `from_str` in implementation
[INFO] [stdout]     |
[INFO] [stdout]     = help: implement the missing item: `fn from_str(_: &str) -> std::option::Option<Self> { todo!() }`
[INFO] [stdout] 
[INFO] [stdout] 
[INFO] [stdout] error[E0046]: not all trait items implemented, missing: `from_str`
[INFO] [stdout]    --> src/protos/types.rs:257:1
[INFO] [stdout]     |
[INFO] [stdout] 257 | impl ::protobuf::Enum for DataType {
[INFO] [stdout]     | ^^^^^^^^^^^^^^^^^^^^^^^^^^^^^^^^^^ missing `from_str` in implementation
[INFO] [stdout]     |
[INFO] [stdout]     = help: implement the missing item: `fn from_str(_: &str) -> std::option::Option<Self> { todo!() }`
[INFO] [stdout] 
[INFO] [stdout] 
[INFO] [stdout] error: aborting due to 13 previous errors
[INFO] [stdout] 
[INFO] [stdout] 
[INFO] [stdout] Some errors have detailed explanations: E0046, E0425.
[INFO] [stdout] 
[INFO] [stdout] For more information about an error, try `rustc --explain E0046`.
[INFO] [stdout] 
[INFO] [stderr] error: could not compile `tensorflow-protobuf` (lib) due to 14 previous errors
[INFO] [stderr] warning: build failed, waiting for other jobs to finish...
[INFO] running `Command { std: "docker" "inspect" "58531969bed04acd811d6ff3027b122698a71fb3277abba3ba56275eea843727", kill_on_drop: false }`
[INFO] running `Command { std: "docker" "rm" "-f" "58531969bed04acd811d6ff3027b122698a71fb3277abba3ba56275eea843727", kill_on_drop: false }`
[INFO] [stdout] 58531969bed04acd811d6ff3027b122698a71fb3277abba3ba56275eea843727
