[INFO] fetching crate telbot-cf-worker 0.3.0...
[INFO] testing telbot-cf-worker-0.3.0 against 1.75.0 for beta-1.76-1
[INFO] extracting crate telbot-cf-worker 0.3.0 into /workspace/builds/worker-4-tc1/source
[INFO] validating manifest of crates.io crate telbot-cf-worker 0.3.0 on toolchain 1.75.0
[INFO] running `Command { std: CARGO_HOME="/workspace/cargo-home" RUSTUP_HOME="/workspace/rustup-home" "/workspace/cargo-home/bin/cargo" "+1.75.0" "metadata" "--manifest-path" "Cargo.toml" "--no-deps", kill_on_drop: false }`
[INFO] started tweaking crates.io crate telbot-cf-worker 0.3.0
[INFO] finished tweaking crates.io crate telbot-cf-worker 0.3.0
[INFO] tweaked toml for crates.io crate telbot-cf-worker 0.3.0 written to /workspace/builds/worker-4-tc1/source/Cargo.toml
[INFO] running `Command { std: CARGO_HOME="/workspace/cargo-home" RUSTUP_HOME="/workspace/rustup-home" "/workspace/cargo-home/bin/cargo" "+1.75.0" "generate-lockfile" "--manifest-path" "Cargo.toml", kill_on_drop: false }`
[INFO] [stderr]     Updating crates.io index
[INFO] running `Command { std: CARGO_HOME="/workspace/cargo-home" RUSTUP_HOME="/workspace/rustup-home" "/workspace/cargo-home/bin/cargo" "+1.75.0" "fetch" "--manifest-path" "Cargo.toml", kill_on_drop: false }`
[INFO] [stderr]  Downloading crates ...
[INFO] [stderr]   Downloaded parse-zoneinfo v0.1.1
[INFO] [stderr]   Downloaded telbot-types v0.3.0
[INFO] [stderr]   Downloaded worker v0.0.7
[INFO] [stderr]   Downloaded chrono-tz v0.4.1
[INFO] [stderr]   Downloaded worker-sys v0.0.2
[INFO] [stderr]   Downloaded worker-macros v0.0.2
[INFO] [stderr]   Downloaded worker-kv v0.4.0
[INFO] running `Command { std: "docker" "create" "-v" "/var/lib/crater-agent-workspace/builds/worker-4-tc1/target:/opt/rustwide/target:rw,Z" "-v" "/var/lib/crater-agent-workspace/builds/worker-4-tc1/source:/opt/rustwide/workdir:ro,Z" "-v" "/var/lib/crater-agent-workspace/cargo-home:/opt/rustwide/cargo-home:ro,Z" "-v" "/var/lib/crater-agent-workspace/rustup-home:/opt/rustwide/rustup-home:ro,Z" "-e" "SOURCE_DIR=/opt/rustwide/workdir" "-e" "CARGO_TARGET_DIR=/opt/rustwide/target" "-e" "CARGO_HOME=/opt/rustwide/cargo-home" "-e" "RUSTUP_HOME=/opt/rustwide/rustup-home" "-w" "/opt/rustwide/workdir" "-m" "1610612736" "--user" "0:0" "--network" "none" "ghcr.io/rust-lang/crates-build-env/linux@sha256:2788e3201cd34a07e3172128adcd8b3090168a8e3bcc40d7c032b9dda1df7d1c" "/opt/rustwide/cargo-home/bin/cargo" "+1.75.0" "metadata" "--no-deps" "--format-version=1", kill_on_drop: false }`
[INFO] [stdout] 0afd0027f3764754a84d31f5ec4e44d9773a0332cc4823572c597163b90fadf7
[INFO] running `Command { std: "docker" "start" "-a" "0afd0027f3764754a84d31f5ec4e44d9773a0332cc4823572c597163b90fadf7", kill_on_drop: false }`
[INFO] running `Command { std: "docker" "inspect" "0afd0027f3764754a84d31f5ec4e44d9773a0332cc4823572c597163b90fadf7", kill_on_drop: false }`
[INFO] running `Command { std: "docker" "rm" "-f" "0afd0027f3764754a84d31f5ec4e44d9773a0332cc4823572c597163b90fadf7", kill_on_drop: false }`
[INFO] [stdout] 0afd0027f3764754a84d31f5ec4e44d9773a0332cc4823572c597163b90fadf7
[INFO] running `Command { std: "docker" "create" "-v" "/var/lib/crater-agent-workspace/builds/worker-4-tc1/target:/opt/rustwide/target:rw,Z" "-v" "/var/lib/crater-agent-workspace/builds/worker-4-tc1/source:/opt/rustwide/workdir:ro,Z" "-v" "/var/lib/crater-agent-workspace/cargo-home:/opt/rustwide/cargo-home:ro,Z" "-v" "/var/lib/crater-agent-workspace/rustup-home:/opt/rustwide/rustup-home:ro,Z" "-e" "SOURCE_DIR=/opt/rustwide/workdir" "-e" "CARGO_TARGET_DIR=/opt/rustwide/target" "-e" "CARGO_INCREMENTAL=0" "-e" "RUST_BACKTRACE=full" "-e" "RUSTFLAGS=--cap-lints=warn" "-e" "RUSTDOCFLAGS=--cap-lints=warn" "-e" "CARGO_HOME=/opt/rustwide/cargo-home" "-e" "RUSTUP_HOME=/opt/rustwide/rustup-home" "-w" "/opt/rustwide/workdir" "-m" "1610612736" "--user" "0:0" "--network" "none" "ghcr.io/rust-lang/crates-build-env/linux@sha256:2788e3201cd34a07e3172128adcd8b3090168a8e3bcc40d7c032b9dda1df7d1c" "/opt/rustwide/cargo-home/bin/cargo" "+1.75.0" "build" "--frozen" "--message-format=json", kill_on_drop: false }`
[INFO] [stdout] e059137ea5625f7f36b520aa700b6d4052d48822f53dfa0c47cf9af15e8f629f
[INFO] running `Command { std: "docker" "start" "-a" "e059137ea5625f7f36b520aa700b6d4052d48822f53dfa0c47cf9af15e8f629f", kill_on_drop: false }`
[INFO] [stderr]    Compiling wasm-bindgen-shared v0.2.89
[INFO] [stderr]    Compiling bumpalo v3.14.0
[INFO] [stderr]    Compiling once_cell v1.19.0
[INFO] [stderr]    Compiling wasm-bindgen v0.2.89
[INFO] [stderr]    Compiling regex v0.2.11
[INFO] [stderr]    Compiling syn v2.0.48
[INFO] [stderr]    Compiling ucd-util v0.1.10
[INFO] [stderr]    Compiling lazy_static v1.4.0
[INFO] [stderr]    Compiling unicase v2.7.0
[INFO] [stderr]    Compiling regex-syntax v0.5.6
[INFO] [stderr]    Compiling thread_local v0.3.6
[INFO] [stderr]    Compiling aho-corasick v0.6.10
[INFO] [stderr]    Compiling utf8-ranges v1.0.5
[INFO] [stderr]    Compiling num-traits v0.2.17
[INFO] [stderr]    Compiling futures-core v0.3.30
[INFO] [stderr]    Compiling futures-sink v0.3.30
[INFO] [stderr]    Compiling futures-channel v0.3.30
[INFO] [stderr]    Compiling getrandom v0.2.11
[INFO] [stderr]    Compiling async-trait v0.1.77
[INFO] [stderr]    Compiling futures-io v0.3.30
[INFO] [stderr]    Compiling rustix v0.38.28
[INFO] [stderr]    Compiling syn v1.0.109
[INFO] [stderr]    Compiling mime_guess v2.0.4
[INFO] [stderr]    Compiling rand_core v0.6.4
[INFO] [stderr]    Compiling linux-raw-sys v0.4.12
[INFO] [stderr]    Compiling bitflags v2.4.1
[INFO] [stderr]    Compiling cfg-if v0.1.10
[INFO] [stderr]    Compiling iana-time-zone v0.1.59
[INFO] [stderr]    Compiling rand_chacha v0.3.1
[INFO] [stderr]    Compiling mime v0.3.17
[INFO] [stderr]    Compiling bytes v1.5.0
[INFO] [stderr]    Compiling chrono v0.4.31
[INFO] [stderr]    Compiling http v0.2.11
[INFO] [stderr]    Compiling url v2.5.0
[INFO] [stderr]    Compiling parse-zoneinfo v0.1.1
[INFO] [stderr]    Compiling wasm-bindgen-backend v0.2.89
[INFO] [stderr]    Compiling tempfile v3.9.0
[INFO] [stderr]    Compiling rand v0.8.5
[INFO] [stderr]    Compiling matchit v0.4.6
[INFO] [stderr]    Compiling chrono-tz v0.4.1
[INFO] [stderr]    Compiling multipart v0.18.0
[INFO] [stderr]    Compiling wasm-bindgen-macro-support v0.2.89
[INFO] [stderr]    Compiling serde_derive v1.0.194
[INFO] [stderr]    Compiling futures-macro v0.3.30
[INFO] [stderr]    Compiling thiserror-impl v1.0.56
[INFO] [stderr]    Compiling wasm-bindgen-macro v0.2.89
[INFO] [stderr]    Compiling futures-util v0.3.30
[INFO] [stderr]    Compiling thiserror v1.0.56
[INFO] [stderr]    Compiling serde v1.0.194
[INFO] [stderr]    Compiling futures-executor v0.3.30
[INFO] [stderr]    Compiling futures v0.3.30
[INFO] [stderr]    Compiling serde_json v1.0.111
[INFO] [stderr]    Compiling telbot-types v0.3.0
[INFO] [stderr]    Compiling js-sys v0.3.66
[INFO] [stderr]    Compiling web-sys v0.3.66
[INFO] [stderr]    Compiling wasm-bindgen-futures v0.4.39
[INFO] [stderr]    Compiling worker-kv v0.4.0
[INFO] [stderr]    Compiling worker-sys v0.0.2
[INFO] [stderr]    Compiling worker-macros v0.0.2
[INFO] [stdout] error[E0432]: unresolved imports `syn::FnArg`, `syn::ImplItem`, `syn::PatType`, `syn::Item`
[INFO] [stdout]    --> /opt/rustwide/cargo-home/registry/src/index.crates.io-6f17d22bba15001f/worker-macros-0.0.2/src/durable_object.rs:3:29
[INFO] [stdout]     |
[INFO] [stdout] 3   | use syn::{spanned::Spanned, FnArg, Error, ImplItem, Type, TypePath, PatType, Item};
[INFO] [stdout]     |                             ^^^^^         ^^^^^^^^                  ^^^^^^^  ^^^^ no `Item` in the root
[INFO] [stdout]     |                             |             |                         |
[INFO] [stdout]     |                             |             |                         no `PatType` in the root
[INFO] [stdout]     |                             |             no `ImplItem` in the root
[INFO] [stdout]     |                             no `FnArg` in the root
[INFO] [stdout]     |
[INFO] [stdout] note: found an item that was configured out
[INFO] [stdout]    --> /opt/rustwide/cargo-home/registry/src/index.crates.io-6f17d22bba15001f/syn-1.0.109/src/lib.rs:363:5
[INFO] [stdout]     |
[INFO] [stdout] 363 |     FnArg, ForeignItem, ForeignItemFn, ForeignItemMacro, ForeignItemStatic, ForeignItemType,
[INFO] [stdout]     |     ^^^^^
[INFO] [stdout]     = note: the item is gated behind the `full` feature
[INFO] [stdout] note: found an item that was configured out
[INFO] [stdout]    --> /opt/rustwide/cargo-home/registry/src/index.crates.io-6f17d22bba15001f/syn-1.0.109/src/lib.rs:364:5
[INFO] [stdout]     |
[INFO] [stdout] 364 |     ImplItem, ImplItemConst, ImplItemMacro, ImplItemMethod, ImplItemType, Item, ItemConst,
[INFO] [stdout]     |     ^^^^^^^^
[INFO] [stdout]     = note: the item is gated behind the `full` feature
[INFO] [stdout] note: found an item that was configured out
[INFO] [stdout]    --> /opt/rustwide/cargo-home/registry/src/index.crates.io-6f17d22bba15001f/syn-1.0.109/src/lib.rs:418:61
[INFO] [stdout]     |
[INFO] [stdout] 418 |     PatRest, PatSlice, PatStruct, PatTuple, PatTupleStruct, PatType, PatWild,
[INFO] [stdout]     |                                                             ^^^^^^^
[INFO] [stdout]     = note: the item is gated behind the `full` feature
[INFO] [stdout] note: found an item that was configured out
[INFO] [stdout]    --> /opt/rustwide/cargo-home/registry/src/index.crates.io-6f17d22bba15001f/syn-1.0.109/src/lib.rs:364:75
[INFO] [stdout]     |
[INFO] [stdout] 364 |     ImplItem, ImplItemConst, ImplItemMacro, ImplItemMethod, ImplItemType, Item, ItemConst,
[INFO] [stdout]     |                                                                           ^^^^
[INFO] [stdout]     = note: the item is gated behind the `full` feature
[INFO] [stdout] 
[INFO] [stdout] 
[INFO] [stdout] error[E0432]: unresolved import `syn::ItemFn`
[INFO] [stdout]    --> /opt/rustwide/cargo-home/registry/src/index.crates.io-6f17d22bba15001f/worker-macros-0.0.2/src/event.rs:3:75
[INFO] [stdout]     |
[INFO] [stdout] 3   | use syn::{parse_macro_input, punctuated::Punctuated, token::Comma, Ident, ItemFn};
[INFO] [stdout]     |                                                                           ^^^^^^ no `ItemFn` in the root
[INFO] [stdout]     |
[INFO] [stdout] note: found an item that was configured out
[INFO] [stdout]    --> /opt/rustwide/cargo-home/registry/src/index.crates.io-6f17d22bba15001f/syn-1.0.109/src/lib.rs:365:32
[INFO] [stdout]     |
[INFO] [stdout] 365 |     ItemEnum, ItemExternCrate, ItemFn, ItemForeignMod, ItemImpl, ItemMacro, ItemMacro2, ItemMod,
[INFO] [stdout]     |                                ^^^^^^
[INFO] [stdout]     = note: the item is gated behind the `full` feature
[INFO] [stdout] 
[INFO] [stdout] 
[INFO] [stdout] error: aborting due to 2 previous errors
[INFO] [stdout] 
[INFO] [stdout] 
[INFO] [stdout] For more information about this error, try `rustc --explain E0432`.
[INFO] [stdout] 
[INFO] [stderr] error: could not compile `worker-macros` (lib) due to 3 previous errors
[INFO] running `Command { std: "docker" "inspect" "e059137ea5625f7f36b520aa700b6d4052d48822f53dfa0c47cf9af15e8f629f", kill_on_drop: false }`
[INFO] running `Command { std: "docker" "rm" "-f" "e059137ea5625f7f36b520aa700b6d4052d48822f53dfa0c47cf9af15e8f629f", kill_on_drop: false }`
[INFO] [stdout] e059137ea5625f7f36b520aa700b6d4052d48822f53dfa0c47cf9af15e8f629f
[INFO] testing telbot-cf-worker-0.3.0 against beta-2023-12-22 for beta-1.76-1
[INFO] extracting crate telbot-cf-worker 0.3.0 into /workspace/builds/worker-4-tc2/source
[INFO] validating manifest of crates.io crate telbot-cf-worker 0.3.0 on toolchain beta-2023-12-22
[INFO] running `Command { std: CARGO_HOME="/workspace/cargo-home" RUSTUP_HOME="/workspace/rustup-home" "/workspace/cargo-home/bin/cargo" "+beta-2023-12-22" "metadata" "--manifest-path" "Cargo.toml" "--no-deps", kill_on_drop: false }`
[INFO] started tweaking crates.io crate telbot-cf-worker 0.3.0
[INFO] finished tweaking crates.io crate telbot-cf-worker 0.3.0
[INFO] tweaked toml for crates.io crate telbot-cf-worker 0.3.0 written to /workspace/builds/worker-4-tc2/source/Cargo.toml
[INFO] running `Command { std: CARGO_HOME="/workspace/cargo-home" RUSTUP_HOME="/workspace/rustup-home" "/workspace/cargo-home/bin/cargo" "+beta-2023-12-22" "generate-lockfile" "--manifest-path" "Cargo.toml", kill_on_drop: false }`
[INFO] [stderr]     Updating crates.io index
[INFO] running `Command { std: CARGO_HOME="/workspace/cargo-home" RUSTUP_HOME="/workspace/rustup-home" "/workspace/cargo-home/bin/cargo" "+beta-2023-12-22" "fetch" "--manifest-path" "Cargo.toml", kill_on_drop: false }`
[INFO] running `Command { std: "docker" "create" "-v" "/var/lib/crater-agent-workspace/builds/worker-4-tc2/target:/opt/rustwide/target:rw,Z" "-v" "/var/lib/crater-agent-workspace/builds/worker-4-tc2/source:/opt/rustwide/workdir:ro,Z" "-v" "/var/lib/crater-agent-workspace/cargo-home:/opt/rustwide/cargo-home:ro,Z" "-v" "/var/lib/crater-agent-workspace/rustup-home:/opt/rustwide/rustup-home:ro,Z" "-e" "SOURCE_DIR=/opt/rustwide/workdir" "-e" "CARGO_TARGET_DIR=/opt/rustwide/target" "-e" "CARGO_HOME=/opt/rustwide/cargo-home" "-e" "RUSTUP_HOME=/opt/rustwide/rustup-home" "-w" "/opt/rustwide/workdir" "-m" "1610612736" "--user" "0:0" "--network" "none" "ghcr.io/rust-lang/crates-build-env/linux@sha256:2788e3201cd34a07e3172128adcd8b3090168a8e3bcc40d7c032b9dda1df7d1c" "/opt/rustwide/cargo-home/bin/cargo" "+beta-2023-12-22" "metadata" "--no-deps" "--format-version=1", kill_on_drop: false }`
[INFO] [stdout] 0477623cc51a6e00df7b6ef5c9c93dcf42cc1dac56ccaf3fb204392e9097c345
[INFO] running `Command { std: "docker" "start" "-a" "0477623cc51a6e00df7b6ef5c9c93dcf42cc1dac56ccaf3fb204392e9097c345", kill_on_drop: false }`
[INFO] running `Command { std: "docker" "inspect" "0477623cc51a6e00df7b6ef5c9c93dcf42cc1dac56ccaf3fb204392e9097c345", kill_on_drop: false }`
[INFO] running `Command { std: "docker" "rm" "-f" "0477623cc51a6e00df7b6ef5c9c93dcf42cc1dac56ccaf3fb204392e9097c345", kill_on_drop: false }`
[INFO] [stdout] 0477623cc51a6e00df7b6ef5c9c93dcf42cc1dac56ccaf3fb204392e9097c345
[INFO] running `Command { std: "docker" "create" "-v" "/var/lib/crater-agent-workspace/builds/worker-4-tc2/target:/opt/rustwide/target:rw,Z" "-v" "/var/lib/crater-agent-workspace/builds/worker-4-tc2/source:/opt/rustwide/workdir:ro,Z" "-v" "/var/lib/crater-agent-workspace/cargo-home:/opt/rustwide/cargo-home:ro,Z" "-v" "/var/lib/crater-agent-workspace/rustup-home:/opt/rustwide/rustup-home:ro,Z" "-e" "SOURCE_DIR=/opt/rustwide/workdir" "-e" "CARGO_TARGET_DIR=/opt/rustwide/target" "-e" "CARGO_INCREMENTAL=0" "-e" "RUST_BACKTRACE=full" "-e" "RUSTFLAGS=--cap-lints=warn" "-e" "RUSTDOCFLAGS=--cap-lints=warn" "-e" "CARGO_HOME=/opt/rustwide/cargo-home" "-e" "RUSTUP_HOME=/opt/rustwide/rustup-home" "-w" "/opt/rustwide/workdir" "-m" "1610612736" "--user" "0:0" "--network" "none" "ghcr.io/rust-lang/crates-build-env/linux@sha256:2788e3201cd34a07e3172128adcd8b3090168a8e3bcc40d7c032b9dda1df7d1c" "/opt/rustwide/cargo-home/bin/cargo" "+beta-2023-12-22" "build" "--frozen" "--message-format=json", kill_on_drop: false }`
[INFO] [stdout] 9a5188767884ae32bc0ca73d9573a6188167b6e16fc58905610da022f857840f
[INFO] running `Command { std: "docker" "start" "-a" "9a5188767884ae32bc0ca73d9573a6188167b6e16fc58905610da022f857840f", kill_on_drop: false }`
[INFO] [stderr]    Compiling wasm-bindgen-shared v0.2.89
[INFO] [stderr]    Compiling bumpalo v3.14.0
[INFO] [stderr]    Compiling once_cell v1.19.0
[INFO] [stderr]    Compiling syn v2.0.48
[INFO] [stderr]    Compiling wasm-bindgen v0.2.89
[INFO] [stderr]    Compiling regex v0.2.11
[INFO] [stderr]    Compiling lazy_static v1.4.0
[INFO] [stderr]    Compiling ucd-util v0.1.10
[INFO] [stderr]    Compiling thread_local v0.3.6
[INFO] [stderr]    Compiling regex-syntax v0.5.6
[INFO] [stderr]    Compiling unicase v2.7.0
[INFO] [stderr]    Compiling aho-corasick v0.6.10
[INFO] [stderr]    Compiling utf8-ranges v1.0.5
[INFO] [stderr]    Compiling num-traits v0.2.17
[INFO] [stderr]    Compiling futures-core v0.3.30
[INFO] [stderr]    Compiling futures-sink v0.3.30
[INFO] [stderr]    Compiling getrandom v0.2.11
[INFO] [stderr]    Compiling futures-channel v0.3.30
[INFO] [stderr]    Compiling syn v1.0.109
[INFO] [stderr]    Compiling rustix v0.38.28
[INFO] [stderr]    Compiling async-trait v0.1.77
[INFO] [stderr]    Compiling futures-io v0.3.30
[INFO] [stderr]    Compiling mime_guess v2.0.4
[INFO] [stderr]    Compiling rand_core v0.6.4
[INFO] [stderr]    Compiling linux-raw-sys v0.4.12
[INFO] [stderr]    Compiling bitflags v2.4.1
[INFO] [stderr]    Compiling cfg-if v0.1.10
[INFO] [stderr]    Compiling iana-time-zone v0.1.59
[INFO] [stderr]    Compiling rand_chacha v0.3.1
[INFO] [stderr]    Compiling mime v0.3.17
[INFO] [stderr]    Compiling bytes v1.5.0
[INFO] [stderr]    Compiling chrono v0.4.31
[INFO] [stderr]    Compiling rand v0.8.5
[INFO] [stderr]    Compiling http v0.2.11
[INFO] [stderr]    Compiling url v2.5.0
[INFO] [stderr]    Compiling matchit v0.4.6
[INFO] [stderr]    Compiling parse-zoneinfo v0.1.1
[INFO] [stderr]    Compiling wasm-bindgen-backend v0.2.89
[INFO] [stderr]    Compiling tempfile v3.9.0
[INFO] [stderr]    Compiling multipart v0.18.0
[INFO] [stderr]    Compiling chrono-tz v0.4.1
[INFO] [stderr]    Compiling serde_derive v1.0.194
[INFO] [stderr]    Compiling futures-macro v0.3.30
[INFO] [stderr]    Compiling thiserror-impl v1.0.56
[INFO] [stderr]    Compiling wasm-bindgen-macro-support v0.2.89
[INFO] [stderr]    Compiling wasm-bindgen-macro v0.2.89
[INFO] [stderr]    Compiling futures-util v0.3.30
[INFO] [stderr]    Compiling thiserror v1.0.56
[INFO] [stderr]    Compiling serde v1.0.194
[INFO] [stderr]    Compiling futures-executor v0.3.30
[INFO] [stderr]    Compiling futures v0.3.30
[INFO] [stderr]    Compiling serde_json v1.0.111
[INFO] [stderr]    Compiling telbot-types v0.3.0
[INFO] [stderr]    Compiling js-sys v0.3.66
[INFO] [stderr]    Compiling wasm-bindgen-futures v0.4.39
[INFO] [stderr]    Compiling web-sys v0.3.66
[INFO] [stderr]    Compiling worker-kv v0.4.0
[INFO] [stderr]    Compiling worker-sys v0.0.2
[INFO] [stderr]    Compiling worker-macros v0.0.2
[INFO] [stdout] error[E0432]: unresolved imports `syn::FnArg`, `syn::ImplItem`, `syn::PatType`, `syn::Item`
[INFO] [stdout]    --> /opt/rustwide/cargo-home/registry/src/index.crates.io-6f17d22bba15001f/worker-macros-0.0.2/src/durable_object.rs:3:29
[INFO] [stdout]     |
[INFO] [stdout] 3   | use syn::{spanned::Spanned, FnArg, Error, ImplItem, Type, TypePath, PatType, Item};
[INFO] [stdout]     |                             ^^^^^         ^^^^^^^^                  ^^^^^^^  ^^^^ no `Item` in the root
[INFO] [stdout]     |                             |             |                         |
[INFO] [stdout]     |                             |             |                         no `PatType` in the root
[INFO] [stdout]     |                             |             no `ImplItem` in the root
[INFO] [stdout]     |                             no `FnArg` in the root
[INFO] [stdout]     |
[INFO] [stdout] note: found an item that was configured out
[INFO] [stdout]    --> /opt/rustwide/cargo-home/registry/src/index.crates.io-6f17d22bba15001f/syn-1.0.109/src/lib.rs:363:5
[INFO] [stdout]     |
[INFO] [stdout] 363 |     FnArg, ForeignItem, ForeignItemFn, ForeignItemMacro, ForeignItemStatic, ForeignItemType,
[INFO] [stdout]     |     ^^^^^
[INFO] [stdout]     = note: the item is gated behind the `full` feature
[INFO] [stdout] note: found an item that was configured out
[INFO] [stdout]    --> /opt/rustwide/cargo-home/registry/src/index.crates.io-6f17d22bba15001f/syn-1.0.109/src/lib.rs:364:5
[INFO] [stdout]     |
[INFO] [stdout] 364 |     ImplItem, ImplItemConst, ImplItemMacro, ImplItemMethod, ImplItemType, Item, ItemConst,
[INFO] [stdout]     |     ^^^^^^^^
[INFO] [stdout]     = note: the item is gated behind the `full` feature
[INFO] [stdout] note: found an item that was configured out
[INFO] [stdout]    --> /opt/rustwide/cargo-home/registry/src/index.crates.io-6f17d22bba15001f/syn-1.0.109/src/lib.rs:418:61
[INFO] [stdout]     |
[INFO] [stdout] 418 |     PatRest, PatSlice, PatStruct, PatTuple, PatTupleStruct, PatType, PatWild,
[INFO] [stdout]     |                                                             ^^^^^^^
[INFO] [stdout]     = note: the item is gated behind the `full` feature
[INFO] [stdout] note: found an item that was configured out
[INFO] [stdout]    --> /opt/rustwide/cargo-home/registry/src/index.crates.io-6f17d22bba15001f/syn-1.0.109/src/lib.rs:364:75
[INFO] [stdout]     |
[INFO] [stdout] 364 |     ImplItem, ImplItemConst, ImplItemMacro, ImplItemMethod, ImplItemType, Item, ItemConst,
[INFO] [stdout]     |                                                                           ^^^^
[INFO] [stdout]     = note: the item is gated behind the `full` feature
[INFO] [stdout] 
[INFO] [stdout] 
[INFO] [stdout] error[E0432]: unresolved import `syn::ItemFn`
[INFO] [stdout]    --> /opt/rustwide/cargo-home/registry/src/index.crates.io-6f17d22bba15001f/worker-macros-0.0.2/src/event.rs:3:75
[INFO] [stdout]     |
[INFO] [stdout] 3   | use syn::{parse_macro_input, punctuated::Punctuated, token::Comma, Ident, ItemFn};
[INFO] [stdout]     |                                                                           ^^^^^^ no `ItemFn` in the root
[INFO] [stdout]     |
[INFO] [stdout] note: found an item that was configured out
[INFO] [stdout]    --> /opt/rustwide/cargo-home/registry/src/index.crates.io-6f17d22bba15001f/syn-1.0.109/src/lib.rs:365:32
[INFO] [stdout]     |
[INFO] [stdout] 365 |     ItemEnum, ItemExternCrate, ItemFn, ItemForeignMod, ItemImpl, ItemMacro, ItemMacro2, ItemMod,
[INFO] [stdout]     |                                ^^^^^^
[INFO] [stdout]     = note: the item is gated behind the `full` feature
[INFO] [stdout] 
[INFO] [stdout] 
[INFO] [stdout] error: aborting due to 2 previous errors
[INFO] [stdout] 
[INFO] [stdout] 
[INFO] [stdout] For more information about this error, try `rustc --explain E0432`.
[INFO] [stdout] 
[INFO] [stderr] error: could not compile `worker-macros` (lib) due to 3 previous errors
[INFO] running `Command { std: "docker" "inspect" "9a5188767884ae32bc0ca73d9573a6188167b6e16fc58905610da022f857840f", kill_on_drop: false }`
[INFO] running `Command { std: "docker" "rm" "-f" "9a5188767884ae32bc0ca73d9573a6188167b6e16fc58905610da022f857840f", kill_on_drop: false }`
[INFO] [stdout] 9a5188767884ae32bc0ca73d9573a6188167b6e16fc58905610da022f857840f
