[INFO] fetching crate tdlib-tl-gen 0.5.0...
[INFO] testing tdlib-tl-gen-0.5.0 against 1.75.0 for beta-1.76-1
[INFO] extracting crate tdlib-tl-gen 0.5.0 into /workspace/builds/worker-7-tc1/source
[INFO] validating manifest of crates.io crate tdlib-tl-gen 0.5.0 on toolchain 1.75.0
[INFO] running `Command { std: CARGO_HOME="/workspace/cargo-home" RUSTUP_HOME="/workspace/rustup-home" "/workspace/cargo-home/bin/cargo" "+1.75.0" "metadata" "--manifest-path" "Cargo.toml" "--no-deps", kill_on_drop: false }`
[INFO] started tweaking crates.io crate tdlib-tl-gen 0.5.0
[INFO] finished tweaking crates.io crate tdlib-tl-gen 0.5.0
[INFO] tweaked toml for crates.io crate tdlib-tl-gen 0.5.0 written to /workspace/builds/worker-7-tc1/source/Cargo.toml
[INFO] running `Command { std: CARGO_HOME="/workspace/cargo-home" RUSTUP_HOME="/workspace/rustup-home" "/workspace/cargo-home/bin/cargo" "+1.75.0" "generate-lockfile" "--manifest-path" "Cargo.toml", kill_on_drop: false }`
[INFO] [stderr]     Updating crates.io index
[INFO] running `Command { std: CARGO_HOME="/workspace/cargo-home" RUSTUP_HOME="/workspace/rustup-home" "/workspace/cargo-home/bin/cargo" "+1.75.0" "fetch" "--manifest-path" "Cargo.toml", kill_on_drop: false }`
[INFO] [stderr]  Downloading crates ...
[INFO] [stderr]   Downloaded tdlib-tl-parser v0.2.0
[INFO] running `Command { std: "docker" "create" "-v" "/var/lib/crater-agent-workspace/builds/worker-7-tc1/target:/opt/rustwide/target:rw,Z" "-v" "/var/lib/crater-agent-workspace/builds/worker-7-tc1/source:/opt/rustwide/workdir:ro,Z" "-v" "/var/lib/crater-agent-workspace/cargo-home:/opt/rustwide/cargo-home:ro,Z" "-v" "/var/lib/crater-agent-workspace/rustup-home:/opt/rustwide/rustup-home:ro,Z" "-e" "SOURCE_DIR=/opt/rustwide/workdir" "-e" "CARGO_TARGET_DIR=/opt/rustwide/target" "-e" "CARGO_HOME=/opt/rustwide/cargo-home" "-e" "RUSTUP_HOME=/opt/rustwide/rustup-home" "-w" "/opt/rustwide/workdir" "-m" "1610612736" "--user" "0:0" "--network" "none" "ghcr.io/rust-lang/crates-build-env/linux@sha256:2788e3201cd34a07e3172128adcd8b3090168a8e3bcc40d7c032b9dda1df7d1c" "/opt/rustwide/cargo-home/bin/cargo" "+1.75.0" "metadata" "--no-deps" "--format-version=1", kill_on_drop: false }`
[INFO] [stdout] ec7e8b63f8c7cb86a99af37101ecf6e9c8652c9d64229dfc7f5c056e1d3db12f
[INFO] running `Command { std: "docker" "start" "-a" "ec7e8b63f8c7cb86a99af37101ecf6e9c8652c9d64229dfc7f5c056e1d3db12f", kill_on_drop: false }`
[INFO] running `Command { std: "docker" "inspect" "ec7e8b63f8c7cb86a99af37101ecf6e9c8652c9d64229dfc7f5c056e1d3db12f", kill_on_drop: false }`
[INFO] running `Command { std: "docker" "rm" "-f" "ec7e8b63f8c7cb86a99af37101ecf6e9c8652c9d64229dfc7f5c056e1d3db12f", kill_on_drop: false }`
[INFO] [stdout] ec7e8b63f8c7cb86a99af37101ecf6e9c8652c9d64229dfc7f5c056e1d3db12f
[INFO] running `Command { std: "docker" "create" "-v" "/var/lib/crater-agent-workspace/builds/worker-7-tc1/target:/opt/rustwide/target:rw,Z" "-v" "/var/lib/crater-agent-workspace/builds/worker-7-tc1/source:/opt/rustwide/workdir:ro,Z" "-v" "/var/lib/crater-agent-workspace/cargo-home:/opt/rustwide/cargo-home:ro,Z" "-v" "/var/lib/crater-agent-workspace/rustup-home:/opt/rustwide/rustup-home:ro,Z" "-e" "SOURCE_DIR=/opt/rustwide/workdir" "-e" "CARGO_TARGET_DIR=/opt/rustwide/target" "-e" "CARGO_INCREMENTAL=0" "-e" "RUST_BACKTRACE=full" "-e" "RUSTFLAGS=--cap-lints=warn" "-e" "RUSTDOCFLAGS=--cap-lints=warn" "-e" "CARGO_HOME=/opt/rustwide/cargo-home" "-e" "RUSTUP_HOME=/opt/rustwide/rustup-home" "-w" "/opt/rustwide/workdir" "-m" "1610612736" "--user" "0:0" "--network" "none" "ghcr.io/rust-lang/crates-build-env/linux@sha256:2788e3201cd34a07e3172128adcd8b3090168a8e3bcc40d7c032b9dda1df7d1c" "/opt/rustwide/cargo-home/bin/cargo" "+1.75.0" "build" "--frozen" "--message-format=json", kill_on_drop: false }`
[INFO] [stdout] 0754b95178f1f6e5b7a5f7a6fba2cc37e7bb1a38e5f53e34d42d2ad99dbb33ed
[INFO] running `Command { std: "docker" "start" "-a" "0754b95178f1f6e5b7a5f7a6fba2cc37e7bb1a38e5f53e34d42d2ad99dbb33ed", kill_on_drop: false }`
[INFO] [stderr]    Compiling tdlib-tl-parser v0.2.0
[INFO] [stderr]    Compiling tdlib-tl-gen v0.5.0 (/opt/rustwide/workdir)
[INFO] [stderr]     Finished dev [unoptimized + debuginfo] target(s) in 0.30s
[INFO] running `Command { std: "docker" "inspect" "0754b95178f1f6e5b7a5f7a6fba2cc37e7bb1a38e5f53e34d42d2ad99dbb33ed", kill_on_drop: false }`
[INFO] running `Command { std: "docker" "rm" "-f" "0754b95178f1f6e5b7a5f7a6fba2cc37e7bb1a38e5f53e34d42d2ad99dbb33ed", kill_on_drop: false }`
[INFO] [stdout] 0754b95178f1f6e5b7a5f7a6fba2cc37e7bb1a38e5f53e34d42d2ad99dbb33ed
[INFO] running `Command { std: "docker" "create" "-v" "/var/lib/crater-agent-workspace/builds/worker-7-tc1/target:/opt/rustwide/target:rw,Z" "-v" "/var/lib/crater-agent-workspace/builds/worker-7-tc1/source:/opt/rustwide/workdir:ro,Z" "-v" "/var/lib/crater-agent-workspace/cargo-home:/opt/rustwide/cargo-home:ro,Z" "-v" "/var/lib/crater-agent-workspace/rustup-home:/opt/rustwide/rustup-home:ro,Z" "-e" "SOURCE_DIR=/opt/rustwide/workdir" "-e" "CARGO_TARGET_DIR=/opt/rustwide/target" "-e" "CARGO_INCREMENTAL=0" "-e" "RUST_BACKTRACE=full" "-e" "RUSTFLAGS=--cap-lints=warn" "-e" "RUSTDOCFLAGS=--cap-lints=warn" "-e" "CARGO_HOME=/opt/rustwide/cargo-home" "-e" "RUSTUP_HOME=/opt/rustwide/rustup-home" "-w" "/opt/rustwide/workdir" "-m" "1610612736" "--user" "0:0" "--network" "none" "ghcr.io/rust-lang/crates-build-env/linux@sha256:2788e3201cd34a07e3172128adcd8b3090168a8e3bcc40d7c032b9dda1df7d1c" "/opt/rustwide/cargo-home/bin/cargo" "+1.75.0" "test" "--frozen" "--no-run" "--message-format=json", kill_on_drop: false }`
[INFO] [stdout] 767d703828a81e056f9791ef0826b7412d86754b0a3d673093d949820d1d116a
[INFO] running `Command { std: "docker" "start" "-a" "767d703828a81e056f9791ef0826b7412d86754b0a3d673093d949820d1d116a", kill_on_drop: false }`
[INFO] [stderr]    Compiling tdlib-tl-gen v0.5.0 (/opt/rustwide/workdir)
[INFO] [stdout] error[E0061]: this function takes 2 arguments but 1 argument was supplied
[INFO] [stdout]    --> src/rustifier.rs:350:20
[INFO] [stdout]     |
[INFO] [stdout] 350 |         let name = types::qual_name(&ty);
[INFO] [stdout]     |                    ^^^^^^^^^^^^^^^^----- an argument of type `bool` is missing
[INFO] [stdout]     |
[INFO] [stdout] note: function defined here
[INFO] [stdout]    --> src/rustifier.rs:215:12
[INFO] [stdout]     |
[INFO] [stdout] 215 |     pub fn qual_name(ty: &Type, optional_generic_arg: bool) -> String {
[INFO] [stdout]     |            ^^^^^^^^^ ---------  --------------------------
[INFO] [stdout] help: provide the argument
[INFO] [stdout]     |
[INFO] [stdout] 350 |         let name = types::qual_name(&ty, /* bool */);
[INFO] [stdout]     |                                    ~~~~~~~~~~~~~~~~~
[INFO] [stdout] 
[INFO] [stdout] 
[INFO] [stdout] error[E0061]: this function takes 2 arguments but 1 argument was supplied
[INFO] [stdout]    --> src/rustifier.rs:357:20
[INFO] [stdout]     |
[INFO] [stdout] 357 |         let name = types::qual_name(&ty);
[INFO] [stdout]     |                    ^^^^^^^^^^^^^^^^----- an argument of type `bool` is missing
[INFO] [stdout]     |
[INFO] [stdout] note: function defined here
[INFO] [stdout]    --> src/rustifier.rs:215:12
[INFO] [stdout]     |
[INFO] [stdout] 215 |     pub fn qual_name(ty: &Type, optional_generic_arg: bool) -> String {
[INFO] [stdout]     |            ^^^^^^^^^ ---------  --------------------------
[INFO] [stdout] help: provide the argument
[INFO] [stdout]     |
[INFO] [stdout] 357 |         let name = types::qual_name(&ty, /* bool */);
[INFO] [stdout]     |                                    ~~~~~~~~~~~~~~~~~
[INFO] [stdout] 
[INFO] [stdout] 
[INFO] [stdout] error[E0061]: this function takes 2 arguments but 1 argument was supplied
[INFO] [stdout]    --> src/rustifier.rs:364:20
[INFO] [stdout]     |
[INFO] [stdout] 364 |         let name = types::qual_name(&ty);
[INFO] [stdout]     |                    ^^^^^^^^^^^^^^^^----- an argument of type `bool` is missing
[INFO] [stdout]     |
[INFO] [stdout] note: function defined here
[INFO] [stdout]    --> src/rustifier.rs:215:12
[INFO] [stdout]     |
[INFO] [stdout] 215 |     pub fn qual_name(ty: &Type, optional_generic_arg: bool) -> String {
[INFO] [stdout]     |            ^^^^^^^^^ ---------  --------------------------
[INFO] [stdout] help: provide the argument
[INFO] [stdout]     |
[INFO] [stdout] 364 |         let name = types::qual_name(&ty, /* bool */);
[INFO] [stdout]     |                                    ~~~~~~~~~~~~~~~~~
[INFO] [stdout] 
[INFO] [stdout] 
[INFO] [stdout] error[E0061]: this function takes 2 arguments but 1 argument was supplied
[INFO] [stdout]    --> src/rustifier.rs:371:20
[INFO] [stdout]     |
[INFO] [stdout] 371 |         let name = types::qual_name(&ty);
[INFO] [stdout]     |                    ^^^^^^^^^^^^^^^^----- an argument of type `bool` is missing
[INFO] [stdout]     |
[INFO] [stdout] note: function defined here
[INFO] [stdout]    --> src/rustifier.rs:215:12
[INFO] [stdout]     |
[INFO] [stdout] 215 |     pub fn qual_name(ty: &Type, optional_generic_arg: bool) -> String {
[INFO] [stdout]     |            ^^^^^^^^^ ---------  --------------------------
[INFO] [stdout] help: provide the argument
[INFO] [stdout]     |
[INFO] [stdout] 371 |         let name = types::qual_name(&ty, /* bool */);
[INFO] [stdout]     |                                    ~~~~~~~~~~~~~~~~~
[INFO] [stdout] 
[INFO] [stdout] 
[INFO] [stdout] error[E0061]: this function takes 2 arguments but 1 argument was supplied
[INFO] [stdout]    --> src/rustifier.rs:378:20
[INFO] [stdout]     |
[INFO] [stdout] 378 |         let name = types::qual_name(&ty);
[INFO] [stdout]     |                    ^^^^^^^^^^^^^^^^----- an argument of type `bool` is missing
[INFO] [stdout]     |
[INFO] [stdout] note: function defined here
[INFO] [stdout]    --> src/rustifier.rs:215:12
[INFO] [stdout]     |
[INFO] [stdout] 215 |     pub fn qual_name(ty: &Type, optional_generic_arg: bool) -> String {
[INFO] [stdout]     |            ^^^^^^^^^ ---------  --------------------------
[INFO] [stdout] help: provide the argument
[INFO] [stdout]     |
[INFO] [stdout] 378 |         let name = types::qual_name(&ty, /* bool */);
[INFO] [stdout]     |                                    ~~~~~~~~~~~~~~~~~
[INFO] [stdout] 
[INFO] [stdout] 
[INFO] [stdout] error[E0061]: this function takes 2 arguments but 1 argument was supplied
[INFO] [stdout]    --> src/rustifier.rs:385:20
[INFO] [stdout]     |
[INFO] [stdout] 385 |         let name = types::qual_name(&ty);
[INFO] [stdout]     |                    ^^^^^^^^^^^^^^^^----- an argument of type `bool` is missing
[INFO] [stdout]     |
[INFO] [stdout] note: function defined here
[INFO] [stdout]    --> src/rustifier.rs:215:12
[INFO] [stdout]     |
[INFO] [stdout] 215 |     pub fn qual_name(ty: &Type, optional_generic_arg: bool) -> String {
[INFO] [stdout]     |            ^^^^^^^^^ ---------  --------------------------
[INFO] [stdout] help: provide the argument
[INFO] [stdout]     |
[INFO] [stdout] 385 |         let name = types::qual_name(&ty, /* bool */);
[INFO] [stdout]     |                                    ~~~~~~~~~~~~~~~~~
[INFO] [stdout] 
[INFO] [stdout] 
[INFO] [stdout] error: aborting due to 6 previous errors
[INFO] [stdout] 
[INFO] [stdout] 
[INFO] [stdout] For more information about this error, try `rustc --explain E0061`.
[INFO] [stdout] 
[INFO] [stderr] error: could not compile `tdlib-tl-gen` (lib test) due to 7 previous errors
[INFO] running `Command { std: "docker" "inspect" "767d703828a81e056f9791ef0826b7412d86754b0a3d673093d949820d1d116a", kill_on_drop: false }`
[INFO] running `Command { std: "docker" "rm" "-f" "767d703828a81e056f9791ef0826b7412d86754b0a3d673093d949820d1d116a", kill_on_drop: false }`
[INFO] [stdout] 767d703828a81e056f9791ef0826b7412d86754b0a3d673093d949820d1d116a
[INFO] testing tdlib-tl-gen-0.5.0 against beta-2023-12-22 for beta-1.76-1
[INFO] extracting crate tdlib-tl-gen 0.5.0 into /workspace/builds/worker-7-tc2/source
[INFO] validating manifest of crates.io crate tdlib-tl-gen 0.5.0 on toolchain beta-2023-12-22
[INFO] running `Command { std: CARGO_HOME="/workspace/cargo-home" RUSTUP_HOME="/workspace/rustup-home" "/workspace/cargo-home/bin/cargo" "+beta-2023-12-22" "metadata" "--manifest-path" "Cargo.toml" "--no-deps", kill_on_drop: false }`
[INFO] started tweaking crates.io crate tdlib-tl-gen 0.5.0
[INFO] finished tweaking crates.io crate tdlib-tl-gen 0.5.0
[INFO] tweaked toml for crates.io crate tdlib-tl-gen 0.5.0 written to /workspace/builds/worker-7-tc2/source/Cargo.toml
[INFO] running `Command { std: CARGO_HOME="/workspace/cargo-home" RUSTUP_HOME="/workspace/rustup-home" "/workspace/cargo-home/bin/cargo" "+beta-2023-12-22" "generate-lockfile" "--manifest-path" "Cargo.toml", kill_on_drop: false }`
[INFO] [stderr]     Blocking waiting for file lock on package cache
[INFO] [stderr]     Updating crates.io index
[INFO] running `Command { std: CARGO_HOME="/workspace/cargo-home" RUSTUP_HOME="/workspace/rustup-home" "/workspace/cargo-home/bin/cargo" "+beta-2023-12-22" "fetch" "--manifest-path" "Cargo.toml", kill_on_drop: false }`
[INFO] running `Command { std: "docker" "create" "-v" "/var/lib/crater-agent-workspace/builds/worker-7-tc2/target:/opt/rustwide/target:rw,Z" "-v" "/var/lib/crater-agent-workspace/builds/worker-7-tc2/source:/opt/rustwide/workdir:ro,Z" "-v" "/var/lib/crater-agent-workspace/cargo-home:/opt/rustwide/cargo-home:ro,Z" "-v" "/var/lib/crater-agent-workspace/rustup-home:/opt/rustwide/rustup-home:ro,Z" "-e" "SOURCE_DIR=/opt/rustwide/workdir" "-e" "CARGO_TARGET_DIR=/opt/rustwide/target" "-e" "CARGO_HOME=/opt/rustwide/cargo-home" "-e" "RUSTUP_HOME=/opt/rustwide/rustup-home" "-w" "/opt/rustwide/workdir" "-m" "1610612736" "--user" "0:0" "--network" "none" "ghcr.io/rust-lang/crates-build-env/linux@sha256:2788e3201cd34a07e3172128adcd8b3090168a8e3bcc40d7c032b9dda1df7d1c" "/opt/rustwide/cargo-home/bin/cargo" "+beta-2023-12-22" "metadata" "--no-deps" "--format-version=1", kill_on_drop: false }`
[INFO] [stdout] 76e81b5da083d6f7197d9c66b701ea2338b386789d6eb04024356c6f2e514781
[INFO] running `Command { std: "docker" "start" "-a" "76e81b5da083d6f7197d9c66b701ea2338b386789d6eb04024356c6f2e514781", kill_on_drop: false }`
[INFO] running `Command { std: "docker" "inspect" "76e81b5da083d6f7197d9c66b701ea2338b386789d6eb04024356c6f2e514781", kill_on_drop: false }`
[INFO] running `Command { std: "docker" "rm" "-f" "76e81b5da083d6f7197d9c66b701ea2338b386789d6eb04024356c6f2e514781", kill_on_drop: false }`
[INFO] [stdout] 76e81b5da083d6f7197d9c66b701ea2338b386789d6eb04024356c6f2e514781
[INFO] running `Command { std: "docker" "create" "-v" "/var/lib/crater-agent-workspace/builds/worker-7-tc2/target:/opt/rustwide/target:rw,Z" "-v" "/var/lib/crater-agent-workspace/builds/worker-7-tc2/source:/opt/rustwide/workdir:ro,Z" "-v" "/var/lib/crater-agent-workspace/cargo-home:/opt/rustwide/cargo-home:ro,Z" "-v" "/var/lib/crater-agent-workspace/rustup-home:/opt/rustwide/rustup-home:ro,Z" "-e" "SOURCE_DIR=/opt/rustwide/workdir" "-e" "CARGO_TARGET_DIR=/opt/rustwide/target" "-e" "CARGO_INCREMENTAL=0" "-e" "RUST_BACKTRACE=full" "-e" "RUSTFLAGS=--cap-lints=warn" "-e" "RUSTDOCFLAGS=--cap-lints=warn" "-e" "CARGO_HOME=/opt/rustwide/cargo-home" "-e" "RUSTUP_HOME=/opt/rustwide/rustup-home" "-w" "/opt/rustwide/workdir" "-m" "1610612736" "--user" "0:0" "--network" "none" "ghcr.io/rust-lang/crates-build-env/linux@sha256:2788e3201cd34a07e3172128adcd8b3090168a8e3bcc40d7c032b9dda1df7d1c" "/opt/rustwide/cargo-home/bin/cargo" "+beta-2023-12-22" "build" "--frozen" "--message-format=json", kill_on_drop: false }`
[INFO] [stdout] 5a81bd41611cc97259a835c90325c1a65913fcc426d1450299e017758f00c0e9
[INFO] running `Command { std: "docker" "start" "-a" "5a81bd41611cc97259a835c90325c1a65913fcc426d1450299e017758f00c0e9", kill_on_drop: false }`
[INFO] [stderr]    Compiling tdlib-tl-parser v0.2.0
[INFO] [stderr]    Compiling tdlib-tl-gen v0.5.0 (/opt/rustwide/workdir)
[INFO] [stderr]     Finished dev [unoptimized + debuginfo] target(s) in 0.40s
[INFO] running `Command { std: "docker" "inspect" "5a81bd41611cc97259a835c90325c1a65913fcc426d1450299e017758f00c0e9", kill_on_drop: false }`
[INFO] running `Command { std: "docker" "rm" "-f" "5a81bd41611cc97259a835c90325c1a65913fcc426d1450299e017758f00c0e9", kill_on_drop: false }`
[INFO] [stdout] 5a81bd41611cc97259a835c90325c1a65913fcc426d1450299e017758f00c0e9
[INFO] running `Command { std: "docker" "create" "-v" "/var/lib/crater-agent-workspace/builds/worker-7-tc2/target:/opt/rustwide/target:rw,Z" "-v" "/var/lib/crater-agent-workspace/builds/worker-7-tc2/source:/opt/rustwide/workdir:ro,Z" "-v" "/var/lib/crater-agent-workspace/cargo-home:/opt/rustwide/cargo-home:ro,Z" "-v" "/var/lib/crater-agent-workspace/rustup-home:/opt/rustwide/rustup-home:ro,Z" "-e" "SOURCE_DIR=/opt/rustwide/workdir" "-e" "CARGO_TARGET_DIR=/opt/rustwide/target" "-e" "CARGO_INCREMENTAL=0" "-e" "RUST_BACKTRACE=full" "-e" "RUSTFLAGS=--cap-lints=warn" "-e" "RUSTDOCFLAGS=--cap-lints=warn" "-e" "CARGO_HOME=/opt/rustwide/cargo-home" "-e" "RUSTUP_HOME=/opt/rustwide/rustup-home" "-w" "/opt/rustwide/workdir" "-m" "1610612736" "--user" "0:0" "--network" "none" "ghcr.io/rust-lang/crates-build-env/linux@sha256:2788e3201cd34a07e3172128adcd8b3090168a8e3bcc40d7c032b9dda1df7d1c" "/opt/rustwide/cargo-home/bin/cargo" "+beta-2023-12-22" "test" "--frozen" "--no-run" "--message-format=json", kill_on_drop: false }`
[INFO] [stdout] f4eda2be06cac6957b85bd18a9630c8f375cffc00cfc7d6359e1972718e0d7c1
[INFO] running `Command { std: "docker" "start" "-a" "f4eda2be06cac6957b85bd18a9630c8f375cffc00cfc7d6359e1972718e0d7c1", kill_on_drop: false }`
[INFO] [stderr]    Compiling tdlib-tl-gen v0.5.0 (/opt/rustwide/workdir)
[INFO] [stdout] error[E0061]: this function takes 2 arguments but 1 argument was supplied
[INFO] [stdout]    --> src/rustifier.rs:350:20
[INFO] [stdout]     |
[INFO] [stdout] 350 |         let name = types::qual_name(&ty);
[INFO] [stdout]     |                    ^^^^^^^^^^^^^^^^----- an argument of type `bool` is missing
[INFO] [stdout]     |
[INFO] [stdout] note: function defined here
[INFO] [stdout]    --> src/rustifier.rs:215:12
[INFO] [stdout]     |
[INFO] [stdout] 215 |     pub fn qual_name(ty: &Type, optional_generic_arg: bool) -> String {
[INFO] [stdout]     |            ^^^^^^^^^ ---------  --------------------------
[INFO] [stdout] help: provide the argument
[INFO] [stdout]     |
[INFO] [stdout] 350 |         let name = types::qual_name(&ty, /* bool */);
[INFO] [stdout]     |                                    ~~~~~~~~~~~~~~~~~
[INFO] [stdout] 
[INFO] [stdout] 
[INFO] [stdout] error[E0061]: this function takes 2 arguments but 1 argument was supplied
[INFO] [stdout]    --> src/rustifier.rs:357:20
[INFO] [stdout]     |
[INFO] [stdout] 357 |         let name = types::qual_name(&ty);
[INFO] [stdout]     |                    ^^^^^^^^^^^^^^^^----- an argument of type `bool` is missing
[INFO] [stdout]     |
[INFO] [stdout] note: function defined here
[INFO] [stdout]    --> src/rustifier.rs:215:12
[INFO] [stdout]     |
[INFO] [stdout] 215 |     pub fn qual_name(ty: &Type, optional_generic_arg: bool) -> String {
[INFO] [stdout]     |            ^^^^^^^^^ ---------  --------------------------
[INFO] [stdout] help: provide the argument
[INFO] [stdout]     |
[INFO] [stdout] 357 |         let name = types::qual_name(&ty, /* bool */);
[INFO] [stdout]     |                                    ~~~~~~~~~~~~~~~~~
[INFO] [stdout] 
[INFO] [stdout] 
[INFO] [stdout] error[E0061]: this function takes 2 arguments but 1 argument was supplied
[INFO] [stdout]    --> src/rustifier.rs:364:20
[INFO] [stdout]     |
[INFO] [stdout] 364 |         let name = types::qual_name(&ty);
[INFO] [stdout]     |                    ^^^^^^^^^^^^^^^^----- an argument of type `bool` is missing
[INFO] [stdout]     |
[INFO] [stdout] note: function defined here
[INFO] [stdout]    --> src/rustifier.rs:215:12
[INFO] [stdout]     |
[INFO] [stdout] 215 |     pub fn qual_name(ty: &Type, optional_generic_arg: bool) -> String {
[INFO] [stdout]     |            ^^^^^^^^^ ---------  --------------------------
[INFO] [stdout] help: provide the argument
[INFO] [stdout]     |
[INFO] [stdout] 364 |         let name = types::qual_name(&ty, /* bool */);
[INFO] [stdout]     |                                    ~~~~~~~~~~~~~~~~~
[INFO] [stdout] 
[INFO] [stdout] 
[INFO] [stdout] error[E0061]: this function takes 2 arguments but 1 argument was supplied
[INFO] [stdout]    --> src/rustifier.rs:371:20
[INFO] [stdout]     |
[INFO] [stdout] 371 |         let name = types::qual_name(&ty);
[INFO] [stdout]     |                    ^^^^^^^^^^^^^^^^----- an argument of type `bool` is missing
[INFO] [stdout]     |
[INFO] [stdout] note: function defined here
[INFO] [stdout]    --> src/rustifier.rs:215:12
[INFO] [stdout]     |
[INFO] [stdout] 215 |     pub fn qual_name(ty: &Type, optional_generic_arg: bool) -> String {
[INFO] [stdout]     |            ^^^^^^^^^ ---------  --------------------------
[INFO] [stdout] help: provide the argument
[INFO] [stdout]     |
[INFO] [stdout] 371 |         let name = types::qual_name(&ty, /* bool */);
[INFO] [stdout]     |                                    ~~~~~~~~~~~~~~~~~
[INFO] [stdout] 
[INFO] [stdout] 
[INFO] [stdout] error[E0061]: this function takes 2 arguments but 1 argument was supplied
[INFO] [stdout]    --> src/rustifier.rs:378:20
[INFO] [stdout]     |
[INFO] [stdout] 378 |         let name = types::qual_name(&ty);
[INFO] [stdout]     |                    ^^^^^^^^^^^^^^^^----- an argument of type `bool` is missing
[INFO] [stdout]     |
[INFO] [stdout] note: function defined here
[INFO] [stdout]    --> src/rustifier.rs:215:12
[INFO] [stdout]     |
[INFO] [stdout] 215 |     pub fn qual_name(ty: &Type, optional_generic_arg: bool) -> String {
[INFO] [stdout]     |            ^^^^^^^^^ ---------  --------------------------
[INFO] [stdout] help: provide the argument
[INFO] [stdout]     |
[INFO] [stdout] 378 |         let name = types::qual_name(&ty, /* bool */);
[INFO] [stdout]     |                                    ~~~~~~~~~~~~~~~~~
[INFO] [stdout] 
[INFO] [stdout] 
[INFO] [stdout] error[E0061]: this function takes 2 arguments but 1 argument was supplied
[INFO] [stdout]    --> src/rustifier.rs:385:20
[INFO] [stdout]     |
[INFO] [stdout] 385 |         let name = types::qual_name(&ty);
[INFO] [stdout]     |                    ^^^^^^^^^^^^^^^^----- an argument of type `bool` is missing
[INFO] [stdout]     |
[INFO] [stdout] note: function defined here
[INFO] [stdout]    --> src/rustifier.rs:215:12
[INFO] [stdout]     |
[INFO] [stdout] 215 |     pub fn qual_name(ty: &Type, optional_generic_arg: bool) -> String {
[INFO] [stdout]     |            ^^^^^^^^^ ---------  --------------------------
[INFO] [stdout] help: provide the argument
[INFO] [stdout]     |
[INFO] [stdout] 385 |         let name = types::qual_name(&ty, /* bool */);
[INFO] [stdout]     |                                    ~~~~~~~~~~~~~~~~~
[INFO] [stdout] 
[INFO] [stdout] 
[INFO] [stdout] error: aborting due to 6 previous errors
[INFO] [stdout] 
[INFO] [stdout] 
[INFO] [stdout] For more information about this error, try `rustc --explain E0061`.
[INFO] [stdout] 
[INFO] [stderr] error: could not compile `tdlib-tl-gen` (lib test) due to 7 previous errors
[INFO] running `Command { std: "docker" "inspect" "f4eda2be06cac6957b85bd18a9630c8f375cffc00cfc7d6359e1972718e0d7c1", kill_on_drop: false }`
[INFO] running `Command { std: "docker" "rm" "-f" "f4eda2be06cac6957b85bd18a9630c8f375cffc00cfc7d6359e1972718e0d7c1", kill_on_drop: false }`
[INFO] [stdout] f4eda2be06cac6957b85bd18a9630c8f375cffc00cfc7d6359e1972718e0d7c1
