[INFO] fetching crate tb6612fng 0.2.0...
[INFO] testing tb6612fng-0.2.0 against 1.75.0 for beta-1.76-1
[INFO] extracting crate tb6612fng 0.2.0 into /workspace/builds/worker-1-tc1/source
[INFO] validating manifest of crates.io crate tb6612fng 0.2.0 on toolchain 1.75.0
[INFO] running `Command { std: CARGO_HOME="/workspace/cargo-home" RUSTUP_HOME="/workspace/rustup-home" "/workspace/cargo-home/bin/cargo" "+1.75.0" "metadata" "--manifest-path" "Cargo.toml" "--no-deps", kill_on_drop: false }`
[INFO] started tweaking crates.io crate tb6612fng 0.2.0
[INFO] finished tweaking crates.io crate tb6612fng 0.2.0
[INFO] tweaked toml for crates.io crate tb6612fng 0.2.0 written to /workspace/builds/worker-1-tc1/source/Cargo.toml
[INFO] running `Command { std: CARGO_HOME="/workspace/cargo-home" RUSTUP_HOME="/workspace/rustup-home" "/workspace/cargo-home/bin/cargo" "+1.75.0" "generate-lockfile" "--manifest-path" "Cargo.toml", kill_on_drop: false }`
[INFO] [stderr]     Updating crates.io index
[INFO] running `Command { std: CARGO_HOME="/workspace/cargo-home" RUSTUP_HOME="/workspace/rustup-home" "/workspace/cargo-home/bin/cargo" "+1.75.0" "fetch" "--manifest-path" "Cargo.toml", kill_on_drop: false }`
[INFO] [stderr]  Downloading crates ...
[INFO] [stderr]   Downloaded embedded-hal-nb v1.0.0-rc.3
[INFO] [stderr]   Downloaded embedded-hal-mock v0.10.0-rc.4
[INFO] running `Command { std: "docker" "create" "-v" "/var/lib/crater-agent-workspace/builds/worker-1-tc1/target:/opt/rustwide/target:rw,Z" "-v" "/var/lib/crater-agent-workspace/builds/worker-1-tc1/source:/opt/rustwide/workdir:ro,Z" "-v" "/var/lib/crater-agent-workspace/cargo-home:/opt/rustwide/cargo-home:ro,Z" "-v" "/var/lib/crater-agent-workspace/rustup-home:/opt/rustwide/rustup-home:ro,Z" "-e" "SOURCE_DIR=/opt/rustwide/workdir" "-e" "CARGO_TARGET_DIR=/opt/rustwide/target" "-e" "CARGO_HOME=/opt/rustwide/cargo-home" "-e" "RUSTUP_HOME=/opt/rustwide/rustup-home" "-w" "/opt/rustwide/workdir" "-m" "1610612736" "--user" "0:0" "--network" "none" "ghcr.io/rust-lang/crates-build-env/linux@sha256:2788e3201cd34a07e3172128adcd8b3090168a8e3bcc40d7c032b9dda1df7d1c" "/opt/rustwide/cargo-home/bin/cargo" "+1.75.0" "metadata" "--no-deps" "--format-version=1", kill_on_drop: false }`
[INFO] [stdout] 3172ae56e94b680b70e905389f5293e505e5fa24592ae5c5c30bc0a653dc8d79
[INFO] running `Command { std: "docker" "start" "-a" "3172ae56e94b680b70e905389f5293e505e5fa24592ae5c5c30bc0a653dc8d79", kill_on_drop: false }`
[INFO] running `Command { std: "docker" "inspect" "3172ae56e94b680b70e905389f5293e505e5fa24592ae5c5c30bc0a653dc8d79", kill_on_drop: false }`
[INFO] running `Command { std: "docker" "rm" "-f" "3172ae56e94b680b70e905389f5293e505e5fa24592ae5c5c30bc0a653dc8d79", kill_on_drop: false }`
[INFO] [stdout] 3172ae56e94b680b70e905389f5293e505e5fa24592ae5c5c30bc0a653dc8d79
[INFO] running `Command { std: "docker" "create" "-v" "/var/lib/crater-agent-workspace/builds/worker-1-tc1/target:/opt/rustwide/target:rw,Z" "-v" "/var/lib/crater-agent-workspace/builds/worker-1-tc1/source:/opt/rustwide/workdir:ro,Z" "-v" "/var/lib/crater-agent-workspace/cargo-home:/opt/rustwide/cargo-home:ro,Z" "-v" "/var/lib/crater-agent-workspace/rustup-home:/opt/rustwide/rustup-home:ro,Z" "-e" "SOURCE_DIR=/opt/rustwide/workdir" "-e" "CARGO_TARGET_DIR=/opt/rustwide/target" "-e" "CARGO_INCREMENTAL=0" "-e" "RUST_BACKTRACE=full" "-e" "RUSTFLAGS=--cap-lints=warn" "-e" "RUSTDOCFLAGS=--cap-lints=warn" "-e" "CARGO_HOME=/opt/rustwide/cargo-home" "-e" "RUSTUP_HOME=/opt/rustwide/rustup-home" "-w" "/opt/rustwide/workdir" "-m" "1610612736" "--user" "0:0" "--network" "none" "ghcr.io/rust-lang/crates-build-env/linux@sha256:2788e3201cd34a07e3172128adcd8b3090168a8e3bcc40d7c032b9dda1df7d1c" "/opt/rustwide/cargo-home/bin/cargo" "+1.75.0" "build" "--frozen" "--message-format=json", kill_on_drop: false }`
[INFO] [stdout] 042b6ac8f00b399a60da7721ca5b3e65594200b5999952f7ef040bffae525c6d
[INFO] running `Command { std: "docker" "start" "-a" "042b6ac8f00b399a60da7721ca5b3e65594200b5999952f7ef040bffae525c6d", kill_on_drop: false }`
[INFO] [stderr]    Compiling embedded-hal v1.0.0-rc.3
[INFO] [stderr]    Compiling tb6612fng v0.2.0 (/opt/rustwide/workdir)
[INFO] [stderr]     Finished dev [unoptimized + debuginfo] target(s) in 0.22s
[INFO] running `Command { std: "docker" "inspect" "042b6ac8f00b399a60da7721ca5b3e65594200b5999952f7ef040bffae525c6d", kill_on_drop: false }`
[INFO] running `Command { std: "docker" "rm" "-f" "042b6ac8f00b399a60da7721ca5b3e65594200b5999952f7ef040bffae525c6d", kill_on_drop: false }`
[INFO] [stdout] 042b6ac8f00b399a60da7721ca5b3e65594200b5999952f7ef040bffae525c6d
[INFO] running `Command { std: "docker" "create" "-v" "/var/lib/crater-agent-workspace/builds/worker-1-tc1/target:/opt/rustwide/target:rw,Z" "-v" "/var/lib/crater-agent-workspace/builds/worker-1-tc1/source:/opt/rustwide/workdir:ro,Z" "-v" "/var/lib/crater-agent-workspace/cargo-home:/opt/rustwide/cargo-home:ro,Z" "-v" "/var/lib/crater-agent-workspace/rustup-home:/opt/rustwide/rustup-home:ro,Z" "-e" "SOURCE_DIR=/opt/rustwide/workdir" "-e" "CARGO_TARGET_DIR=/opt/rustwide/target" "-e" "CARGO_INCREMENTAL=0" "-e" "RUST_BACKTRACE=full" "-e" "RUSTFLAGS=--cap-lints=warn" "-e" "RUSTDOCFLAGS=--cap-lints=warn" "-e" "CARGO_HOME=/opt/rustwide/cargo-home" "-e" "RUSTUP_HOME=/opt/rustwide/rustup-home" "-w" "/opt/rustwide/workdir" "-m" "1610612736" "--user" "0:0" "--network" "none" "ghcr.io/rust-lang/crates-build-env/linux@sha256:2788e3201cd34a07e3172128adcd8b3090168a8e3bcc40d7c032b9dda1df7d1c" "/opt/rustwide/cargo-home/bin/cargo" "+1.75.0" "test" "--frozen" "--no-run" "--message-format=json", kill_on_drop: false }`
[INFO] [stdout] 755df4f5591f98c2758b5162fbe65d43dac9133e08a1b79f7193df3692aeacce
[INFO] running `Command { std: "docker" "start" "-a" "755df4f5591f98c2758b5162fbe65d43dac9133e08a1b79f7193df3692aeacce", kill_on_drop: false }`
[INFO] [stderr]    Compiling num-traits v0.2.17
[INFO] [stderr]    Compiling num-integer v0.1.45
[INFO] [stderr]    Compiling num-iter v0.1.43
[INFO] [stderr]    Compiling num-rational v0.3.2
[INFO] [stderr]    Compiling nb v1.1.0
[INFO] [stderr]    Compiling void v1.0.2
[INFO] [stderr]    Compiling nb v0.1.3
[INFO] [stderr]    Compiling embedded-hal-nb v1.0.0-rc.3
[INFO] [stderr]    Compiling embedded-hal v0.2.7
[INFO] [stderr]    Compiling num-complex v0.3.1
[INFO] [stderr]    Compiling num v0.3.1
[INFO] [stderr]    Compiling embedded-time v0.12.1
[INFO] [stderr]    Compiling embedded-hal-mock v0.10.0-rc.4
[INFO] [stderr]    Compiling tb6612fng v0.2.0 (/opt/rustwide/workdir)
[INFO] [stdout] error[E0599]: no function or associated item named `get_max_duty_cycle` found for struct `embedded_hal_mock::eh1::pwm::Transaction` in the current scope
[INFO] [stdout]    --> src/lib.rs:302:29
[INFO] [stdout]     |
[INFO] [stdout] 302 |             PwmTransaction::get_max_duty_cycle(max_duty),
[INFO] [stdout]     |                             ^^^^^^^^^^^^^^^^^^
[INFO] [stdout]     |                             |
[INFO] [stdout]     |                             function or associated item not found in `Transaction`
[INFO] [stdout]     |                             help: there is an associated function with a similar name: `max_duty_cycle`
[INFO] [stdout]     |
[INFO] [stdout] note: if you're trying to build a new `embedded_hal_mock::eh1::pwm::Transaction` consider using one of the following associated functions:
[INFO] [stdout]       embedded_hal_mock::eh1::pwm::Transaction::new
[INFO] [stdout]       embedded_hal_mock::eh1::pwm::Transaction::max_duty_cycle
[INFO] [stdout]       embedded_hal_mock::eh1::pwm::Transaction::set_duty_cycle
[INFO] [stdout]    --> /opt/rustwide/cargo-home/registry/src/index.crates.io-6f17d22bba15001f/embedded-hal-mock-0.10.0-rc.4/src/eh1/pwm.rs:50:5
[INFO] [stdout]     |
[INFO] [stdout] 50  |     pub fn new(kind: TransactionKind) -> Transaction {
[INFO] [stdout]     |     ^^^^^^^^^^^^^^^^^^^^^^^^^^^^^^^^^^^^^^^^^^^^^^^^
[INFO] [stdout] ...
[INFO] [stdout] 55  |     pub fn max_duty_cycle(duty: u16) -> Transaction {
[INFO] [stdout]     |     ^^^^^^^^^^^^^^^^^^^^^^^^^^^^^^^^^^^^^^^^^^^^^^^
[INFO] [stdout] ...
[INFO] [stdout] 60  |     pub fn set_duty_cycle(duty: u16) -> Transaction {
[INFO] [stdout]     |     ^^^^^^^^^^^^^^^^^^^^^^^^^^^^^^^^^^^^^^^^^^^^^^^
[INFO] [stdout] 
[INFO] [stdout] 
[INFO] [stdout] error[E0599]: no function or associated item named `get_max_duty_cycle` found for struct `embedded_hal_mock::eh1::pwm::Transaction` in the current scope
[INFO] [stdout]    --> src/lib.rs:327:29
[INFO] [stdout]     |
[INFO] [stdout] 327 |             PwmTransaction::get_max_duty_cycle(max_duty),
[INFO] [stdout]     |                             ^^^^^^^^^^^^^^^^^^
[INFO] [stdout]     |                             |
[INFO] [stdout]     |                             function or associated item not found in `Transaction`
[INFO] [stdout]     |                             help: there is an associated function with a similar name: `max_duty_cycle`
[INFO] [stdout]     |
[INFO] [stdout] note: if you're trying to build a new `embedded_hal_mock::eh1::pwm::Transaction` consider using one of the following associated functions:
[INFO] [stdout]       embedded_hal_mock::eh1::pwm::Transaction::new
[INFO] [stdout]       embedded_hal_mock::eh1::pwm::Transaction::max_duty_cycle
[INFO] [stdout]       embedded_hal_mock::eh1::pwm::Transaction::set_duty_cycle
[INFO] [stdout]    --> /opt/rustwide/cargo-home/registry/src/index.crates.io-6f17d22bba15001f/embedded-hal-mock-0.10.0-rc.4/src/eh1/pwm.rs:50:5
[INFO] [stdout]     |
[INFO] [stdout] 50  |     pub fn new(kind: TransactionKind) -> Transaction {
[INFO] [stdout]     |     ^^^^^^^^^^^^^^^^^^^^^^^^^^^^^^^^^^^^^^^^^^^^^^^^
[INFO] [stdout] ...
[INFO] [stdout] 55  |     pub fn max_duty_cycle(duty: u16) -> Transaction {
[INFO] [stdout]     |     ^^^^^^^^^^^^^^^^^^^^^^^^^^^^^^^^^^^^^^^^^^^^^^^
[INFO] [stdout] ...
[INFO] [stdout] 60  |     pub fn set_duty_cycle(duty: u16) -> Transaction {
[INFO] [stdout]     |     ^^^^^^^^^^^^^^^^^^^^^^^^^^^^^^^^^^^^^^^^^^^^^^^
[INFO] [stdout] 
[INFO] [stdout] 
[INFO] [stdout] error[E0599]: no function or associated item named `get_max_duty_cycle` found for struct `embedded_hal_mock::eh1::pwm::Transaction` in the current scope
[INFO] [stdout]    --> src/lib.rs:353:29
[INFO] [stdout]     |
[INFO] [stdout] 353 |             PwmTransaction::get_max_duty_cycle(max_duty),
[INFO] [stdout]     |                             ^^^^^^^^^^^^^^^^^^
[INFO] [stdout]     |                             |
[INFO] [stdout]     |                             function or associated item not found in `Transaction`
[INFO] [stdout]     |                             help: there is an associated function with a similar name: `max_duty_cycle`
[INFO] [stdout]     |
[INFO] [stdout] note: if you're trying to build a new `embedded_hal_mock::eh1::pwm::Transaction` consider using one of the following associated functions:
[INFO] [stdout]       embedded_hal_mock::eh1::pwm::Transaction::new
[INFO] [stdout]       embedded_hal_mock::eh1::pwm::Transaction::max_duty_cycle
[INFO] [stdout]       embedded_hal_mock::eh1::pwm::Transaction::set_duty_cycle
[INFO] [stdout]    --> /opt/rustwide/cargo-home/registry/src/index.crates.io-6f17d22bba15001f/embedded-hal-mock-0.10.0-rc.4/src/eh1/pwm.rs:50:5
[INFO] [stdout]     |
[INFO] [stdout] 50  |     pub fn new(kind: TransactionKind) -> Transaction {
[INFO] [stdout]     |     ^^^^^^^^^^^^^^^^^^^^^^^^^^^^^^^^^^^^^^^^^^^^^^^^
[INFO] [stdout] ...
[INFO] [stdout] 55  |     pub fn max_duty_cycle(duty: u16) -> Transaction {
[INFO] [stdout]     |     ^^^^^^^^^^^^^^^^^^^^^^^^^^^^^^^^^^^^^^^^^^^^^^^
[INFO] [stdout] ...
[INFO] [stdout] 60  |     pub fn set_duty_cycle(duty: u16) -> Transaction {
[INFO] [stdout]     |     ^^^^^^^^^^^^^^^^^^^^^^^^^^^^^^^^^^^^^^^^^^^^^^^
[INFO] [stdout] 
[INFO] [stdout] 
[INFO] [stdout] error[E0599]: no function or associated item named `get_max_duty_cycle` found for struct `embedded_hal_mock::eh1::pwm::Transaction` in the current scope
[INFO] [stdout]    --> src/lib.rs:379:29
[INFO] [stdout]     |
[INFO] [stdout] 379 |             PwmTransaction::get_max_duty_cycle(max_duty),
[INFO] [stdout]     |                             ^^^^^^^^^^^^^^^^^^
[INFO] [stdout]     |                             |
[INFO] [stdout]     |                             function or associated item not found in `Transaction`
[INFO] [stdout]     |                             help: there is an associated function with a similar name: `max_duty_cycle`
[INFO] [stdout]     |
[INFO] [stdout] note: if you're trying to build a new `embedded_hal_mock::eh1::pwm::Transaction` consider using one of the following associated functions:
[INFO] [stdout]       embedded_hal_mock::eh1::pwm::Transaction::new
[INFO] [stdout]       embedded_hal_mock::eh1::pwm::Transaction::max_duty_cycle
[INFO] [stdout]       embedded_hal_mock::eh1::pwm::Transaction::set_duty_cycle
[INFO] [stdout]    --> /opt/rustwide/cargo-home/registry/src/index.crates.io-6f17d22bba15001f/embedded-hal-mock-0.10.0-rc.4/src/eh1/pwm.rs:50:5
[INFO] [stdout]     |
[INFO] [stdout] 50  |     pub fn new(kind: TransactionKind) -> Transaction {
[INFO] [stdout]     |     ^^^^^^^^^^^^^^^^^^^^^^^^^^^^^^^^^^^^^^^^^^^^^^^^
[INFO] [stdout] ...
[INFO] [stdout] 55  |     pub fn max_duty_cycle(duty: u16) -> Transaction {
[INFO] [stdout]     |     ^^^^^^^^^^^^^^^^^^^^^^^^^^^^^^^^^^^^^^^^^^^^^^^
[INFO] [stdout] ...
[INFO] [stdout] 60  |     pub fn set_duty_cycle(duty: u16) -> Transaction {
[INFO] [stdout]     |     ^^^^^^^^^^^^^^^^^^^^^^^^^^^^^^^^^^^^^^^^^^^^^^^
[INFO] [stdout] 
[INFO] [stdout] 
[INFO] [stdout] error: aborting due to 4 previous errors
[INFO] [stdout] 
[INFO] [stdout] 
[INFO] [stdout] For more information about this error, try `rustc --explain E0599`.
[INFO] [stdout] 
[INFO] [stderr] error: could not compile `tb6612fng` (lib test) due to 5 previous errors
[INFO] running `Command { std: "docker" "inspect" "755df4f5591f98c2758b5162fbe65d43dac9133e08a1b79f7193df3692aeacce", kill_on_drop: false }`
[INFO] running `Command { std: "docker" "rm" "-f" "755df4f5591f98c2758b5162fbe65d43dac9133e08a1b79f7193df3692aeacce", kill_on_drop: false }`
[INFO] [stdout] 755df4f5591f98c2758b5162fbe65d43dac9133e08a1b79f7193df3692aeacce
[INFO] testing tb6612fng-0.2.0 against beta-2023-12-22 for beta-1.76-1
[INFO] extracting crate tb6612fng 0.2.0 into /workspace/builds/worker-1-tc2/source
[INFO] validating manifest of crates.io crate tb6612fng 0.2.0 on toolchain beta-2023-12-22
[INFO] running `Command { std: CARGO_HOME="/workspace/cargo-home" RUSTUP_HOME="/workspace/rustup-home" "/workspace/cargo-home/bin/cargo" "+beta-2023-12-22" "metadata" "--manifest-path" "Cargo.toml" "--no-deps", kill_on_drop: false }`
[INFO] started tweaking crates.io crate tb6612fng 0.2.0
[INFO] finished tweaking crates.io crate tb6612fng 0.2.0
[INFO] tweaked toml for crates.io crate tb6612fng 0.2.0 written to /workspace/builds/worker-1-tc2/source/Cargo.toml
[INFO] running `Command { std: CARGO_HOME="/workspace/cargo-home" RUSTUP_HOME="/workspace/rustup-home" "/workspace/cargo-home/bin/cargo" "+beta-2023-12-22" "generate-lockfile" "--manifest-path" "Cargo.toml", kill_on_drop: false }`
[INFO] [stderr]     Updating crates.io index
[INFO] running `Command { std: CARGO_HOME="/workspace/cargo-home" RUSTUP_HOME="/workspace/rustup-home" "/workspace/cargo-home/bin/cargo" "+beta-2023-12-22" "fetch" "--manifest-path" "Cargo.toml", kill_on_drop: false }`
[INFO] [stderr]     Blocking waiting for file lock on package cache
[INFO] [stderr]     Blocking waiting for file lock on package cache
[INFO] running `Command { std: "docker" "create" "-v" "/var/lib/crater-agent-workspace/builds/worker-1-tc2/target:/opt/rustwide/target:rw,Z" "-v" "/var/lib/crater-agent-workspace/builds/worker-1-tc2/source:/opt/rustwide/workdir:ro,Z" "-v" "/var/lib/crater-agent-workspace/cargo-home:/opt/rustwide/cargo-home:ro,Z" "-v" "/var/lib/crater-agent-workspace/rustup-home:/opt/rustwide/rustup-home:ro,Z" "-e" "SOURCE_DIR=/opt/rustwide/workdir" "-e" "CARGO_TARGET_DIR=/opt/rustwide/target" "-e" "CARGO_HOME=/opt/rustwide/cargo-home" "-e" "RUSTUP_HOME=/opt/rustwide/rustup-home" "-w" "/opt/rustwide/workdir" "-m" "1610612736" "--user" "0:0" "--network" "none" "ghcr.io/rust-lang/crates-build-env/linux@sha256:2788e3201cd34a07e3172128adcd8b3090168a8e3bcc40d7c032b9dda1df7d1c" "/opt/rustwide/cargo-home/bin/cargo" "+beta-2023-12-22" "metadata" "--no-deps" "--format-version=1", kill_on_drop: false }`
[INFO] [stdout] 3d509161e0e353c955c5b0639157e0ad245ebc09e98b0edda4080b2c09d7fdb0
[INFO] running `Command { std: "docker" "start" "-a" "3d509161e0e353c955c5b0639157e0ad245ebc09e98b0edda4080b2c09d7fdb0", kill_on_drop: false }`
[INFO] running `Command { std: "docker" "inspect" "3d509161e0e353c955c5b0639157e0ad245ebc09e98b0edda4080b2c09d7fdb0", kill_on_drop: false }`
[INFO] running `Command { std: "docker" "rm" "-f" "3d509161e0e353c955c5b0639157e0ad245ebc09e98b0edda4080b2c09d7fdb0", kill_on_drop: false }`
[INFO] [stdout] 3d509161e0e353c955c5b0639157e0ad245ebc09e98b0edda4080b2c09d7fdb0
[INFO] running `Command { std: "docker" "create" "-v" "/var/lib/crater-agent-workspace/builds/worker-1-tc2/target:/opt/rustwide/target:rw,Z" "-v" "/var/lib/crater-agent-workspace/builds/worker-1-tc2/source:/opt/rustwide/workdir:ro,Z" "-v" "/var/lib/crater-agent-workspace/cargo-home:/opt/rustwide/cargo-home:ro,Z" "-v" "/var/lib/crater-agent-workspace/rustup-home:/opt/rustwide/rustup-home:ro,Z" "-e" "SOURCE_DIR=/opt/rustwide/workdir" "-e" "CARGO_TARGET_DIR=/opt/rustwide/target" "-e" "CARGO_INCREMENTAL=0" "-e" "RUST_BACKTRACE=full" "-e" "RUSTFLAGS=--cap-lints=warn" "-e" "RUSTDOCFLAGS=--cap-lints=warn" "-e" "CARGO_HOME=/opt/rustwide/cargo-home" "-e" "RUSTUP_HOME=/opt/rustwide/rustup-home" "-w" "/opt/rustwide/workdir" "-m" "1610612736" "--user" "0:0" "--network" "none" "ghcr.io/rust-lang/crates-build-env/linux@sha256:2788e3201cd34a07e3172128adcd8b3090168a8e3bcc40d7c032b9dda1df7d1c" "/opt/rustwide/cargo-home/bin/cargo" "+beta-2023-12-22" "build" "--frozen" "--message-format=json", kill_on_drop: false }`
[INFO] [stdout] bc031d92ad9cded431fcd8679417ac94d6fced12b8c2d057bba4e4245da03ad0
[INFO] running `Command { std: "docker" "start" "-a" "bc031d92ad9cded431fcd8679417ac94d6fced12b8c2d057bba4e4245da03ad0", kill_on_drop: false }`
[INFO] [stderr]    Compiling embedded-hal v1.0.0-rc.3
[INFO] [stderr]    Compiling tb6612fng v0.2.0 (/opt/rustwide/workdir)
[INFO] [stderr]     Finished dev [unoptimized + debuginfo] target(s) in 0.13s
[INFO] running `Command { std: "docker" "inspect" "bc031d92ad9cded431fcd8679417ac94d6fced12b8c2d057bba4e4245da03ad0", kill_on_drop: false }`
[INFO] running `Command { std: "docker" "rm" "-f" "bc031d92ad9cded431fcd8679417ac94d6fced12b8c2d057bba4e4245da03ad0", kill_on_drop: false }`
[INFO] [stdout] bc031d92ad9cded431fcd8679417ac94d6fced12b8c2d057bba4e4245da03ad0
[INFO] running `Command { std: "docker" "create" "-v" "/var/lib/crater-agent-workspace/builds/worker-1-tc2/target:/opt/rustwide/target:rw,Z" "-v" "/var/lib/crater-agent-workspace/builds/worker-1-tc2/source:/opt/rustwide/workdir:ro,Z" "-v" "/var/lib/crater-agent-workspace/cargo-home:/opt/rustwide/cargo-home:ro,Z" "-v" "/var/lib/crater-agent-workspace/rustup-home:/opt/rustwide/rustup-home:ro,Z" "-e" "SOURCE_DIR=/opt/rustwide/workdir" "-e" "CARGO_TARGET_DIR=/opt/rustwide/target" "-e" "CARGO_INCREMENTAL=0" "-e" "RUST_BACKTRACE=full" "-e" "RUSTFLAGS=--cap-lints=warn" "-e" "RUSTDOCFLAGS=--cap-lints=warn" "-e" "CARGO_HOME=/opt/rustwide/cargo-home" "-e" "RUSTUP_HOME=/opt/rustwide/rustup-home" "-w" "/opt/rustwide/workdir" "-m" "1610612736" "--user" "0:0" "--network" "none" "ghcr.io/rust-lang/crates-build-env/linux@sha256:2788e3201cd34a07e3172128adcd8b3090168a8e3bcc40d7c032b9dda1df7d1c" "/opt/rustwide/cargo-home/bin/cargo" "+beta-2023-12-22" "test" "--frozen" "--no-run" "--message-format=json", kill_on_drop: false }`
[INFO] [stdout] 1643b26e39a5489aa692a6ac580dbcb08516ca02bc6e64010d65f38dfa79bec8
[INFO] running `Command { std: "docker" "start" "-a" "1643b26e39a5489aa692a6ac580dbcb08516ca02bc6e64010d65f38dfa79bec8", kill_on_drop: false }`
[INFO] [stderr]    Compiling num-traits v0.2.17
[INFO] [stderr]    Compiling num-integer v0.1.45
[INFO] [stderr]    Compiling num-iter v0.1.43
[INFO] [stderr]    Compiling num-rational v0.3.2
[INFO] [stderr]    Compiling nb v1.1.0
[INFO] [stderr]    Compiling void v1.0.2
[INFO] [stderr]    Compiling nb v0.1.3
[INFO] [stderr]    Compiling embedded-hal-nb v1.0.0-rc.3
[INFO] [stderr]    Compiling embedded-hal v0.2.7
[INFO] [stderr]    Compiling num-complex v0.3.1
[INFO] [stderr]    Compiling num v0.3.1
[INFO] [stderr]    Compiling embedded-time v0.12.1
[INFO] [stderr]    Compiling embedded-hal-mock v0.10.0-rc.4
[INFO] [stderr]    Compiling tb6612fng v0.2.0 (/opt/rustwide/workdir)
[INFO] [stdout] error[E0599]: no function or associated item named `get_max_duty_cycle` found for struct `embedded_hal_mock::eh1::pwm::Transaction` in the current scope
[INFO] [stdout]    --> src/lib.rs:302:29
[INFO] [stdout]     |
[INFO] [stdout] 302 |             PwmTransaction::get_max_duty_cycle(max_duty),
[INFO] [stdout]     |                             ^^^^^^^^^^^^^^^^^^
[INFO] [stdout]     |                             |
[INFO] [stdout]     |                             function or associated item not found in `Transaction`
[INFO] [stdout]     |                             help: there is an associated function with a similar name: `max_duty_cycle`
[INFO] [stdout]     |
[INFO] [stdout] note: if you're trying to build a new `embedded_hal_mock::eh1::pwm::Transaction` consider using one of the following associated functions:
[INFO] [stdout]       embedded_hal_mock::eh1::pwm::Transaction::new
[INFO] [stdout]       embedded_hal_mock::eh1::pwm::Transaction::max_duty_cycle
[INFO] [stdout]       embedded_hal_mock::eh1::pwm::Transaction::set_duty_cycle
[INFO] [stdout]    --> /opt/rustwide/cargo-home/registry/src/index.crates.io-6f17d22bba15001f/embedded-hal-mock-0.10.0-rc.4/src/eh1/pwm.rs:50:5
[INFO] [stdout]     |
[INFO] [stdout] 50  |     pub fn new(kind: TransactionKind) -> Transaction {
[INFO] [stdout]     |     ^^^^^^^^^^^^^^^^^^^^^^^^^^^^^^^^^^^^^^^^^^^^^^^^
[INFO] [stdout] ...
[INFO] [stdout] 55  |     pub fn max_duty_cycle(duty: u16) -> Transaction {
[INFO] [stdout]     |     ^^^^^^^^^^^^^^^^^^^^^^^^^^^^^^^^^^^^^^^^^^^^^^^
[INFO] [stdout] ...
[INFO] [stdout] 60  |     pub fn set_duty_cycle(duty: u16) -> Transaction {
[INFO] [stdout]     |     ^^^^^^^^^^^^^^^^^^^^^^^^^^^^^^^^^^^^^^^^^^^^^^^
[INFO] [stdout] 
[INFO] [stdout] 
[INFO] [stdout] error[E0599]: no function or associated item named `get_max_duty_cycle` found for struct `embedded_hal_mock::eh1::pwm::Transaction` in the current scope
[INFO] [stdout]    --> src/lib.rs:327:29
[INFO] [stdout]     |
[INFO] [stdout] 327 |             PwmTransaction::get_max_duty_cycle(max_duty),
[INFO] [stdout]     |                             ^^^^^^^^^^^^^^^^^^
[INFO] [stdout]     |                             |
[INFO] [stdout]     |                             function or associated item not found in `Transaction`
[INFO] [stdout]     |                             help: there is an associated function with a similar name: `max_duty_cycle`
[INFO] [stdout]     |
[INFO] [stdout] note: if you're trying to build a new `embedded_hal_mock::eh1::pwm::Transaction` consider using one of the following associated functions:
[INFO] [stdout]       embedded_hal_mock::eh1::pwm::Transaction::new
[INFO] [stdout]       embedded_hal_mock::eh1::pwm::Transaction::max_duty_cycle
[INFO] [stdout]       embedded_hal_mock::eh1::pwm::Transaction::set_duty_cycle
[INFO] [stdout]    --> /opt/rustwide/cargo-home/registry/src/index.crates.io-6f17d22bba15001f/embedded-hal-mock-0.10.0-rc.4/src/eh1/pwm.rs:50:5
[INFO] [stdout]     |
[INFO] [stdout] 50  |     pub fn new(kind: TransactionKind) -> Transaction {
[INFO] [stdout]     |     ^^^^^^^^^^^^^^^^^^^^^^^^^^^^^^^^^^^^^^^^^^^^^^^^
[INFO] [stdout] ...
[INFO] [stdout] 55  |     pub fn max_duty_cycle(duty: u16) -> Transaction {
[INFO] [stdout]     |     ^^^^^^^^^^^^^^^^^^^^^^^^^^^^^^^^^^^^^^^^^^^^^^^
[INFO] [stdout] ...
[INFO] [stdout] 60  |     pub fn set_duty_cycle(duty: u16) -> Transaction {
[INFO] [stdout]     |     ^^^^^^^^^^^^^^^^^^^^^^^^^^^^^^^^^^^^^^^^^^^^^^^
[INFO] [stdout] 
[INFO] [stdout] 
[INFO] [stdout] error[E0599]: no function or associated item named `get_max_duty_cycle` found for struct `embedded_hal_mock::eh1::pwm::Transaction` in the current scope
[INFO] [stdout]    --> src/lib.rs:353:29
[INFO] [stdout]     |
[INFO] [stdout] 353 |             PwmTransaction::get_max_duty_cycle(max_duty),
[INFO] [stdout]     |                             ^^^^^^^^^^^^^^^^^^
[INFO] [stdout]     |                             |
[INFO] [stdout]     |                             function or associated item not found in `Transaction`
[INFO] [stdout]     |                             help: there is an associated function with a similar name: `max_duty_cycle`
[INFO] [stdout]     |
[INFO] [stdout] note: if you're trying to build a new `embedded_hal_mock::eh1::pwm::Transaction` consider using one of the following associated functions:
[INFO] [stdout]       embedded_hal_mock::eh1::pwm::Transaction::new
[INFO] [stdout]       embedded_hal_mock::eh1::pwm::Transaction::max_duty_cycle
[INFO] [stdout]       embedded_hal_mock::eh1::pwm::Transaction::set_duty_cycle
[INFO] [stdout]    --> /opt/rustwide/cargo-home/registry/src/index.crates.io-6f17d22bba15001f/embedded-hal-mock-0.10.0-rc.4/src/eh1/pwm.rs:50:5
[INFO] [stdout]     |
[INFO] [stdout] 50  |     pub fn new(kind: TransactionKind) -> Transaction {
[INFO] [stdout]     |     ^^^^^^^^^^^^^^^^^^^^^^^^^^^^^^^^^^^^^^^^^^^^^^^^
[INFO] [stdout] ...
[INFO] [stdout] 55  |     pub fn max_duty_cycle(duty: u16) -> Transaction {
[INFO] [stdout]     |     ^^^^^^^^^^^^^^^^^^^^^^^^^^^^^^^^^^^^^^^^^^^^^^^
[INFO] [stdout] ...
[INFO] [stdout] 60  |     pub fn set_duty_cycle(duty: u16) -> Transaction {
[INFO] [stdout]     |     ^^^^^^^^^^^^^^^^^^^^^^^^^^^^^^^^^^^^^^^^^^^^^^^
[INFO] [stdout] 
[INFO] [stdout] 
[INFO] [stdout] error[E0599]: no function or associated item named `get_max_duty_cycle` found for struct `embedded_hal_mock::eh1::pwm::Transaction` in the current scope
[INFO] [stdout]    --> src/lib.rs:379:29
[INFO] [stdout]     |
[INFO] [stdout] 379 |             PwmTransaction::get_max_duty_cycle(max_duty),
[INFO] [stdout]     |                             ^^^^^^^^^^^^^^^^^^
[INFO] [stdout]     |                             |
[INFO] [stdout]     |                             function or associated item not found in `Transaction`
[INFO] [stdout]     |                             help: there is an associated function with a similar name: `max_duty_cycle`
[INFO] [stdout]     |
[INFO] [stdout] note: if you're trying to build a new `embedded_hal_mock::eh1::pwm::Transaction` consider using one of the following associated functions:
[INFO] [stdout]       embedded_hal_mock::eh1::pwm::Transaction::new
[INFO] [stdout]       embedded_hal_mock::eh1::pwm::Transaction::max_duty_cycle
[INFO] [stdout]       embedded_hal_mock::eh1::pwm::Transaction::set_duty_cycle
[INFO] [stdout]    --> /opt/rustwide/cargo-home/registry/src/index.crates.io-6f17d22bba15001f/embedded-hal-mock-0.10.0-rc.4/src/eh1/pwm.rs:50:5
[INFO] [stdout]     |
[INFO] [stdout] 50  |     pub fn new(kind: TransactionKind) -> Transaction {
[INFO] [stdout]     |     ^^^^^^^^^^^^^^^^^^^^^^^^^^^^^^^^^^^^^^^^^^^^^^^^
[INFO] [stdout] ...
[INFO] [stdout] 55  |     pub fn max_duty_cycle(duty: u16) -> Transaction {
[INFO] [stdout]     |     ^^^^^^^^^^^^^^^^^^^^^^^^^^^^^^^^^^^^^^^^^^^^^^^
[INFO] [stdout] ...
[INFO] [stdout] 60  |     pub fn set_duty_cycle(duty: u16) -> Transaction {
[INFO] [stdout]     |     ^^^^^^^^^^^^^^^^^^^^^^^^^^^^^^^^^^^^^^^^^^^^^^^
[INFO] [stdout] 
[INFO] [stdout] 
[INFO] [stdout] error: aborting due to 4 previous errors
[INFO] [stdout] 
[INFO] [stdout] 
[INFO] [stdout] For more information about this error, try `rustc --explain E0599`.
[INFO] [stdout] 
[INFO] [stderr] error: could not compile `tb6612fng` (lib test) due to 5 previous errors
[INFO] running `Command { std: "docker" "inspect" "1643b26e39a5489aa692a6ac580dbcb08516ca02bc6e64010d65f38dfa79bec8", kill_on_drop: false }`
[INFO] running `Command { std: "docker" "rm" "-f" "1643b26e39a5489aa692a6ac580dbcb08516ca02bc6e64010d65f38dfa79bec8", kill_on_drop: false }`
[INFO] [stdout] 1643b26e39a5489aa692a6ac580dbcb08516ca02bc6e64010d65f38dfa79bec8
