[INFO] fetching crate taro 0.1.0...
[INFO] testing taro-0.1.0 against 1.75.0 for beta-1.76-1
[INFO] extracting crate taro 0.1.0 into /workspace/builds/worker-0-tc1/source
[INFO] validating manifest of crates.io crate taro 0.1.0 on toolchain 1.75.0
[INFO] running `Command { std: CARGO_HOME="/workspace/cargo-home" RUSTUP_HOME="/workspace/rustup-home" "/workspace/cargo-home/bin/cargo" "+1.75.0" "metadata" "--manifest-path" "Cargo.toml" "--no-deps", kill_on_drop: false }`
[INFO] started tweaking crates.io crate taro 0.1.0
[INFO] finished tweaking crates.io crate taro 0.1.0
[INFO] tweaked toml for crates.io crate taro 0.1.0 written to /workspace/builds/worker-0-tc1/source/Cargo.toml
[INFO] running `Command { std: CARGO_HOME="/workspace/cargo-home" RUSTUP_HOME="/workspace/rustup-home" "/workspace/cargo-home/bin/cargo" "+1.75.0" "generate-lockfile" "--manifest-path" "Cargo.toml", kill_on_drop: false }`
[INFO] [stderr]     Updating crates.io index
[INFO] running `Command { std: CARGO_HOME="/workspace/cargo-home" RUSTUP_HOME="/workspace/rustup-home" "/workspace/cargo-home/bin/cargo" "+1.75.0" "fetch" "--manifest-path" "Cargo.toml", kill_on_drop: false }`
[INFO] [stderr]  Downloading crates ...
[INFO] [stderr]   Downloaded terminal_size v0.3.0
[INFO] [stderr]   Downloaded colored v1.9.4
[INFO] [stderr]   Downloaded predicates v3.0.4
[INFO] [stderr]   Downloaded assert_cmd v2.0.12
[INFO] [stderr]   Downloaded assert_cli v0.6.3
[INFO] [stderr]   Downloaded environment v0.1.1
[INFO] running `Command { std: "docker" "create" "-v" "/var/lib/crater-agent-workspace/builds/worker-0-tc1/target:/opt/rustwide/target:rw,Z" "-v" "/var/lib/crater-agent-workspace/builds/worker-0-tc1/source:/opt/rustwide/workdir:ro,Z" "-v" "/var/lib/crater-agent-workspace/cargo-home:/opt/rustwide/cargo-home:ro,Z" "-v" "/var/lib/crater-agent-workspace/rustup-home:/opt/rustwide/rustup-home:ro,Z" "-e" "SOURCE_DIR=/opt/rustwide/workdir" "-e" "CARGO_TARGET_DIR=/opt/rustwide/target" "-e" "CARGO_HOME=/opt/rustwide/cargo-home" "-e" "RUSTUP_HOME=/opt/rustwide/rustup-home" "-w" "/opt/rustwide/workdir" "-m" "1610612736" "--user" "0:0" "--network" "none" "ghcr.io/rust-lang/crates-build-env/linux@sha256:2788e3201cd34a07e3172128adcd8b3090168a8e3bcc40d7c032b9dda1df7d1c" "/opt/rustwide/cargo-home/bin/cargo" "+1.75.0" "metadata" "--no-deps" "--format-version=1", kill_on_drop: false }`
[INFO] [stdout] ba10cfae52d3d09a4778ff798cee0650da0ac89369464ef770cf89fb919909b7
[INFO] running `Command { std: "docker" "start" "-a" "ba10cfae52d3d09a4778ff798cee0650da0ac89369464ef770cf89fb919909b7", kill_on_drop: false }`
[INFO] running `Command { std: "docker" "inspect" "ba10cfae52d3d09a4778ff798cee0650da0ac89369464ef770cf89fb919909b7", kill_on_drop: false }`
[INFO] running `Command { std: "docker" "rm" "-f" "ba10cfae52d3d09a4778ff798cee0650da0ac89369464ef770cf89fb919909b7", kill_on_drop: false }`
[INFO] [stdout] ba10cfae52d3d09a4778ff798cee0650da0ac89369464ef770cf89fb919909b7
[INFO] running `Command { std: "docker" "create" "-v" "/var/lib/crater-agent-workspace/builds/worker-0-tc1/target:/opt/rustwide/target:rw,Z" "-v" "/var/lib/crater-agent-workspace/builds/worker-0-tc1/source:/opt/rustwide/workdir:ro,Z" "-v" "/var/lib/crater-agent-workspace/cargo-home:/opt/rustwide/cargo-home:ro,Z" "-v" "/var/lib/crater-agent-workspace/rustup-home:/opt/rustwide/rustup-home:ro,Z" "-e" "SOURCE_DIR=/opt/rustwide/workdir" "-e" "CARGO_TARGET_DIR=/opt/rustwide/target" "-e" "CARGO_INCREMENTAL=0" "-e" "RUST_BACKTRACE=full" "-e" "RUSTFLAGS=--cap-lints=warn" "-e" "RUSTDOCFLAGS=--cap-lints=warn" "-e" "CARGO_HOME=/opt/rustwide/cargo-home" "-e" "RUSTUP_HOME=/opt/rustwide/rustup-home" "-w" "/opt/rustwide/workdir" "-m" "1610612736" "--user" "0:0" "--network" "none" "ghcr.io/rust-lang/crates-build-env/linux@sha256:2788e3201cd34a07e3172128adcd8b3090168a8e3bcc40d7c032b9dda1df7d1c" "/opt/rustwide/cargo-home/bin/cargo" "+1.75.0" "build" "--frozen" "--message-format=json", kill_on_drop: false }`
[INFO] [stdout] 74a178e24c211c9776de9ca1701d146ff54b6de1bb32d8177569d6b8256a6156
[INFO] running `Command { std: "docker" "start" "-a" "74a178e24c211c9776de9ca1701d146ff54b6de1bb32d8177569d6b8256a6156", kill_on_drop: false }`
[INFO] [stderr]    Compiling rustix v0.38.28
[INFO] [stderr]    Compiling bitflags v2.4.1
[INFO] [stderr]    Compiling linux-raw-sys v0.4.12
[INFO] [stderr]    Compiling utf8parse v0.2.1
[INFO] [stderr]    Compiling anstyle v1.0.4
[INFO] [stderr]    Compiling colorchoice v1.0.0
[INFO] [stderr]    Compiling libc v0.2.151
[INFO] [stderr]    Compiling anstyle-query v1.0.2
[INFO] [stderr]    Compiling clap_lex v0.6.0
[INFO] [stderr]    Compiling strsim v0.10.0
[INFO] [stderr]    Compiling cfg-if v1.0.0
[INFO] [stderr]    Compiling anstyle-parse v0.2.3
[INFO] [stderr]    Compiling anstream v0.6.5
[INFO] [stderr]    Compiling terminal_size v0.3.0
[INFO] [stderr]    Compiling clap_builder v4.4.12
[INFO] [stderr]    Compiling filetime v0.2.23
[INFO] [stderr]    Compiling clap v4.4.13
[INFO] [stderr]    Compiling taro v0.1.0 (/opt/rustwide/workdir)
[INFO] [stdout] error[E0433]: failed to resolve: could not find `App` in `clap`
[INFO] [stdout]   --> src/main.rs:13:25
[INFO] [stdout]    |
[INFO] [stdout] 13 |     let matches = clap::App::new("taro")
[INFO] [stdout]    |                         ^^^ could not find `App` in `clap`
[INFO] [stdout] 
[INFO] [stdout] 
[INFO] [stdout] error[E0599]: no function or associated item named `with_name` found for struct `Arg` in the current scope
[INFO] [stdout]    --> src/main.rs:15:25
[INFO] [stdout]     |
[INFO] [stdout] 15  |         .arg(clap::Arg::with_name("file")
[INFO] [stdout]     |                         ^^^^^^^^^ function or associated item not found in `Arg`
[INFO] [stdout]     |
[INFO] [stdout] note: if you're trying to build a new `Arg`, consider using `Arg::new` which returns `Arg`
[INFO] [stdout]    --> /opt/rustwide/cargo-home/registry/src/index.crates.io-6f17d22bba15001f/clap_builder-4.4.12/src/builder/arg.rs:111:5
[INFO] [stdout]     |
[INFO] [stdout] 111 |     pub fn new(id: impl Into<Id>) -> Self {
[INFO] [stdout]     |     ^^^^^^^^^^^^^^^^^^^^^^^^^^^^^^^^^^^^^
[INFO] [stdout] 
[INFO] [stdout] 
[INFO] [stdout] error: aborting due to 2 previous errors
[INFO] [stdout] 
[INFO] [stdout] 
[INFO] [stdout] Some errors have detailed explanations: E0433, E0599.
[INFO] [stdout] 
[INFO] [stdout] For more information about an error, try `rustc --explain E0433`.
[INFO] [stdout] 
[INFO] [stderr] error: could not compile `taro` (bin "taro") due to 3 previous errors
[INFO] running `Command { std: "docker" "inspect" "74a178e24c211c9776de9ca1701d146ff54b6de1bb32d8177569d6b8256a6156", kill_on_drop: false }`
[INFO] running `Command { std: "docker" "rm" "-f" "74a178e24c211c9776de9ca1701d146ff54b6de1bb32d8177569d6b8256a6156", kill_on_drop: false }`
[INFO] [stdout] 74a178e24c211c9776de9ca1701d146ff54b6de1bb32d8177569d6b8256a6156
[INFO] testing taro-0.1.0 against beta-2023-12-22 for beta-1.76-1
[INFO] extracting crate taro 0.1.0 into /workspace/builds/worker-0-tc2/source
[INFO] validating manifest of crates.io crate taro 0.1.0 on toolchain beta-2023-12-22
[INFO] running `Command { std: CARGO_HOME="/workspace/cargo-home" RUSTUP_HOME="/workspace/rustup-home" "/workspace/cargo-home/bin/cargo" "+beta-2023-12-22" "metadata" "--manifest-path" "Cargo.toml" "--no-deps", kill_on_drop: false }`
[INFO] started tweaking crates.io crate taro 0.1.0
[INFO] finished tweaking crates.io crate taro 0.1.0
[INFO] tweaked toml for crates.io crate taro 0.1.0 written to /workspace/builds/worker-0-tc2/source/Cargo.toml
[INFO] running `Command { std: CARGO_HOME="/workspace/cargo-home" RUSTUP_HOME="/workspace/rustup-home" "/workspace/cargo-home/bin/cargo" "+beta-2023-12-22" "generate-lockfile" "--manifest-path" "Cargo.toml", kill_on_drop: false }`
[INFO] [stderr]     Updating crates.io index
[INFO] running `Command { std: CARGO_HOME="/workspace/cargo-home" RUSTUP_HOME="/workspace/rustup-home" "/workspace/cargo-home/bin/cargo" "+beta-2023-12-22" "fetch" "--manifest-path" "Cargo.toml", kill_on_drop: false }`
[INFO] running `Command { std: "docker" "create" "-v" "/var/lib/crater-agent-workspace/builds/worker-0-tc2/target:/opt/rustwide/target:rw,Z" "-v" "/var/lib/crater-agent-workspace/builds/worker-0-tc2/source:/opt/rustwide/workdir:ro,Z" "-v" "/var/lib/crater-agent-workspace/cargo-home:/opt/rustwide/cargo-home:ro,Z" "-v" "/var/lib/crater-agent-workspace/rustup-home:/opt/rustwide/rustup-home:ro,Z" "-e" "SOURCE_DIR=/opt/rustwide/workdir" "-e" "CARGO_TARGET_DIR=/opt/rustwide/target" "-e" "CARGO_HOME=/opt/rustwide/cargo-home" "-e" "RUSTUP_HOME=/opt/rustwide/rustup-home" "-w" "/opt/rustwide/workdir" "-m" "1610612736" "--user" "0:0" "--network" "none" "ghcr.io/rust-lang/crates-build-env/linux@sha256:2788e3201cd34a07e3172128adcd8b3090168a8e3bcc40d7c032b9dda1df7d1c" "/opt/rustwide/cargo-home/bin/cargo" "+beta-2023-12-22" "metadata" "--no-deps" "--format-version=1", kill_on_drop: false }`
[INFO] [stdout] 2d6d8bdb299432c45e81e91ac5c0351be55b4639dab5292d7075e920f22da25b
[INFO] running `Command { std: "docker" "start" "-a" "2d6d8bdb299432c45e81e91ac5c0351be55b4639dab5292d7075e920f22da25b", kill_on_drop: false }`
[INFO] running `Command { std: "docker" "inspect" "2d6d8bdb299432c45e81e91ac5c0351be55b4639dab5292d7075e920f22da25b", kill_on_drop: false }`
[INFO] running `Command { std: "docker" "rm" "-f" "2d6d8bdb299432c45e81e91ac5c0351be55b4639dab5292d7075e920f22da25b", kill_on_drop: false }`
[INFO] [stdout] 2d6d8bdb299432c45e81e91ac5c0351be55b4639dab5292d7075e920f22da25b
[INFO] running `Command { std: "docker" "create" "-v" "/var/lib/crater-agent-workspace/builds/worker-0-tc2/target:/opt/rustwide/target:rw,Z" "-v" "/var/lib/crater-agent-workspace/builds/worker-0-tc2/source:/opt/rustwide/workdir:ro,Z" "-v" "/var/lib/crater-agent-workspace/cargo-home:/opt/rustwide/cargo-home:ro,Z" "-v" "/var/lib/crater-agent-workspace/rustup-home:/opt/rustwide/rustup-home:ro,Z" "-e" "SOURCE_DIR=/opt/rustwide/workdir" "-e" "CARGO_TARGET_DIR=/opt/rustwide/target" "-e" "CARGO_INCREMENTAL=0" "-e" "RUST_BACKTRACE=full" "-e" "RUSTFLAGS=--cap-lints=warn" "-e" "RUSTDOCFLAGS=--cap-lints=warn" "-e" "CARGO_HOME=/opt/rustwide/cargo-home" "-e" "RUSTUP_HOME=/opt/rustwide/rustup-home" "-w" "/opt/rustwide/workdir" "-m" "1610612736" "--user" "0:0" "--network" "none" "ghcr.io/rust-lang/crates-build-env/linux@sha256:2788e3201cd34a07e3172128adcd8b3090168a8e3bcc40d7c032b9dda1df7d1c" "/opt/rustwide/cargo-home/bin/cargo" "+beta-2023-12-22" "build" "--frozen" "--message-format=json", kill_on_drop: false }`
[INFO] [stdout] d8c4478fb4a3a8c8109da76c7aa9637f5bf00d591d8f09be2fb4fb251fc842a7
[INFO] running `Command { std: "docker" "start" "-a" "d8c4478fb4a3a8c8109da76c7aa9637f5bf00d591d8f09be2fb4fb251fc842a7", kill_on_drop: false }`
[INFO] [stderr]    Compiling rustix v0.38.28
[INFO] [stderr]    Compiling linux-raw-sys v0.4.12
[INFO] [stderr]    Compiling bitflags v2.4.1
[INFO] [stderr]    Compiling utf8parse v0.2.1
[INFO] [stderr]    Compiling anstyle-query v1.0.2
[INFO] [stderr]    Compiling anstyle v1.0.4
[INFO] [stderr]    Compiling libc v0.2.151
[INFO] [stderr]    Compiling colorchoice v1.0.0
[INFO] [stderr]    Compiling strsim v0.10.0
[INFO] [stderr]    Compiling clap_lex v0.6.0
[INFO] [stderr]    Compiling cfg-if v1.0.0
[INFO] [stderr]    Compiling anstyle-parse v0.2.3
[INFO] [stderr]    Compiling anstream v0.6.5
[INFO] [stderr]    Compiling terminal_size v0.3.0
[INFO] [stderr]    Compiling clap_builder v4.4.12
[INFO] [stderr]    Compiling filetime v0.2.23
[INFO] [stderr]    Compiling clap v4.4.13
[INFO] [stderr]    Compiling taro v0.1.0 (/opt/rustwide/workdir)
[INFO] [stdout] error[E0433]: failed to resolve: could not find `App` in `clap`
[INFO] [stdout]   --> src/main.rs:13:25
[INFO] [stdout]    |
[INFO] [stdout] 13 |     let matches = clap::App::new("taro")
[INFO] [stdout]    |                         ^^^ could not find `App` in `clap`
[INFO] [stdout] 
[INFO] [stdout] 
[INFO] [stdout] error[E0599]: no function or associated item named `with_name` found for struct `Arg` in the current scope
[INFO] [stdout]    --> src/main.rs:15:25
[INFO] [stdout]     |
[INFO] [stdout] 15  |         .arg(clap::Arg::with_name("file")
[INFO] [stdout]     |                         ^^^^^^^^^ function or associated item not found in `Arg`
[INFO] [stdout]     |
[INFO] [stdout] note: if you're trying to build a new `Arg`, consider using `Arg::new` which returns `Arg`
[INFO] [stdout]    --> /opt/rustwide/cargo-home/registry/src/index.crates.io-6f17d22bba15001f/clap_builder-4.4.12/src/builder/arg.rs:111:5
[INFO] [stdout]     |
[INFO] [stdout] 111 |     pub fn new(id: impl Into<Id>) -> Self {
[INFO] [stdout]     |     ^^^^^^^^^^^^^^^^^^^^^^^^^^^^^^^^^^^^^
[INFO] [stdout] 
[INFO] [stdout] 
[INFO] [stdout] error: aborting due to 2 previous errors
[INFO] [stdout] 
[INFO] [stdout] 
[INFO] [stdout] Some errors have detailed explanations: E0433, E0599.
[INFO] [stdout] 
[INFO] [stdout] For more information about an error, try `rustc --explain E0433`.
[INFO] [stdout] 
[INFO] [stderr] error: could not compile `taro` (bin "taro") due to 3 previous errors
[INFO] running `Command { std: "docker" "inspect" "d8c4478fb4a3a8c8109da76c7aa9637f5bf00d591d8f09be2fb4fb251fc842a7", kill_on_drop: false }`
[INFO] running `Command { std: "docker" "rm" "-f" "d8c4478fb4a3a8c8109da76c7aa9637f5bf00d591d8f09be2fb4fb251fc842a7", kill_on_drop: false }`
[INFO] [stdout] d8c4478fb4a3a8c8109da76c7aa9637f5bf00d591d8f09be2fb4fb251fc842a7
